08-21 02:01:11.873 31885 4999 D TAG : refreshParams: nose_position: [0.5, 0.5]
08-21 02:01:11.892 31885 4999 D RenderController: detect time: 13 1080 2268
08-21 02:01:11.892 31885 4999 D RenderController: beauty time: 11
08-21 02:01:11.892 31885 4999 D RenderController: filter time: 0
08-21 02:01:11.892 31885 4999 D RenderController: cosmetic time: 14
08-21 02:01:11.892 31885 4999 D RenderController: shape time: 2
08-21 02:01:11.892 31885 4999 D RenderController: style time: 18
08-21 02:01:11.892 31885 4999 D RenderController: total time: 58
08-21 02:01:11.906 31885 4999 I GED : ged_boost_gpu_freq, level 100, eOrigin
2, final_idx 42, oppidx_max 42, oppidx_min 0
08-21 02:01:11.908 31885 4999 I GED : ged_boost_gpu_freq, level 100, eOrigin
2, final_idx 42, oppidx_max 42, oppidx_min 0
08-21 02:01:11.910 31885 31885 I [LiveEventBus]: broadcast:
com.lightcone.whatsappbeautycam.viewmodel.event.DetectFaceEvent@28f9636 foreground:
false with key: class
com.lightcone.whatsappbeautycam.viewmodel.event.DetectFaceEvent
08-21 02:01:11.913 31885 31885 I [LiveEventBus]: post:
com.lightcone.whatsappbeautycam.viewmodel.event.DetectFaceEvent@aab9937 with key:
class com.lightcone.whatsappbeautycam.viewmodel.event.DetectFaceEvent
08-21 02:01:11.913 4594 4688 I Pine : handleBridge: artMethod=0x7211d1e0
originExtras=0xb4000077c82eec40 extras=0xb4000077c7ad2120 sp=0x779b67c030
08-21 02:01:11.913 31885 31885 I [LiveEventBus]: message received:
com.lightcone.whatsappbeautycam.viewmodel.event.DetectFaceEvent@aab9937
08-21 02:01:11.913 4594 4688 D Pine : handleCall for method public
android.os.Parcelable android.os.Bundle.getParcelable(java.lang.String)
08-21 02:01:11.915 4594 4594 W System.err: java.lang.RuntimeException: Parcelable
encountered ClassNotFoundException reading a Serializable object (name =
com.lightcone.whatsappbeautycam.viewmodel.event.DetectFaceEvent)
08-21 02:01:11.915 4594 4594 W System.err:
08-21 02:01:11.915 4594 4594 W System.err: at
android.os.Parcel.readSerializable(Parcel.java:3560)
08-21 02:01:11.916 4594 4594 W System.err:
08-21 02:01:11.916 4594 4594 W System.err: at
android.os.Parcel.readValue(Parcel.java:3324)
08-21 02:01:11.916 4594 4594 W System.err:
08-21 02:01:11.916 4594 4594 W System.err: at
android.os.Parcel.readArrayMapInternal(Parcel.java:3674)
08-21 02:01:11.916 4594 4594 W System.err:
08-21 02:01:11.916 4594 4594 W System.err: at
android.os.BaseBundle.initializeFromParcelLocked(BaseBundle.java:292)
08-21 02:01:11.916 4594 4594 W System.err:
08-21 02:01:11.916 4594 4594 W System.err: at
android.os.BaseBundle.unparcel(BaseBundle.java:236)
08-21 02:01:11.916 4594 4594 W System.err:
08-21 02:01:11.916 4594 4594 W System.err: at
android.os.BaseBundle.getSerializable(BaseBundle.java:1268)
08-21 02:01:11.916 4594 4594 W System.err:
08-21 02:01:11.917 4594 4594 W System.err: at
android.os.Bundle.getSerializable(Bundle.java:1104)
08-21 02:01:11.917 4594 4594 W System.err:
08-21 02:01:11.917 4594 4594 W System.err: at
com.jeremyliao.liveeventbus.ipc.core.SerializableProcessor.createFromBundle(Seriali
zableProcessor.java:1)
08-21 02:01:11.917 4594 4594 W System.err:
08-21 02:01:11.917 4594 4594 W System.err: at
com.jeremyliao.liveeventbus.ipc.core.ProcessorManager.createFrom(ProcessorManager.j
ava:8)
08-21 02:01:11.917 4594 4594 W System.err:
08-21 02:01:11.917 4594 4594 W System.err: at
com.jeremyliao.liveeventbus.ipc.receiver.LebIpcReceiver.onReceive(LebIpcReceiver.ja
va:3)
08-21 02:01:11.917 4594 4594 W System.err:
08-21 02:01:11.917 4594 4594 W System.err: at
android.app.LoadedApk$ReceiverDispatcher$Args.lambda$getRunnable$0$LoadedApk$Receiv
erDispatcher$Args(LoadedApk.java:1794)
08-21 02:01:11.917 4594 4594 W System.err:
08-21 02:01:11.918 4594 4594 W System.err: at
android.app.LoadedApk$ReceiverDispatcher$Args$$ExternalSyntheticLambda0.run(Unknown
Source:2)
08-21 02:01:11.918 4594 4594 W System.err:
08-21 02:01:11.918 4594 4594 W System.err: at
android.os.Handler.handleCallback(Handler.java:938)
08-21 02:01:11.918 4594 4594 W System.err:
08-21 02:01:11.918 4594 4594 W System.err: at
android.os.Handler.dispatchMessage(Handler.java:99)
08-21 02:01:11.918 4594 4594 W System.err:
08-21 02:01:11.918 4594 4594 W System.err: at
android.os.Looper.loopOnce(Looper.java:233)
08-21 02:01:11.918 4594 4594 W System.err:
08-21 02:01:11.918 4594 4594 W System.err: at
android.os.Looper.loop(Looper.java:344)
08-21 02:01:11.918 4594 4594 W System.err:
08-21 02:01:11.919 4594 4594 W System.err: at
android.app.ActivityThread.main(ActivityThread.java:8249)
08-21 02:01:11.919 4594 4594 W System.err:
08-21 02:01:11.919 4594 4594 W System.err: at
java.lang.reflect.Method.invoke(Native Method)
08-21 02:01:11.919 4594 4594 W System.err:
08-21 02:01:11.919 4594 4594 W System.err: at
com.android.internal.os.RuntimeInit$MethodAndArgsCaller.run(RuntimeInit.java:589)
08-21 02:01:11.919 4594 4594 W System.err:
08-21 02:01:11.919 4594 4594 W System.err: at
com.android.internal.os.ZygoteInit.main(ZygoteInit.java:1071)
08-21 02:01:11.919 4594 4594 W System.err:
08-21 02:01:11.920 4594 4594 W System.err: Caused by:
java.lang.ClassNotFoundException:
com.lightcone.whatsappbeautycam.viewmodel.event.DetectFaceEvent
08-21 02:01:11.920 4594 4594 W System.err:
08-21 02:01:11.920 4594 4594 W System.err: at
java.lang.Class.classForName(Native Method)
08-21 02:01:11.920 4594 4594 W System.err:
08-21 02:01:11.920 4594 4594 W System.err: at
java.lang.Class.forName(Class.java:454)
08-21 02:01:11.920 4594 4594 W System.err:
08-21 02:01:11.920 4594 4594 W System.err: at
android.os.Parcel$2.resolveClass(Parcel.java:3546)
08-21 02:01:11.920 4594 4594 W System.err:
08-21 02:01:11.921 4594 4594 W System.err: at
java.io.ObjectInputStream.readNonProxyDesc(ObjectInputStream.java:1731)
08-21 02:01:11.921 4594 4594 W System.err:
08-21 02:01:11.921 4594 4594 W System.err: at
java.io.ObjectInputStream.readClassDesc(ObjectInputStream.java:1622)
08-21 02:01:11.921 4594 4594 W System.err:
08-21 02:01:11.921 4594 4594 W System.err: at
java.io.ObjectInputStream.readOrdinaryObject(ObjectInputStream.java:1900)
08-21 02:01:11.921 4594 4594 W System.err:
08-21 02:01:11.921 4594 4594 W System.err: at
java.io.ObjectInputStream.readObject0(ObjectInputStream.java:1440)
08-21 02:01:11.921 4594 4594 W System.err:
08-21 02:01:11.921 4594 4594 W System.err: at
java.io.ObjectInputStream.readObject(ObjectInputStream.java:428)
08-21 02:01:11.921 4594 4594 W System.err:
08-21 02:01:11.922 4594 4594 W System.err: at
android.os.Parcel.readSerializable(Parcel.java:3554)
08-21 02:01:11.922 4594 4594 W System.err:
08-21 02:01:11.922 4594 4594 W System.err: ... 19 more
08-21 02:01:11.922 4594 4594 W System.err:
08-21 02:01:11.922 4594 4594 W System.err: Caused by:
java.lang.ClassNotFoundException:
com.lightcone.whatsappbeautycam.viewmodel.event.DetectFaceEvent
08-21 02:01:11.922 4594 4594 W System.err:
08-21 02:01:11.922 31885 4999 D RenderController: detect time: 2 1080 2268
08-21 02:01:11.922 31885 4999 D RenderController: beauty time: 0
08-21 02:01:11.922 31885 4999 D RenderController: filter time: 0
08-21 02:01:11.922 31885 4999 D RenderController: cosmetic time: 0
08-21 02:01:11.922 31885 4999 D RenderController: shape time: 0
08-21 02:01:11.922 31885 4999 D RenderController: style time: 12
08-21 02:01:11.922 31885 4999 D RenderController: total time: 14
08-21 02:01:11.922 4594 4594 W System.err: ... 28 more
08-21 02:01:11.922 4594 4594 W System.err:
08-21 02:01:11.987 31885 4999 I GED : ged_boost_gpu_freq, level 100, eOrigin
2, final_idx 42, oppidx_max 42, oppidx_min 0
08-21 02:01:11.988 31885 4999 I GED : ged_boost_gpu_freq, level 100, eOrigin
2, final_idx 42, oppidx_max 42, oppidx_min 0
08-21 02:01:12.004 31885 4999 D RenderController: detect time: 3 1080 2268
08-21 02:01:12.004 31885 4999 D RenderController: beauty time: 0
08-21 02:01:12.004 31885 4999 D RenderController: filter time: 0
08-21 02:01:12.004 31885 4999 D RenderController: cosmetic time: 0
08-21 02:01:12.004 31885 4999 D RenderController: shape time: 0
08-21 02:01:12.004 31885 4999 D RenderController: style time: 13
08-21 02:01:12.004 31885 4999 D RenderController: total time: 16
08-21 02:01:12.071 31885 4999 I GED : ged_boost_gpu_freq, level 100, eOrigin
2, final_idx 42, oppidx_max 42, oppidx_min 0
08-21 02:01:12.073 31885 4999 I GED : ged_boost_gpu_freq, level 100, eOrigin
2, final_idx 42, oppidx_max 42, oppidx_min 0
08-21 02:01:12.087 31885 4999 D RenderController: detect time: 3 1080 2268
08-21 02:01:12.088 31885 4999 D RenderController: beauty time: 0
08-21 02:01:12.088 31885 4999 D RenderController: filter time: 0
08-21 02:01:12.088 31885 4999 D RenderController: cosmetic time: 0
08-21 02:01:12.088 31885 4999 D RenderController: shape time: 0
08-21 02:01:12.088 31885 4999 D RenderController: style time: 11
08-21 02:01:12.088 31885 4999 D RenderController: total time: 14
08-21 02:01:12.114 31885 31885 V AutofillManager: requestHideFillUi(null): anchor =
null
08-21 02:01:12.157 31885 4999 I GED : ged_boost_gpu_freq, level 100, eOrigin
2, final_idx 42, oppidx_max 42, oppidx_min 0
08-21 02:01:12.159 31885 4999 I GED : ged_boost_gpu_freq, level 100, eOrigin
2, final_idx 42, oppidx_max 42, oppidx_min 0
08-21 02:01:12.177 31885 4999 D RenderController: detect time: 4 1080 2268
08-21 02:01:12.177 31885 4999 D RenderController: beauty time: 0
08-21 02:01:12.177 31885 4999 D RenderController: filter time: 0
08-21 02:01:12.177 31885 4999 D RenderController: cosmetic time: 0
08-21 02:01:12.177 31885 4999 D RenderController: shape time: 0
08-21 02:01:12.177 31885 4999 D RenderController: style time: 14
08-21 02:01:12.177 31885 4999 D RenderController: total time: 18
08-21 02:01:12.237 31885 4999 I GED : ged_boost_gpu_freq, level 100, eOrigin
2, final_idx 42, oppidx_max 42, oppidx_min 0
08-21 02:01:12.239 31885 4999 I GED : ged_boost_gpu_freq, level 100, eOrigin
2, final_idx 42, oppidx_max 42, oppidx_min 0
08-21 02:01:12.254 31885 4999 D RenderController: detect time: 4 1080 2268
08-21 02:01:12.254 31885 4999 D RenderController: beauty time: 0
08-21 02:01:12.254 31885 4999 D RenderController: filter time: 0
08-21 02:01:12.254 31885 4999 D RenderController: cosmetic time: 0
08-21 02:01:12.254 31885 4999 D RenderController: shape time: 1
08-21 02:01:12.254 31885 4999 D RenderController: style time: 11
08-21 02:01:12.254 31885 4999 D RenderController: total time: 16
08-21 02:01:12.322 31885 4999 I GED : ged_boost_gpu_freq, level 100, eOrigin
2, final_idx 42, oppidx_max 42, oppidx_min 0
08-21 02:01:12.324 31885 4999 I GED : ged_boost_gpu_freq, level 100, eOrigin
2, final_idx 42, oppidx_max 42, oppidx_min 0
08-21 02:01:12.342 31885 4999 D RenderController: detect time: 3 1080 2268
08-21 02:01:12.342 31885 4999 D RenderController: beauty time: 0
08-21 02:01:12.342 31885 4999 D RenderController: filter time: 0
08-21 02:01:12.342 31885 4999 D RenderController: cosmetic time: 0
08-21 02:01:12.342 31885 4999 D RenderController: shape time: 0
08-21 02:01:12.343 31885 4999 D RenderController: style time: 15
08-21 02:01:12.343 31885 4999 D RenderController: total time: 18
08-21 02:01:12.408 31885 4999 I GED : ged_boost_gpu_freq, level 100, eOrigin
2, final_idx 42, oppidx_max 42, oppidx_min 0
08-21 02:01:12.410 31885 4999 I GED : ged_boost_gpu_freq, level 100, eOrigin
2, final_idx 42, oppidx_max 42, oppidx_min 0
08-21 02:01:12.426 31885 4999 D RenderController: detect time: 3 1080 2268
08-21 02:01:12.426 31885 4999 D RenderController: beauty time: 0
08-21 02:01:12.426 31885 4999 D RenderController: filter time: 0
08-21 02:01:12.426 31885 4999 D RenderController: cosmetic time: 0
08-21 02:01:12.426 31885 4999 D RenderController: shape time: 0
08-21 02:01:12.426 31885 4999 D RenderController: style time: 13
08-21 02:01:12.426 31885 4999 D RenderController: total time: 16
08-21 02:01:12.519 31885 4999 I GED : ged_boost_gpu_freq, level 100, eOrigin
2, final_idx 42, oppidx_max 42, oppidx_min 0
08-21 02:01:12.521 31885 4999 I GED : ged_boost_gpu_freq, level 100, eOrigin
2, final_idx 42, oppidx_max 42, oppidx_min 0
08-21 02:01:12.544 31885 4999 D RenderController: detect time: 5 1080 2268
08-21 02:01:12.545 31885 4999 D RenderController: beauty time: 0
08-21 02:01:12.545 31885 4999 D RenderController: filter time: 0
08-21 02:01:12.545 31885 4999 D RenderController: cosmetic time: 0
08-21 02:01:12.545 31885 4999 D RenderController: shape time: 0
08-21 02:01:12.545 31885 4999 D RenderController: style time: 18
08-21 02:01:12.545 31885 4999 D RenderController: total time: 23
08-21 02:01:12.615 31885 4999 I GED : ged_boost_gpu_freq, level 100, eOrigin
2, final_idx 42, oppidx_max 42, oppidx_min 0
08-21 02:01:12.617 31885 4999 I GED : ged_boost_gpu_freq, level 100, eOrigin
2, final_idx 42, oppidx_max 42, oppidx_min 0
08-21 02:01:12.641 31885 4999 D RenderController: detect time: 5 1080 2268
08-21 02:01:12.642 31885 4999 D RenderController: beauty time: 0
08-21 02:01:12.642 31885 4999 D RenderController: filter time: 0
08-21 02:01:12.642 31885 4999 D RenderController: cosmetic time: 1
08-21 02:01:12.642 31885 4999 D RenderController: shape time: 0
08-21 02:01:12.642 31885 4999 D RenderController: style time: 19
08-21 02:01:12.642 31885 4999 D RenderController: total time: 25
08-21 02:01:12.715 31885 4999 I GED : ged_boost_gpu_freq, level 100, eOrigin
2, final_idx 42, oppidx_max 42, oppidx_min 0
08-21 02:01:12.717 31885 4999 I GED : ged_boost_gpu_freq, level 100, eOrigin
2, final_idx 42, oppidx_max 42, oppidx_min 0
08-21 02:01:12.733 31885 4999 D RenderController: detect time: 4 1080 2268
08-21 02:01:12.733 31885 4999 D RenderController: beauty time: 0
08-21 02:01:12.733 31885 4999 D RenderController: filter time: 0
08-21 02:01:12.733 31885 4999 D RenderController: cosmetic time: 0
08-21 02:01:12.733 31885 4999 D RenderController: shape time: 1
08-21 02:01:12.733 31885 4999 D RenderController: style time: 12
08-21 02:01:12.733 31885 4999 D RenderController: total time: 17
08-21 02:01:12.821 31885 4999 I GED : ged_boost_gpu_freq, level 100, eOrigin
2, final_idx 42, oppidx_max 42, oppidx_min 0
08-21 02:01:12.823 31885 4999 I GED : ged_boost_gpu_freq, level 100, eOrigin
2, final_idx 42, oppidx_max 42, oppidx_min 0
08-21 02:01:12.846 31885 4999 D RenderController: detect time: 4 1080 2268
08-21 02:01:12.846 31885 4999 D RenderController: beauty time: 0
08-21 02:01:12.846 31885 4999 D RenderController: filter time: 0
08-21 02:01:12.846 31885 4999 D RenderController: cosmetic time: 0
08-21 02:01:12.846 31885 4999 D RenderController: shape time: 1
08-21 02:01:12.846 31885 4999 D RenderController: style time: 17
08-21 02:01:12.846 31885 4999 D RenderController: total time: 22
08-21 02:01:12.915 31885 4999 I GED : ged_boost_gpu_freq, level 100, eOrigin
2, final_idx 42, oppidx_max 42, oppidx_min 0
08-21 02:01:12.917 31885 4999 I GED : ged_boost_gpu_freq, level 100, eOrigin
2, final_idx 42, oppidx_max 42, oppidx_min 0
08-21 02:01:12.942 31885 4999 D RenderController: detect time: 4 1080 2268
08-21 02:01:12.942 31885 4999 D RenderController: beauty time: 0
08-21 02:01:12.942 31885 4999 D RenderController: filter time: 0
08-21 02:01:12.942 31885 4999 D RenderController: cosmetic time: 0
08-21 02:01:12.943 31885 4999 D RenderController: shape time: 0
08-21 02:01:12.943 31885 4999 D RenderController: style time: 21
08-21 02:01:12.943 31885 4999 D RenderController: total time: 25
08-21 02:01:13.021 31885 4999 I GED : ged_boost_gpu_freq, level 100, eOrigin
2, final_idx 42, oppidx_max 42, oppidx_min 0
08-21 02:01:13.023 31885 4999 I GED : ged_boost_gpu_freq, level 100, eOrigin
2, final_idx 42, oppidx_max 42, oppidx_min 0
08-21 02:01:13.077 31885 4999 D RenderController: detect time: 42 1080 2268
08-21 02:01:13.077 31885 4999 D RenderController: beauty time: 0
08-21 02:01:13.077 31885 4999 D RenderController: filter time: 0
08-21 02:01:13.077 31885 4999 D RenderController: cosmetic time: 0
08-21 02:01:13.077 31885 4999 D RenderController: shape time: 0
08-21 02:01:13.077 31885 4999 D RenderController: style time: 12
08-21 02:01:13.077 31885 4999 D RenderController: total time: 54
08-21 02:01:13.115 31885 4999 I GED : ged_boost_gpu_freq, level 100, eOrigin
2, final_idx 42, oppidx_max 42, oppidx_min 0
08-21 02:01:13.116 31885 4999 I GED : ged_boost_gpu_freq, level 100, eOrigin
2, final_idx 42, oppidx_max 42, oppidx_min 0
08-21 02:01:13.132 31885 4999 D RenderController: detect time: 3 1080 2268
08-21 02:01:13.132 31885 4999 D RenderController: beauty time: 0
08-21 02:01:13.132 31885 4999 D RenderController: filter time: 0
08-21 02:01:13.132 31885 4999 D RenderController: cosmetic time: 0
08-21 02:01:13.132 31885 4999 D RenderController: shape time: 0
08-21 02:01:13.132 31885 4999 D RenderController: style time: 13
08-21 02:01:13.132 31885 4999 D RenderController: total time: 16
08-21 02:01:13.216 31885 4999 I GED : ged_boost_gpu_freq, level 100, eOrigin
2, final_idx 42, oppidx_max 42, oppidx_min 0
08-21 02:01:13.217 31885 4999 I GED : ged_boost_gpu_freq, level 100, eOrigin
2, final_idx 42, oppidx_max 42, oppidx_min 0
08-21 02:01:13.239 31885 4999 D RenderController: detect time: 3 1080 2268
08-21 02:01:13.239 31885 4999 D RenderController: beauty time: 0
08-21 02:01:13.239 31885 4999 D RenderController: filter time: 0
08-21 02:01:13.239 31885 4999 D RenderController: cosmetic time: 0
08-21 02:01:13.239 31885 4999 D RenderController: shape time: 1
08-21 02:01:13.239 31885 4999 D RenderController: style time: 18
08-21 02:01:13.239 31885 4999 D RenderController: total time: 22
08-21 02:01:13.324 31885 4999 I GED : ged_boost_gpu_freq, level 100, eOrigin
2, final_idx 42, oppidx_max 42, oppidx_min 0
08-21 02:01:13.327 31885 4999 I GED : ged_boost_gpu_freq, level 100, eOrigin
2, final_idx 42, oppidx_max 42, oppidx_min 0
08-21 02:01:13.358 31885 4999 D RenderController: detect time: 4 1080 2268
08-21 02:01:13.358 31885 4999 D RenderController: beauty time: 0
08-21 02:01:13.358 31885 4999 D RenderController: filter time: 0
08-21 02:01:13.358 31885 4999 D RenderController: cosmetic time: 0
08-21 02:01:13.358 31885 4999 D RenderController: shape time: 1
08-21 02:01:13.358 31885 4999 D RenderController: style time: 27
08-21 02:01:13.358 31885 4999 D RenderController: total time: 32
08-21 02:01:13.418 31885 4999 I GED : ged_boost_gpu_freq, level 100, eOrigin
2, final_idx 42, oppidx_max 42, oppidx_min 0
08-21 02:01:13.420 31885 4999 I GED : ged_boost_gpu_freq, level 100, eOrigin
2, final_idx 42, oppidx_max 42, oppidx_min 0
08-21 02:01:13.437 31885 4999 D RenderController: detect time: 6 1080 2268
08-21 02:01:13.437 31885 4999 D RenderController: beauty time: 0
08-21 02:01:13.437 31885 4999 D RenderController: filter time: 0
08-21 02:01:13.437 31885 4999 D RenderController: cosmetic time: 0
08-21 02:01:13.437 31885 4999 D RenderController: shape time: 0
08-21 02:01:13.437 31885 4999 D RenderController: style time: 12
08-21 02:01:13.437 31885 4999 D RenderController: total time: 18
08-21 02:01:13.522 31885 4999 I GED : ged_boost_gpu_freq, level 100, eOrigin
2, final_idx 42, oppidx_max 42, oppidx_min 0
08-21 02:01:13.524 31885 4999 I GED : ged_boost_gpu_freq, level 100, eOrigin
2, final_idx 42, oppidx_max 42, oppidx_min 0
08-21 02:01:13.543 31885 4999 D RenderController: detect time: 3 1080 2268
08-21 02:01:13.543 31885 4999 D RenderController: beauty time: 0
08-21 02:01:13.543 31885 4999 D RenderController: filter time: 0
08-21 02:01:13.543 31885 4999 D RenderController: cosmetic time: 0
08-21 02:01:13.543 31885 4999 D RenderController: shape time: 1
08-21 02:01:13.543 31885 4999 D RenderController: style time: 14
08-21 02:01:13.543 31885 4999 D RenderController: total time: 18
08-21 02:01:13.622 31885 4999 I GED : ged_boost_gpu_freq, level 100, eOrigin
2, final_idx 42, oppidx_max 42, oppidx_min 0
08-21 02:01:13.624 31885 4999 I GED : ged_boost_gpu_freq, level 100, eOrigin
2, final_idx 42, oppidx_max 42, oppidx_min 0
08-21 02:01:13.645 31885 4999 D RenderController: detect time: 4 1080 2268
08-21 02:01:13.645 31885 4999 D RenderController: beauty time: 0
08-21 02:01:13.645 31885 4999 D RenderController: filter time: 0
08-21 02:01:13.645 31885 4999 D RenderController: cosmetic time: 0
08-21 02:01:13.646 31885 4999 D RenderController: shape time: 0
08-21 02:01:13.646 31885 4999 D RenderController: style time: 17
08-21 02:01:13.646 31885 4999 D RenderController: total time: 21
08-21 02:01:13.718 31885 4999 I GED : ged_boost_gpu_freq, level 100, eOrigin
2, final_idx 42, oppidx_max 42, oppidx_min 0
08-21 02:01:13.721 31885 4999 I GED : ged_boost_gpu_freq, level 100, eOrigin
2, final_idx 42, oppidx_max 42, oppidx_min 0
08-21 02:01:13.738 31885 4999 D RenderController: detect time: 4 1080 2268
08-21 02:01:13.738 31885 4999 D RenderController: beauty time: 0
08-21 02:01:13.738 31885 4999 D RenderController: filter time: 0
08-21 02:01:13.738 31885 4999 D RenderController: cosmetic time: 0
08-21 02:01:13.738 31885 4999 D RenderController: shape time: 1
08-21 02:01:13.738 31885 4999 D RenderController: style time: 13
08-21 02:01:13.738 31885 4999 D RenderController: total time: 18
08-21 02:01:13.826 31885 4999 I GED : ged_boost_gpu_freq, level 100, eOrigin
2, final_idx 42, oppidx_max 42, oppidx_min 0
08-21 02:01:13.828 31885 4999 I GED : ged_boost_gpu_freq, level 100, eOrigin
2, final_idx 42, oppidx_max 42, oppidx_min 0
08-21 02:01:13.854 31885 4999 D RenderController: detect time: 5 1080 2268
08-21 02:01:13.854 31885 4999 D RenderController: beauty time: 0
08-21 02:01:13.854 31885 4999 D RenderController: filter time: 0
08-21 02:01:13.854 31885 4999 D RenderController: cosmetic time: 0
08-21 02:01:13.854 31885 4999 D RenderController: shape time: 1
08-21 02:01:13.854 31885 4999 D RenderController: style time: 20
08-21 02:01:13.854 31885 4999 D RenderController: total time: 26
08-21 02:01:13.922 31885 4999 I GED : ged_boost_gpu_freq, level 100, eOrigin
2, final_idx 42, oppidx_max 42, oppidx_min 0
08-21 02:01:13.924 31885 4999 I GED : ged_boost_gpu_freq, level 100, eOrigin
2, final_idx 42, oppidx_max 42, oppidx_min 0
08-21 02:01:13.946 31885 4999 D RenderController: detect time: 4 1080 2268
08-21 02:01:13.946 31885 4999 D RenderController: beauty time: 0
08-21 02:01:13.946 31885 4999 D RenderController: filter time: 0
08-21 02:01:13.946 31885 4999 D RenderController: cosmetic time: 0
08-21 02:01:13.946 31885 4999 D RenderController: shape time: 1
08-21 02:01:13.946 31885 4999 D RenderController: style time: 17
08-21 02:01:13.946 31885 4999 D RenderController: total time: 22
08-21 02:01:14.028 31885 4999 I GED : ged_boost_gpu_freq, level 100, eOrigin
2, final_idx 42, oppidx_max 42, oppidx_min 0
08-21 02:01:14.030 31885 4999 I GED : ged_boost_gpu_freq, level 100, eOrigin
2, final_idx 42, oppidx_max 42, oppidx_min 0
08-21 02:01:14.046 31885 4999 D RenderController: detect time: 4 1080 2268
08-21 02:01:14.046 31885 4999 D RenderController: beauty time: 0
08-21 02:01:14.046 31885 4999 D RenderController: filter time: 0
08-21 02:01:14.046 31885 4999 D RenderController: cosmetic time: 0
08-21 02:01:14.046 31885 4999 D RenderController: shape time: 0
08-21 02:01:14.046 31885 4999 D RenderController: style time: 12
08-21 02:01:14.046 31885 4999 D RenderController: total time: 16
08-21 02:01:14.129 31885 4999 I GED : ged_boost_gpu_freq, level 100, eOrigin
2, final_idx 42, oppidx_max 42, oppidx_min 0
08-21 02:01:14.131 31885 4999 I GED : ged_boost_gpu_freq, level 100, eOrigin
2, final_idx 42, oppidx_max 42, oppidx_min 0
08-21 02:01:14.150 31885 4999 D RenderController: detect time: 4 1080 2268
08-21 02:01:14.150 31885 4999 D RenderController: beauty time: 0
08-21 02:01:14.150 31885 4999 D RenderController: filter time: 0
08-21 02:01:14.150 31885 4999 D RenderController: cosmetic time: 0
08-21 02:01:14.150 31885 4999 D RenderController: shape time: 1
08-21 02:01:14.150 31885 4999 D RenderController: style time: 14
08-21 02:01:14.150 31885 4999 D RenderController: total time: 19
08-21 02:01:14.224 31885 4999 I GED : ged_boost_gpu_freq, level 100, eOrigin
2, final_idx 42, oppidx_max 42, oppidx_min 0
08-21 02:01:14.226 31885 4999 I GED : ged_boost_gpu_freq, level 100, eOrigin
2, final_idx 42, oppidx_max 42, oppidx_min 0
08-21 02:01:14.269 31885 4999 D RenderController: detect time: 31 1080 2268
08-21 02:01:14.269 31885 4999 D RenderController: beauty time: 0
08-21 02:01:14.269 31885 4999 D RenderController: filter time: 0
08-21 02:01:14.269 31885 4999 D RenderController: cosmetic time: 0
08-21 02:01:14.269 31885 4999 D RenderController: shape time: 1
08-21 02:01:14.269 31885 4999 D RenderController: style time: 11
08-21 02:01:14.269 31885 4999 D RenderController: total time: 43
08-21 02:01:14.316 31885 4999 I GED : ged_boost_gpu_freq, level 100, eOrigin
2, final_idx 42, oppidx_max 42, oppidx_min 0
08-21 02:01:14.317 31885 4999 I GED : ged_boost_gpu_freq, level 100, eOrigin
2, final_idx 42, oppidx_max 42, oppidx_min 0
08-21 02:01:14.331 31885 4999 D RenderController: detect time: 3 1080 2268
08-21 02:01:14.331 31885 4999 D RenderController: beauty time: 0
08-21 02:01:14.331 31885 4999 D RenderController: filter time: 0
08-21 02:01:14.331 31885 4999 D RenderController: cosmetic time: 0
08-21 02:01:14.331 31885 4999 D RenderController: shape time: 0
08-21 02:01:14.331 31885 4999 D RenderController: style time: 11
08-21 02:01:14.331 31885 4999 D RenderController: total time: 14
08-21 02:01:14.422 31885 4999 I GED : ged_boost_gpu_freq, level 100, eOrigin
2, final_idx 42, oppidx_max 42, oppidx_min 0
08-21 02:01:14.424 31885 4999 I GED : ged_boost_gpu_freq, level 100, eOrigin
2, final_idx 42, oppidx_max 42, oppidx_min 0
08-21 02:01:14.443 31885 4999 D RenderController: detect time: 4 1080 2268
08-21 02:01:14.443 31885 4999 D RenderController: beauty time: 0
08-21 02:01:14.444 31885 4999 D RenderController: filter time: 0
08-21 02:01:14.444 31885 4999 D RenderController: cosmetic time: 0
08-21 02:01:14.444 31885 4999 D RenderController: shape time: 1
08-21 02:01:14.444 31885 4999 D RenderController: style time: 14
08-21 02:01:14.444 31885 4999 D RenderController: total time: 19
08-21 02:01:14.514 31885 31885 V AutofillManager: requestHideFillUi(null): anchor =
null
08-21 02:01:14.532 31885 4999 I GED : ged_boost_gpu_freq, level 100, eOrigin
2, final_idx 42, oppidx_max 42, oppidx_min 0
08-21 02:01:14.535 31885 4999 I GED : ged_boost_gpu_freq, level 100, eOrigin
2, final_idx 42, oppidx_max 42, oppidx_min 0
08-21 02:01:14.557 31885 4999 D RenderController: detect time: 5 1080 2268
08-21 02:01:14.557 31885 4999 D RenderController: beauty time: 0
08-21 02:01:14.557 31885 4999 D RenderController: filter time: 0
08-21 02:01:14.557 31885 4999 D RenderController: cosmetic time: 0
08-21 02:01:14.557 31885 4999 D RenderController: shape time: 1
08-21 02:01:14.557 31885 4999 D RenderController: style time: 17
08-21 02:01:14.557 31885 4999 D RenderController: total time: 23
08-21 02:01:14.625 31885 4999 I GED : ged_boost_gpu_freq, level 100, eOrigin
2, final_idx 42, oppidx_max 42, oppidx_min 0
08-21 02:01:14.628 31885 4999 I GED : ged_boost_gpu_freq, level 100, eOrigin
2, final_idx 42, oppidx_max 42, oppidx_min 0
08-21 02:01:14.648 31885 4999 D RenderController: detect time: 4 1080 2268
08-21 02:01:14.648 31885 4999 D RenderController: beauty time: 0
08-21 02:01:14.648 31885 4999 D RenderController: filter time: 0
08-21 02:01:14.648 31885 4999 D RenderController: cosmetic time: 0
08-21 02:01:14.648 31885 4999 D RenderController: shape time: 1
08-21 02:01:14.648 31885 4999 D RenderController: style time: 16
08-21 02:01:14.648 31885 4999 D RenderController: total time: 21
08-21 02:01:14.728 31885 4999 I GED : ged_boost_gpu_freq, level 100, eOrigin
2, final_idx 42, oppidx_max 42, oppidx_min 0
08-21 02:01:14.731 31885 4999 I GED : ged_boost_gpu_freq, level 100, eOrigin
2, final_idx 42, oppidx_max 42, oppidx_min 0
08-21 02:01:14.754 31885 4999 D RenderController: detect time: 5 1080 2268
08-21 02:01:14.754 31885 4999 D RenderController: beauty time: 0
08-21 02:01:14.754 31885 4999 D RenderController: filter time: 0
08-21 02:01:14.754 31885 4999 D RenderController: cosmetic time: 0
08-21 02:01:14.754 31885 4999 D RenderController: shape time: 0
08-21 02:01:14.754 31885 4999 D RenderController: style time: 18
08-21 02:01:14.754 31885 4999 D RenderController: total time: 23
08-21 02:01:14.826 31885 4999 I GED : ged_boost_gpu_freq, level 100, eOrigin
2, final_idx 42, oppidx_max 42, oppidx_min 0
08-21 02:01:14.828 31885 4999 I GED : ged_boost_gpu_freq, level 100, eOrigin
2, final_idx 42, oppidx_max 42, oppidx_min 0
08-21 02:01:14.852 31885 4999 D RenderController: detect time: 5 1080 2268
08-21 02:01:14.852 31885 4999 D RenderController: beauty time: 0
08-21 02:01:14.852 31885 4999 D RenderController: filter time: 0
08-21 02:01:14.852 31885 4999 D RenderController: cosmetic time: 0
08-21 02:01:14.852 31885 4999 D RenderController: shape time: 0
08-21 02:01:14.852 31885 4999 D RenderController: style time: 19
08-21 02:01:14.852 31885 4999 D RenderController: total time: 24
08-21 02:01:14.929 31885 4999 I GED : ged_boost_gpu_freq, level 100, eOrigin
2, final_idx 42, oppidx_max 42, oppidx_min 0
08-21 02:01:14.931 31885 4999 I GED : ged_boost_gpu_freq, level 100, eOrigin
2, final_idx 42, oppidx_max 42, oppidx_min 0
08-21 02:01:14.952 31885 4999 D RenderController: detect time: 4 1080 2268
08-21 02:01:14.952 31885 4999 D RenderController: beauty time: 0
08-21 02:01:14.952 31885 4999 D RenderController: filter time: 0
08-21 02:01:14.952 31885 4999 D RenderController: cosmetic time: 0
08-21 02:01:14.952 31885 4999 D RenderController: shape time: 1
08-21 02:01:14.952 31885 4999 D RenderController: style time: 15
08-21 02:01:14.952 31885 4999 D RenderController: total time: 20
08-21 02:01:15.026 31885 4999 I GED : ged_boost_gpu_freq, level 100, eOrigin
2, final_idx 42, oppidx_max 42, oppidx_min 0
08-21 02:01:15.029 31885 4999 I GED : ged_boost_gpu_freq, level 100, eOrigin
2, final_idx 42, oppidx_max 42, oppidx_min 0
08-21 02:01:15.053 31885 4999 D RenderController: detect time: 3 1080 2268
08-21 02:01:15.053 31885 4999 D RenderController: beauty time: 0
08-21 02:01:15.053 31885 4999 D RenderController: filter time: 0
08-21 02:01:15.053 31885 4999 D RenderController: cosmetic time: 0
08-21 02:01:15.054 31885 4999 D RenderController: shape time: 1
08-21 02:01:15.054 31885 4999 D RenderController: style time: 20
08-21 02:01:15.054 31885 4999 D RenderController: total time: 24
08-21 02:01:15.133 31885 4999 I GED : ged_boost_gpu_freq, level 100, eOrigin
2, final_idx 42, oppidx_max 42, oppidx_min 0
08-21 02:01:15.135 31885 4999 I GED : ged_boost_gpu_freq, level 100, eOrigin
2, final_idx 42, oppidx_max 42, oppidx_min 0
08-21 02:01:15.159 31885 4999 D RenderController: detect time: 4 1080 2268
08-21 02:01:15.160 31885 4999 D RenderController: beauty time: 0
08-21 02:01:15.160 31885 4999 D RenderController: filter time: 0
08-21 02:01:15.160 31885 4999 D RenderController: cosmetic time: 0
08-21 02:01:15.160 31885 4999 D RenderController: shape time: 1
08-21 02:01:15.160 31885 4999 D RenderController: style time: 19
08-21 02:01:15.160 31885 4999 D RenderController: total time: 24
08-21 02:01:15.227 31885 4999 I GED : ged_boost_gpu_freq, level 100, eOrigin
2, final_idx 42, oppidx_max 42, oppidx_min 0
08-21 02:01:15.229 31885 4999 I GED : ged_boost_gpu_freq, level 100, eOrigin
2, final_idx 42, oppidx_max 42, oppidx_min 0
08-21 02:01:15.252 31885 4999 D RenderController: detect time: 4 1080 2268
08-21 02:01:15.252 31885 4999 D RenderController: beauty time: 0
08-21 02:01:15.252 31885 4999 D RenderController: filter time: 0
08-21 02:01:15.252 31885 4999 D RenderController: cosmetic time: 0
08-21 02:01:15.252 31885 4999 D RenderController: shape time: 0
08-21 02:01:15.252 31885 4999 D RenderController: style time: 19
08-21 02:01:15.252 31885 4999 D RenderController: total time: 23
08-21 02:01:15.331 31885 4999 I GED : ged_boost_gpu_freq, level 100, eOrigin
2, final_idx 42, oppidx_max 42, oppidx_min 0
08-21 02:01:15.333 31885 4999 I GED : ged_boost_gpu_freq, level 100, eOrigin
2, final_idx 42, oppidx_max 42, oppidx_min 0
08-21 02:01:15.355 31885 4999 D RenderController: detect time: 4 1080 2268
08-21 02:01:15.355 31885 4999 D RenderController: beauty time: 0
08-21 02:01:15.355 31885 4999 D RenderController: filter time: 0
08-21 02:01:15.355 31885 4999 D RenderController: cosmetic time: 0
08-21 02:01:15.355 31885 4999 D RenderController: shape time: 1
08-21 02:01:15.355 31885 4999 D RenderController: style time: 17
08-21 02:01:15.355 31885 4999 D RenderController: total time: 22
08-21 02:01:15.429 31885 4999 I GED : ged_boost_gpu_freq, level 100, eOrigin
2, final_idx 42, oppidx_max 42, oppidx_min 0
08-21 02:01:15.432 31885 4999 I GED : ged_boost_gpu_freq, level 100, eOrigin
2, final_idx 42, oppidx_max 42, oppidx_min 0
08-21 02:01:15.485 31885 4999 D RenderController: detect time: 43 1080 2268
08-21 02:01:15.485 31885 4999 D RenderController: beauty time: 0
08-21 02:01:15.485 31885 4999 D RenderController: filter time: 0
08-21 02:01:15.485 31885 4999 D RenderController: cosmetic time: 0
08-21 02:01:15.485 31885 4999 D RenderController: shape time: 0
08-21 02:01:15.485 31885 4999 D RenderController: style time: 11
08-21 02:01:15.485 31885 4999 D RenderController: total time: 54
08-21 02:01:15.527 31885 4999 I GED : ged_boost_gpu_freq, level 100, eOrigin
2, final_idx 42, oppidx_max 42, oppidx_min 0
08-21 02:01:15.529 31885 4999 I GED : ged_boost_gpu_freq, level 100, eOrigin
2, final_idx 42, oppidx_max 42, oppidx_min 0
08-21 02:01:15.544 31885 4999 D RenderController: detect time: 4 1080 2268
08-21 02:01:15.544 31885 4999 D RenderController: beauty time: 0
08-21 02:01:15.544 31885 4999 D RenderController: filter time: 0
08-21 02:01:15.544 31885 4999 D RenderController: cosmetic time: 0
08-21 02:01:15.544 31885 4999 D RenderController: shape time: 0
08-21 02:01:15.545 31885 4999 D RenderController: style time: 12
08-21 02:01:15.545 31885 4999 D RenderController: total time: 16
08-21 02:01:15.633 31885 4999 I GED : ged_boost_gpu_freq, level 100, eOrigin
2, final_idx 42, oppidx_max 42, oppidx_min 0
08-21 02:01:15.636 31885 4999 I GED : ged_boost_gpu_freq, level 100, eOrigin
2, final_idx 42, oppidx_max 42, oppidx_min 0
08-21 02:01:15.654 31885 4999 D RenderController: detect time: 5 1080 2268
08-21 02:01:15.654 31885 4999 D RenderController: beauty time: 0
08-21 02:01:15.654 31885 4999 D RenderController: filter time: 0
08-21 02:01:15.655 31885 4999 D RenderController: cosmetic time: 0
08-21 02:01:15.655 31885 4999 D RenderController: shape time: 0
08-21 02:01:15.655 31885 4999 D RenderController: style time: 14
08-21 02:01:15.655 31885 4999 D RenderController: total time: 19
08-21 02:01:15.731 31885 4999 I GED : ged_boost_gpu_freq, level 100, eOrigin
2, final_idx 42, oppidx_max 42, oppidx_min 0
08-21 02:01:15.734 31885 4999 I GED : ged_boost_gpu_freq, level 100, eOrigin
2, final_idx 42, oppidx_max 42, oppidx_min 0
08-21 02:01:15.760 31885 4999 D RenderController: detect time: 5 1080 2268
08-21 02:01:15.760 31885 4999 D RenderController: beauty time: 0
08-21 02:01:15.760 31885 4999 D RenderController: filter time: 0
08-21 02:01:15.760 31885 4999 D RenderController: cosmetic time: 0
08-21 02:01:15.760 31885 4999 D RenderController: shape time: 1
08-21 02:01:15.760 31885 4999 D RenderController: style time: 21
08-21 02:01:15.760 31885 4999 D RenderController: total time: 27
08-21 02:01:15.835 31885 4999 I GED : ged_boost_gpu_freq, level 100, eOrigin
2, final_idx 42, oppidx_max 42, oppidx_min 0
08-21 02:01:15.838 31885 4999 I GED : ged_boost_gpu_freq, level 100, eOrigin
2, final_idx 42, oppidx_max 42, oppidx_min 0
08-21 02:01:15.862 31885 4999 D RenderController: detect time: 5 1080 2268
08-21 02:01:15.862 31885 4999 D RenderController: beauty time: 0
08-21 02:01:15.862 31885 4999 D RenderController: filter time: 0
08-21 02:01:15.862 31885 4999 D RenderController: cosmetic time: 0
08-21 02:01:15.862 31885 4999 D RenderController: shape time: 0
08-21 02:01:15.862 31885 4999 D RenderController: style time: 20
08-21 02:01:15.862 31885 4999 D RenderController: total time: 25
08-21 02:01:15.936 31885 4999 I GED : ged_boost_gpu_freq, level 100, eOrigin
2, final_idx 42, oppidx_max 42, oppidx_min 0
08-21 02:01:15.939 31885 4999 I GED : ged_boost_gpu_freq, level 100, eOrigin
2, final_idx 42, oppidx_max 42, oppidx_min 0
08-21 02:01:15.960 31885 4999 D RenderController: detect time: 5 1080 2268
08-21 02:01:15.961 31885 4999 D RenderController: beauty time: 0
08-21 02:01:15.961 31885 4999 D RenderController: filter time: 0
08-21 02:01:15.961 31885 4999 D RenderController: cosmetic time: 0
08-21 02:01:15.961 31885 4999 D RenderController: shape time: 1
08-21 02:01:15.961 31885 4999 D RenderController: style time: 16
08-21 02:01:15.961 31885 4999 D RenderController: total time: 22
08-21 02:01:16.040 31885 4999 I GED : ged_boost_gpu_freq, level 100, eOrigin
2, final_idx 42, oppidx_max 42, oppidx_min 0
08-21 02:01:16.043 31885 4999 I GED : ged_boost_gpu_freq, level 100, eOrigin
2, final_idx 42, oppidx_max 42, oppidx_min 0
08-21 02:01:16.068 31885 4999 D RenderController: detect time: 4 1080 2268
08-21 02:01:16.068 31885 4999 D RenderController: beauty time: 0
08-21 02:01:16.068 31885 4999 D RenderController: filter time: 0
08-21 02:01:16.068 31885 4999 D RenderController: cosmetic time: 0
08-21 02:01:16.068 31885 4999 D RenderController: shape time: 2
08-21 02:01:16.068 31885 4999 D RenderController: style time: 20
08-21 02:01:16.068 31885 4999 D RenderController: total time: 26
08-21 02:01:16.134 31885 4999 I GED : ged_boost_gpu_freq, level 100, eOrigin
2, final_idx 42, oppidx_max 42, oppidx_min 0
08-21 02:01:16.136 31885 4999 I GED : ged_boost_gpu_freq, level 100, eOrigin
2, final_idx 42, oppidx_max 42, oppidx_min 0
08-21 02:01:16.162 31885 4999 D RenderController: detect time: 4 1080 2268
08-21 02:01:16.162 31885 4999 D RenderController: beauty time: 0
08-21 02:01:16.162 31885 4999 D RenderController: filter time: 0
08-21 02:01:16.163 31885 4999 D RenderController: cosmetic time: 0
08-21 02:01:16.163 31885 4999 D RenderController: shape time: 1
08-21 02:01:16.163 31885 4999 D RenderController: style time: 21
08-21 02:01:16.163 31885 4999 D RenderController: total time: 26
08-21 02:01:16.229 31885 4999 I GED : ged_boost_gpu_freq, level 100, eOrigin
2, final_idx 42, oppidx_max 42, oppidx_min 0
08-21 02:01:16.230 31885 4999 I GED : ged_boost_gpu_freq, level 100, eOrigin
2, final_idx 42, oppidx_max 42, oppidx_min 0
08-21 02:01:16.255 31885 4999 D RenderController: detect time: 5 1080 2268
08-21 02:01:16.255 31885 4999 D RenderController: beauty time: 0
08-21 02:01:16.255 31885 4999 D RenderController: filter time: 0
08-21 02:01:16.255 31885 4999 D RenderController: cosmetic time: 0
08-21 02:01:16.255 31885 4999 D RenderController: shape time: 1
08-21 02:01:16.255 31885 4999 D RenderController: style time: 19
08-21 02:01:16.255 31885 4999 D RenderController: total time: 25
08-21 02:01:16.315 31885 4999 I GED : ged_boost_gpu_freq, level 100, eOrigin
2, final_idx 42, oppidx_max 42, oppidx_min 0
08-21 02:01:16.318 31885 4999 I GED : ged_boost_gpu_freq, level 100, eOrigin
2, final_idx 42, oppidx_max 42, oppidx_min 0
08-21 02:01:16.344 31885 4999 D RenderController: detect time: 3 1080 2268
08-21 02:01:16.344 31885 4999 D RenderController: beauty time: 0
08-21 02:01:16.344 31885 4999 D RenderController: filter time: 0
08-21 02:01:16.344 31885 4999 D RenderController: cosmetic time: 1
08-21 02:01:16.344 31885 4999 D RenderController: shape time: 0
08-21 02:01:16.344 31885 4999 D RenderController: style time: 21
08-21 02:01:16.344 31885 4999 D RenderController: total time: 25
08-21 02:01:16.381 31885 4999 I GED : ged_boost_gpu_freq, level 100, eOrigin
2, final_idx 42, oppidx_max 42, oppidx_min 0
08-21 02:01:16.384 31885 4999 I GED : ged_boost_gpu_freq, level 100, eOrigin
2, final_idx 42, oppidx_max 42, oppidx_min 0
08-21 02:01:16.409 31885 4999 D RenderController: detect time: 5 1080 2268
08-21 02:01:16.409 31885 4999 D RenderController: beauty time: 0
08-21 02:01:16.409 31885 4999 D RenderController: filter time: 0
08-21 02:01:16.409 31885 4999 D RenderController: cosmetic time: 0
08-21 02:01:16.409 31885 4999 D RenderController: shape time: 0
08-21 02:01:16.409 31885 4999 D RenderController: style time: 21
08-21 02:01:16.409 31885 4999 D RenderController: total time: 26
08-21 02:01:16.452 31885 4999 I GED : ged_boost_gpu_freq, level 100, eOrigin
2, final_idx 42, oppidx_max 42, oppidx_min 0
08-21 02:01:16.454 31885 4999 I GED : ged_boost_gpu_freq, level 100, eOrigin
2, final_idx 42, oppidx_max 42, oppidx_min 0
08-21 02:01:16.480 31885 4999 D RenderController: detect time: 4 1080 2268
08-21 02:01:16.480 31885 4999 D RenderController: beauty time: 0
08-21 02:01:16.480 31885 4999 D RenderController: filter time: 0
08-21 02:01:16.480 31885 4999 D RenderController: cosmetic time: 0
08-21 02:01:16.480 31885 4999 D RenderController: shape time: 1
08-21 02:01:16.480 31885 4999 D RenderController: style time: 21
08-21 02:01:16.480 31885 4999 D RenderController: total time: 26
08-21 02:01:16.519 31885 4999 I GED : ged_boost_gpu_freq, level 100, eOrigin
2, final_idx 42, oppidx_max 42, oppidx_min 0
08-21 02:01:16.522 31885 4999 I GED : ged_boost_gpu_freq, level 100, eOrigin
2, final_idx 42, oppidx_max 42, oppidx_min 0
08-21 02:01:16.615 31885 4999 E TAG : drawFace: rect ratio w: 1.0 ratio h:
0.9182291
08-21 02:01:16.615 31885 4999 E TAG : drawFace: texture ratio w: 1.0 ratio h:
0.91770834
08-21 02:01:16.615 31885 31885 I [LiveEventBus]: broadcast:
com.lightcone.whatsappbeautycam.viewmodel.event.DetectFaceEvent@137040d foreground:
false with key: class
com.lightcone.whatsappbeautycam.viewmodel.event.DetectFaceEvent
08-21 02:01:16.618 4594 4688 I Pine : handleBridge: artMethod=0x7211d1e0
originExtras=0xb4000077c82eec40 extras=0xb4000077c7ad2120 sp=0x779b67c030
08-21 02:01:16.618 31885 31885 I [LiveEventBus]: post:
com.lightcone.whatsappbeautycam.viewmodel.event.DetectFaceEvent@6b6dfc2 with key:
class com.lightcone.whatsappbeautycam.viewmodel.event.DetectFaceEvent
08-21 02:01:16.618 31885 31885 I [LiveEventBus]: message received:
com.lightcone.whatsappbeautycam.viewmodel.event.DetectFaceEvent@6b6dfc2
08-21 02:01:16.618 4594 4688 D Pine : handleCall for method public
android.os.Parcelable android.os.Bundle.getParcelable(java.lang.String)
08-21 02:01:16.620 4594 4594 W System.err: java.lang.RuntimeException: Parcelable
encountered ClassNotFoundException reading a Serializable object (name =
com.lightcone.whatsappbeautycam.viewmodel.event.DetectFaceEvent)
08-21 02:01:16.620 4594 4594 W System.err:
08-21 02:01:16.620 4594 4594 W System.err: at
android.os.Parcel.readSerializable(Parcel.java:3560)
08-21 02:01:16.620 4594 4594 W System.err:
08-21 02:01:16.621 4594 4594 W System.err: at
android.os.Parcel.readValue(Parcel.java:3324)
08-21 02:01:16.621 4594 4594 W System.err:
08-21 02:01:16.621 4594 4594 W System.err: at
android.os.Parcel.readArrayMapInternal(Parcel.java:3674)
08-21 02:01:16.621 4594 4594 W System.err:
08-21 02:01:16.621 4594 4594 W System.err: at
android.os.BaseBundle.initializeFromParcelLocked(BaseBundle.java:292)
08-21 02:01:16.621 4594 4594 W System.err:
08-21 02:01:16.621 4594 4594 W System.err: at
android.os.BaseBundle.unparcel(BaseBundle.java:236)
08-21 02:01:16.621 4594 4594 W System.err:
08-21 02:01:16.621 4594 4594 W System.err: at
android.os.BaseBundle.getSerializable(BaseBundle.java:1268)
08-21 02:01:16.621 4594 4594 W System.err:
08-21 02:01:16.622 4594 4594 W System.err: at
android.os.Bundle.getSerializable(Bundle.java:1104)
08-21 02:01:16.622 4594 4594 W System.err:
08-21 02:01:16.622 4594 4594 W System.err: at
com.jeremyliao.liveeventbus.ipc.core.SerializableProcessor.createFromBundle(Seriali
zableProcessor.java:1)
08-21 02:01:16.622 4594 4594 W System.err:
08-21 02:01:16.622 4594 4594 W System.err: at
com.jeremyliao.liveeventbus.ipc.core.ProcessorManager.createFrom(ProcessorManager.j
ava:8)
08-21 02:01:16.623 4594 4594 W System.err:
08-21 02:01:16.623 4594 4594 W System.err: at
com.jeremyliao.liveeventbus.ipc.receiver.LebIpcReceiver.onReceive(LebIpcReceiver.ja
va:3)
08-21 02:01:16.623 4594 4594 W System.err:
08-21 02:01:16.623 4594 4594 W System.err: at
android.app.LoadedApk$ReceiverDispatcher$Args.lambda$getRunnable$0$LoadedApk$Receiv
erDispatcher$Args(LoadedApk.java:1794)
08-21 02:01:16.623 4594 4594 W System.err:
08-21 02:01:16.624 4594 4594 W System.err: at
android.app.LoadedApk$ReceiverDispatcher$Args$$ExternalSyntheticLambda0.run(Unknown
Source:2)
08-21 02:01:16.624 4594 4594 W System.err:
08-21 02:01:16.624 4594 4594 W System.err: at
android.os.Handler.handleCallback(Handler.java:938)
08-21 02:01:16.624 4594 4594 W System.err:
08-21 02:01:16.625 4594 4594 W System.err: at
android.os.Handler.dispatchMessage(Handler.java:99)
08-21 02:01:16.625 4594 4594 W System.err:
08-21 02:01:16.625 4594 4594 W System.err: at
android.os.Looper.loopOnce(Looper.java:233)
08-21 02:01:16.625 4594 4594 W System.err:
08-21 02:01:16.625 4594 4594 W System.err: at
android.os.Looper.loop(Looper.java:344)
08-21 02:01:16.625 4594 4594 W System.err:
08-21 02:01:16.626 4594 4594 W System.err: at
android.app.ActivityThread.main(ActivityThread.java:8249)
08-21 02:01:16.626 4594 4594 W System.err:
08-21 02:01:16.626 4594 4594 W System.err: at
java.lang.reflect.Method.invoke(Native Method)
08-21 02:01:16.626 4594 4594 W System.err:
08-21 02:01:16.627 4594 4594 W System.err: at
com.android.internal.os.RuntimeInit$MethodAndArgsCaller.run(RuntimeInit.java:589)
08-21 02:01:16.627 4594 4594 W System.err:
08-21 02:01:16.627 4594 4594 W System.err: at
com.android.internal.os.ZygoteInit.main(ZygoteInit.java:1071)
08-21 02:01:16.627 4594 4594 W System.err:
08-21 02:01:16.628 4594 4594 W System.err: Caused by:
java.lang.ClassNotFoundException:
com.lightcone.whatsappbeautycam.viewmodel.event.DetectFaceEvent
08-21 02:01:16.628 4594 4594 W System.err:
08-21 02:01:16.628 4594 4594 W System.err: at
java.lang.Class.classForName(Native Method)
08-21 02:01:16.628 4594 4594 W System.err:
08-21 02:01:16.628 4594 4594 W System.err: at
java.lang.Class.forName(Class.java:454)
08-21 02:01:16.628 4594 4594 W System.err:
08-21 02:01:16.628 4594 4594 W System.err: at
android.os.Parcel$2.resolveClass(Parcel.java:3546)
08-21 02:01:16.629 4594 4594 W System.err:
08-21 02:01:16.629 4594 4594 W System.err: at
java.io.ObjectInputStream.readNonProxyDesc(ObjectInputStream.java:1731)
08-21 02:01:16.629 4594 4594 W System.err:
08-21 02:01:16.629 4594 4594 W System.err: at
java.io.ObjectInputStream.readClassDesc(ObjectInputStream.java:1622)
08-21 02:01:16.629 4594 4594 W System.err:
08-21 02:01:16.629 4594 4594 W System.err: at
java.io.ObjectInputStream.readOrdinaryObject(ObjectInputStream.java:1900)
08-21 02:01:16.629 4594 4594 W System.err:
08-21 02:01:16.630 4594 4594 W System.err: at
java.io.ObjectInputStream.readObject0(ObjectInputStream.java:1440)
08-21 02:01:16.630 4594 4594 W System.err:
08-21 02:01:16.630 4594 4594 W System.err: at
java.io.ObjectInputStream.readObject(ObjectInputStream.java:428)
08-21 02:01:16.630 4594 4594 W System.err:
08-21 02:01:16.630 4594 4594 W System.err: at
android.os.Parcel.readSerializable(Parcel.java:3554)
08-21 02:01:16.630 4594 4594 W System.err:
08-21 02:01:16.630 31885 4999 E TAG : updateFace: [1.0, 0.23421551, 0.3418663,
0.23537618, 0.34834722, 0.23239924, 0.35489887, 0.22592893, 0.36051363, 0.2155604,
0.364688, 0.20225911, 0.3670121, 0.18894838, 0.36746985, 0.17591281, 0.36596674,
0.16491614, 0.36259657, 0.15748905, 0.35735762, 0.1542296, 0.3511999, 0.15492125,
0.34474036, 0.15965757, 0.33835799, 0.16854234, 0.33321872, 0.18124022, 0.3298416,
0.19495589, 0.3286466, 0.20794338, 0.3292336, 0.22013631, 0.33170837, 0.22905739,
0.33612555, 0.19484863, 0.34807962, 0.6358386, 0.3306644, 0.63737607, 0.33758515,
0.64299, 0.34446228, 0.65315735, 0.35052475, 0.66689324, 0.35474163, 0.6821212,
0.35676596, 0.69658935, 0.3569644, 0.7100188, 0.35527587, 0.7200541, 0.35131076,
0.72582126, 0.3456127, 0.7264159, 0.33883142, 0.72263736, 0.33181223, 0.71462995,
0.32528478, 0.7025637, 0.31997433, 0.6876799, 0.31677377, 0.6726872, 0.3157735,
0.658844, 0.31664267, 0.6471863, 0.31951874, 0.6391251, 0.32436758, 0.6812056,
0.3364601]
08-21 02:01:16.630 4594 4594 W System.err: ... 19 more
08-21 02:01:16.630 4594 4594 W System.err:
08-21 02:01:16.631 4594 4594 W System.err: Caused by:
java.lang.ClassNotFoundException:
com.lightcone.whatsappbeautycam.viewmodel.event.DetectFaceEvent
08-21 02:01:16.631 4594 4594 W System.err:
08-21 02:01:16.631 4594 4594 W System.err: ... 28 more
08-21 02:01:16.631 4594 4594 W System.err:
08-21 02:01:16.650 31885 4999 D TAG : refreshParams: facetop: [0.0, 0.0]
08-21 02:01:16.650 31885 4999 D TAG : refreshParams: eyes_smiley: [0.0, 0.0]
08-21 02:01:16.651 31885 4999 D TAG : refreshParams: nose_bridge: [0.5, 0.5]
08-21 02:01:16.651 31885 4999 D TAG : refreshParams: nose_position: [0.5, 0.5]
08-21 02:01:16.678 31885 4999 D RenderController: detect time: 94 1080 2268
08-21 02:01:16.678 31885 4999 D RenderController: beauty time: 15
08-21 02:01:16.678 31885 4999 D RenderController: filter time: 0
08-21 02:01:16.678 31885 4999 D RenderController: cosmetic time: 20
08-21 02:01:16.678 31885 4999 D RenderController: shape time: 4
08-21 02:01:16.678 31885 4999 D RenderController: style time: 24
08-21 02:01:16.678 31885 4999 D RenderController: total time: 157
08-21 02:01:16.679 31885 4999 I GED : ged_boost_gpu_freq, level 100, eOrigin
2, final_idx 42, oppidx_max 42, oppidx_min 0
08-21 02:01:16.690 31885 4999 I GED : ged_boost_gpu_freq, level 100, eOrigin
2, final_idx 42, oppidx_max 42, oppidx_min 0
08-21 02:01:16.705 31885 4999 E TAG : drawFace: rect ratio w: 1.0 ratio h:
0.90260416
08-21 02:01:16.705 31885 4999 E TAG : drawFace: texture ratio w: 1.0 ratio h:
0.90260416
08-21 02:01:16.723 31885 4999 E TAG : updateFace: [1.0, 0.2096573, 0.33790916,
0.20943512, 0.34378797, 0.20552568, 0.34977183, 0.19851817, 0.35481173, 0.18844736,
0.35859662, 0.17590229, 0.36076957, 0.16399918, 0.36120042, 0.15274172, 0.35985905,
