01-22 22:54:21.484 20752 20752 W com.whatsapp: type=1400 audit(0.0:6490): avc: granted { execute } for path="/data/data/com.whatsapp/files/decompressed/libs.spk.zst/libc++_shared.so" dev="dm-11" ino=64353 scontext=u:r:untrusted_app:s0:c7,c257,c512,c768 tcontext=u:object_r:app_data_file:s0:c7,c257,c512,c768 tclass=file app=com.whatsapp
01-22 22:54:21.492 20752 20752 W com.whatsapp: type=1400 audit(0.0:6491): avc: granted { execute } for path="/data/data/com.whatsapp/files/decompressed/libs.spk.zst/libvlc.so" dev="dm- 11" ino=64341 scontext=u:r:untrusted_app:s0:c7,c257,c512,c768 tcontext=u:object_r:app_data_file:s0:c7,c257,c512,c768 tclass=file app=com.whatsapp
01-22 22:54:21.500 20752 20752 W com.whatsapp: type=1400 audit(0.0:6492): avc: granted { execute } for path="/data/data/com.whatsapp/files/decompressed/libs.spk.zst/libwhatsapp.so" dev="dm-11" ino=64342 scontext=u:r:untrusted_app:s0:c7,c257,c512,c768 tcontext=u:object_r:app_data_file:s0:c7,c257,c512,c768 tclass=file app=com.whatsapp
01-22 22:54:21.540 20752 20752 W com.whatsapp: type=1400 audit(0.0:6493): avc: granted { execute } for path="/data/data/com.whatsapp/files/decompressed/libs.spk.zst/libcurve25519.so" dev="dm-11" ino=64345 scontext=u:r:untrusted_app:s0:c7,c257,c512,c768 tcontext=u:object_r:app_data_file:s0:c7,c257,c512,c768 tclass=file app=com.whatsapp --------- beginning of system
01-22 22:54:21.712 20752 20807 W com.whatsapp: Class X.2rL failed lock verification and will run slower.
01-22 22:54:21.712 20752 20807 W com.whatsapp: Common causes for lock verification issues are non-optimized dex code
01-22 22:54:21.712 20752 20807 W com.whatsapp: and incorrect proguard optimizations.
01-22 22:54:21.967 20752 20823 W System : ClassLoader referenced unknown path: system/framework/mediatek-cta.jar
01-22 22:54:22.082 20752 20817 W System : ClassLoader referenced unknown path: system/framework/mediatek-cta.jar
01-22 22:54:23.296 20752 20812 E ion : ioctl c0044901 failed with code -1: Invalid argument
01-22 22:54:23.301 20752 20812 E libc : Access denied finding property "vendor.debug.drm.logv"
01-22 22:54:23.301 20752 20812 E libc : Access denied finding property "vendor.debug.drm.logv"
01-22 22:54:23.302 20752 20812 E libc : Access denied finding property "vendor.debug.drm.logd"
01-22 22:54:23.302 20752 20812 E libc : Access denied finding property "vendor.debug.drm.logv" --------- beginning of main
01-22 23:35:33.483 7666 7666 E com.whatsapp: Not starting debugger since process cannot load the jdwp agent.
01-22 23:35:33.635 7666 7666 W System.err: java.lang.ClassNotFoundException: mbmodsd.mbmodsw.ui.views.btn.BtnBK
01-22 23:35:33.636 7666 7666 W System.err: at java.lang.Runtime.nativeLoad(Native Method)
01-22 23:35:33.636 7666 7666 W System.err: at java.lang.Runtime.nativeLoad(Runtime.java:1131)
01-22 23:35:33.636 7666 7666 W System.err: at java.lang.Runtime.loadLibrary0(Runtime.java:1085)
01-22 23:35:33.636 7666 7666 W System.err: at java.lang.Runtime.loadLibrary0(Runtime.java:1008)
01-22 23:35:33.636 7666 7666 W System.err: at java.lang.System.loadLibrary(System.java:1664)
01-22 23:35:33.636 7666 7666 W System.err: at arm.EpicVm.<clinit>(Unknown Source:2)
01-22 23:35:33.636 7666 7666 W System.err: at java.lang.Class.newInstance(Native Method)
01-22 23:35:33.636 7666 7666 W System.err: at android.app.AppComponentFactory.instantiateApplication(AppComponentFactory.java:76)
01-22 23:35:33.636 7666 7666 W System.err: at androidx.core.app.CoreComponentFactory.instantiateApplication(Unknown Source:0)
01-22 23:35:33.636 7666 7666 W System.err: at android.app.Instrumentation.newApplication(Instrumentation.java:1162)
01-22 23:35:33.636 7666 7666 W System.err: at android.app.LoadedApk.makeApplication(LoadedApk.java:1244)
01-22 23:35:33.636 7666 7666 W System.err: at android.app.ActivityThread.handleBindApplication(ActivityThread.java:7080)
01-22 23:35:33.636 7666 7666 W System.err: at android.app.ActivityThread.access$1600(ActivityThread.java:264)
01-22 23:35:33.636 7666 7666 W System.err: at android.app.ActivityThread$H.handleMessage(ActivityThread.java:2050)
01-22 23:35:33.636 7666 7666 W System.err: at android.os.Handler.dispatchMessage(Handler.java:106)
01-22 23:35:33.636 7666 7666 W System.err: at android.os.Looper.loop(Looper.java:268)
01-22 23:35:33.637 7666 7666 W System.err: at android.app.ActivityThread.main(ActivityThread.java:8089)
01-22 23:35:33.637 7666 7666 W System.err: at java.lang.reflect.Method.invoke(Native Method)
01-22 23:35:33.637 7666 7666 W System.err: at com.android.internal.os.RuntimeInit$MethodAndArgsCaller.run(RuntimeInit.java:626)
01-22 23:35:33.637 7666 7666 W System.err: at com.android.internal.os.ZygoteInit.main(ZygoteInit.java:997)
01-22 23:35:33.732 7666 7666 E libc : Access denied finding property "ro.vendor.pref_scale_resolution"
01-22 23:35:33.742 7666 7666 E CustomActivityOnCrash: IMPORTANT WARNING! You already have an UncaughtExceptionHandler, are you sure this is correct? If you use a custom UncaughtExceptionHandler, you must initialize it AFTER CustomActivityOnCrash! Installing anyway, but your original handler will not be called.
01-22 23:35:34.088 7666 7666 W com.whatsapp: Accessing hidden method Lcom/android/org/conscrypt/OpenSSLSocketImpl;->setUseSessionTickets(Z)V (greylist- max-q,test-api, reflection, denied)
01-22 23:35:34.088 7666 7666 W com.whatsapp: Accessing hidden method Lcom/android/org/conscrypt/AbstractConscryptSocket;->setUseSessionTickets(Z)V (greylist-max-q, reflection, denied)
01-22 23:35:34.170 7666 7666 W linker : Warning: "/data/data/com.whatsapp/files/decompressed/libs.spk.zst/libc++_shared.so" unused DT entry: unknown processor-specific (type 0x70000001 arg 0x0) (ignoring)
01-22 23:35:34.168 7666 7666 W com.whatsapp: type=1400 audit(0.0:8709): avc: granted { execute } for path="/data/data/com.whatsapp/files/decompressed/libs.spk.zst/libc++_shared.so" dev="dm-11" ino=64353 scontext=u:r:untrusted_app:s0:c7,c257,c512,c768 tcontext=u:object_r:app_data_file:s0:c7,c257,c512,c768 tclass=file app=com.whatsapp
01-22 23:35:34.196 7666 7666 W com.whatsapp: type=1400 audit(0.0:8711): avc: granted { execute } for path="/data/data/com.whatsapp/files/decompressed/libs.spk.zst/libwhatsapp.so" dev="dm-11" ino=64342 scontext=u:r:untrusted_app:s0:c7,c257,c512,c768 tcontext=u:object_r:app_data_file:s0:c7,c257,c512,c768 tclass=file app=com.whatsapp
01-22 23:35:34.224 7666 7666 W com.whatsapp: type=1400 audit(0.0:8712): avc: granted { execute } for path="/data/data/com.whatsapp/files/decompressed/libs.spk.zst/libcurve25519.so" dev="dm-11" ino=64345 scontext=u:r:untrusted_app:s0:c7,c257,c512,c768 tcontext=u:object_r:app_data_file:s0:c7,c257,c512,c768 tclass=file app=com.whatsapp
01-22 23:35:34.232 7666 7666 W com.whatsapp: type=1400 audit(0.0:8713): avc: granted { execute } for path="/data/data/com.whatsapp/files/decompressed/libs.spk.zst/libwhatsapp.so" dev="dm-11" ino=64342 scontext=u:r:untrusted_app:s0:c7,c257,c512,c768 tcontext=u:object_r:app_data_file:s0:c7,c257,c512,c768 tclass=file app=com.whatsapp
01-22 23:35:34.512 7666 7718 W com.whatsapp: Class X.2rL failed lock verification and will run slower.
01-22 23:35:34.512 7666 7718 W com.whatsapp: Common causes for lock verification issues are non-optimized dex code
01-22 23:35:34.512 7666 7718 W com.whatsapp: and incorrect proguard optimizations.
01-22 23:35:34.684 7666 7731 W System : ClassLoader referenced unknown path: system/framework/mediatek-cta.jar
01-22 23:35:34.851 7666 7725 W System : ClassLoader referenced unknown path: system/framework/mediatek-cta.jar
01-22 23:35:37.139 7666 7727 E ion : ioctl c0044901 failed with code -1: Invalid argument
01-22 23:35:37.146 7666 7727 E libc : Access denied finding property "vendor.debug.drm.logv"
01-22 23:35:37.147 7666 7727 E libc : Access denied finding property "vendor.debug.drm.logv"
01-22 23:35:37.148 7666 7727 E libc : Access denied finding property "vendor.debug.drm.logd"
01-22 23:35:37.148 7666 7727 E libc : Access denied finding property "vendor.debug.drm.logv" --------- beginning of main
01-23 07:31:35.558 4898 4898 E com.whatsapp: Not starting debugger since process cannot load the jdwp agent.
01-23 07:31:35.871 4898 4898 W System.err: java.lang.ClassNotFoundException: mbmodsd.mbmodsw.ui.views.btn.BtnBK
01-23 07:31:35.871 4898 4898 W System.err: at java.lang.Runtime.nativeLoad(Native Method)
01-23 07:31:35.871 4898 4898 W System.err: at java.lang.Runtime.nativeLoad(Runtime.java:1131)
01-23 07:31:35.871 4898 4898 W System.err: at java.lang.Runtime.loadLibrary0(Runtime.java:1085)
01-23 07:31:35.871 4898 4898 W System.err: at java.lang.Runtime.loadLibrary0(Runtime.java:1008)
01-23 07:31:35.871 4898 4898 W System.err: at java.lang.System.loadLibrary(System.java:1664)
01-23 07:31:35.871 4898 4898 W System.err: at arm.EpicVm.<clinit>(Unknown Source:2)
01-23 07:31:35.871 4898 4898 W System.err: at java.lang.Class.newInstance(Native Method)
01-23 07:31:35.871 4898 4898 W System.err: at android.app.AppComponentFactory.instantiateApplication(AppComponentFactory.java:76)
01-23 07:31:35.871 4898 4898 W System.err: at androidx.core.app.CoreComponentFactory.instantiateApplication(Unknown Source:0)
01-23 07:31:35.871 4898 4898 W System.err: at android.app.Instrumentation.newApplication(Instrumentation.java:1162)
01-23 07:31:35.871 4898 4898 W System.err: at android.app.LoadedApk.makeApplication(LoadedApk.java:1244)
01-23 07:31:35.871 4898 4898 W System.err: at android.app.ActivityThread.handleBindApplication(ActivityThread.java:7080)
01-23 07:31:35.871 4898 4898 W System.err: at android.app.ActivityThread.access$1600(ActivityThread.java:264)
01-23 07:31:35.871 4898 4898 W System.err: at android.app.ActivityThread$H.handleMessage(ActivityThread.java:2050)
01-23 07:31:35.871 4898 4898 W System.err: at android.os.Handler.dispatchMessage(Handler.java:106)
01-23 07:31:35.871 4898 4898 W System.err: at android.os.Looper.loop(Looper.java:268)
01-23 07:31:35.871 4898 4898 W System.err: at android.app.ActivityThread.main(ActivityThread.java:8089)
01-23 07:31:35.871 4898 4898 W System.err: at java.lang.reflect.Method.invoke(Native Method)
01-23 07:31:35.871 4898 4898 W System.err: at com.android.internal.os.RuntimeInit$MethodAndArgsCaller.run(RuntimeInit.java:626)
01-23 07:31:35.872 4898 4898 W System.err: at com.android.internal.os.ZygoteInit.main(ZygoteInit.java:997)
01-23 07:31:35.896 4898 4898 E libc : Access denied finding property "ro.vendor.pref_scale_resolution"
01-23 07:31:35.906 4898 4898 E CustomActivityOnCrash: IMPORTANT WARNING! You already have an UncaughtExceptionHandler, are you sure this is correct? If you use a custom UncaughtExceptionHandler, you must initialize it AFTER CustomActivityOnCrash! Installing anyway, but your original handler will not be called.
01-23 07:31:36.197 4898 4898 W com.whatsapp: Accessing hidden method Lcom/android/org/conscrypt/OpenSSLSocketImpl;->setUseSessionTickets(Z)V (greylist- max-q,test-api, reflection, denied)
01-23 07:31:36.197 4898 4898 W com.whatsapp: Accessing hidden method Lcom/android/org/conscrypt/AbstractConscryptSocket;->setUseSessionTickets(Z)V (greylist-max-q, reflection, denied)
01-23 07:31:36.246 4898 4898 W linker : Warning: "/data/data/com.whatsapp/files/decompressed/libs.spk.zst/libc++_shared.so" unused DT entry: unknown processor-specific (type 0x70000001 arg 0x0) (ignoring)
01-23 07:31:36.242 4898 4898 W com.whatsapp: type=1400 audit(0.0:20296): avc: granted { execute } for path="/data/data/com.whatsapp/files/decompressed/libs.spk.zst/libc++_shared.so" dev="dm-11" ino=64353 scontext=u:r:untrusted_app:s0:c7,c257,c512,c768 tcontext=u:object_r:app_data_file:s0:c7,c257,c512,c768 tclass=file app=com.whatsapp
01-23 07:31:36.246 4898 4898 W com.whatsapp: type=1400 audit(0.0:20297): avc: granted { execute } for path="/data/data/com.whatsapp/files/decompressed/libs.spk.zst/libvlc.so" dev="dm- 11" ino=64341 scontext=u:r:untrusted_app:s0:c7,c257,c512,c768 tcontext=u:object_r:app_data_file:s0:c7,c257,c512,c768 tclass=file app=com.whatsapp
01-23 07:31:36.254 4898 4898 W com.whatsapp: type=1400 audit(0.0:20298): avc: granted { execute } for path="/data/data/com.whatsapp/files/decompressed/libs.spk.zst/libwhatsapp.so" dev="dm-11" ino=64342 scontext=u:r:untrusted_app:s0:c7,c257,c512,c768 tcontext=u:object_r:app_data_file:s0:c7,c257,c512,c768 tclass=file app=com.whatsapp
01-23 07:31:36.310 4898 4898 W com.whatsapp: type=1400 audit(0.0:20299): avc: granted { execute } for path="/data/data/com.whatsapp/files/decompressed/libs.spk.zst/libcurve25519.so" dev="dm-11" ino=64345 scontext=u:r:untrusted_app:s0:c7,c257,c512,c768 tcontext=u:object_r:app_data_file:s0:c7,c257,c512,c768 tclass=file app=com.whatsapp
01-23 07:31:36.326 4898 4898 W com.whatsapp: type=1400 audit(0.0:20300): avc: granted { execute } for path="/data/data/com.whatsapp/files/decompressed/libs.spk.zst/libwhatsapp.so" dev="dm-11" ino=64342 scontext=u:r:untrusted_app:s0:c7,c257,c512,c768 tcontext=u:object_r:app_data_file:s0:c7,c257,c512,c768 tclass=file app=com.whatsapp
01-23 07:31:36.488 4898 4951 W com.whatsapp: Class X.2rL failed lock verification and will run slower.
01-23 07:31:36.488 4898 4951 W com.whatsapp: Common causes for lock verification issues are non-optimized dex code
01-23 07:31:36.488 4898 4951 W com.whatsapp: and incorrect proguard optimizations.
01-23 07:31:36.870 4898 4967 W System : ClassLoader referenced unknown path: system/framework/mediatek-cta.jar
01-23 07:31:36.978 4898 4961 W System : ClassLoader referenced unknown path: system/framework/mediatek-cta.jar
01-23 07:31:37.801 4898 4951 E ion : ioctl c0044901 failed with code -1: Invalid argument
01-23 07:31:37.819 4898 4951 E libc : Access denied finding property "vendor.debug.drm.logv"
01-23 07:31:37.819 4898 4951 E libc : Access denied finding property "vendor.debug.drm.logv"
01-23 07:31:37.821 4898 4951 E libc : Access denied finding property "vendor.debug.drm.logd"
01-23 07:31:37.821 4898 4951 E libc : Access denied finding property "vendor.debug.drm.logv"
01-23 07:32:14.504 4898 4898 W com.whatsapp: Class X.0eU failed lock verification and will run slower. --------- beginning of system
01-23 07:32:14.603 4898 4898 W com.whatsapp: Class com.whatsapp.HomeActivity failed lock verification and will run slower.
01-23 07:32:14.606 4898 5055 E QT : [QT]file does not exist
01-23 07:32:14.773 4898 4898 E ArmVmp : Match on catch block at 0x0a in for 0xc5
01-23 07:32:14.788 4898 4898 E ArmVmp : Match on catch block at 0x0a in for 0x135
01-23 07:32:14.822 4898 5090 W com.whatsapp: Accessing hidden method Lcom/android/org/conscrypt/ConscryptEngineSocket;->setUseSessionTickets(Z)V (greylist-max-q,test-api, reflection, denied)
01-23 07:32:14.822 4898 5090 W com.whatsapp: Accessing hidden method Lcom/android/org/conscrypt/OpenSSLSocketImpl;->setUseSessionTickets(Z)V (greylist- max-q,test-api, reflection, denied)
01-23 07:32:14.822 4898 5090 W com.whatsapp: Accessing hidden method Lcom/android/org/conscrypt/AbstractConscryptSocket;->setUseSessionTickets(Z)V (greylist-max-q, reflection, denied)
01-23 07:32:14.822 4898 5090 W com.whatsapp: Accessing hidden method Lcom/android/org/conscrypt/ConscryptEngineSocket;->setHostname(Ljava/lang/String;)V (greylist-max-q,test-api, reflection, denied)
01-23 07:32:14.822 4898 5090 W com.whatsapp: Accessing hidden method Lcom/android/org/conscrypt/OpenSSLSocketImpl;->setHostname(Ljava/lang/String;)V (greylist-max-q,test-api, reflection, denied)
01-23 07:32:14.822 4898 5090 W com.whatsapp: Accessing hidden method Lcom/android/org/conscrypt/AbstractConscryptSocket;->setHostname(Ljava/lang/ String;)V (greylist-max-q, reflection, denied)
01-23 07:32:14.822 4898 5090 W com.whatsapp: Accessing hidden method Lcom/android/org/conscrypt/OpenSSLSocketImpl;->setAlpnProtocols([B)V (greylist-max- q,test-api, reflection, denied)
01-23 07:32:14.822 4898 5090 W com.whatsapp: Accessing hidden method Lcom/android/org/conscrypt/AbstractConscryptSocket;->setAlpnProtocols([B)V (greylist-max-q, reflection, denied)
01-23 07:32:14.891 4898 5090 W com.whatsapp: Accessing hidden method Lcom/android/org/conscrypt/OpenSSLSocketImpl;->getAlpnSelectedProtocol()[B (greylist-max-q,test-api, reflection, denied)
01-23 07:32:14.891 4898 5090 W com.whatsapp: Accessing hidden method Lcom/android/org/conscrypt/AbstractConscryptSocket;->getAlpnSelectedProtocol()[B (greylist-max-q, reflection, denied)
01-23 07:32:15.410 4898 4898 E RecyclerView: No adapter attached; skipping layout
01-23 07:32:15.431 4898 5054 E ion : ioctl c0044901 failed with code -1: Invalid argument
01-23 07:32:15.494 4898 4898 E RecyclerView: No adapter attached; skipping layout
01-23 07:32:15.528 4898 4898 E ArmVmp : Match on catch block at 0x0a in for 0xd5
01-23 07:32:15.621 4898 5144 W LOTTIE : Animation contains merge paths. Merge paths are only supported on KitKat+ and must be manually enabled by calling enableMergePathsForKitKatAndAbove().
01-23 07:32:15.732 4898 4898 W LOTTIE : Animation contains merge paths but they are disabled.
01-23 07:32:16.002 4898 4898 E ArmVmp : Match on catch block at 0x5b in for 0x81
01-23 07:32:20.187 4898 5159 E RenderScript: Failed loading RS driver: dlopen failed: library "libRSDriver_mtk.so" not found
01-23 07:32:20.187 4898 5159 E RenderScript: Failed to load runtime libRSDriver_mtk.so, loading default
01-23 07:32:20.311 4898 4898 E ArmVmp : Match on catch block at 0x0a in for 0xc9
01-23 07:32:20.313 4898 4898 E ArmVmp : Match on catch block at 0x0a in for 0xc9
01-23 07:32:20.493 4898 4898 E ArmVmp : Match on catch block at 0xc3 in for 0xb5
01-23 07:32:20.504 4898 4898 E ArmVmp : Match on catch block at 0xc3 in for 0xb1
01-23 07:32:20.542 4898 4898 E ArmVmp : Match on catch block at 0xc3 in for 0xa9
01-23 07:32:20.545 4898 4898 E ArmVmp : Match on catch block at 0xc3 in for 0xa5
01-23 07:32:20.565 4898 4898 E ArmVmp : Match on catch block at 0xc3 in for 0xa9
01-23 07:32:20.567 4898 4898 E ArmVmp : Match on catch block at 0xc3 in for 0xa1
01-23 07:32:20.611 4898 4898 E ArmVmp : Match on catch block at 0xc3 in for 0xa1
01-23 07:32:20.614 4898 4898 E ArmVmp : Match on catch block at 0xc3 in for 0xa5
01-23 07:32:21.094 4898 4898 E ArmVmp : Match on catch block at 0xc3 in for 0xa5
01-23 07:32:21.098 4898 4898 E ArmVmp : Match on catch block at 0xc3 in for 0xa9
01-23 07:32:21.143 4898 4898 E ArmVmp : Match on catch block at 0xc3 in for 0xa9
01-23 07:32:21.149 4898 4898 E ArmVmp : Match on catch block at 0xc3 in for 0xa1
01-23 07:32:21.161 4898 4898 E ArmVmp : Match on catch block at 0xc3 in for 0xa5
01-23 07:32:21.168 4898 4898 E ArmVmp : Match on catch block at 0xc3 in for 0xa9
01-23 07:32:21.179 4898 4898 E ArmVmp : Match on catch block at 0xc3 in for 0xa1
01-23 07:32:21.186 4898 4898 E ArmVmp : Match on catch block at 0xc3 in for 0xa5
01-23 07:32:21.193 4898 4898 E ArmVmp : Match on catch block at 0xc3 in for 0xa9
01-23 07:32:21.200 4898 4898 E ArmVmp : Match on catch block at 0xc3 in for 0xa1
01-23 07:32:21.228 4898 4898 E ArmVmp : Match on catch block at 0xc3 in for 0xa1
01-23 07:32:21.233 4898 4898 E ArmVmp : Match on catch block at 0xc3 in for 0xa5
01-23 07:32:21.239 4898 4898 E ArmVmp : Match on catch block at 0xc3 in for 0xa5
01-23 07:32:21.243 4898 4898 E ArmVmp : Match on catch block at 0xc3 in for 0xa9
01-23 07:32:21.259 4898 4898 E ArmVmp : Match on catch block at 0xc3 in for 0xa9
01-23 07:32:21.266 4898 4898 E ArmVmp : Match on catch block at 0xc3 in for 0xa1
01-23 07:32:21.276 4898 4898 E ArmVmp : Match on catch block at 0xc3 in for 0xa1
01-23 07:32:21.279 4898 4898 E ArmVmp : Match on catch block at 0xc3 in for 0xa5
01-23 07:32:21.293 4898 4898 E ArmVmp : Match on catch block at 0xc3 in for 0xa5
01-23 07:32:21.296 4898 4898 E ArmVmp : Match on catch block at 0xc3 in for 0xa9
01-23 07:32:21.309 4898 4898 E ArmVmp : Match on catch block at 0xc3 in for 0xa9
01-23 07:32:21.314 4898 4898 E ArmVmp : Match on catch block at 0xc3 in for 0xa1
01-23 07:32:21.325 4898 4898 E ArmVmp : Match on catch block at 0xc3 in for 0xa1
01-23 07:32:21.328 4898 4898 E ArmVmp : Match on catch block at 0xc3 in for 0xa5
01-23 07:32:21.342 4898 4898 E ArmVmp : Match on catch block at 0xc3 in for 0xa5
01-23 07:32:21.345 4898 4898 E ArmVmp : Match on catch block at 0xc3 in for 0xa9
01-23 07:32:21.358 4898 4898 E ArmVmp : Match on catch block at 0xc3 in for 0xa9
01-23 07:32:21.362 4898 4898 E ArmVmp : Match on catch block at 0xc3 in for 0xa1
01-23 07:32:21.375 4898 4898 E ArmVmp : Match on catch block at 0xc3 in for 0xa1
01-23 07:32:21.378 4898 4898 E ArmVmp : Match on catch block at 0xc3 in for 0xa5
01-23 07:32:21.392 4898 4898 E ArmVmp : Match on catch block at 0xc3 in for 0xa5
01-23 07:32:21.395 4898 4898 E ArmVmp : Match on catch block at 0xc3 in for 0xa9
01-23 07:32:21.408 4898 4898 E ArmVmp : Match on catch block at 0xc3 in for 0xa9
01-23 07:32:21.411 4898 4898 E ArmVmp : Match on catch block at 0xc3 in for 0xa1
01-23 07:32:21.425 4898 4898 E ArmVmp : Match on catch block at 0xc3 in for 0xa1
01-23 07:32:21.428 4898 4898 E ArmVmp : Match on catch block at 0xc3 in for 0xa5
01-23 07:32:21.442 4898 4898 E ArmVmp : Match on catch block at 0xc3 in for 0xa5
01-23 07:32:21.444 4898 4898 E ArmVmp : Match on catch block at 0xc3 in for 0xa9
01-23 07:32:21.591 4898 4898 E ArmVmp : Match on catch block at 0xc3 in for 0xa9
01-23 07:32:21.597 4898 4898 E ArmVmp : Match on catch block at 0xc3 in for 0xa1
01-23 07:32:22.092 4898 4898 E ArmVmp : Match on catch block at 0xc3 in for 0xa1
01-23 07:32:22.097 4898 4898 E ArmVmp : Match on catch block at 0xc3 in for 0xa5
01-23 07:32:22.398 4898 4898 E ArmVmp : Match on catch block at 0xc3 in for 0xa9
01-23 07:32:22.404 4898 4898 E ArmVmp : Match on catch block at 0xc3 in for 0xa1
01-23 07:32:22.423 4898 4898 E ArmVmp : Match on catch block at 0xc3 in for 0xa9
01-23 07:32:22.427 4898 4898 E ArmVmp : Match on catch block at 0xc3 in for 0xa1
01-23 07:32:22.442 4898 4898 E ArmVmp : Match on catch block at 0xc3 in for 0xa1
01-23 07:32:22.445 4898 4898 E ArmVmp : Match on catch block at 0xc3 in for 0xa5
01-23 07:32:22.457 4898 4898 E ArmVmp : Match on catch block at 0xc3 in for 0xa5
01-23 07:32:22.460 4898 4898 E ArmVmp : Match on catch block at 0xc3 in for 0xa9
01-23 07:32:22.473 4898 4898 E ArmVmp : Match on catch block at 0xc3 in for 0xa9
01-23 07:32:22.476 4898 4898 E ArmVmp : Match on catch block at 0xc3 in for 0xa1
01-23 07:32:22.491 4898 4898 E ArmVmp : Match on catch block at 0xc3 in for 0xa1
01-23 07:32:22.494 4898 4898 E ArmVmp : Match on catch block at 0xc3 in for 0xa5
01-23 07:32:22.507 4898 4898 E ArmVmp : Match on catch block at 0xc3 in for 0xa5
01-23 07:32:22.510 4898 4898 E ArmVmp : Match on catch block at 0xc3 in for 0xa9
01-23 07:32:22.525 4898 4898 E ArmVmp : Match on catch block at 0xc3 in for 0xa9
01-23 07:32:22.528 4898 4898 E ArmVmp : Match on catch block at 0xc3 in for 0xa1
01-23 07:32:22.542 4898 4898 E ArmVmp : Match on catch block at 0xc3 in for 0xa1
01-23 07:32:22.547 4898 4898 E ArmVmp : Match on catch block at 0xc3 in for 0xa5
01-23 07:32:22.558 4898 4898 E ArmVmp : Match on catch block at 0xc3 in for 0xa5
01-23 07:32:22.561 4898 4898 E ArmVmp : Match on catch block at 0xc3 in for 0xa9
01-23 07:32:22.574 4898 4898 E ArmVmp : Match on catch block at 0xc3 in for 0xa9
01-23 07:32:22.577 4898 4898 E ArmVmp : Match on catch block at 0xc3 in for 0xa1
01-23 07:32:22.590 4898 4898 E ArmVmp : Match on catch block at 0xc3 in for 0xa1
01-23 07:32:22.593 4898 4898 E ArmVmp : Match on catch block at 0xc3 in for 0xa5
01-23 07:32:22.641 4898 4898 E ArmVmp : Match on catch block at 0xc3 in for 0xa5
01-23 07:32:22.646 4898 4898 E ArmVmp : Match on catch block at 0xc3 in for 0xa9
01-23 07:32:22.807 4898 4898 E ArmVmp : Match on catch block at 0xc3 in for 0xa9
01-23 07:32:22.815 4898 4898 E ArmVmp : Match on catch block at 0xc3 in for 0xa1
01-23 07:32:22.826 4898 4898 E ArmVmp : Match on catch block at 0xc3 in for 0xa1
01-23 07:32:22.830 4898 4898 E ArmVmp : Match on catch block at 0xc3 in for 0xa5
01-23 07:32:22.841 4898 4898 E ArmVmp : Match on catch block at 0xc3 in for 0xa5
01-23 07:32:22.846 4898 4898 E ArmVmp : Match on catch block at 0xc3 in for 0xa9
01-23 07:32:22.857 4898 4898 E ArmVmp : Match on catch block at 0xc3 in for 0xa9
01-23 07:32:22.863 4898 4898 E ArmVmp : Match on catch block at 0xc3 in for 0xa1
01-23 07:32:22.874 4898 4898 E ArmVmp : Match on catch block at 0xc3 in for 0xa1
01-23 07:32:22.877 4898 4898 E ArmVmp : Match on catch block at 0xc3 in for 0xa5
01-23 07:32:22.890 4898 4898 E ArmVmp : Match on catch block at 0xc3 in for 0xa5
01-23 07:32:22.893 4898 4898 E ArmVmp : Match on catch block at 0xc3 in for 0xa9
01-23 07:32:22.907 4898 4898 E ArmVmp : Match on catch block at 0xc3 in for 0xa9
01-23 07:32:22.911 4898 4898 E ArmVmp : Match on catch block at 0xc3 in for 0xa1
01-23 07:32:22.924 4898 4898 E ArmVmp : Match on catch block at 0xc3 in for 0xa1
01-23 07:32:22.929 4898 4898 E ArmVmp : Match on catch block at 0xc3 in for 0xa5
01-23 07:32:22.940 4898 4898 E ArmVmp : Match on catch block at 0xc3 in for 0xa5
01-23 07:32:22.945 4898 4898 E ArmVmp : Match on catch block at 0xc3 in for 0xa9
01-23 07:32:22.958 4898 4898 E ArmVmp : Match on catch block at 0xc3 in for 0xa9
01-23 07:32:22.961 4898 4898 E ArmVmp : Match on catch block at 0xc3 in for 0xa1
01-23 07:32:22.974 4898 4898 E ArmVmp : Match on catch block at 0xc3 in for 0xa1
01-23 07:32:22.979 4898 4898 E ArmVmp : Match on catch block at 0xc3 in for 0xa5
01-23 07:32:22.990 4898 4898 E ArmVmp : Match on catch block at 0xc3 in for 0xa5
01-23 07:32:22.995 4898 4898 E ArmVmp : Match on catch block at 0xc3 in for 0xa9
01-23 07:32:23.007 4898 4898 E ArmVmp : Match on catch block at 0xc3 in for 0xa9
01-23 07:32:23.012 4898 4898 E ArmVmp : Match on catch block at 0xc3 in for 0xa1
01-23 07:32:23.024 4898 4898 E ArmVmp : Match on catch block at 0xc3 in for 0xa1
01-23 07:32:23.028 4898 4898 E ArmVmp : Match on catch block at 0xc3 in for 0xa5
01-23 07:32:23.040 4898 4898 E ArmVmp : Match on catch block at 0xc3 in for 0xa5
01-23 07:32:23.044 4898 4898 E ArmVmp : Match on catch block at 0xc3 in for 0xa9
01-23 07:32:23.057 4898 4898 E ArmVmp : Match on catch block at 0xc3 in for 0xa9
01-23 07:32:23.061 4898 4898 E ArmVmp : Match on catch block at 0xc3 in for 0xa1
01-23 07:32:23.073 4898 4898 E ArmVmp : Match on catch block at 0xc3 in for 0xa1
01-23 07:32:23.078 4898 4898 E ArmVmp : Match on catch block at 0xc3 in for 0xa5
01-23 07:32:23.090 4898 4898 E ArmVmp : Match on catch block at 0xc3 in for 0xa5
01-23 07:32:23.095 4898 4898 E ArmVmp : Match on catch block at 0xc3 in for 0xa9
01-23 07:32:23.456 4898 4898 E ArmVmp : Match on catch block at 0xc3 in for 0xa9
01-23 07:32:23.460 4898 4898 E ArmVmp : Match on catch block at 0xc3 in for 0xa1
01-23 07:32:23.508 4898 4898 E ArmVmp : Match on catch block at 0xc3 in for 0xa9
01-23 07:32:23.513 4898 4898 E ArmVmp : Match on catch block at 0xc3 in for 0xa1
01-23 07:32:23.537 4898 4898 E ArmVmp : Match on catch block at 0xc3 in for 0xa5
01-23 07:32:23.542 4898 4898 E ArmVmp : Match on catch block at 0xc3 in for 0xa9
01-23 07:32:23.570 4898 4898 E ArmVmp : Match on catch block at 0xc3 in for 0xa9
01-23 07:32:23.573 4898 4898 E ArmVmp : Match on catch block at 0xc3 in for 0xa1
01-23 07:32:23.579 4898 4898 E ArmVmp : Match on catch block at 0xc3 in for 0xa1
01-23 07:32:23.584 4898 4898 E ArmVmp : Match on catch block at 0xc3 in for 0xa5
01-23 07:32:23.590 4898 4898 E ArmVmp : Match on catch block at 0xc3 in for 0xa5
01-23 07:32:23.593 4898 4898 E ArmVmp : Match on catch block at 0xc3 in for 0xa9
01-23 07:32:23.607 4898 4898 E ArmVmp : Match on catch block at 0xc3 in for 0xa9
01-23 07:32:23.612 4898 4898 E ArmVmp : Match on catch block at 0xc3 in for 0xa1
01-23 07:32:23.654 4898 4898 E ArmVmp : Match on catch block at 0xc3 in for 0xa9
01-23 07:32:23.658 4898 4898 E ArmVmp : Match on catch block at 0xc3 in for 0xa1
01-23 07:32:23.686 4898 4898 E ArmVmp : Match on catch block at 0xc3 in for 0xa1
01-23 07:32:23.689 4898 4898 E ArmVmp : Match on catch block at 0xc3 in for 0xa5
01-23 07:32:23.707 4898 4898 E ArmVmp : Match on catch block at 0xc3 in for 0xa1
01-23 07:32:23.711 4898 4898 E ArmVmp : Match on catch block at 0xc3 in for 0xa5
01-23 07:32:23.723 4898 4898 E ArmVmp : Match on catch block at 0xc3 in for 0xa5
01-23 07:32:23.726 4898 4898 E ArmVmp : Match on catch block at 0xc3 in for 0xa9
01-23 07:32:23.739 4898 4898 E ArmVmp : Match on catch block at 0xc3 in for 0xa9
01-23 07:32:23.743 4898 4898 E ArmVmp : Match on catch block at 0xc3 in for 0xa1
01-23 07:32:23.841 4898 4898 E ArmVmp : Match on catch block at 0xc3 in for 0xa9
01-23 07:32:23.844 4898 4898 E ArmVmp : Match on catch block at 0xc3 in for 0xa1
01-23 07:32:23.852 4898 5100 W MediaPlayer: Use of stream types is deprecated for operations other than volume control
01-23 07:32:23.852 4898 5100 W MediaPlayer: See the documentation of setAudioStreamType() for what to use instead with android.media.AudioAttributes to qualify your playback use case
01-23 07:32:23.856 4898 4898 E ArmVmp : Match on catch block at 0xc3 in for 0xa5
01-23 07:32:23.861 4898 4898 E ArmVmp : Match on catch block at 0xc3 in for 0xa9
01-23 07:32:24.039 4898 4898 E ArmVmp : Match on catch block at 0xc3 in for 0xa1
01-23 07:32:24.042 4898 4898 E ArmVmp : Match on catch block at 0xc3 in for 0xa5
01-23 07:32:24.240 4898 4898 E ArmVmp : Match on catch block at 0xc3 in for 0xa9
01-23 07:32:24.245 4898 4898 E ArmVmp : Match on catch block at 0xc3 in for 0xa1
01-23 07:32:24.259 4898 4898 E ArmVmp : Match on catch block at 0xc3 in for 0xa9
01-23 07:32:24.263 4898 4898 E ArmVmp : Match on catch block at 0xc3 in for 0xa1
01-23 07:32:24.273 4898 4898 E ArmVmp : Match on catch block at 0xc3 in for 0xa5
01-23 07:32:24.277 4898 4898 E ArmVmp : Match on catch block at 0xc3 in for 0xa9
01-23 07:32:24.538 4898 4898 E ArmVmp : Match on catch block at 0xc3 in for 0xa9
01-23 07:32:24.542 4898 4898 E ArmVmp : Match on catch block at 0xc3 in for 0xa1
01-23 07:32:25.041 4898 4898 E ArmVmp : Match on catch block at 0xc3 in for 0xa1
01-23 07:32:25.045 4898 4898 E ArmVmp : Match on catch block at 0xc3 in for 0xa5
01-23 07:32:25.525 4898 4898 E ArmVmp : Match on catch block at 0xc3 in for 0xa9
01-23 07:32:25.530 4898 4898 E ArmVmp : Match on catch block at 0xc3 in for 0xa1
01-23 07:32:25.542 4898 4898 E ArmVmp : Match on catch block at 0xc3 in for 0xa9
01-23 07:32:25.547 4898 4898 E ArmVmp : Match on catch block at 0xc3 in for 0xa1
01-23 07:32:25.553 4898 4898 E ArmVmp : Match on catch block at 0xc3 in for 0xa1
01-23 07:32:25.559 4898 4898 E ArmVmp : Match on catch block at 0xc3 in for 0xa5
01-23 07:32:25.570 4898 4898 E ArmVmp : Match on catch block at 0xc3 in for 0xa5
01-23 07:32:25.577 4898 4898 E ArmVmp : Match on catch block at 0xc3 in for 0xa9
01-23 07:32:25.585 4898 4898 E ArmVmp : Match on catch block at 0xc3 in for 0xa9
01-23 07:32:25.588 4898 4898 E ArmVmp : Match on catch block at 0xc3 in for 0xa1
01-23 07:32:25.602 4898 4898 E ArmVmp : Match on catch block at 0xc3 in for 0xa1
01-23 07:32:25.606 4898 4898 E ArmVmp : Match on catch block at 0xc3 in for 0xa5
01-23 07:32:25.618 4898 4898 E ArmVmp : Match on catch block at 0xc3 in for 0xa5
01-23 07:32:25.622 4898 4898 E ArmVmp : Match on catch block at 0xc3 in for 0xa9
01-23 07:32:25.638 4898 4898 E ArmVmp : Match on catch block at 0xc3 in for 0xa9
01-23 07:32:25.641 4898 4898 E ArmVmp : Match on catch block at 0xc3 in for 0xa1
01-23 07:32:25.652 4898 4898 E ArmVmp : Match on catch block at 0xc3 in for 0xa1
01-23 07:32:25.654 4898 4898 E ArmVmp : Match on catch block at 0xc3 in for 0xa5
01-23 07:32:25.668 4898 4898 E ArmVmp : Match on catch block at 0xc3 in for 0xa5
01-23 07:32:25.671 4898 4898 E ArmVmp : Match on catch block at 0xc3 in for 0xa9
01-23 07:32:25.685 4898 4898 E ArmVmp : Match on catch block at 0xc3 in for 0xa9
01-23 07:32:25.689 4898 4898 E ArmVmp : Match on catch block at 0xc3 in for 0xa1
01-23 07:32:25.702 4898 4898 E ArmVmp : Match on catch block at 0xc3 in for 0xa1
01-23 07:32:25.706 4898 4898 E ArmVmp : Match on catch block at 0xc3 in for 0xa5
01-23 07:32:25.720 4898 4898 E ArmVmp : Match on catch block at 0xc3 in for 0xa5
01-23 07:32:25.723 4898 4898 E ArmVmp : Match on catch block at 0xc3 in for 0xa9
01-23 07:32:25.735 4898 4898 E ArmVmp : Match on catch block at 0xc3 in for 0xa9
01-23 07:32:25.738 4898 4898 E ArmVmp : Match on catch block at 0xc3 in for 0xa1
01-23 07:32:25.869 4898 4898 E ArmVmp : Match on catch block at 0xc3 in for 0xa1
01-23 07:32:25.873 4898 4898 E ArmVmp : Match on catch block at 0xc3 in for 0xa5
01-23 07:32:25.885 4898 4898 E ArmVmp : Match on catch block at 0xc3 in for 0xa5
01-23 07:32:25.891 4898 4898 E ArmVmp : Match on catch block at 0xc3 in for 0xa9
01-23 07:32:25.903 4898 4898 E ArmVmp : Match on catch block at 0xc3 in for 0xa9
01-23 07:32:25.909 4898 4898 E ArmVmp : Match on catch block at 0xc3 in for 0xa1
01-23 07:32:25.920 4898 4898 E ArmVmp : Match on catch block at 0xc3 in for 0xa1
01-23 07:32:25.927 4898 4898 E ArmVmp : Match on catch block at 0xc3 in for 0xa5
01-23 07:32:25.935 4898 4898 E ArmVmp : Match on catch block at 0xc3 in for 0xa5
01-23 07:32:25.938 4898 4898 E ArmVmp : Match on catch block at 0xc3 in for 0xa9
01-23 07:32:25.952 4898 4898 E ArmVmp : Match on catch block at 0xc3 in for 0xa9
01-23 07:32:25.956 4898 4898 E ArmVmp : Match on catch block at 0xc3 in for 0xa1
01-23 07:32:25.969 4898 4898 E ArmVmp : Match on catch block at 0xc3 in for 0xa1
01-23 07:32:25.973 4898 4898 E ArmVmp : Match on catch block at 0xc3 in for 0xa5
01-23 07:32:25.985 4898 4898 E ArmVmp : Match on catch block at 0xc3 in for 0xa5
01-23 07:32:25.990 4898 4898 E ArmVmp : Match on catch block at 0xc3 in for 0xa9
01-23 07:32:26.002 4898 4898 E ArmVmp : Match on catch block at 0xc3 in for 0xa9
01-23 07:32:26.006 4898 4898 E ArmVmp : Match on catch block at 0xc3 in for 0xa1
01-23 07:32:26.019 4898 4898 E ArmVmp : Match on catch block at 0xc3 in for 0xa1
01-23 07:32:26.024 4898 4898 E ArmVmp : Match on catch block at 0xc3 in for 0xa5
01-23 07:32:26.035 4898 4898 E ArmVmp : Match on catch block at 0xc3 in for 0xa5
01-23 07:32:26.040 4898 4898 E ArmVmp : Match on catch block at 0xc3 in for 0xa9
01-23 07:32:26.051 4898 4898 E ArmVmp : Match on catch block at 0xc3 in for 0xa9
01-23 07:32:26.056 4898 4898 E ArmVmp : Match on catch block at 0xc3 in for 0xa1
01-23 07:32:26.068 4898 4898 E ArmVmp : Match on catch block at 0xc3 in for 0xa1
01-23 07:32:26.072 4898 4898 E ArmVmp : Match on catch block at 0xc3 in for 0xa5
01-23 07:32:26.086 4898 4898 E ArmVmp : Match on catch block at 0xc3 in for 0xa5
01-23 07:32:26.089 4898 4898 E ArmVmp : Match on catch block at 0xc3 in for 0xa9
01-23 07:32:26.103 4898 4898 E ArmVmp : Match on catch block at 0xc3 in for 0xa9
01-23 07:32:26.107 4898 4898 E ArmVmp : Match on catch block at 0xc3 in for 0xa1
01-23 07:32:26.120 4898 4898 E ArmVmp : Match on catch block at 0xc3 in for 0xa1
01-23 07:32:26.123 4898 4898 E ArmVmp : Match on catch block at 0xc3 in for 0xa5
01-23 07:32:26.202 4898 4898 E ArmVmp : Match on catch block at 0xc3 in for 0xa5
01-23 07:32:26.207 4898 4898 E ArmVmp : Match on catch block at 0xc3 in for 0xa9
01-23 07:32:26.419 4898 4898 E ArmVmp : Match on catch block at 0xc3 in for 0xa9
01-23 07:32:26.424 4898 4898 E ArmVmp : Match on catch block at 0xc3 in for 0xa1
01-23 07:32:26.719 4898 4898 E ArmVmp : Match on catch block at 0xc3 in for 0xa1
01-23 07:32:26.723 4898 4898 E ArmVmp : Match on catch block at 0xc3 in for 0xa5
01-23 07:32:26.936 4898 4898 E ArmVmp : Match on catch block at 0xc3 in for 0xa5
01-23 07:32:26.941 4898 4898 E ArmVmp : Match on catch block at 0xc3 in for 0xa9
01-23 07:32:27.135 4898 4898 E ArmVmp : Match on catch block at 0xc3 in for 0xa9
01-23 07:32:27.141 4898 4898 E ArmVmp : Match on catch block at 0xc3 in for 0xa1
01-23 07:32:27.251 4898 4898 E ArmVmp : Match on catch block at 0xc3 in for 0xa1
01-23 07:32:27.259 4898 4898 E ArmVmp : Match on catch block at 0xc3 in for 0xa5
01-23 07:32:27.749 4898 4898 E ArmVmp : Match on catch block at 0xc3 in for 0xa5
01-23 07:32:27.755 4898 4898 E ArmVmp : Match on catch block at 0xc3 in for 0xa9
01-23 07:32:27.766 4898 4898 E ArmVmp : Match on catch block at 0xc3 in for 0xa9
01-23 07:32:27.773 4898 4898 E ArmVmp : Match on catch block at 0xc3 in for 0xa1
01-23 07:32:28.049 4898 4898 E ArmVmp : Match on catch block at 0xc3 in for 0xa1
01-23 07:32:28.057 4898 4898 E ArmVmp : Match on catch block at 0xc3 in for 0xa5
01-23 07:32:28.283 4898 4898 E ArmVmp : Match on catch block at 0xc3 in for 0xa5
01-23 07:32:28.291 4898 4898 E ArmVmp : Match on catch block at 0xc3 in for 0xa9
01-23 07:32:28.533 4898 4898 E ArmVmp : Match on catch block at 0xc3 in for 0xa9
01-23 07:32:28.539 4898 4898 E ArmVmp : Match on catch block at 0xc3 in for 0xa1
01-23 07:32:28.765 4898 4898 E ArmVmp : Match on catch block at 0xc3 in for 0xa1
01-23 07:32:28.771 4898 4898 E ArmVmp : Match on catch block at 0xc3 in for 0xa5
01-23 07:32:28.849 4898 4898 E ArmVmp : Match on catch block at 0xc3 in for 0xa5
01-23 07:32:28.857 4898 4898 E ArmVmp : Match on catch block at 0xc3 in for 0xa9
01-23 07:32:29.097 4898 4898 E ArmVmp : Match on catch block at 0xc3 in for 0xa9
01-23 07:32:29.103 4898 4898 E ArmVmp : Match on catch block at 0xc3 in for 0xa1
01-23 07:32:29.114 4898 4898 E ArmVmp : Match on catch block at 0xc3 in for 0xa1
01-23 07:32:29.122 4898 4898 E ArmVmp : Match on catch block at 0xc3 in for 0xa5
01-23 07:32:29.132 4898 4898 E ArmVmp : Match on catch block at 0xc3 in for 0xa5
01-23 07:32:29.137 4898 4898 E ArmVmp : Match on catch block at 0xc3 in for 0xa9
01-23 07:32:29.147 4898 4898 E ArmVmp : Match on catch block at 0xc3 in for 0xa9
01-23 07:32:29.152 4898 4898 E ArmVmp : Match on catch block at 0xc3 in for 0xa1
01-23 07:32:29.164 4898 4898 E ArmVmp : Match on catch block at 0xc3 in for 0xa1
01-23 07:32:29.169 4898 4898 E ArmVmp : Match on catch block at 0xc3 in for 0xa5
01-23 07:32:29.183 4898 4898 E ArmVmp : Match on catch block at 0xc3 in for 0xa5
01-23 07:32:29.188 4898 4898 E ArmVmp : Match on catch block at 0xc3 in for 0xa9
01-23 07:32:29.197 4898 4898 E ArmVmp : Match on catch block at 0xc3 in for 0xa9
01-23 07:32:29.203 4898 4898 E ArmVmp : Match on catch block at 0xc3 in for 0xa1
01-23 07:32:29.214 4898 4898 E ArmVmp : Match on catch block at 0xc3 in for 0xa1
01-23 07:32:29.219 4898 4898 E ArmVmp : Match on catch block at 0xc3 in for 0xa5
01-23 07:32:29.231 4898 4898 E ArmVmp : Match on catch block at 0xc3 in for 0xa5
01-23 07:32:29.236 4898 4898 E ArmVmp : Match on catch block at 0xc3 in for 0xa9
01-23 07:32:29.247 4898 4898 E ArmVmp : Match on catch block at 0xc3 in for 0xa9
01-23 07:32:29.253 4898 4898 E ArmVmp : Match on catch block at 0xc3 in for 0xa1
01-23 07:32:29.264 4898 4898 E ArmVmp : Match on catch block at 0xc3 in for 0xa1
01-23 07:32:29.270 4898 4898 E ArmVmp : Match on catch block at 0xc3 in for 0xa5
01-23 07:32:29.281 4898 4898 E ArmVmp : Match on catch block at 0xc3 in for 0xa5
01-23 07:32:29.286 4898 4898 E ArmVmp : Match on catch block at 0xc3 in for 0xa9
01-23 07:32:29.297 4898 4898 E ArmVmp : Match on catch block at 0xc3 in for 0xa9
01-23 07:32:29.302 4898 4898 E ArmVmp : Match on catch block at 0xc3 in for 0xa1
01-23 07:32:29.314 4898 4898 E ArmVmp : Match on catch block at 0xc3 in for 0xa1
01-23 07:32:29.318 4898 4898 E ArmVmp : Match on catch block at 0xc3 in for 0xa5
01-23 07:32:29.331 4898 4898 E ArmVmp : Match on catch block at 0xc3 in for 0xa5
01-23 07:32:29.335 4898 4898 E ArmVmp : Match on catch block at 0xc3 in for 0xa9
01-23 07:32:29.347 4898 4898 E ArmVmp : Match on catch block at 0xc3 in for 0xa9
01-23 07:32:29.352 4898 4898 E ArmVmp : Match on catch block at 0xc3 in for 0xa1
01-23 07:32:29.364 4898 4898 E ArmVmp : Match on catch block at 0xc3 in for 0xa1
01-23 07:32:29.368 4898 4898 E ArmVmp : Match on catch block at 0xc3 in for 0xa5
01-23 07:32:29.380 4898 4898 E ArmVmp : Match on catch block at 0xc3 in for 0xa5
01-23 07:32:29.385 4898 4898 E ArmVmp : Match on catch block at 0xc3 in for 0xa9
01-23 07:32:29.397 4898 4898 E ArmVmp : Match on catch block at 0xc3 in for 0xa9
01-23 07:32:29.402 4898 4898 E ArmVmp : Match on catch block at 0xc3 in for 0xa1
01-23 07:32:29.414 4898 4898 E ArmVmp : Match on catch block at 0xc3 in for 0xa1
01-23 07:32:29.419 4898 4898 E ArmVmp : Match on catch block at 0xc3 in for 0xa5
01-23 07:32:29.431 4898 4898 E ArmVmp : Match on catch block at 0xc3 in for 0xa5
01-23 07:32:29.436 4898 4898 E ArmVmp : Match on catch block at 0xc3 in for 0xa9
01-23 07:32:29.447 4898 4898 E ArmVmp : Match on catch block at 0xc3 in for 0xa9
01-23 07:32:29.452 4898 4898 E ArmVmp : Match on catch block at 0xc3 in for 0xa1
01-23 07:32:29.464 4898 4898 E ArmVmp : Match on catch block at 0xc3 in for 0xa1
01-23 07:32:29.469 4898 4898 E ArmVmp : Match on catch block at 0xc3 in for 0xa5
01-23 07:32:29.480 4898 4898 E ArmVmp : Match on catch block at 0xc3 in for 0xa5
01-23 07:32:29.485 4898 4898 E ArmVmp : Match on catch block at 0xc3 in for 0xa9
01-23 07:32:29.497 4898 4898 E ArmVmp : Match on catch block at 0xc3 in for 0xa9
01-23 07:32:29.502 4898 4898 E ArmVmp : Match on catch block at 0xc3 in for 0xa1
01-23 07:32:29.513 4898 4898 E ArmVmp : Match on catch block at 0xc3 in for 0xa1
01-23 07:32:29.517 4898 4898 E ArmVmp : Match on catch block at 0xc3 in for 0xa5
01-23 07:32:29.598 4898 4898 E ArmVmp : Match on catch block at 0xc3 in for 0xa5
01-23 07:32:29.604 4898 4898 E ArmVmp : Match on catch block at 0xc3 in for 0xa9
01-23 07:32:30.098 4898 4898 E ArmVmp : Match on catch block at 0xc3 in for 0xa9
01-23 07:32:30.105 4898 4898 E ArmVmp : Match on catch block at 0xc3 in for 0xa1
01-23 07:32:30.180 4898 4898 E ArmVmp : Match on catch block at 0xc3 in for 0xa1
01-23 07:32:30.187 4898 4898 E ArmVmp : Match on catch block at 0xc3 in for 0xa5
01-23 07:32:30.678 4898 4898 E ArmVmp : Match on catch block at 0xc3 in for 0xa5
01-23 07:32:30.683 4898 4898 E ArmVmp : Match on catch block at 0xc3 in for 0xa9
01-23 07:32:31.195 4898 4898 E ArmVmp : Match on catch block at 0xc3 in for 0xa9
01-23 07:32:31.201 4898 4898 E ArmVmp : Match on catch block at 0xc3 in for 0xa1
01-23 07:32:31.694 4898 4898 E ArmVmp : Match on catch block at 0xc3 in for 0xa1
01-23 07:32:31.700 4898 4898 E ArmVmp : Match on catch block at 0xc3 in for 0xa5
01-23 07:32:32.193 4898 4898 E ArmVmp : Match on catch block at 0xc3 in for 0xa5
01-23 07:32:32.203 4898 4898 E ArmVmp : Match on catch block at 0xc3 in for 0xa9
01-23 07:32:32.693 4898 4898 E ArmVmp : Match on catch block at 0xc3 in for 0xa9
01-23 07:32:32.699 4898 4898 E ArmVmp : Match on catch block at 0xc3 in for 0xa1
01-23 07:32:33.191 4898 4898 E ArmVmp : Match on catch block at 0xc3 in for 0xa1
01-23 07:32:33.197 4898 4898 E ArmVmp : Match on catch block at 0xc3 in for 0xa5
01-23 07:32:33.692 4898 4898 E ArmVmp : Match on catch block at 0xc3 in for 0xa5
01-23 07:32:33.701 4898 4898 E ArmVmp : Match on catch block at 0xc3 in for 0xa9
01-23 07:32:34.189 4898 4898 E ArmVmp : Match on catch block at 0xc3 in for 0xa9
01-23 07:32:34.195 4898 4898 E ArmVmp : Match on catch block at 0xc3 in for 0xa1
01-23 07:32:34.580 4898 4898 E ArmVmp : Match on catch block at 0xc3 in for 0xa1
01-23 07:32:34.585 4898 4898 E ArmVmp : Match on catch block at 0xc3 in for 0xa5
01-23 07:32:34.629 4898 4898 E ArmVmp : Match on catch block at 0xc3 in for 0xa5
01-23 07:32:34.633 4898 4898 E ArmVmp : Match on catch block at 0xc3 in for 0xa9
01-23 07:32:34.660 4898 4898 E ArmVmp : Match on catch block at 0xc3 in for 0xa1
01-23 07:32:34.665 4898 4898 E ArmVmp : Match on catch block at 0xc3 in for 0xa5
01-23 07:32:34.746 4898 4898 E ArmVmp : Match on catch block at 0xc3 in for 0xa5
01-23 07:32:34.750 4898 4898 E ArmVmp : Match on catch block at 0xc3 in for 0xa9
01-23 07:32:34.769 4898 5100 W MediaPlayer: Use of stream types is deprecated for operations other than volume control
01-23 07:32:34.769 4898 5100 W MediaPlayer: See the documentation of setAudioStreamType() for what to use instead with android.media.AudioAttributes to qualify your playback use case
01-23 07:32:34.775 4898 4898 E ArmVmp : Match on catch block at 0xc3 in for 0xa5
01-23 07:32:34.779 4898 4898 E ArmVmp : Match on catch block at 0xc3 in for 0xa9
01-23 07:32:34.794 4898 4898 E ArmVmp : Match on catch block at 0xc3 in for 0xa1
01-23 07:32:34.801 4898 4898 E ArmVmp : Match on catch block at 0xc3 in for 0xa5
01-23 07:32:34.816 4898 4898 E ArmVmp : Match on catch block at 0xc3 in for 0xa5
01-23 07:32:34.819 4898 4898 E ArmVmp : Match on catch block at 0xc3 in for 0xa9
01-23 07:32:34.832 4898 4898 E ArmVmp : Match on catch block at 0xc3 in for 0xa9
01-23 07:32:34.837 4898 4898 E ArmVmp : Match on catch block at 0xc3 in for 0xa1
01-23 07:32:34.850 4898 4898 E ArmVmp : Match on catch block at 0xc3 in for 0xa1
01-23 07:32:34.853 4898 4898 E ArmVmp : Match on catch block at 0xc3 in for 0xa5
01-23 07:32:34.863 4898 4898 E ArmVmp : Match on catch block at 0xc3 in for 0xa5
01-23 07:32:34.866 4898 4898 E ArmVmp : Match on catch block at 0xc3 in for 0xa9
01-23 07:32:34.876 4898 4898 E ArmVmp : Match on catch block at 0xc3 in for 0xa9
01-23 07:32:34.879 4898 4898 E ArmVmp : Match on catch block at 0xc3 in for 0xa1
01-23 07:32:34.888 4898 4898 E ArmVmp : Match on catch block at 0xc3 in for 0xa1
01-23 07:32:34.894 4898 4898 E ArmVmp : Match on catch block at 0xc3 in for 0xa5
01-23 07:32:34.904 4898 4898 E ArmVmp : Match on catch block at 0xc3 in for 0xa5
01-23 07:32:34.908 4898 4898 E ArmVmp : Match on catch block at 0xc3 in for 0xa9
01-23 07:32:34.921 4898 4898 E ArmVmp : Match on catch block at 0xc3 in for 0xa9
01-23 07:32:34.926 4898 4898 E ArmVmp : Match on catch block at 0xc3 in for 0xa1
01-23 07:32:34.937 4898 4898 E ArmVmp : Match on catch block at 0xc3 in for 0xa1
01-23 07:32:34.942 4898 4898 E ArmVmp : Match on catch block at 0xc3 in for 0xa5
01-23 07:32:34.955 4898 4898 E ArmVmp : Match on catch block at 0xc3 in for 0xa5
01-23 07:32:34.958 4898 4898 E ArmVmp : Match on catch block at 0xc3 in for 0xa9
01-23 07:32:34.970 4898 4898 E ArmVmp : Match on catch block at 0xc3 in for 0xa9
01-23 07:32:34.973 4898 4898 E ArmVmp : Match on catch block at 0xc3 in for 0xa1
01-23 07:32:34.988 4898 4898 E ArmVmp : Match on catch block at 0xc3 in for 0xa1
01-23 07:32:34.992 4898 4898 E ArmVmp : Match on catch block at 0xc3 in for 0xa5
01-23 07:32:35.004 4898 4898 E ArmVmp : Match on catch block at 0xc3 in for 0xa5
01-23 07:32:35.008 4898 4898 E ArmVmp : Match on catch block at 0xc3 in for 0xa9
01-23 07:32:35.021 4898 4898 E ArmVmp : Match on catch block at 0xc3 in for 0xa9
01-23 07:32:35.024 4898 4898 E ArmVmp : Match on catch block at 0xc3 in for 0xa1
01-23 07:32:35.272 4898 4898 E ArmVmp : Match on catch block at 0xc3 in for 0xa1
01-23 07:32:35.277 4898 4898 E ArmVmp : Match on catch block at 0xc3 in for 0xa5
01-23 07:32:35.769 4898 4898 E ArmVmp : Match on catch block at 0xc3 in for 0xa1
01-23 07:32:35.775 4898 4898 E ArmVmp : Match on catch block at 0xc3 in for 0xa5
01-23 07:32:36.273 4898 4898 E ArmVmp : Match on catch block at 0xc3 in for 0xa5
01-23 07:32:36.281 4898 4898 E ArmVmp : Match on catch block at 0xc3 in for 0xa9
01-23 07:32:36.368 4898 4898 E ArmVmp : Match on catch block at 0xc3 in for 0xa9
01-23 07:32:36.371 4898 4898 E ArmVmp : Match on catch block at 0xc3 in for 0xa1
01-23 07:32:36.385 4898 4898 E ArmVmp : Match on catch block at 0xc3 in for 0xa1
01-23 07:32:36.392 4898 4898 E ArmVmp : Match on catch block at 0xc3 in for 0xa5
01-23 07:32:36.402 4898 4898 E ArmVmp : Match on catch block at 0xc3 in for 0xa5
01-23 07:32:36.406 4898 4898 E ArmVmp : Match on catch block at 0xc3 in for 0xa9
01-23 07:32:36.420 4898 4898 E ArmVmp : Match on catch block at 0xc3 in for 0xa9
01-23 07:32:36.425 4898 4898 E ArmVmp : Match on catch block at 0xc3 in for 0xa1
01-23 07:32:36.436 4898 4898 E ArmVmp : Match on catch block at 0xc3 in for 0xa1
01-23 07:32:36.440 4898 4898 E ArmVmp : Match on catch block at 0xc3 in for 0xa5
01-23 07:32:36.451 4898 4898 E ArmVmp : Match on catch block at 0xc3 in for 0xa5
01-23 07:32:36.454 4898 4898 E ArmVmp : Match on catch block at 0xc3 in for 0xa9
01-23 07:32:36.468 4898 4898 E ArmVmp : Match on catch block at 0xc3 in for 0xa9
01-23 07:32:36.470 4898 4898 E ArmVmp : Match on catch block at 0xc3 in for 0xa1
01-23 07:32:36.485 4898 4898 E ArmVmp : Match on catch block at 0xc3 in for 0xa1
01-23 07:32:36.490 4898 4898 E ArmVmp : Match on catch block at 0xc3 in for 0xa5
01-23 07:32:36.501 4898 4898 E ArmVmp : Match on catch block at 0xc3 in for 0xa5
01-23 07:32:36.504 4898 4898 E ArmVmp : Match on catch block at 0xc3 in for 0xa9
01-23 07:32:36.518 4898 4898 E ArmVmp : Match on catch block at 0xc3 in for 0xa9
01-23 07:32:36.521 4898 4898 E ArmVmp : Match on catch block at 0xc3 in for 0xa1
01-23 07:32:36.535 4898 4898 E ArmVmp : Match on catch block at 0xc3 in for 0xa1
01-23 07:32:36.539 4898 4898 E ArmVmp : Match on catch block at 0xc3 in for 0xa5
01-23 07:32:36.552 4898 4898 E ArmVmp : Match on catch block at 0xc3 in for 0xa5
01-23 07:32:36.556 4898 4898 E ArmVmp : Match on catch block at 0xc3 in for 0xa9
01-23 07:32:36.569 4898 4898 E ArmVmp : Match on catch block at 0xc3 in for 0xa9
01-23 07:32:36.573 4898 4898 E ArmVmp : Match on catch block at 0xc3 in for 0xa1
01-23 07:32:36.585 4898 4898 E ArmVmp : Match on catch block at 0xc3 in for 0xa1
01-23 07:32:36.588 4898 4898 E ArmVmp : Match on catch block at 0xc3 in for 0xa5
01-23 07:32:36.601 4898 4898 E ArmVmp : Match on catch block at 0xc3 in for 0xa5
01-23 07:32:36.605 4898 4898 E ArmVmp : Match on catch block at 0xc3 in for 0xa9
01-23 07:32:36.619 4898 4898 E ArmVmp : Match on catch block at 0xc3 in for 0xa9
01-23 07:32:36.622 4898 4898 E ArmVmp : Match on catch block at 0xc3 in for 0xa1
01-23 07:32:36.785 4898 4898 E ArmVmp : Match on catch block at 0xc3 in for 0xa9
01-23 07:32:36.790 4898 4898 E ArmVmp : Match on catch block at 0xc3 in for 0xa1
01-23 07:32:37.284 4898 4898 E ArmVmp : Match on catch block at 0xc3 in for 0xa1
01-23 07:32:37.289 4898 4898 E ArmVmp : Match on catch block at 0xc3 in for 0xa5
