The document contains log messages from an Android application. It reports errors loading classes and libraries, permission issues accessing properties, and failures verifying locks that will impact performance. It also reports a string resource ID not found exception.
The document contains log messages from an Android application. It reports errors loading classes and libraries, permission issues accessing properties, and failures verifying locks that will impact performance. It also reports a string resource ID not found exception.
The document contains log messages from an Android application. It reports errors loading classes and libraries, permission issues accessing properties, and failures verifying locks that will impact performance. It also reports a string resource ID not found exception.
The document contains log messages from an Android application. It reports errors loading classes and libraries, permission issues accessing properties, and failures verifying locks that will impact performance. It also reports a string resource ID not found exception.
Download as TXT, PDF, TXT or read online from Scribd
Download as txt, pdf, or txt
You are on page 1of 153
--------- beginning of main
01-22 22:02:45.441 14398 14398 E com.mbwhatsapp: Not starting debugger since
process cannot load the jdwp agent.
01-22 22:02:45.505 14398 14398 W System.err: java.lang.ClassNotFoundException: mbmodsd.mbmodsw.ui.views.btn.BtnBK
01-22 22:02:45.505 14398 14398 W System.err: at java.lang.Runtime.nativeLoad(Native Method)
01-22 22:02:45.505 14398 14398 W System.err: at java.lang.Runtime.nativeLoad(Runtime.java:1131)
01-22 22:02:45.505 14398 14398 W System.err: at java.lang.Runtime.loadLibrary0(Runtime.java:1085)
01-22 22:02:45.505 14398 14398 W System.err: at java.lang.Runtime.loadLibrary0(Runtime.java:1008)
01-22 22:02:45.505 14398 14398 W System.err: at java.lang.System.loadLibrary(System.java:1664)
01-22 22:02:45.505 14398 14398 W System.err: at arm.EpicVm.<clinit>(Unknown Source:2)
01-22 22:02:45.505 14398 14398 W System.err: at java.lang.Class.newInstance(Native Method)
01-22 22:02:45.505 14398 14398 W System.err: at android.app.AppComponentFactory.instantiateApplication(AppComponentFactory.java:76)
01-22 22:02:45.505 14398 14398 W System.err: at androidx.core.app.CoreComponentFactory.instantiateApplication(Unknown Source:0)
01-22 22:02:45.505 14398 14398 W System.err: at android.app.Instrumentation.newApplication(Instrumentation.java:1162)
01-22 22:02:45.505 14398 14398 W System.err: at android.app.LoadedApk.makeApplication(LoadedApk.java:1244)
01-22 22:02:45.505 14398 14398 W System.err: at android.app.ActivityThread.handleBindApplication(ActivityThread.java:7080)
01-22 22:02:45.505 14398 14398 W System.err: at android.app.ActivityThread.access$1600(ActivityThread.java:264)
01-22 22:02:45.505 14398 14398 W System.err: at android.app.ActivityThread$H.handleMessage(ActivityThread.java:2050)
01-22 22:02:45.505 14398 14398 W System.err: at android.os.Handler.dispatchMessage(Handler.java:106)
01-22 22:02:45.505 14398 14398 W System.err: at android.os.Looper.loop(Looper.java:268)
01-22 22:02:45.505 14398 14398 W System.err: at android.app.ActivityThread.main(ActivityThread.java:8089)
01-22 22:02:45.505 14398 14398 W System.err: at java.lang.reflect.Method.invoke(Native Method)
01-22 22:02:45.505 14398 14398 W System.err: at com.android.internal.os.RuntimeInit$MethodAndArgsCaller.run(RuntimeInit.java:626)
01-22 22:02:45.505 14398 14398 W System.err: at com.android.internal.os.ZygoteInit.main(ZygoteInit.java:997)
01-22 22:02:45.539 14398 14398 E libc : Access denied finding property "ro.vendor.pref_scale_resolution"
01-22 22:02:45.541 14398 14398 E CustomActivityOnCrash: IMPORTANT WARNING! You already have an UncaughtExceptionHandler, are you sure this is correct? If you use a custom UncaughtExceptionHandler, you must initialize it AFTER CustomActivityOnCrash! Installing anyway, but your original handler will not be called.
01-22 22:02:45.767 14488 14488 E com.mbwhatsapp: Not starting debugger since process cannot load the jdwp agent.
01-22 22:02:45.826 14488 14488 W System.err: java.lang.ClassNotFoundException: mbmodsd.mbmodsw.ui.views.btn.BtnBK
01-22 22:02:45.826 14488 14488 W System.err: at java.lang.Runtime.nativeLoad(Native Method)
01-22 22:02:45.826 14488 14488 W System.err: at java.lang.Runtime.nativeLoad(Runtime.java:1131)
01-22 22:02:45.826 14488 14488 W System.err: at java.lang.Runtime.loadLibrary0(Runtime.java:1085)
01-22 22:02:45.826 14488 14488 W System.err: at java.lang.Runtime.loadLibrary0(Runtime.java:1008)
01-22 22:02:45.826 14488 14488 W System.err: at java.lang.System.loadLibrary(System.java:1664)
01-22 22:02:45.826 14488 14488 W System.err: at arm.EpicVm.<clinit>(Unknown Source:2)
01-22 22:02:45.826 14488 14488 W System.err: at java.lang.Class.newInstance(Native Method)
01-22 22:02:45.826 14488 14488 W System.err: at android.app.AppComponentFactory.instantiateApplication(AppComponentFactory.java:76)
01-22 22:02:45.826 14488 14488 W System.err: at androidx.core.app.CoreComponentFactory.instantiateApplication(Unknown Source:0)
01-22 22:02:45.826 14488 14488 W System.err: at android.app.Instrumentation.newApplication(Instrumentation.java:1162)
01-22 22:02:45.826 14488 14488 W System.err: at android.app.LoadedApk.makeApplication(LoadedApk.java:1244)
01-22 22:02:45.826 14488 14488 W System.err: at android.app.ActivityThread.handleBindApplication(ActivityThread.java:7080)
01-22 22:02:45.826 14488 14488 W System.err: at android.app.ActivityThread.access$1600(ActivityThread.java:264)
01-22 22:02:45.826 14488 14488 W System.err: at android.app.ActivityThread$H.handleMessage(ActivityThread.java:2050)
01-22 22:02:45.826 14488 14488 W System.err: at android.os.Handler.dispatchMessage(Handler.java:106)
01-22 22:02:45.826 14488 14488 W System.err: at android.os.Looper.loop(Looper.java:268)
01-22 22:02:45.826 14488 14488 W System.err: at android.app.ActivityThread.main(ActivityThread.java:8089)
01-22 22:02:45.826 14488 14488 W System.err: at java.lang.reflect.Method.invoke(Native Method)
01-22 22:02:45.827 14488 14488 W System.err: at com.android.internal.os.RuntimeInit$MethodAndArgsCaller.run(RuntimeInit.java:626)
01-22 22:02:45.827 14488 14488 W System.err: at com.android.internal.os.ZygoteInit.main(ZygoteInit.java:997)
01-22 22:02:45.861 14488 14488 E libc : Access denied finding property "ro.vendor.pref_scale_resolution"
01-22 22:02:45.864 14488 14488 E CustomActivityOnCrash: IMPORTANT WARNING! You already have an UncaughtExceptionHandler, are you sure this is correct? If you use a custom UncaughtExceptionHandler, you must initialize it AFTER CustomActivityOnCrash! Installing anyway, but your original handler will not be called.
01-22 22:02:46.098 14488 14488 W com.mbwhatsapp: Accessing hidden method Lcom/android/org/conscrypt/OpenSSLSocketImpl;->setUseSessionTickets(Z)V (greylist- max-q,test-api, reflection, denied)
01-22 22:02:46.098 14488 14488 W com.mbwhatsapp: Accessing hidden method Lcom/android/org/conscrypt/AbstractConscryptSocket;->setUseSessionTickets(Z)V (greylist-max-q, reflection, denied)
01-22 22:02:46.726 14488 14518 W LibraryVersion: Failed to get app version for libraryName: firebase-iid
01-22 22:02:46.875 14488 14488 W linker : Warning: "/data/data/com.mbwhatsapp/files/decompressed/libs.spk.zst/libc++_shared.so" unused DT entry: unknown processor-specific (type 0x70000001 arg 0x0) (ignoring)
01-22 22:02:46.868 14488 14488 W com.mbwhatsapp: type=1400 audit(0.0:283321): avc: granted { execute } for path="/data/data/com.mbwhatsapp/files/decompressed/libs.spk.zst/libc++_shared.so" dev="dm-11" ino=198814 scontext=u:r:untrusted_app:s0:c54,c257,c512,c768 tcontext=u:object_r:app_data_file:s0:c54,c257,c512,c768 tclass=file app=com.mbwhatsapp
01-22 22:02:46.872 14488 14488 W com.mbwhatsapp: type=1400 audit(0.0:283322): avc: granted { execute } for path="/data/data/com.mbwhatsapp/files/decompressed/libs.spk.zst/libvlc.so" dev="dm- 11" ino=198800 scontext=u:r:untrusted_app:s0:c54,c257,c512,c768 tcontext=u:object_r:app_data_file:s0:c54,c257,c512,c768 tclass=file app=com.mbwhatsapp
01-22 22:02:46.876 14488 14488 W com.mbwhatsapp: type=1400 audit(0.0:283323): avc: granted { execute } for path="/data/data/com.mbwhatsapp/files/decompressed/libs.spk.zst/libwhatsapp.so" dev="dm-11" ino=198805 scontext=u:r:untrusted_app:s0:c54,c257,c512,c768 tcontext=u:object_r:app_data_file:s0:c54,c257,c512,c768 tclass=file app=com.mbwhatsapp
01-22 22:02:46.884 14488 14488 W com.mbwhatsapp: type=1400 audit(0.0:283324): avc: granted { execute } for path="/data/data/com.mbwhatsapp/files/decompressed/libs.spk.zst/libcurve25519.so" dev="dm-11" ino=198808 scontext=u:r:untrusted_app:s0:c54,c257,c512,c768 tcontext=u:object_r:app_data_file:s0:c54,c257,c512,c768 tclass=file app=com.mbwhatsapp
01-22 22:02:46.888 14488 14488 W com.mbwhatsapp: type=1400 audit(0.0:283325): avc: granted { execute } for path="/data/data/com.mbwhatsapp/files/decompressed/libs.spk.zst/libwhatsapp.so" dev="dm-11" ino=198805 scontext=u:r:untrusted_app:s0:c54,c257,c512,c768 tcontext=u:object_r:app_data_file:s0:c54,c257,c512,c768 tclass=file app=com.mbwhatsapp
01-22 22:02:46.888 14488 14488 W com.mbwhatsapp: type=1400 audit(0.0:283326): avc: granted { execute } for path="/data/data/com.mbwhatsapp/files/decompressed/libs.spk.zst/libwhatsapp.so" dev="dm-11" ino=198805 scontext=u:r:untrusted_app:s0:c54,c257,c512,c768 tcontext=u:object_r:app_data_file:s0:c54,c257,c512,c768 tclass=file app=com.mbwhatsapp
01-22 22:02:46.951 14488 14488 W com.mbwhatsapp: Class X.0eU failed lock verification and will run slower.
01-22 22:02:46.951 14488 14488 W com.mbwhatsapp: Common causes for lock verification issues are non-optimized dex code
01-22 22:02:46.951 14488 14488 W com.mbwhatsapp: and incorrect proguard optimizations. --------- beginning of system
01-22 22:02:46.973 14488 14582 W com.mbwhatsapp: Class X.2rL failed lock verification and will run slower.
01-22 22:02:47.063 14488 14596 E QT : [QT]file does not exist
01-22 22:02:47.113 14488 14488 E com.mbwhatsapp: Invalid ID 0x00000000.
01-22 22:02:47.113 14488 14488 W System.err: android.content.res.Resources$NotFoundException: String resource ID #0x0
01-22 22:02:47.113 14488 14488 W System.err:
01-22 22:02:47.113 14488 14488 W System.err: at android.content.res.Resources.getText(Resources.java:444)
01-22 22:02:47.113 14488 14488 W System.err:
01-22 22:02:47.113 14488 14488 W System.err: at android.content.res.Resources.getString(Resources.java:537)
01-22 22:02:47.113 14488 14488 W System.err:
01-22 22:02:47.113 14488 14488 W System.err: at X.35t.A0E(Unknown Source:46)
01-22 22:02:47.113 14488 14488 W System.err:
01-22 22:02:47.113 14488 14488 W System.err: at com.mbwhatsapp.yo.yo.getString(Native Method)
01-22 22:02:47.114 14488 14488 W System.err:
01-22 22:02:47.114 14488 14488 W System.err: at com.mbwhatsapp.yo.yo.getString(Native Method)
01-22 22:02:47.114 14488 14488 W System.err:
01-22 22:02:47.114 14488 14488 W System.err: at com.mbwhatsapp.youbasha.task.utils.requestAllFilesAccess14(Native Method)
01-22 22:02:47.114 14488 14488 W System.err:
01-22 22:02:47.114 14488 14488 W System.err: at com.mbwhatsapp.yo.dep.showStoragePermissionRequest(Native Method)
01-22 22:02:47.114 14488 14488 W System.err:
01-22 22:02:47.114 14488 14488 W System.err: at com.mbwhatsapp.registration.EULA.onCreate(Unknown Source:248)
01-22 22:02:47.114 14488 14488 W System.err:
01-22 22:02:47.114 14488 14488 W System.err: at android.app.Activity.performCreate(Activity.java:8084)
01-22 22:02:47.114 14488 14488 W System.err:
01-22 22:02:47.114 14488 14488 W System.err: at android.app.Activity.performCreate(Activity.java:8068)
01-22 22:02:47.114 14488 14488 W System.err:
01-22 22:02:47.114 14488 14488 W System.err: at android.app.Instrumentation.callActivityOnCreate(Instrumentation.java:1313)
01-22 22:02:47.114 14488 14488 W System.err:
01-22 22:02:47.114 14488 14488 W System.err: at android.app.ActivityThread.performLaunchActivity(ActivityThread.java:3630)
01-22 22:02:47.114 14488 14488 W System.err:
01-22 22:02:47.114 14488 14488 W System.err: at android.app.ActivityThread.handleLaunchActivity(ActivityThread.java:3902)
01-22 22:02:47.114 14488 14488 W System.err:
01-22 22:02:47.115 14488 14488 W System.err: at android.app.servertransaction.LaunchActivityItem.execute(LaunchActivityItem.java:85 )
01-22 22:02:47.115 14488 14488 W System.err:
01-22 22:02:47.115 14488 14488 W System.err: at android.app.servertransaction.TransactionExecutor.executeCallbacks(TransactionExecu tor.java:135)
01-22 22:02:47.115 14488 14488 W System.err:
01-22 22:02:47.115 14488 14488 W System.err: at android.app.servertransaction.TransactionExecutor.execute(TransactionExecutor.java: 95)
01-22 22:02:47.115 14488 14488 W System.err:
01-22 22:02:47.115 14488 14488 W System.err: at android.app.ActivityThread$H.handleMessage(ActivityThread.java:2215)
01-22 22:02:47.115 14488 14488 W System.err:
01-22 22:02:47.115 14488 14488 W System.err: at android.os.Handler.dispatchMessage(Handler.java:106)
01-22 22:02:47.115 14488 14488 W System.err:
01-22 22:02:47.115 14488 14488 W System.err: at android.os.Looper.loop(Looper.java:268)
01-22 22:02:47.115 14488 14488 W System.err:
01-22 22:02:47.115 14488 14488 W System.err: at android.app.ActivityThread.main(ActivityThread.java:8089)
01-22 22:02:47.115 14488 14488 W System.err:
01-22 22:02:47.115 14488 14488 W System.err: at java.lang.reflect.Method.invoke(Native Method)
01-22 22:02:47.115 14488 14488 W System.err:
01-22 22:02:47.115 14488 14488 W System.err: at com.android.internal.os.RuntimeInit$MethodAndArgsCaller.run(RuntimeInit.java:626)
01-22 22:02:47.115 14488 14488 W System.err:
01-22 22:02:47.116 14488 14488 W System.err: at com.android.internal.os.ZygoteInit.main(ZygoteInit.java:997)
01-22 22:02:47.116 14488 14488 W System.err:
01-22 22:02:47.150 14488 14488 W Activity: Can request only one set of permissions at a time
01-22 22:02:47.168 14488 14617 E RenderScript: Failed loading RS driver: dlopen failed: library "libRSDriver_mtk.so" not found
01-22 22:02:47.168 14488 14617 E RenderScript: Failed to load runtime libRSDriver_mtk.so, loading default
01-22 22:02:47.193 14488 14488 E ArmVmp : Match on catch block at 0x0a in for 0x139
01-22 22:02:47.329 14488 14595 E ion : ioctl c0044901 failed with code -1: Invalid argument
01-22 22:02:47.750 14488 14488 E com.mbwhatsapp: Invalid ID 0x00000000.
01-22 22:02:47.751 14488 14488 E com.mbwhatsapp: Invalid ID 0x00000000.
01-22 22:02:47.751 14488 14488 E com.mbwhatsapp: Invalid ID 0x00000000.
01-22 22:02:47.752 14488 14488 E com.mbwhatsapp: Invalid ID 0x00000000.
01-22 22:02:47.756 14488 14488 E com.mbwhatsapp: Invalid ID 0x00000000.
01-22 22:02:47.756 14488 14488 E com.mbwhatsapp: Invalid ID 0x00000000.
01-22 22:02:47.838 14488 14763 W System : ClassLoader referenced unknown path: system/framework/mediatek-cta.jar
01-22 22:02:47.858 14488 14763 W System : ClassLoader referenced unknown path: system/framework/mediatek-cta.jar
01-22 22:03:01.212 14488 14502 W Parcel : release_object BINDER_TYPE_HANDLE strongCount==2 --------- beginning of system --------- beginning of main
01-22 22:05:01.828 15676 15770 W RefBase : CallStack::getCurrentInternal not linked, returning null
01-22 22:05:01.828 15676 15770 W RefBase : CallStack::logStackInternal not linked
01-22 22:05:01.857 15676 15770 W RefBase : CallStack::getCurrentInternal not linked, returning null
01-22 22:05:01.857 15676 15770 W RefBase : CallStack::logStackInternal not linked
01-22 22:05:01.892 15676 15770 W RefBase : CallStack::getCurrentInternal not linked, returning null
01-22 22:05:01.892 15676 15770 W RefBase : CallStack::logStackInternal not linked
01-22 22:05:01.927 15676 15770 W RefBase : CallStack::getCurrentInternal not linked, returning null
01-22 22:05:01.927 15676 15770 W RefBase : CallStack::logStackInternal not linked
01-22 22:05:01.960 15676 15770 W RefBase : CallStack::getCurrentInternal not linked, returning null
01-22 22:05:01.960 15676 15770 W RefBase : CallStack::logStackInternal not linked
01-22 22:05:01.993 15676 15770 W RefBase : CallStack::getCurrentInternal not linked, returning null
01-22 22:05:01.993 15676 15770 W RefBase : CallStack::logStackInternal not linked
01-22 22:05:02.027 15676 15770 W RefBase : CallStack::getCurrentInternal not linked, returning null
01-22 22:05:02.027 15676 15770 W RefBase : CallStack::logStackInternal not linked
01-22 22:05:02.060 15676 15770 W RefBase : CallStack::getCurrentInternal not linked, returning null
01-22 22:05:02.060 15676 15770 W RefBase : CallStack::logStackInternal not linked
01-22 22:05:02.090 15676 15770 W RefBase : CallStack::getCurrentInternal not linked, returning null
01-22 22:05:02.090 15676 15770 W RefBase : CallStack::logStackInternal not linked
01-22 22:05:02.124 15676 15770 W RefBase : CallStack::getCurrentInternal not linked, returning null
01-22 22:05:02.124 15676 15770 W RefBase : CallStack::logStackInternal not linked
01-22 22:05:02.157 15676 15770 W RefBase : CallStack::getCurrentInternal not linked, returning null
01-22 22:05:02.157 15676 15770 W RefBase : CallStack::logStackInternal not linked
01-22 22:05:02.191 15676 15770 W RefBase : CallStack::getCurrentInternal not linked, returning null
01-22 22:05:02.191 15676 15770 W RefBase : CallStack::logStackInternal not linked
01-22 22:05:02.223 15676 15770 W RefBase : CallStack::getCurrentInternal not linked, returning null
01-22 22:05:02.224 15676 15770 W RefBase : CallStack::logStackInternal not linked
01-22 22:05:02.258 15676 15770 W RefBase : CallStack::getCurrentInternal not linked, returning null
01-22 22:05:02.258 15676 15770 W RefBase : CallStack::logStackInternal not linked
01-22 22:05:02.289 15676 15770 W RefBase : CallStack::getCurrentInternal not linked, returning null
01-22 22:05:02.289 15676 15770 W RefBase : CallStack::logStackInternal not linked
01-22 22:05:02.322 15676 15770 W RefBase : CallStack::getCurrentInternal not linked, returning null
01-22 22:05:02.322 15676 15770 W RefBase : CallStack::logStackInternal not linked
01-22 22:05:02.356 15676 15770 W RefBase : CallStack::getCurrentInternal not linked, returning null
01-22 22:05:02.356 15676 15770 W RefBase : CallStack::logStackInternal not linked
01-22 22:05:02.389 15676 15770 W RefBase : CallStack::getCurrentInternal not linked, returning null
01-22 22:05:02.389 15676 15770 W RefBase : CallStack::logStackInternal not linked
01-22 22:05:02.423 15676 15770 W RefBase : CallStack::getCurrentInternal not linked, returning null
01-22 22:05:02.423 15676 15770 W RefBase : CallStack::logStackInternal not linked
01-22 22:05:02.456 15676 15770 W RefBase : CallStack::getCurrentInternal not linked, returning null
01-22 22:05:02.457 15676 15770 W RefBase : CallStack::logStackInternal not linked
01-22 22:05:02.489 15676 15770 W RefBase : CallStack::getCurrentInternal not linked, returning null
01-22 22:05:02.489 15676 15770 W RefBase : CallStack::logStackInternal not linked
01-22 22:05:02.523 15676 15770 W RefBase : CallStack::getCurrentInternal not linked, returning null
01-22 22:05:02.523 15676 15770 W RefBase : CallStack::logStackInternal not linked
01-22 22:05:02.558 15676 15770 W RefBase : CallStack::getCurrentInternal not linked, returning null
01-22 22:05:02.558 15676 15770 W RefBase : CallStack::logStackInternal not linked
01-22 22:05:02.589 15676 15770 W RefBase : CallStack::getCurrentInternal not linked, returning null
01-22 22:05:02.589 15676 15770 W RefBase : CallStack::logStackInternal not linked
01-22 22:05:02.623 15676 15770 W RefBase : CallStack::getCurrentInternal not linked, returning null
01-22 22:05:02.623 15676 15770 W RefBase : CallStack::logStackInternal not linked
01-22 22:05:02.656 15676 15770 W RefBase : CallStack::getCurrentInternal not linked, returning null
01-22 22:05:02.656 15676 15770 W RefBase : CallStack::logStackInternal not linked
01-22 22:05:02.689 15676 15770 W RefBase : CallStack::getCurrentInternal not linked, returning null
01-22 22:05:02.689 15676 15770 W RefBase : CallStack::logStackInternal not linked
01-22 22:05:02.723 15676 15770 W RefBase : CallStack::getCurrentInternal not linked, returning null
01-22 22:05:02.723 15676 15770 W RefBase : CallStack::logStackInternal not linked
01-22 22:05:02.756 15676 15770 W RefBase : CallStack::getCurrentInternal not linked, returning null
01-22 22:05:02.756 15676 15770 W RefBase : CallStack::logStackInternal not linked
01-22 22:05:02.789 15676 15770 W RefBase : CallStack::getCurrentInternal not linked, returning null
01-22 22:05:02.789 15676 15770 W RefBase : CallStack::logStackInternal not linked
01-22 22:05:02.822 15676 15770 W RefBase : CallStack::getCurrentInternal not linked, returning null
01-22 22:05:02.822 15676 15770 W RefBase : CallStack::logStackInternal not linked
01-22 22:05:02.856 15676 15770 W RefBase : CallStack::getCurrentInternal not linked, returning null
01-22 22:05:02.856 15676 15770 W RefBase : CallStack::logStackInternal not linked
01-22 22:05:02.890 15676 15770 W RefBase : CallStack::getCurrentInternal not linked, returning null
01-22 22:05:02.890 15676 15770 W RefBase : CallStack::logStackInternal not linked
01-22 22:05:02.922 15676 15770 W RefBase : CallStack::getCurrentInternal not linked, returning null
01-22 22:05:02.923 15676 15770 W RefBase : CallStack::logStackInternal not linked
01-22 22:05:02.956 15676 15770 W RefBase : CallStack::getCurrentInternal not linked, returning null
01-22 22:05:02.956 15676 15770 W RefBase : CallStack::logStackInternal not linked
01-22 22:05:02.989 15676 15770 W RefBase : CallStack::getCurrentInternal not linked, returning null
01-22 22:05:02.989 15676 15770 W RefBase : CallStack::logStackInternal not linked
01-22 22:05:03.022 15676 15770 W RefBase : CallStack::getCurrentInternal not linked, returning null
01-22 22:05:03.022 15676 15770 W RefBase : CallStack::logStackInternal not linked
01-22 22:05:03.056 15676 15770 W RefBase : CallStack::getCurrentInternal not linked, returning null
01-22 22:05:03.056 15676 15770 W RefBase : CallStack::logStackInternal not linked
01-22 22:05:03.089 15676 15770 W RefBase : CallStack::getCurrentInternal not linked, returning null
01-22 22:05:03.089 15676 15770 W RefBase : CallStack::logStackInternal not linked
01-22 22:05:03.122 15676 15770 W RefBase : CallStack::getCurrentInternal not linked, returning null
01-22 22:05:03.122 15676 15770 W RefBase : CallStack::logStackInternal not linked
01-22 22:05:03.156 15676 15770 W RefBase : CallStack::getCurrentInternal not linked, returning null
01-22 22:05:03.156 15676 15770 W RefBase : CallStack::logStackInternal not linked
01-22 22:05:03.191 15676 15770 W RefBase : CallStack::getCurrentInternal not linked, returning null
01-22 22:05:03.191 15676 15770 W RefBase : CallStack::logStackInternal not linked
01-22 22:05:03.223 15676 15770 W RefBase : CallStack::getCurrentInternal not linked, returning null
01-22 22:05:03.223 15676 15770 W RefBase : CallStack::logStackInternal not linked
01-22 22:05:03.256 15676 15770 W RefBase : CallStack::getCurrentInternal not linked, returning null
01-22 22:05:03.256 15676 15770 W RefBase : CallStack::logStackInternal not linked
01-22 22:05:03.290 15676 15770 W RefBase : CallStack::getCurrentInternal not linked, returning null
01-22 22:05:03.290 15676 15770 W RefBase : CallStack::logStackInternal not linked
01-22 22:05:03.321 15676 15770 W RefBase : CallStack::getCurrentInternal not linked, returning null
01-22 22:05:03.321 15676 15770 W RefBase : CallStack::logStackInternal not linked
01-22 22:05:03.355 15676 15770 W RefBase : CallStack::getCurrentInternal not linked, returning null
01-22 22:05:03.355 15676 15770 W RefBase : CallStack::logStackInternal not linked
01-22 22:05:03.388 15676 15770 W RefBase : CallStack::getCurrentInternal not linked, returning null
01-22 22:05:03.388 15676 15770 W RefBase : CallStack::logStackInternal not linked
01-22 22:05:03.421 15676 15770 W RefBase : CallStack::getCurrentInternal not linked, returning null
01-22 22:05:03.421 15676 15770 W RefBase : CallStack::logStackInternal not linked
01-22 22:05:03.457 15676 15770 W RefBase : CallStack::getCurrentInternal not linked, returning null
01-22 22:05:03.457 15676 15770 W RefBase : CallStack::logStackInternal not linked
01-22 22:05:03.488 15676 15770 W RefBase : CallStack::getCurrentInternal not linked, returning null
01-22 22:05:03.488 15676 15770 W RefBase : CallStack::logStackInternal not linked
01-22 22:05:03.521 15676 15770 W RefBase : CallStack::getCurrentInternal not linked, returning null
01-22 22:05:03.521 15676 15770 W RefBase : CallStack::logStackInternal not linked
01-22 22:05:03.555 15676 15770 W RefBase : CallStack::getCurrentInternal not linked, returning null
01-22 22:05:03.555 15676 15770 W RefBase : CallStack::logStackInternal not linked
01-22 22:05:03.588 15676 15770 W RefBase : CallStack::getCurrentInternal not linked, returning null
01-22 22:05:03.588 15676 15770 W RefBase : CallStack::logStackInternal not linked
01-22 22:05:03.621 15676 15770 W RefBase : CallStack::getCurrentInternal not linked, returning null
01-22 22:05:03.621 15676 15770 W RefBase : CallStack::logStackInternal not linked
01-22 22:05:03.655 15676 15770 W RefBase : CallStack::getCurrentInternal not linked, returning null
01-22 22:05:03.655 15676 15770 W RefBase : CallStack::logStackInternal not linked
01-22 22:05:03.690 15676 15770 W RefBase : CallStack::getCurrentInternal not linked, returning null
01-22 22:05:03.690 15676 15770 W RefBase : CallStack::logStackInternal not linked
01-22 22:05:03.720 15676 15770 W RefBase : CallStack::getCurrentInternal not linked, returning null
01-22 22:05:03.720 15676 15770 W RefBase : CallStack::logStackInternal not linked
01-22 22:05:03.754 15676 15770 W RefBase : CallStack::getCurrentInternal not linked, returning null
01-22 22:05:03.755 15676 15770 W RefBase : CallStack::logStackInternal not linked
01-22 22:05:03.787 15676 15770 W RefBase : CallStack::getCurrentInternal not linked, returning null
01-22 22:05:03.787 15676 15770 W RefBase : CallStack::logStackInternal not linked
01-22 22:05:03.821 15676 15770 W RefBase : CallStack::getCurrentInternal not linked, returning null
01-22 22:05:03.821 15676 15770 W RefBase : CallStack::logStackInternal not linked
01-22 22:05:03.854 15676 15770 W RefBase : CallStack::getCurrentInternal not linked, returning null
01-22 22:05:03.854 15676 15770 W RefBase : CallStack::logStackInternal not linked
01-22 22:05:03.887 15676 15770 W RefBase : CallStack::getCurrentInternal not linked, returning null
01-22 22:05:03.887 15676 15770 W RefBase : CallStack::logStackInternal not linked
01-22 22:05:03.921 15676 15770 W RefBase : CallStack::getCurrentInternal not linked, returning null
01-22 22:05:03.921 15676 15770 W RefBase : CallStack::logStackInternal not linked
01-22 22:05:03.954 15676 15770 W RefBase : CallStack::getCurrentInternal not linked, returning null
01-22 22:05:03.954 15676 15770 W RefBase : CallStack::logStackInternal not linked
01-22 22:05:03.989 15676 15770 W RefBase : CallStack::getCurrentInternal not linked, returning null
01-22 22:05:03.989 15676 15770 W RefBase : CallStack::logStackInternal not linked
01-22 22:05:04.021 15676 15770 W RefBase : CallStack::getCurrentInternal not linked, returning null
01-22 22:05:04.021 15676 15770 W RefBase : CallStack::logStackInternal not linked
01-22 22:05:04.054 15676 15770 W RefBase : CallStack::getCurrentInternal not linked, returning null
01-22 22:05:04.054 15676 15770 W RefBase : CallStack::logStackInternal not linked
01-22 22:05:04.087 15676 15770 W RefBase : CallStack::getCurrentInternal not linked, returning null
01-22 22:05:04.087 15676 15770 W RefBase : CallStack::logStackInternal not linked
01-22 22:05:04.121 15676 15770 W RefBase : CallStack::getCurrentInternal not linked, returning null
01-22 22:05:04.121 15676 15770 W RefBase : CallStack::logStackInternal not linked
01-22 22:05:04.153 15676 15770 W RefBase : CallStack::getCurrentInternal not linked, returning null
01-22 22:05:04.153 15676 15770 W RefBase : CallStack::logStackInternal not linked
01-22 22:05:04.187 15676 15770 W RefBase : CallStack::getCurrentInternal not linked, returning null
01-22 22:05:04.187 15676 15770 W RefBase : CallStack::logStackInternal not linked
01-22 22:05:04.220 15676 15770 W RefBase : CallStack::getCurrentInternal not linked, returning null
01-22 22:05:04.220 15676 15770 W RefBase : CallStack::logStackInternal not linked
01-22 22:05:04.254 15676 15770 W RefBase : CallStack::getCurrentInternal not linked, returning null
01-22 22:05:04.254 15676 15770 W RefBase : CallStack::logStackInternal not linked
01-22 22:05:04.287 15676 15770 W RefBase : CallStack::getCurrentInternal not linked, returning null
01-22 22:05:04.287 15676 15770 W RefBase : CallStack::logStackInternal not linked
01-22 22:05:04.321 15676 15770 W RefBase : CallStack::getCurrentInternal not linked, returning null
01-22 22:05:04.321 15676 15770 W RefBase : CallStack::logStackInternal not linked
01-22 22:05:04.354 15676 15770 W RefBase : CallStack::getCurrentInternal not linked, returning null
01-22 22:05:04.354 15676 15770 W RefBase : CallStack::logStackInternal not linked
01-22 22:05:04.387 15676 15770 W RefBase : CallStack::getCurrentInternal not linked, returning null
01-22 22:05:04.387 15676 15770 W RefBase : CallStack::logStackInternal not linked
01-22 22:05:04.420 15676 15770 W RefBase : CallStack::getCurrentInternal not linked, returning null
01-22 22:05:04.420 15676 15770 W RefBase : CallStack::logStackInternal not linked
01-22 22:05:04.454 15676 15770 W RefBase : CallStack::getCurrentInternal not linked, returning null
01-22 22:05:04.454 15676 15770 W RefBase : CallStack::logStackInternal not linked
01-22 22:05:04.486 15676 15770 W RefBase : CallStack::getCurrentInternal not linked, returning null
01-22 22:05:04.486 15676 15770 W RefBase : CallStack::logStackInternal not linked
01-22 22:05:04.519 15676 15770 W RefBase : CallStack::getCurrentInternal not linked, returning null
01-22 22:05:04.519 15676 15770 W RefBase : CallStack::logStackInternal not linked
01-22 22:05:04.554 15676 15770 W RefBase : CallStack::getCurrentInternal not linked, returning null
01-22 22:05:04.554 15676 15770 W RefBase : CallStack::logStackInternal not linked
01-22 22:05:04.586 15676 15770 W RefBase : CallStack::getCurrentInternal not linked, returning null
01-22 22:05:04.586 15676 15770 W RefBase : CallStack::logStackInternal not linked
01-22 22:05:04.621 15676 15770 W RefBase : CallStack::getCurrentInternal not linked, returning null
01-22 22:05:04.621 15676 15770 W RefBase : CallStack::logStackInternal not linked
01-22 22:05:04.654 15676 15770 W RefBase : CallStack::getCurrentInternal not linked, returning null
01-22 22:05:04.654 15676 15770 W RefBase : CallStack::logStackInternal not linked
01-22 22:05:04.686 15676 15770 W RefBase : CallStack::getCurrentInternal not linked, returning null
01-22 22:05:04.686 15676 15770 W RefBase : CallStack::logStackInternal not linked
01-22 22:05:04.719 15676 15770 W RefBase : CallStack::getCurrentInternal not linked, returning null
01-22 22:05:04.719 15676 15770 W RefBase : CallStack::logStackInternal not linked
01-22 22:05:04.753 15676 15770 W RefBase : CallStack::getCurrentInternal not linked, returning null
01-22 22:05:04.753 15676 15770 W RefBase : CallStack::logStackInternal not linked
01-22 22:05:04.786 15676 15770 W RefBase : CallStack::getCurrentInternal not linked, returning null
01-22 22:05:04.786 15676 15770 W RefBase : CallStack::logStackInternal not linked
01-22 22:05:04.819 15676 15770 W RefBase : CallStack::getCurrentInternal not linked, returning null
01-22 22:05:04.819 15676 15770 W RefBase : CallStack::logStackInternal not linked
01-22 22:05:04.852 15676 15770 W RefBase : CallStack::getCurrentInternal not linked, returning null
01-22 22:05:04.852 15676 15770 W RefBase : CallStack::logStackInternal not linked
01-22 22:05:04.886 15676 15770 W RefBase : CallStack::getCurrentInternal not linked, returning null
01-22 22:05:04.886 15676 15770 W RefBase : CallStack::logStackInternal not linked
01-22 22:05:04.921 15676 15770 W RefBase : CallStack::getCurrentInternal not linked, returning null
01-22 22:05:04.921 15676 15770 W RefBase : CallStack::logStackInternal not linked
01-22 22:05:04.953 15676 15770 W RefBase : CallStack::getCurrentInternal not linked, returning null
01-22 22:05:04.953 15676 15770 W RefBase : CallStack::logStackInternal not linked
01-22 22:05:04.987 15676 15770 W RefBase : CallStack::getCurrentInternal not linked, returning null
01-22 22:05:04.987 15676 15770 W RefBase : CallStack::logStackInternal not linked
01-22 22:05:05.022 15676 15770 W RefBase : CallStack::getCurrentInternal not linked, returning null
01-22 22:05:05.022 15676 15770 W RefBase : CallStack::logStackInternal not linked
01-22 22:05:10.791 17275 17275 E com.whatsapp: Not starting debugger since process cannot load the jdwp agent.
01-22 22:05:10.952 17275 17275 W System.err: java.lang.ClassNotFoundException: mbmodsd.mbmodsw.ui.views.btn.BtnBK
01-22 22:05:10.953 17275 17275 W System.err: at java.lang.Runtime.nativeLoad(Native Method)
01-22 22:05:10.953 17275 17275 W System.err: at java.lang.Runtime.nativeLoad(Runtime.java:1131)
01-22 22:05:10.953 17275 17275 W System.err: at java.lang.Runtime.loadLibrary0(Runtime.java:1085)
01-22 22:05:10.953 17275 17275 W System.err: at java.lang.Runtime.loadLibrary0(Runtime.java:1008)
01-22 22:05:10.953 17275 17275 W System.err: at java.lang.System.loadLibrary(System.java:1664)
01-22 22:05:10.953 17275 17275 W System.err: at arm.EpicVm.<clinit>(Unknown Source:2)
01-22 22:05:10.953 17275 17275 W System.err: at java.lang.Class.newInstance(Native Method)
01-22 22:05:10.953 17275 17275 W System.err: at android.app.AppComponentFactory.instantiateApplication(AppComponentFactory.java:76)
01-22 22:05:10.953 17275 17275 W System.err: at androidx.core.app.CoreComponentFactory.instantiateApplication(Unknown Source:0)
01-22 22:05:10.953 17275 17275 W System.err: at android.app.Instrumentation.newApplication(Instrumentation.java:1162)
01-22 22:05:10.953 17275 17275 W System.err: at android.app.LoadedApk.makeApplication(LoadedApk.java:1244)
01-22 22:05:10.953 17275 17275 W System.err: at android.app.ActivityThread.handleBindApplication(ActivityThread.java:7080)
01-22 22:05:10.953 17275 17275 W System.err: at android.app.ActivityThread.access$1600(ActivityThread.java:264)
01-22 22:05:10.953 17275 17275 W System.err: at android.app.ActivityThread$H.handleMessage(ActivityThread.java:2050)
01-22 22:05:10.953 17275 17275 W System.err: at android.os.Handler.dispatchMessage(Handler.java:106)
01-22 22:05:10.953 17275 17275 W System.err: at android.os.Looper.loop(Looper.java:268)
01-22 22:05:10.953 17275 17275 W System.err: at android.app.ActivityThread.main(ActivityThread.java:8089)
01-22 22:05:10.953 17275 17275 W System.err: at java.lang.reflect.Method.invoke(Native Method)
01-22 22:05:10.953 17275 17275 W System.err: at com.android.internal.os.RuntimeInit$MethodAndArgsCaller.run(RuntimeInit.java:626)
01-22 22:05:10.953 17275 17275 W System.err: at com.android.internal.os.ZygoteInit.main(ZygoteInit.java:997)
01-22 22:05:11.079 17275 17275 E libc : Access denied finding property "ro.vendor.pref_scale_resolution"
01-22 22:05:11.087 17275 17275 E CustomActivityOnCrash: IMPORTANT WARNING! You already have an UncaughtExceptionHandler, are you sure this is correct? If you use a custom UncaughtExceptionHandler, you must initialize it AFTER CustomActivityOnCrash! Installing anyway, but your original handler will not be called.
01-22 22:05:11.395 17275 17275 W com.whatsapp: Accessing hidden method Lcom/android/org/conscrypt/OpenSSLSocketImpl;->setUseSessionTickets(Z)V (greylist- max-q,test-api, reflection, denied)
01-22 22:05:11.395 17275 17275 W com.whatsapp: Accessing hidden method Lcom/android/org/conscrypt/AbstractConscryptSocket;->setUseSessionTickets(Z)V (greylist-max-q, reflection, denied)
01-22 22:05:12.188 17275 17275 W linker : Warning: "/data/data/com.whatsapp/files/decompressed/libs.spk.zst/libc++_shared.so" unused DT entry: unknown processor-specific (type 0x70000001 arg 0x0) (ignoring)
01-22 22:05:12.184 17275 17275 W com.whatsapp: type=1400 audit(0.0:283702): avc: granted { execute } for path="/data/data/com.whatsapp/files/decompressed/libs.spk.zst/libc++_shared.so" dev="dm-11" ino=64353 scontext=u:r:untrusted_app:s0:c7,c257,c512,c768 tcontext=u:object_r:app_data_file:s0:c7,c257,c512,c768 tclass=file app=com.whatsapp
01-22 22:05:12.188 17275 17275 W com.whatsapp: type=1400 audit(0.0:283704): avc: granted { execute } for path="/data/data/com.whatsapp/files/decompressed/libs.spk.zst/libwhatsapp.so" dev="dm-11" ino=64342 scontext=u:r:untrusted_app:s0:c7,c257,c512,c768 tcontext=u:object_r:app_data_file:s0:c7,c257,c512,c768 tclass=file app=com.whatsapp
01-22 22:05:12.196 17275 17275 W com.whatsapp: type=1400 audit(0.0:283705): avc: granted { execute } for path="/data/data/com.whatsapp/files/decompressed/libs.spk.zst/libcurve25519.so" dev="dm-11" ino=64345 scontext=u:r:untrusted_app:s0:c7,c257,c512,c768 tcontext=u:object_r:app_data_file:s0:c7,c257,c512,c768 tclass=file app=com.whatsapp
01-22 22:05:12.263 17275 17351 W com.whatsapp: Class X.2rL failed lock verification and will run slower.
01-22 22:05:12.263 17275 17351 W com.whatsapp: Common causes for lock verification issues are non-optimized dex code
01-22 22:05:12.263 17275 17351 W com.whatsapp: and incorrect proguard optimizations.
01-22 22:05:12.271 17275 17275 W com.whatsapp: Class X.0eU failed lock verification and will run slower.
01-22 22:05:12.370 17275 17364 E QT : [QT]file does not exist
01-22 22:05:12.389 17275 17275 W com.whatsapp: Class com.whatsapp.HomeActivity failed lock verification and will run slower.
01-22 22:05:12.563 17275 17275 E ArmVmp : Match on catch block at 0x0a in for 0xc5
01-22 22:05:12.570 17275 17366 W System : ClassLoader referenced unknown path: system/framework/mediatek-cta.jar
01-22 22:05:12.576 17275 17275 E ArmVmp : Match on catch block at 0x0a in for 0x139
01-22 22:05:12.604 17275 17302 W System : ClassLoader referenced unknown path: system/framework/mediatek-cta.jar
01-22 22:05:12.605 17275 17366 W com.whatsapp: Accessing hidden method Lcom/android/org/conscrypt/ConscryptEngineSocket;->setUseSessionTickets(Z)V (greylist-max-q,test-api, reflection, denied)
01-22 22:05:12.605 17275 17366 W com.whatsapp: Accessing hidden method Lcom/android/org/conscrypt/OpenSSLSocketImpl;->setUseSessionTickets(Z)V (greylist- max-q,test-api, reflection, denied)
01-22 22:05:12.605 17275 17366 W com.whatsapp: Accessing hidden method Lcom/android/org/conscrypt/AbstractConscryptSocket;->setUseSessionTickets(Z)V (greylist-max-q, reflection, denied)
01-22 22:05:12.605 17275 17366 W com.whatsapp: Accessing hidden method Lcom/android/org/conscrypt/ConscryptEngineSocket;->setHostname(Ljava/lang/String;)V (greylist-max-q,test-api, reflection, denied)
01-22 22:05:12.605 17275 17366 W com.whatsapp: Accessing hidden method Lcom/android/org/conscrypt/OpenSSLSocketImpl;->setHostname(Ljava/lang/String;)V (greylist-max-q,test-api, reflection, denied)
01-22 22:05:12.605 17275 17366 W com.whatsapp: Accessing hidden method Lcom/android/org/conscrypt/AbstractConscryptSocket;->setHostname(Ljava/lang/ String;)V (greylist-max-q, reflection, denied)
01-22 22:05:12.606 17275 17366 W com.whatsapp: Accessing hidden method Lcom/android/org/conscrypt/OpenSSLSocketImpl;->setAlpnProtocols([B)V (greylist-max- q,test-api, reflection, denied)
01-22 22:05:12.606 17275 17366 W com.whatsapp: Accessing hidden method Lcom/android/org/conscrypt/AbstractConscryptSocket;->setAlpnProtocols([B)V (greylist-max-q, reflection, denied)
01-22 22:05:12.737 17275 17366 W com.whatsapp: Accessing hidden method Lcom/android/org/conscrypt/OpenSSLSocketImpl;->getAlpnSelectedProtocol()[B (greylist-max-q,test-api, reflection, denied)
01-22 22:05:12.737 17275 17366 W com.whatsapp: Accessing hidden method Lcom/android/org/conscrypt/AbstractConscryptSocket;->getAlpnSelectedProtocol()[B (greylist-max-q, reflection, denied)
01-22 22:05:13.032 17275 17399 E ion : ioctl c0044901 failed with code -1: Invalid argument
01-22 22:05:13.036 17275 17399 E libc : Access denied finding property "vendor.debug.drm.logv"
01-22 22:05:13.036 17275 17399 E libc : Access denied finding property "vendor.debug.drm.logv"
01-22 22:05:13.037 17275 17399 E libc : Access denied finding property "vendor.debug.drm.logd"
01-22 22:05:13.037 17275 17399 E libc : Access denied finding property "vendor.debug.drm.logv"
01-22 22:05:13.250 17275 17275 E RecyclerView: No adapter attached; skipping layout
01-22 22:05:13.277 17275 17363 E ion : ioctl c0044901 failed with code -1: Invalid argument
01-22 22:05:13.444 17275 17275 E RecyclerView: No adapter attached; skipping layout
01-22 22:05:13.445 17275 17275 W View : requestLayout() improperly called by androidx.appcompat.view.menu.ActionMenuItemView{e72e3a9 VFED..C.. ......ID 291,0- 435,0 #7f0b0f8a app:id/menuitem_search} during layout: running second layout pass
01-22 22:05:13.445 17275 17275 W View : requestLayout() improperly called by androidx.appcompat.widget.ActionMenuView{5fe9d2e V.E...... ......ID 420,375- 1131,375} during layout: running second layout pass
01-22 22:05:13.467 17275 17275 E ArmVmp : Match on catch block at 0x0a in for 0xd1
01-22 22:05:13.557 17275 17309 W LibraryVersion: Failed to get app version for libraryName: firebase-iid
01-22 22:05:13.565 17275 17275 W View : requestLayout() improperly called by DecorView@80a77d[HomeActivity] during second layout pass: posting in next frame
01-22 22:05:13.600 17275 17417 W LOTTIE : Animation contains merge paths. Merge paths are only supported on KitKat+ and must be manually enabled by calling enableMergePathsForKitKatAndAbove().
01-22 22:05:13.762 17275 17275 W LOTTIE : Animation contains merge paths but they are disabled.
01-22 22:05:14.022 17275 17275 E ArmVmp : Match on catch block at 0x5b in for 0x89
01-22 22:05:16.494 17275 17440 E RenderScript: Failed loading RS driver: dlopen failed: library "libRSDriver_mtk.so" not found
01-22 22:05:16.494 17275 17440 E RenderScript: Failed to load runtime libRSDriver_mtk.so, loading default
01-22 22:05:16.605 17275 17275 E ArmVmp : Match on catch block at 0x0a in for 0xc9
01-22 22:05:16.607 17275 17275 E ArmVmp : Match on catch block at 0x0a in for 0xc9
01-22 22:05:16.620 17275 17275 E ArmVmp : Match on catch block at 0x0a in for 0x1c1
01-22 22:05:16.796 17275 17275 W StickerImageFil: type=1400 audit(0.0:283712): avc: granted { execute } for path="/data/data/com.whatsapp/files/decompressed/libs.spk.zst/libstatic-webp.so" dev="dm-11" ino=64350 scontext=u:r:untrusted_app:s0:c7,c257,c512,c768 tcontext=u:object_r:app_data_file:s0:c7,c257,c512,c768 tclass=file app=com.whatsapp
01-22 22:05:16.861 17275 17275 E ArmVmp : Match on catch block at 0xc3 in for 0xb5
01-22 22:05:16.865 17275 17275 E ArmVmp : Match on catch block at 0xc3 in for 0xb5
01-22 22:05:16.942 17275 17275 E ArmVmp : Match on catch block at 0xc3 in for 0xa1
01-22 22:05:16.945 17275 17275 E ArmVmp : Match on catch block at 0xc3 in for 0xa5
01-22 22:05:16.985 17275 17275 E ArmVmp : Match on catch block at 0xc3 in for 0xa5
01-22 22:05:16.988 17275 17275 E ArmVmp : Match on catch block at 0xc3 in for 0xa9
01-22 22:05:17.011 17275 17275 E ArmVmp : Match on catch block at 0xc3 in for 0xa5
01-22 22:05:17.014 17275 17275 E ArmVmp : Match on catch block at 0xc3 in for 0xa9
01-22 22:05:17.189 17275 17275 E ArmVmp : Match on catch block at 0xc3 in for 0xa5
01-22 22:05:17.194 17275 17275 E ArmVmp : Match on catch block at 0xc3 in for 0xa9
01-22 22:05:17.457 17275 17275 E ArmVmp : Match on catch block at 0xc3 in for 0xa5
01-22 22:05:17.462 17275 17275 E ArmVmp : Match on catch block at 0xc3 in for 0xa9
01-22 22:05:17.486 17275 17275 E ArmVmp : Match on catch block at 0xc3 in for 0xa5
01-22 22:05:17.490 17275 17275 E ArmVmp : Match on catch block at 0xc3 in for 0xa9
01-22 22:05:17.512 17275 17275 E ArmVmp : Match on catch block at 0xc3 in for 0xa5
01-22 22:05:17.516 17275 17275 E ArmVmp : Match on catch block at 0xc3 in for 0xa9
01-22 22:05:17.533 17275 17275 E ArmVmp : Match on catch block at 0xc3 in for 0xa5
01-22 22:05:17.537 17275 17275 E ArmVmp : Match on catch block at 0xc3 in for 0xa9
01-22 22:05:17.563 17275 17275 E ArmVmp : Match on catch block at 0xc3 in for 0xa5
01-22 22:05:17.568 17275 17275 E ArmVmp : Match on catch block at 0xc3 in for 0xa9
01-22 22:05:17.589 17275 17275 E ArmVmp : Match on catch block at 0xc3 in for 0xa5
01-22 22:05:17.594 17275 17275 E ArmVmp : Match on catch block at 0xc3 in for 0xa9
01-22 22:05:17.613 17275 17275 E ArmVmp : Match on catch block at 0xc3 in for 0xa5
01-22 22:05:17.617 17275 17275 E ArmVmp : Match on catch block at 0xc3 in for 0xa9
01-22 22:05:17.634 17275 17275 E ArmVmp : Match on catch block at 0xc3 in for 0xa5
01-22 22:05:17.638 17275 17275 E ArmVmp : Match on catch block at 0xc3 in for 0xa9
01-22 22:05:17.664 17275 17275 E ArmVmp : Match on catch block at 0xc3 in for 0xa5
01-22 22:05:17.667 17275 17275 E ArmVmp : Match on catch block at 0xc3 in for 0xa9
01-22 22:05:17.691 17275 17275 E ArmVmp : Match on catch block at 0xc3 in for 0xa5
01-22 22:05:17.695 17275 17275 E ArmVmp : Match on catch block at 0xc3 in for 0xa9
01-22 22:05:17.717 17275 17275 E ArmVmp : Match on catch block at 0xc3 in for 0xa5
01-22 22:05:17.722 17275 17275 E ArmVmp : Match on catch block at 0xc3 in for 0xa9
01-22 22:05:17.744 17275 17275 E ArmVmp : Match on catch block at 0xc3 in for 0xa5
01-22 22:05:17.748 17275 17275 E ArmVmp : Match on catch block at 0xc3 in for 0xa9
01-22 22:05:17.762 17275 17275 E ArmVmp : Match on catch block at 0xc3 in for 0xa5
01-22 22:05:17.767 17275 17275 E ArmVmp : Match on catch block at 0xc3 in for 0xa9
01-22 22:05:18.104 17275 17275 E ArmVmp : Match on catch block at 0xc3 in for 0xa5
01-22 22:05:18.107 17275 17275 E ArmVmp : Match on catch block at 0xc3 in for 0xa9
01-22 22:05:18.584 17275 17275 E ArmVmp : Match on catch block at 0xc3 in for 0xa1
01-22 22:05:18.590 17275 17275 E ArmVmp : Match on catch block at 0xc3 in for 0xa5
01-22 22:05:18.599 17275 17275 E ArmVmp : Match on catch block at 0xc3 in for 0xa5
01-22 22:05:18.603 17275 17275 E ArmVmp : Match on catch block at 0xc3 in for 0xa9
01-22 22:05:18.616 17275 17275 E ArmVmp : Match on catch block at 0xc3 in for 0xa9
01-22 22:05:18.623 17275 17275 E ArmVmp : Match on catch block at 0xc3 in for 0xa1
01-22 22:05:18.636 17275 17275 E ArmVmp : Match on catch block at 0xc3 in for 0xa5
01-22 22:05:18.644 17275 17275 E ArmVmp : Match on catch block at 0xc3 in for 0xa9
01-22 22:05:18.654 17275 17275 E ArmVmp : Match on catch block at 0xc3 in for 0xa1
01-22 22:05:18.662 17275 17275 E ArmVmp : Match on catch block at 0xc3 in for 0xa5
01-22 22:05:18.701 17275 17275 E ArmVmp : Match on catch block at 0xc3 in for 0xa9
01-22 22:05:18.707 17275 17275 E ArmVmp : Match on catch block at 0xc3 in for 0xa1
01-22 22:05:18.715 17275 17275 E ArmVmp : Match on catch block at 0xc3 in for 0xa1
01-22 22:05:18.719 17275 17275 E ArmVmp : Match on catch block at 0xc3 in for 0xa5
01-22 22:05:18.822 17275 17275 E ArmVmp : Match on catch block at 0xc3 in for 0xa1
01-22 22:05:18.825 17275 17275 E ArmVmp : Match on catch block at 0xc3 in for 0xa5
01-22 22:05:18.842 17275 17275 E ArmVmp : Match on catch block at 0xc3 in for 0xa5
01-22 22:05:18.845 17275 17275 E ArmVmp : Match on catch block at 0xc3 in for 0xa9
01-22 22:05:19.115 17275 17275 E ArmVmp : Match on catch block at 0xc3 in for 0xa9
01-22 22:05:19.119 17275 17275 E ArmVmp : Match on catch block at 0xc3 in for 0xa1
01-22 22:05:19.614 17275 17275 E ArmVmp : Match on catch block at 0xc3 in for 0xa1
01-22 22:05:19.619 17275 17275 E ArmVmp : Match on catch block at 0xc3 in for 0xa5
01-22 22:05:20.114 17275 17275 E ArmVmp : Match on catch block at 0xc3 in for 0xa1
01-22 22:05:20.119 17275 17275 E ArmVmp : Match on catch block at 0xc3 in for 0xa5
01-22 22:05:20.277 17275 17275 E ArmVmp : Match on catch block at 0xc3 in for 0xa1
01-22 22:05:20.282 17275 17275 E ArmVmp : Match on catch block at 0xc3 in for 0xa5
01-22 22:05:20.303 17275 17275 E ArmVmp : Match on catch block at 0xc3 in for 0xa1
01-22 22:05:20.307 17275 17275 E ArmVmp : Match on catch block at 0xc3 in for 0xa5
01-22 22:05:20.320 17275 17275 E ArmVmp : Match on catch block at 0xc3 in for 0xa5
01-22 22:05:20.323 17275 17275 E ArmVmp : Match on catch block at 0xc3 in for 0xa9
01-22 22:05:20.335 17275 17275 E ArmVmp : Match on catch block at 0xc3 in for 0xa9
01-22 22:05:20.340 17275 17275 E ArmVmp : Match on catch block at 0xc3 in for 0xa1
01-22 22:05:20.370 17275 17275 E ArmVmp : Match on catch block at 0xc3 in for 0xa1
01-22 22:05:20.375 17275 17275 E ArmVmp : Match on catch block at 0xc3 in for 0xa5
01-22 22:05:20.390 17275 17275 E ArmVmp : Match on catch block at 0xc3 in for 0xa5
01-22 22:05:20.396 17275 17275 E ArmVmp : Match on catch block at 0xc3 in for 0xa9
01-22 22:05:20.412 17275 17275 E ArmVmp : Match on catch block at 0xc3 in for 0xa9
01-22 22:05:20.418 17275 17275 E ArmVmp : Match on catch block at 0xc3 in for 0xa1
01-22 22:05:20.426 17275 17275 E ArmVmp : Match on catch block at 0xc3 in for 0xa1
01-22 22:05:20.432 17275 17275 E ArmVmp : Match on catch block at 0xc3 in for 0xa5
01-22 22:05:20.440 17275 17275 E ArmVmp : Match on catch block at 0xc3 in for 0xa5
01-22 22:05:20.445 17275 17275 E ArmVmp : Match on catch block at 0xc3 in for 0xa9
01-22 22:05:20.457 17275 17275 E ArmVmp : Match on catch block at 0xc3 in for 0xa9
01-22 22:05:20.461 17275 17275 E ArmVmp : Match on catch block at 0xc3 in for 0xa1
01-22 22:05:20.473 17275 17275 E ArmVmp : Match on catch block at 0xc3 in for 0xa1
01-22 22:05:20.478 17275 17275 E ArmVmp : Match on catch block at 0xc3 in for 0xa5
01-22 22:05:20.490 17275 17275 E ArmVmp : Match on catch block at 0xc3 in for 0xa5
01-22 22:05:20.494 17275 17275 E ArmVmp : Match on catch block at 0xc3 in for 0xa9
