01-22 22:10:30.871 10613 10613 E ArmVmp : Match on catch block at 0xc3 in for 0xa5
01-22 22:10:30.880 10613 10613 E ArmVmp : Match on catch block at 0xc3 in for 0xa9
01-22 22:10:31.291 10613 10613 E ArmVmp : Match on catch block at 0xc3 in for 0xa1
01-22 22:10:31.304 10613 10613 E ArmVmp : Match on catch block at 0xc3 in for 0xa5
01-22 22:10:31.326 10613 10613 E ArmVmp : Match on catch block at 0xc3 in for 0xa9
01-22 22:10:31.332 10613 10613 E ArmVmp : Match on catch block at 0xc3 in for 0xa1
01-22 22:10:31.348 10613 10613 E ArmVmp : Match on catch block at 0xc3 in for 0xa1
01-22 22:10:31.353 10613 10613 E ArmVmp : Match on catch block at 0xc3 in for 0xa5
01-22 22:10:31.372 10613 10613 E ArmVmp : Match on catch block at 0xc3 in for 0xa5
01-22 22:10:31.374 10613 10613 E ArmVmp : Match on catch block at 0xc3 in for 0xa9
01-22 22:10:31.873 10613 10613 E ArmVmp : Match on catch block at 0xc3 in for 0xa1
01-22 22:10:31.876 10613 10613 E ArmVmp : Match on catch block at 0xc3 in for 0xa5
01-22 22:10:32.324 10613 10613 E ArmVmp : Match on catch block at 0xc3 in for 0xa5
01-22 22:10:32.327 10613 10613 E ArmVmp : Match on catch block at 0xc3 in for 0xa9
01-22 22:10:32.340 10613 10613 E ArmVmp : Match on catch block at 0xc3 in for 0xa1
01-22 22:10:32.342 10613 10613 E ArmVmp : Match on catch block at 0xc3 in for 0xa5
01-22 22:10:32.356 10613 10613 E ArmVmp : Match on catch block at 0xc3 in for 0xa1
01-22 22:10:32.358 10613 10613 E ArmVmp : Match on catch block at 0xc3 in for 0xa5
01-22 22:10:32.372 10613 10613 E ArmVmp : Match on catch block at 0xc3 in for 0xa1
01-22 22:10:32.374 10613 10613 E ArmVmp : Match on catch block at 0xc3 in for 0xa5
01-22 22:10:32.389 10613 10613 E ArmVmp : Match on catch block at 0xc3 in for 0xa1
01-22 22:10:32.391 10613 10613 E ArmVmp : Match on catch block at 0xc3 in for 0xa5
01-22 22:10:32.405 10613 10613 E ArmVmp : Match on catch block at 0xc3 in for 0xa1
01-22 22:10:32.411 10613 10613 E ArmVmp : Match on catch block at 0xc3 in for 0xa5
01-22 22:10:32.425 10613 10613 E ArmVmp : Match on catch block at 0xc3 in for 0xa1
01-22 22:10:32.429 10613 10613 E ArmVmp : Match on catch block at 0xc3 in for 0xa5
01-22 22:10:32.445 10613 10613 E ArmVmp : Match on catch block at 0xc3 in for 0xa1
01-22 22:10:32.450 10613 10613 E ArmVmp : Match on catch block at 0xc3 in for 0xa5
01-22 22:10:32.458 10613 10613 E ArmVmp : Match on catch block at 0xc3 in for 0xa1
01-22 22:10:32.460 10613 10613 E ArmVmp : Match on catch block at 0xc3 in for 0xa5
01-22 22:10:32.472 10613 10613 E ArmVmp : Match on catch block at 0xc3 in for 0xa1
01-22 22:10:32.477 10613 10613 E ArmVmp : Match on catch block at 0xc3 in for 0xa5
01-22 22:10:32.490 10613 10613 E ArmVmp : Match on catch block at 0xc3 in for 0xa1
01-22 22:10:32.493 10613 10613 E ArmVmp : Match on catch block at 0xc3 in for 0xa5
01-22 22:10:32.506 10613 10613 E ArmVmp : Match on catch block at 0xc3 in for 0xa1
01-22 22:10:32.510 10613 10613 E ArmVmp : Match on catch block at 0xc3 in for 0xa5
01-22 22:10:32.523 10613 10613 E ArmVmp : Match on catch block at 0xc3 in for 0xa1
01-22 22:10:32.527 10613 10613 E ArmVmp : Match on catch block at 0xc3 in for 0xa5
01-22 22:10:32.641 10613 10613 E ArmVmp : Match on catch block at 0xc3 in for 0xa1
01-22 22:10:32.647 10613 10613 E ArmVmp : Match on catch block at 0xc3 in for 0xa5
01-22 22:10:32.741 10613 10613 E ArmVmp : Match on catch block at 0xc3 in for 0xa1
01-22 22:10:32.746 10613 10613 E ArmVmp : Match on catch block at 0xc3 in for 0xa5
01-22 22:10:32.908 10613 10613 E ArmVmp : Match on catch block at 0xc3 in for 0xa1
01-22 22:10:32.913 10613 10613 E ArmVmp : Match on catch block at 0xc3 in for 0xa5
01-22 22:10:32.924 10613 10613 E ArmVmp : Match on catch block at 0xc3 in for 0xa1
01-22 22:10:32.930 10613 10613 E ArmVmp : Match on catch block at 0xc3 in for 0xa5
01-22 22:10:32.939 10613 10613 E ArmVmp : Match on catch block at 0xc3 in for 0xa1
01-22 22:10:32.945 10613 10613 E ArmVmp : Match on catch block at 0xc3 in for 0xa5
01-22 22:10:32.958 10613 10613 E ArmVmp : Match on catch block at 0xc3 in for 0xa1
01-22 22:10:32.963 10613 10613 E ArmVmp : Match on catch block at 0xc3 in for 0xa5
01-22 22:10:32.975 10613 10613 E ArmVmp : Match on catch block at 0xc3 in for 0xa1
01-22 22:10:32.979 10613 10613 E ArmVmp : Match on catch block at 0xc3 in for 0xa5
01-22 22:10:32.989 10613 10613 E ArmVmp : Match on catch block at 0xc3 in for 0xa1
01-22 22:10:32.991 10613 10613 E ArmVmp : Match on catch block at 0xc3 in for 0xa5
01-22 22:10:33.005 10613 10613 E ArmVmp : Match on catch block at 0xc3 in for 0xa1
01-22 22:10:33.008 10613 10613 E ArmVmp : Match on catch block at 0xc3 in for 0xa5
01-22 22:10:33.022 10613 10613 E ArmVmp : Match on catch block at 0xc3 in for 0xa1
01-22 22:10:33.025 10613 10613 E ArmVmp : Match on catch block at 0xc3 in for 0xa5
01-22 22:10:33.040 10613 10613 E ArmVmp : Match on catch block at 0xc3 in for 0xa1
01-22 22:10:33.046 10613 10613 E ArmVmp : Match on catch block at 0xc3 in for 0xa5
01-22 22:10:33.057 10613 10613 E ArmVmp : Match on catch block at 0xc3 in for 0xa1
01-22 22:10:33.059 10613 10613 E ArmVmp : Match on catch block at 0xc3 in for 0xa5
01-22 22:10:33.073 10613 10613 E ArmVmp : Match on catch block at 0xc3 in for 0xa1
01-22 22:10:33.076 10613 10613 E ArmVmp : Match on catch block at 0xc3 in for 0xa5
01-22 22:10:33.089 10613 10613 E ArmVmp : Match on catch block at 0xc3 in for 0xa1
01-22 22:10:33.091 10613 10613 E ArmVmp : Match on catch block at 0xc3 in for 0xa5
01-22 22:10:33.105 10613 10613 E ArmVmp : Match on catch block at 0xc3 in for 0xa1
01-22 22:10:33.108 10613 10613 E ArmVmp : Match on catch block at 0xc3 in for 0xa5
01-22 22:10:33.122 10613 10613 E ArmVmp : Match on catch block at 0xc3 in for 0xa1
01-22 22:10:33.125 10613 10613 E ArmVmp : Match on catch block at 0xc3 in for 0xa5
01-22 22:10:33.139 10613 10613 E ArmVmp : Match on catch block at 0xc3 in for 0xa1
01-22 22:10:33.141 10613 10613 E ArmVmp : Match on catch block at 0xc3 in for 0xa5
01-22 22:10:33.158 10613 10613 E ArmVmp : Match on catch block at 0xc3 in for 0xa1
01-22 22:10:33.163 10613 10613 E ArmVmp : Match on catch block at 0xc3 in for 0xa5
01-22 22:10:33.172 10613 10613 E ArmVmp : Match on catch block at 0xc3 in for 0xa1
01-22 22:10:33.176 10613 10613 E ArmVmp : Match on catch block at 0xc3 in for 0xa5
01-22 22:10:33.291 10613 10613 E ArmVmp : Match on catch block at 0xc3 in for 0xa1
01-22 22:10:33.296 10613 10613 E ArmVmp : Match on catch block at 0xc3 in for 0xa5
01-22 22:10:33.441 10613 10613 E ArmVmp : Match on catch block at 0xc3 in for 0xa1
01-22 22:10:33.446 10613 10613 E ArmVmp : Match on catch block at 0xc3 in for 0xa5
01-22 22:10:33.539 10613 10613 E ArmVmp : Match on catch block at 0xc3 in for 0xa1
01-22 22:10:33.541 10613 10613 E ArmVmp : Match on catch block at 0xc3 in for 0xa5
01-22 22:10:33.756 10613 10613 E ArmVmp : Match on catch block at 0xc3 in for 0xa1
01-22 22:10:33.761 10613 10613 E ArmVmp : Match on catch block at 0xc3 in for 0xa5
01-22 22:10:33.956 10613 10613 E ArmVmp : Match on catch block at 0xc3 in for 0xa1
01-22 22:10:33.959 10613 10613 E ArmVmp : Match on catch block at 0xc3 in for 0xa5
01-22 22:10:34.140 10613 10613 E ArmVmp : Match on catch block at 0xc3 in for 0xa1
01-22 22:10:34.143 10613 10613 E ArmVmp : Match on catch block at 0xc3 in for 0xa5
01-22 22:10:34.373 10613 10613 E ArmVmp : Match on catch block at 0xc3 in for 0xa1
01-22 22:10:34.377 10613 10613 E ArmVmp : Match on catch block at 0xc3 in for 0xa5
01-22 22:10:34.642 10613 10613 E ArmVmp : Match on catch block at 0xc3 in for 0xa1
01-22 22:10:34.649 10613 10613 E ArmVmp : Match on catch block at 0xc3 in for 0xa5
01-22 22:10:34.808 10613 10613 E ArmVmp : Match on catch block at 0xc3 in for 0xa1
01-22 22:10:34.813 10613 10613 E ArmVmp : Match on catch block at 0xc3 in for 0xa5
01-22 22:10:34.958 10613 10613 E ArmVmp : Match on catch block at 0xc3 in for 0xa1
01-22 22:10:34.964 10613 10613 E ArmVmp : Match on catch block at 0xc3 in for 0xa5
01-22 22:10:35.024 10613 10613 E ArmVmp : Match on catch block at 0xc3 in for 0xa1
01-22 22:10:35.030 10613 10613 E ArmVmp : Match on catch block at 0xc3 in for 0xa5
01-22 22:10:35.430 10613 10613 E ArmVmp : Match on catch block at 0xc3 in for 0xa5
01-22 22:10:35.444 10613 10613 E ArmVmp : Match on catch block at 0xc3 in for 0xa9
01-22 22:10:35.495 10613 10613 E ArmVmp : Match on catch block at 0xc3 in for 0xa9
01-22 22:10:35.506 10613 10613 E ArmVmp : Match on catch block at 0xc3 in for 0xa1
01-22 22:10:35.538 10613 10613 E ArmVmp : Match on catch block at 0xc3 in for 0xa9
01-22 22:10:35.545 10613 10613 E ArmVmp : Match on catch block at 0xc3 in for 0xa1
01-22 22:10:35.556 10613 10613 E ArmVmp : Match on catch block at 0xc3 in for 0xa9
01-22 22:10:35.561 10613 10613 E ArmVmp : Match on catch block at 0xc3 in for 0xa1
01-22 22:10:35.610 10613 10613 E ArmVmp : Match on catch block at 0xc3 in for 0xa1
01-22 22:10:35.615 10613 10613 E ArmVmp : Match on catch block at 0xc3 in for 0xa5
01-22 22:10:35.637 10613 10613 E ArmVmp : Match on catch block at 0xc3 in for 0xa1
01-22 22:10:35.643 10613 10613 E ArmVmp : Match on catch block at 0xc3 in for 0xa5
01-22 22:10:35.657 10613 10613 E ArmVmp : Match on catch block at 0xc3 in for 0xa5
01-22 22:10:35.662 10613 10613 E ArmVmp : Match on catch block at 0xc3 in for 0xa9
01-22 22:10:35.673 10613 10613 E ArmVmp : Match on catch block at 0xc3 in for 0xa5
01-22 22:10:35.677 10613 10613 E ArmVmp : Match on catch block at 0xc3 in for 0xa9
01-22 22:10:35.690 10613 10613 E ArmVmp : Match on catch block at 0xc3 in for 0xa5
01-22 22:10:35.694 10613 10613 E ArmVmp : Match on catch block at 0xc3 in for 0xa9
01-22 22:10:35.742 10613 10613 E ArmVmp : Match on catch block at 0xc3 in for 0xa1
01-22 22:10:35.745 10613 10613 E ArmVmp : Match on catch block at 0xc3 in for 0xa5
01-22 22:10:35.751 10613 11586 W MediaPlayer: Use of stream types is deprecated for operations other than volume control
01-22 22:10:35.751 10613 11586 W MediaPlayer: See the documentation of setAudioStreamType() for what to use instead with android.media.AudioAttributes to qualify your playback use case
01-22 22:10:35.756 10613 10613 E ArmVmp : Match on catch block at 0xc3 in for 0xa5
01-22 22:10:35.758 10613 10613 E ArmVmp : Match on catch block at 0xc3 in for 0xa9
01-22 22:10:35.972 10613 10613 E ArmVmp : Match on catch block at 0xc3 in for 0xa1
01-22 22:10:35.975 10613 10613 E ArmVmp : Match on catch block at 0xc3 in for 0xa5
01-22 22:10:36.179 10613 10613 E ArmVmp : Match on catch block at 0xc3 in for 0xa9
01-22 22:10:36.184 10613 10613 E ArmVmp : Match on catch block at 0xc3 in for 0xa1
01-22 22:10:36.202 10613 10613 E ArmVmp : Match on catch block at 0xc3 in for 0xa5
01-22 22:10:36.207 10613 10613 E ArmVmp : Match on catch block at 0xc3 in for 0xa9
01-22 22:10:36.223 10613 10613 E ArmVmp : Match on catch block at 0xc3 in for 0xa9
01-22 22:10:36.228 10613 10613 E ArmVmp : Match on catch block at 0xc3 in for 0xa1
01-22 22:10:36.350 10613 10613 E ArmVmp : Match on catch block at 0xc3 in for 0xa9
01-22 22:10:36.354 10613 10613 E ArmVmp : Match on catch block at 0xc3 in for 0xa1
01-22 22:10:36.365 10613 10613 E ArmVmp : Match on catch block at 0xc3 in for 0xa9
01-22 22:10:36.368 10613 10613 E ArmVmp : Match on catch block at 0xc3 in for 0xa1
01-22 22:10:36.473 10613 10613 E ArmVmp : Match on catch block at 0xc3 in for 0xa5
01-22 22:10:36.475 10613 10613 E ArmVmp : Match on catch block at 0xc3 in for 0xa9
01-22 22:10:36.492 10613 10613 E ArmVmp : Match on catch block at 0xc3 in for 0xa9
01-22 22:10:36.494 10613 10613 E ArmVmp : Match on catch block at 0xc3 in for 0xa1
01-22 22:10:36.512 10613 10613 E ArmVmp : Match on catch block at 0xc3 in for 0xa9
01-22 22:10:36.514 10613 10613 E ArmVmp : Match on catch block at 0xc3 in for 0xa1
01-22 22:10:36.606 10613 10613 E ArmVmp : Match on catch block at 0xc3 in for 0xa5
01-22 22:10:36.608 10613 10613 E ArmVmp : Match on catch block at 0xc3 in for 0xa9
01-22 22:10:36.982 10613 10613 E ArmVmp : Match on catch block at 0xc3 in for 0xa1
01-22 22:10:36.986 10613 10613 E ArmVmp : Match on catch block at 0xc3 in for 0xa5
01-22 22:10:38.080 10613 10613 W BottomSheetBehavior: BottomSheetBehavior now supports multiple callbacks. `setBottomSheetCallback()` removes all existing callbacks, including ones set internally by library authors, which may result in unintended behavior. This may change in the future. Please use `addBottomSheetCallback()` and `removeBottomSheetCallback()` instead to set your own callbacks.
01-22 22:10:38.080 10613 10613 W BottomSheetBehavior: BottomSheetBehavior now supports multiple callbacks. `setBottomSheetCallback()` removes all existing callbacks, including ones set internally by library authors, which may result in unintended behavior. This may change in the future. Please use `addBottomSheetCallback()` and `removeBottomSheetCallback()` instead to set your own callbacks.
01-22 22:10:38.112 10613 10613 W pool-9-thread-1: type=1400 audit(0.0:811): avc: granted { execute } for path="/data/data/com.whatsapp/files/decompressed/libs.spk.zst/libgifimage.so" dev="dm-11" ino=64347 scontext=u:r:untrusted_app:s0:c7,c257,c512,c768 tcontext=u:object_r:app_data_file:s0:c7,c257,c512,c768 tclass=file app=com.whatsapp
01-22 22:10:38.142 10613 10613 W BottomSheetBehavior: BottomSheetBehavior now supports multiple callbacks. `setBottomSheetCallback()` removes all existing callbacks, including ones set internally by library authors, which may result in unintended behavior. This may change in the future. Please use `addBottomSheetCallback()` and `removeBottomSheetCallback()` instead to set your own callbacks.
01-22 22:10:38.142 10613 10613 W BottomSheetBehavior: BottomSheetBehavior now supports multiple callbacks. `setBottomSheetCallback()` removes all existing callbacks, including ones set internally by library authors, which may result in unintended behavior. This may change in the future. Please use `addBottomSheetCallback()` and `removeBottomSheetCallback()` instead to set your own callbacks.
01-22 22:10:38.161 10613 12071 W AudioCapabilities: Unsupported mime audio/x-adpcm- ms
01-22 22:10:38.161 10613 12071 W AudioCapabilities: Unsupported mime audio/x-adpcm- dvi-ima
01-22 22:10:38.161 10613 12071 W AudioCapabilities: Unsupported mime audio/alac
01-22 22:10:38.161 10613 12071 W AudioCapabilities: Unsupported mime audio/ape
01-22 22:10:38.161 10613 12071 W VideoCapabilities: Unsupported mime image/vnd.android.heic
01-22 22:10:38.162 10613 12071 W VideoCapabilities: Unsupported mime image/vnd.android.heic
01-22 22:10:38.163 10613 12071 W VideoCapabilities: Unrecognized profile/level 1/32 for video/mp4v-es
01-22 22:10:38.163 10613 12071 W VideoCapabilities: Unrecognized profile/level 32768/2 for video/mp4v-es
01-22 22:10:38.163 10613 12071 W VideoCapabilities: Unrecognized profile/level 32768/64 for video/mp4v-es
01-22 22:10:38.163 10613 12071 W VideoCapabilities: Unsupported mime video/x-ms-wmv
01-22 22:10:38.163 10613 10613 W BottomSheetBehavior: BottomSheetBehavior now supports multiple callbacks. `setBottomSheetCallback()` removes all existing callbacks, including ones set internally by library authors, which may result in unintended behavior. This may change in the future. Please use `addBottomSheetCallback()` and `removeBottomSheetCallback()` instead to set your own callbacks.
01-22 22:10:38.163 10613 10613 W BottomSheetBehavior: BottomSheetBehavior now supports multiple callbacks. `setBottomSheetCallback()` removes all existing callbacks, including ones set internally by library authors, which may result in unintended behavior. This may change in the future. Please use `addBottomSheetCallback()` and `removeBottomSheetCallback()` instead to set your own callbacks.
01-22 22:10:38.164 10613 12071 W VideoCapabilities: Unrecognized profile/level 1/32 for video/mp4v-es
01-22 22:10:38.182 10613 10613 E RecyclerView: No adapter attached; skipping layout
01-22 22:10:38.298 10613 12097 W Codec2Client: query -- param skipped: index = 1107298332.
01-22 22:10:38.298 10613 12097 W CCodec : This behavior is subject to change. It is recommended that app developers double check whether the requested max input size is in reasonable range.
01-22 22:10:38.299 10613 12097 W Codec2Client: query -- param skipped: index = 1342179345.
01-22 22:10:38.299 10613 12097 W Codec2Client: query -- param skipped: index = 2415921170.
01-22 22:10:38.299 10613 12097 W Codec2Client: query -- param skipped: index = 1610614798.
01-22 22:10:38.302 10613 12097 E FMQ : grantorIdx must be less than 3
01-22 22:10:38.302 10613 12097 E FMQ : grantorIdx must be less than 3
01-22 22:10:38.306 10613 12097 E FMQ : grantorIdx must be less than 3
01-22 22:10:38.312 10613 12087 E FMQ : grantorIdx must be less than 3
01-22 22:10:38.384 10613 12086 W ACodec : Failed to set ANW_HWComposer to OMX, ignoring (-2147483648)
01-22 22:10:38.708 10613 10797 E SQLiteDatabase: Error inserting transferred=1 media_job_uuid=78745be0-57ad-47d2-86cc-481f801aa318 transcoded=0 gif_attribution=0 first_scan_length=0 direct_path=/v/t62.7161- 24/40762602_787049103235457_5722457375784985163_n.enc?ccb=11- 4&oh=01_AdRIewqZ4iFI0DKhCKXLHTRePJq946g1p_xJxuQ2I6s3xQ&oe=65D61646&_nc_sid=5e03e0 thumbnail_height_width_ratio=1.0 is_animated_sticker=0 file_hash=Tw2pRygTw9uCY25v4SY5AGAOZBaCp2Rmka4/cHMbyR0= file_path=Media/.Statuses/ea571d342c8741599e67fd372383c77d.mp4 file_size=876406 partial_media_hash=null face_x=0 face_y=0 height=576 trim_to=0 media_key_timestamp=1705949516000 message_url=https://mmg.whatsapp.net/v/t62.7161- 24/40762602_787049103235457_5722457375784985163_n.enc?ccb=11- 4&oh=01_AdRIewqZ4iFI0DKhCKXLHTRePJq946g1p_xJxuQ2I6s3xQ&oe=65D61646&_nc_sid=5e03e0&m ms3=true media_caption=null trim_from=0 mime_type=video/mp4 partial_media_enc_hash=null width=578 original_file_hash=null has_streaming_sidecar=1 autotransfer_retry_enabled=1 media_upload_handle=null message_row_id=6806 multicast_id=null enc_file_hash=FdpLn5lqyFJnN4rR6m3RymFkoiZEn8Kb481tDKif96I= mute_video=0 page_count=0 first_scan_sidecar=null suspicious_content=0 file_length=876406 media_name=null media_duration=30 chat_row_id=18 media_key=[B@a8f6c14
01-22 22:10:38.708 10613 10797 E SQLiteDatabase: android.database.sqlite.SQLiteConstraintException: UNIQUE constraint failed: message_media.message_row_id (code 1555 SQLITE_CONSTRAINT_PRIMARYKEY)
01-22 22:10:38.708 10613 10797 E SQLiteDatabase: at android.database.sqlite.SQLiteConnection.nativeExecuteForLastInsertedRowId(Native Method)
01-22 22:10:38.708 10613 10797 E SQLiteDatabase: at android.database.sqlite.SQLiteConnection.executeForLastInsertedRowId(SQLiteConnecti on.java:938)
01-22 22:10:38.708 10613 10797 E SQLiteDatabase: at android.database.sqlite.SQLiteSession.executeForLastInsertedRowId(SQLiteSession.jav a:790)
01-22 22:10:38.708 10613 10797 E SQLiteDatabase: at android.database.sqlite.SQLiteStatement.executeInsert(SQLiteStatement.java:88)
01-22 22:10:38.708 10613 10797 E SQLiteDatabase: at android.database.sqlite.SQLiteDatabase.insertWithOnConflict(SQLiteDatabase.java:172 0)
01-22 22:10:38.708 10613 10797 E SQLiteDatabase: at android.database.sqlite.SQLiteDatabase.insert(SQLiteDatabase.java:1589)
01-22 22:10:38.708 10613 10797 E SQLiteDatabase: at X.2tm.A08(Unknown Source:6)
01-22 22:10:38.708 10613 10797 E SQLiteDatabase: at X.35Y.A07(Unknown Source:212)
01-22 22:10:38.708 10613 10797 E SQLiteDatabase: at X.3QF.A14(Unknown Source:470)
01-22 22:10:38.708 10613 10797 E SQLiteDatabase: at X.3gU.run(Unknown Source:982)
01-22 22:10:38.708 10613 10797 E SQLiteDatabase: at android.os.Handler.handleCallback(Handler.java:938)
01-22 22:10:38.708 10613 10797 E SQLiteDatabase: at android.os.Handler.dispatchMessage(Handler.java:99)
01-22 22:10:38.708 10613 10797 E SQLiteDatabase: at X.0zq.dispatchMessage(Unknown Source:4)
01-22 22:10:38.708 10613 10797 E SQLiteDatabase: at android.os.Looper.loop(Looper.java:268)
01-22 22:10:38.708 10613 10797 E SQLiteDatabase: at android.os.HandlerThread.run(HandlerThread.java:67)
01-22 22:10:38.874 10613 10797 E SQLiteDatabase: Error inserting transferred=1 media_job_uuid=e4c4a239-c48f-43c8-a646-08939fbe321d transcoded=0 gif_attribution=0 first_scan_length=0 direct_path=/v/t62.7161- 24/69658603_188983940943646_5056512176143314466_n.enc?ccb=11- 4&oh=01_AdTVfBLKHziD_Sa-grEDBSRa1bEJCuEG2vZW9_1vH8GPoQ&oe=65D696F0&_nc_sid=5e03e0 thumbnail_height_width_ratio=1.7777778 is_animated_sticker=0 file_hash=mC3iNH73XHYk/bncDvNspJ0oFJbRaTmkikeBkLsPcDc= file_path=Media/.Statuses/ee4a3221522a45e9b8b507f828fbbb2d.mp4 file_size=286809 partial_media_hash=null face_x=0 face_y=0 height=656 trim_to=0 media_key_timestamp=1705976209000 message_url=https://mmg.whatsapp.net/v/t62.7161- 24/69658603_188983940943646_5056512176143314466_n.enc?ccb=11- 4&oh=01_AdTVfBLKHziD_Sa- grEDBSRa1bEJCuEG2vZW9_1vH8GPoQ&oe=65D696F0&_nc_sid=5e03e0&mms3=true media_caption=null trim_from=0 mime_type=video/mp4 partial_media_enc_hash=null width=368 original_file_hash=null has_streaming_sidecar=1 autotransfer_retry_enabled=1 media_upload_handle=null message_row_id=6926 multicast_id=null enc_file_hash=YiUkRcScGCwsrEz51cHR+ZtpnGLkbl1ikwK8Og6Jzt4= mute_video=0 page_count=0 first_scan_sidecar=null suspicious_content=0 file_length=286809 media_name=null media_duration=2 chat_row_id=18 media_key=[B@26743c2
01-22 22:10:38.874 10613 10797 E SQLiteDatabase: android.database.sqlite.SQLiteConstraintException: UNIQUE constraint failed: message_media.message_row_id (code 1555 SQLITE_CONSTRAINT_PRIMARYKEY)
01-22 22:10:38.874 10613 10797 E SQLiteDatabase: at android.database.sqlite.SQLiteConnection.nativeExecuteForLastInsertedRowId(Native Method)
01-22 22:10:38.874 10613 10797 E SQLiteDatabase: at android.database.sqlite.SQLiteConnection.executeForLastInsertedRowId(SQLiteConnecti on.java:938)
01-22 22:10:38.874 10613 10797 E SQLiteDatabase: at android.database.sqlite.SQLiteSession.executeForLastInsertedRowId(SQLiteSession.jav a:790)
01-22 22:10:38.874 10613 10797 E SQLiteDatabase: at android.database.sqlite.SQLiteStatement.executeInsert(SQLiteStatement.java:88)
01-22 22:10:38.874 10613 10797 E SQLiteDatabase: at android.database.sqlite.SQLiteDatabase.insertWithOnConflict(SQLiteDatabase.java:172 0)
01-22 22:10:38.874 10613 10797 E SQLiteDatabase: at android.database.sqlite.SQLiteDatabase.insert(SQLiteDatabase.java:1589)
01-22 22:10:38.874 10613 10797 E SQLiteDatabase: at X.2tm.A08(Unknown Source:6)
01-22 22:10:38.874 10613 10797 E SQLiteDatabase: at X.35Y.A07(Unknown Source:212)
01-22 22:10:38.874 10613 10797 E SQLiteDatabase: at X.3QF.A14(Unknown Source:470)
01-22 22:10:38.874 10613 10797 E SQLiteDatabase: at X.3gU.run(Unknown Source:982)
01-22 22:10:38.874 10613 10797 E SQLiteDatabase: at android.os.Handler.handleCallback(Handler.java:938)
01-22 22:10:38.874 10613 10797 E SQLiteDatabase: at android.os.Handler.dispatchMessage(Handler.java:99)
01-22 22:10:38.874 10613 10797 E SQLiteDatabase: at X.0zq.dispatchMessage(Unknown Source:4)
01-22 22:10:38.874 10613 10797 E SQLiteDatabase: at android.os.Looper.loop(Looper.java:268)
01-22 22:10:38.874 10613 10797 E SQLiteDatabase: at android.os.HandlerThread.run(HandlerThread.java:67)
01-22 22:10:39.280 10613 12097 W Codec2Client: query -- param skipped: index = 1342179345.
01-22 22:10:39.280 10613 12097 W Codec2Client: query -- param skipped: index = 2415921170.
01-22 22:10:39.280 10613 12097 W Codec2Client: query -- param skipped: index = 1610614798.
01-22 22:10:39.285 10613 12086 W ACodec : Failed to set ANW_HWComposer to OMX, ignoring (-2147483648)
01-22 22:10:39.292 10613 10613 E RecyclerView: No adapter attached; skipping layout
01-22 22:10:39.339 10613 12130 W Codec2Client: query -- param skipped: index = 1107298332.
01-22 22:10:39.339 10613 12130 W CCodec : This behavior is subject to change. It is recommended that app developers double check whether the requested max input size is in reasonable range.
01-22 22:10:39.340 10613 12130 W Codec2Client: query -- param skipped: index = 1342179345.
01-22 22:10:39.340 10613 12130 W Codec2Client: query -- param skipped: index = 2415921170.
01-22 22:10:39.340 10613 12130 W Codec2Client: query -- param skipped: index = 1610614798.
01-22 22:10:39.340 10613 12130 E FMQ : grantorIdx must be less than 3
01-22 22:10:39.340 10613 12130 E FMQ : grantorIdx must be less than 3
01-22 22:10:39.343 10613 12130 E FMQ : grantorIdx must be less than 3
01-22 22:10:39.350 10613 12087 E FMQ : grantorIdx must be less than 3
01-22 22:10:41.766 10613 12130 W Codec2Client: query -- param skipped: index = 1342179345.
01-22 22:10:41.766 10613 12130 W Codec2Client: query -- param skipped: index = 2415921170.
01-22 22:10:41.766 10613 12130 W Codec2Client: query -- param skipped: index = 1610614798.
01-22 22:10:41.768 10613 12121 W ACodec : Failed to set ANW_HWComposer to OMX, ignoring (-2147483648)
01-22 22:10:44.596 10613 10613 E ArmVmp : Match on catch block at 0x0a in for 0xc9
01-22 22:10:44.598 10613 10613 E ArmVmp : Match on catch block at 0x0a in for 0xc5
01-22 22:10:44.763 10613 10613 E ArmVmp : Match on catch block at 0xc3 in for 0xb9
01-22 22:10:44.766 10613 10613 E ArmVmp : Match on catch block at 0xc3 in for 0xb9
01-22 22:10:44.768 10613 10613 E ArmVmp : Match on catch block at 0xc3 in for 0xb9
01-22 22:10:44.795 10613 10613 E ArmVmp : Match on catch block at 0xc3 in for 0xa1
01-22 22:10:44.798 10613 10613 E ArmVmp : Match on catch block at 0xc3 in for 0xa5
01-22 22:10:44.799 10613 10613 E ArmVmp : Match on catch block at 0xc3 in for 0xa5
01-22 22:10:44.812 10613 10613 E ArmVmp : Match on catch block at 0xc3 in for 0xa1
01-22 22:10:44.814 10613 10613 E ArmVmp : Match on catch block at 0xc3 in for 0xa5
01-22 22:10:44.816 10613 10613 E ArmVmp : Match on catch block at 0xc3 in for 0xa5
01-22 22:10:44.839 10613 10613 E ArmVmp : Match on catch block at 0xc3 in for 0xa9
01-22 22:10:44.841 10613 10613 E ArmVmp : Match on catch block at 0xc3 in for 0xa1
01-22 22:10:44.843 10613 10613 E ArmVmp : Match on catch block at 0xc3 in for 0xa1
01-22 22:10:45.348 10613 10613 E ArmVmp : Match on catch block at 0xc3 in for 0xa9
01-22 22:10:45.350 10613 10613 E ArmVmp : Match on catch block at 0xc3 in for 0xa1
01-22 22:10:45.352 10613 10613 E ArmVmp : Match on catch block at 0xc3 in for 0xa1
01-22 22:10:45.463 10613 10613 E ArmVmp : Match on catch block at 0xc3 in for 0xa1
01-22 22:10:45.468 10613 10613 E ArmVmp : Match on catch block at 0xc3 in for 0xa5
01-22 22:10:45.471 10613 10613 E ArmVmp : Match on catch block at 0xc3 in for 0xa5
01-22 22:10:45.479 10613 10613 E ArmVmp : Match on catch block at 0xc3 in for 0xa9
01-22 22:10:45.482 10613 10613 E ArmVmp : Match on catch block at 0xc3 in for 0xa1
01-22 22:10:45.484 10613 10613 E ArmVmp : Match on catch block at 0xc3 in for 0xa1
01-22 22:10:45.493 10613 10613 E ArmVmp : Match on catch block at 0xc3 in for 0xa5
01-22 22:10:45.497 10613 10613 E ArmVmp : Match on catch block at 0xc3 in for 0xa9
01-22 22:10:45.500 10613 10613 E ArmVmp : Match on catch block at 0xc3 in for 0xa9
01-22 22:10:45.507 10613 10613 E ArmVmp : Match on catch block at 0xc3 in for 0xa1
01-22 22:10:45.509 10613 10613 E ArmVmp : Match on catch block at 0xc3 in for 0xa5
01-22 22:10:45.511 10613 10613 E ArmVmp : Match on catch block at 0xc3 in for 0xa5
01-22 22:10:45.521 10613 10613 E ArmVmp : Match on catch block at 0xc3 in for 0xa9
01-22 22:10:45.525 10613 10613 E ArmVmp : Match on catch block at 0xc3 in for 0xa1
01-22 22:10:45.528 10613 10613 E ArmVmp : Match on catch block at 0xc3 in for 0xa1
01-22 22:10:45.542 10613 10613 E ArmVmp : Match on catch block at 0xc3 in for 0xa5
01-22 22:10:45.546 10613 10613 E ArmVmp : Match on catch block at 0xc3 in for 0xa9
01-22 22:10:45.547 10613 10613 E ArmVmp : Match on catch block at 0xc3 in for 0xa9
01-22 22:10:45.565 10613 10613 E ArmVmp : Match on catch block at 0xc3 in for 0xa1
01-22 22:10:45.569 10613 10613 E ArmVmp : Match on catch block at 0xc3 in for 0xa5
01-22 22:10:45.571 10613 10613 E ArmVmp : Match on catch block at 0xc3 in for 0xa5
01-22 22:10:45.581 10613 10613 E ArmVmp : Match on catch block at 0xc3 in for 0xa9
01-22 22:10:45.585 10613 10613 E ArmVmp : Match on catch block at 0xc3 in for 0xa1
01-22 22:10:45.589 10613 10613 E ArmVmp : Match on catch block at 0xc3 in for 0xa1
01-22 22:10:45.598 10613 10613 E ArmVmp : Match on catch block at 0xc3 in for 0xa5
01-22 22:10:45.603 10613 10613 E ArmVmp : Match on catch block at 0xc3 in for 0xa9
01-22 22:10:45.606 10613 10613 E ArmVmp : Match on catch block at 0xc3 in for 0xa9
01-22 22:10:45.615 10613 10613 E ArmVmp : Match on catch block at 0xc3 in for 0xa1
01-22 22:10:45.618 10613 10613 E ArmVmp : Match on catch block at 0xc3 in for 0xa5
01-22 22:10:45.621 10613 10613 E ArmVmp : Match on catch block at 0xc3 in for 0xa5
01-22 22:10:45.641 10613 10613 E ArmVmp : Match on catch block at 0xc3 in for 0xa5
01-22 22:10:45.644 10613 10613 E ArmVmp : Match on catch block at 0xc3 in for 0xa9
01-22 22:10:45.646 10613 10613 E ArmVmp : Match on catch block at 0xc3 in for 0xa9
01-22 22:10:45.659 10613 10613 E ArmVmp : Match on catch block at 0xc3 in for 0xa1
01-22 22:10:45.661 10613 10613 E ArmVmp : Match on catch block at 0xc3 in for 0xa5
01-22 22:10:45.663 10613 10613 E ArmVmp : Match on catch block at 0xc3 in for 0xa5
01-22 22:10:45.682 10613 10613 E ArmVmp : Match on catch block at 0xc3 in for 0xa9
01-22 22:10:45.686 10613 10613 E ArmVmp : Match on catch block at 0xc3 in for 0xa1
01-22 22:10:45.688 10613 10613 E ArmVmp : Match on catch block at 0xc3 in for 0xa1
01-22 22:10:45.698 10613 10613 E ArmVmp : Match on catch block at 0xc3 in for 0xa5
01-22 22:10:45.700 10613 10613 E ArmVmp : Match on catch block at 0xc3 in for 0xa9
01-22 22:10:45.702 10613 10613 E ArmVmp : Match on catch block at 0xc3 in for 0xa9
01-22 22:10:45.714 10613 10613 E ArmVmp : Match on catch block at 0xc3 in for 0xa1
01-22 22:10:45.717 10613 10613 E ArmVmp : Match on catch block at 0xc3 in for 0xa5
01-22 22:10:45.719 10613 10613 E ArmVmp : Match on catch block at 0xc3 in for 0xa5
01-22 22:10:45.731 10613 10613 E ArmVmp : Match on catch block at 0xc3 in for 0xa9
01-22 22:10:45.734 10613 10613 E ArmVmp : Match on catch block at 0xc3 in for 0xa1
01-22 22:10:45.736 10613 10613 E ArmVmp : Match on catch block at 0xc3 in for 0xa1
01-22 22:10:45.747 10613 10613 E ArmVmp : Match on catch block at 0xc3 in for 0xa5
01-22 22:10:45.750 10613 10613 E ArmVmp : Match on catch block at 0xc3 in for 0xa9
01-22 22:10:45.752 10613 10613 E ArmVmp : Match on catch block at 0xc3 in for 0xa9
01-22 22:10:45.848 10613 10613 E ArmVmp : Match on catch block at 0xc3 in for 0xa1
01-22 22:10:45.853 10613 10613 E ArmVmp : Match on catch block at 0xc3 in for 0xa5
01-22 22:10:45.856 10613 10613 E ArmVmp : Match on catch block at 0xc3 in for 0xa5
01-22 22:10:46.347 10613 10613 E ArmVmp : Match on catch block at 0xc3 in for 0xa9
01-22 22:10:46.352 10613 10613 E ArmVmp : Match on catch block at 0xc3 in for 0xa1
01-22 22:10:46.354 10613 10613 E ArmVmp : Match on catch block at 0xc3 in for 0xa1
01-22 22:10:46.648 10613 10613 E ArmVmp : Match on catch block at 0xc3 in for 0xa9
01-22 22:10:46.650 10613 10613 E ArmVmp : Match on catch block at 0xc3 in for 0xa1
01-22 22:10:46.652 10613 10613 E ArmVmp : Match on catch block at 0xc3 in for 0xa1
01-22 22:10:46.662 10613 10613 E ArmVmp : Match on catch block at 0xc3 in for 0xa1
01-22 22:10:46.666 10613 10613 E ArmVmp : Match on catch block at 0xc3 in for 0xa5
01-22 22:10:46.669 10613 10613 E ArmVmp : Match on catch block at 0xc3 in for 0xa5
01-22 22:10:46.680 10613 10613 E ArmVmp : Match on catch block at 0xc3 in for 0xa9
01-22 22:10:46.683 10613 10613 E ArmVmp : Match on catch block at 0xc3 in for 0xa1
01-22 22:10:46.684 10613 10613 E ArmVmp : Match on catch block at 0xc3 in for 0xa1
01-22 22:10:46.696 10613 10613 E ArmVmp : Match on catch block at 0xc3 in for 0xa5
01-22 22:10:46.698 10613 10613 E ArmVmp : Match on catch block at 0xc3 in for 0xa9
01-22 22:10:46.699 10613 10613 E ArmVmp : Match on catch block at 0xc3 in for 0xa9
01-22 22:10:46.712 10613 10613 E ArmVmp : Match on catch block at 0xc3 in for 0xa1
01-22 22:10:46.715 10613 10613 E ArmVmp : Match on catch block at 0xc3 in for 0xa5
01-22 22:10:46.717 10613 10613 E ArmVmp : Match on catch block at 0xc3 in for 0xa5
01-22 22:10:46.729 10613 10613 E ArmVmp : Match on catch block at 0xc3 in for 0xa9
01-22 22:10:46.731 10613 10613 E ArmVmp : Match on catch block at 0xc3 in for 0xa1
01-22 22:10:46.734 10613 10613 E ArmVmp : Match on catch block at 0xc3 in for 0xa1
01-22 22:10:46.746 10613 10613 E ArmVmp : Match on catch block at 0xc3 in for 0xa5
01-22 22:10:46.749 10613 10613 E ArmVmp : Match on catch block at 0xc3 in for 0xa9
01-22 22:10:46.751 10613 10613 E ArmVmp : Match on catch block at 0xc3 in for 0xa9
01-22 22:10:46.764 10613 10613 E ArmVmp : Match on catch block at 0xc3 in for 0xa1
01-22 22:10:46.766 10613 10613 E ArmVmp : Match on catch block at 0xc3 in for 0xa5
01-22 22:10:46.769 10613 10613 E ArmVmp : Match on catch block at 0xc3 in for 0xa5
01-22 22:10:46.779 10613 10613 E ArmVmp : Match on catch block at 0xc3 in for 0xa9
01-22 22:10:46.782 10613 10613 E ArmVmp : Match on catch block at 0xc3 in for 0xa1
01-22 22:10:46.784 10613 10613 E ArmVmp : Match on catch block at 0xc3 in for 0xa1
01-22 22:10:46.796 10613 10613 E ArmVmp : Match on catch block at 0xc3 in for 0xa5
01-22 22:10:46.798 10613 10613 E ArmVmp : Match on catch block at 0xc3 in for 0xa9
01-22 22:10:46.799 10613 10613 E ArmVmp : Match on catch block at 0xc3 in for 0xa9
01-22 22:10:46.813 10613 10613 E ArmVmp : Match on catch block at 0xc3 in for 0xa1
01-22 22:10:46.815 10613 10613 E ArmVmp : Match on catch block at 0xc3 in for 0xa5
01-22 22:10:46.817 10613 10613 E ArmVmp : Match on catch block at 0xc3 in for 0xa5
01-22 22:10:46.830 10613 10613 E ArmVmp : Match on catch block at 0xc3 in for 0xa9
01-22 22:10:46.832 10613 10613 E ArmVmp : Match on catch block at 0xc3 in for 0xa1
01-22 22:10:46.834 10613 10613 E ArmVmp : Match on catch block at 0xc3 in for 0xa1
01-22 22:10:46.847 10613 10613 E ArmVmp : Match on catch block at 0xc3 in for 0xa5
01-22 22:10:46.849 10613 10613 E ArmVmp : Match on catch block at 0xc3 in for 0xa9
01-22 22:10:46.851 10613 10613 E ArmVmp : Match on catch block at 0xc3 in for 0xa9
01-22 22:10:47.153 10613 10613 E ArmVmp : Match on catch block at 0xc3 in for 0xa1
01-22 22:10:47.158 10613 10613 E ArmVmp : Match on catch block at 0xc3 in for 0xa5
01-22 22:10:47.161 10613 10613 E ArmVmp : Match on catch block at 0xc3 in for 0xa5
01-22 22:10:47.234 10613 10613 E ArmVmp : Match on catch block at 0xc3 in for 0xa9
01-22 22:10:47.239 10613 10613 E ArmVmp : Match on catch block at 0xc3 in for 0xa1
01-22 22:10:47.241 10613 10613 E ArmVmp : Match on catch block at 0xc3 in for 0xa1
01-22 22:10:47.251 10613 10613 E ArmVmp : Match on catch block at 0xc3 in for 0xa5
01-22 22:10:47.255 10613 10613 E ArmVmp : Match on catch block at 0xc3 in for 0xa9
01-22 22:10:47.257 10613 10613 E ArmVmp : Match on catch block at 0xc3 in for 0xa9
01-22 22:10:47.267 10613 10613 E ArmVmp : Match on catch block at 0xc3 in for 0xa1
01-22 22:10:47.270 10613 10613 E ArmVmp : Match on catch block at 0xc3 in for 0xa5
01-22 22:10:47.272 10613 10613 E ArmVmp : Match on catch block at 0xc3 in for 0xa5
01-22 22:10:47.284 10613 10613 E ArmVmp : Match on catch block at 0xc3 in for 0xa9
01-22 22:10:47.287 10613 10613 E ArmVmp : Match on catch block at 0xc3 in for 0xa1
01-22 22:10:47.289 10613 10613 E ArmVmp : Match on catch block at 0xc3 in for 0xa1
01-22 22:10:47.301 10613 10613 E ArmVmp : Match on catch block at 0xc3 in for 0xa5
01-22 22:10:47.305 10613 10613 E ArmVmp : Match on catch block at 0xc3 in for 0xa9
01-22 22:10:47.307 10613 10613 E ArmVmp : Match on catch block at 0xc3 in for 0xa9
01-22 22:10:47.318 10613 10613 E ArmVmp : Match on catch block at 0xc3 in for 0xa1
01-22 22:10:47.322 10613 10613 E ArmVmp : Match on catch block at 0xc3 in for 0xa5
01-22 22:10:47.324 10613 10613 E ArmVmp : Match on catch block at 0xc3 in for 0xa5
01-22 22:10:47.333 10613 10613 E ArmVmp : Match on catch block at 0xc3 in for 0xa9
01-22 22:10:47.336 10613 10613 E ArmVmp : Match on catch block at 0xc3 in for 0xa1
01-22 22:10:47.337 10613 10613 E ArmVmp : Match on catch block at 0xc3 in for 0xa1
01-22 22:10:47.351 10613 10613 E ArmVmp : Match on catch block at 0xc3 in for 0xa5
01-22 22:10:47.354 10613 10613 E ArmVmp : Match on catch block at 0xc3 in for 0xa9
01-22 22:10:47.356 10613 10613 E ArmVmp : Match on catch block at 0xc3 in for 0xa9
01-22 22:10:47.367 10613 10613 E ArmVmp : Match on catch block at 0xc3 in for 0xa1
01-22 22:10:47.369 10613 10613 E ArmVmp : Match on catch block at 0xc3 in for 0xa5
01-22 22:10:47.371 10613 10613 E ArmVmp : Match on catch block at 0xc3 in for 0xa5
01-22 22:10:47.384 10613 10613 E ArmVmp : Match on catch block at 0xc3 in for 0xa9
01-22 22:10:47.387 10613 10613 E ArmVmp : Match on catch block at 0xc3 in for 0xa1
01-22 22:10:47.389 10613 10613 E ArmVmp : Match on catch block at 0xc3 in for 0xa1
01-22 22:10:47.400 10613 10613 E ArmVmp : Match on catch block at 0xc3 in for 0xa5
01-22 22:10:47.405 10613 10613 E ArmVmp : Match on catch block at 0xc3 in for 0xa9
01-22 22:10:47.407 10613 10613 E ArmVmp : Match on catch block at 0xc3 in for 0xa9
01-22 22:10:47.417 10613 10613 E ArmVmp : Match on catch block at 0xc3 in for 0xa1
01-22 22:10:47.420 10613 10613 E ArmVmp : Match on catch block at 0xc3 in for 0xa5
01-22 22:10:47.423 10613 10613 E ArmVmp : Match on catch block at 0xc3 in for 0xa5
01-22 22:10:47.433 10613 10613 E ArmVmp : Match on catch block at 0xc3 in for 0xa9
01-22 22:10:47.436 10613 10613 E ArmVmp : Match on catch block at 0xc3 in for 0xa1
01-22 22:10:47.439 10613 10613 E ArmVmp : Match on catch block at 0xc3 in for 0xa1
01-22 22:10:47.450 10613 10613 E ArmVmp : Match on catch block at 0xc3 in for 0xa5
01-22 22:10:47.453 10613 10613 E ArmVmp : Match on catch block at 0xc3 in for 0xa9
01-22 22:10:47.455 10613 10613 E ArmVmp : Match on catch block at 0xc3 in for 0xa9
01-22 22:10:47.468 10613 10613 E ArmVmp : Match on catch block at 0xc3 in for 0xa1
01-22 22:10:47.471 10613 10613 E ArmVmp : Match on catch block at 0xc3 in for 0xa5
01-22 22:10:47.473 10613 10613 E ArmVmp : Match on catch block at 0xc3 in for 0xa5
01-22 22:10:47.484 10613 10613 E ArmVmp : Match on catch block at 0xc3 in for 0xa9
01-22 22:10:47.487 10613 10613 E ArmVmp : Match on catch block at 0xc3 in for 0xa1
01-22 22:10:47.489 10613 10613 E ArmVmp : Match on catch block at 0xc3 in for 0xa1
01-22 22:10:47.500 10613 10613 E ArmVmp : Match on catch block at 0xc3 in for 0xa5
01-22 22:10:47.504 10613 10613 E ArmVmp : Match on catch block at 0xc3 in for 0xa9
01-22 22:10:47.507 10613 10613 E ArmVmp : Match on catch block at 0xc3 in for 0xa9
01-22 22:10:47.517 10613 10613 E ArmVmp : Match on catch block at 0xc3 in for 0xa1
01-22 22:10:47.521 10613 10613 E ArmVmp : Match on catch block at 0xc3 in for 0xa5
01-22 22:10:47.524 10613 10613 E ArmVmp : Match on catch block at 0xc3 in for 0xa5
01-22 22:10:47.601 10613 10613 E ArmVmp : Match on catch block at 0xc3 in for 0xa9
01-22 22:10:47.604 10613 10613 E ArmVmp : Match on catch block at 0xc3 in for 0xa1
01-22 22:10:47.606 10613 10613 E ArmVmp : Match on catch block at 0xc3 in for 0xa1
01-22 22:10:47.684 10613 10613 E ArmVmp : Match on catch block at 0xc3 in for 0xa1
01-22 22:10:47.687 10613 10613 E ArmVmp : Match on catch block at 0xc3 in for 0xa5
01-22 22:10:47.690 10613 10613 E ArmVmp : Match on catch block at 0xc3 in for 0xa5
01-22 22:10:47.767 10613 10613 E ArmVmp : Match on catch block at 0xc3 in for 0xa9
01-22 22:10:47.770 10613 10613 E ArmVmp : Match on catch block at 0xc3 in for 0xa1
01-22 22:10:47.772 10613 10613 E ArmVmp : Match on catch block at 0xc3 in for 0xa1
01-22 22:10:47.902 10613 10613 E ArmVmp : Match on catch block at 0xc3 in for 0xa5
01-22 22:10:47.907 10613 10613 E ArmVmp : Match on catch block at 0xc3 in for 0xa9
01-22 22:10:47.909 10613 10613 E ArmVmp : Match on catch block at 0xc3 in for 0xa9
01-22 22:10:48.173 10613 10613 E ArmVmp : Match on catch block at 0xc3 in for 0xa1
01-22 22:10:48.175 10613 10613 E ArmVmp : Match on catch block at 0xc3 in for 0xa5
01-22 22:10:48.177 10613 10613 E ArmVmp : Match on catch block at 0xc3 in for 0xa5
01-22 22:10:48.196 10613 10613 E ArmVmp : Match on catch block at 0xc3 in for 0xa1
01-22 22:10:48.199 10613 10613 E ArmVmp : Match on catch block at 0xc3 in for 0xa5
01-22 22:10:48.200 10613 10613 E ArmVmp : Match on catch block at 0xc3 in for 0xa5
01-22 22:10:48.230 10613 10613 E ArmVmp : Match on catch block at 0xc3 in for 0xa9
01-22 22:10:48.233 10613 10613 E ArmVmp : Match on catch block at 0xc3 in for 0xa1
01-22 22:10:48.259 10613 10613 E ArmVmp : Match on catch block at 0xc3 in for 0xa9
01-22 22:10:48.261 10613 10613 E ArmVmp : Match on catch block at 0xc3 in for 0xa1
01-22 22:10:48.272 10613 10613 E ArmVmp : Match on catch block at 0xc3 in for 0xa9
01-22 22:10:48.274 10613 10613 E ArmVmp : Match on catch block at 0xc3 in for 0xa1
01-22 22:10:48.282 10613 10613 E ArmVmp : Match on catch block at 0xc3 in for 0xa1
01-22 22:10:48.286 10613 10613 E ArmVmp : Match on catch block at 0xc3 in for 0xa5
01-22 22:10:48.294 10613 10613 E ArmVmp : Match on catch block at 0xc3 in for 0xa1
01-22 22:10:48.298 10613 10613 E ArmVmp : Match on catch block at 0xc3 in for 0xa5
01-22 22:10:48.304 10613 10613 E ArmVmp : Match on catch block at 0xc3 in for 0xa1
01-22 22:10:48.310 10613 10613 E ArmVmp : Match on catch block at 0xc3 in for 0xa5
01-22 22:10:48.322 10613 10613 E ArmVmp : Match on catch block at 0xc3 in for 0xa1
01-22 22:10:48.325 10613 10613 E ArmVmp : Match on catch block at 0xc3 in for 0xa5
01-22 22:10:48.337 10613 10613 E ArmVmp : Match on catch block at 0xc3 in for 0xa1
01-22 22:10:48.340 10613 10613 E ArmVmp : Match on catch block at 0xc3 in for 0xa5
01-22 22:10:48.354 10613 10613 E ArmVmp : Match on catch block at 0xc3 in for 0xa1
01-22 22:10:48.358 10613 10613 E ArmVmp : Match on catch block at 0xc3 in for 0xa5
01-22 22:10:48.372 10613 10613 E ArmVmp : Match on catch block at 0xc3 in for 0xa1
01-22 22:10:48.375 10613 10613 E ArmVmp : Match on catch block at 0xc3 in for 0xa5
01-22 22:10:48.387 10613 10613 E ArmVmp : Match on catch block at 0xc3 in for 0xa1
01-22 22:10:48.390 10613 10613 E ArmVmp : Match on catch block at 0xc3 in for 0xa5
01-22 22:10:48.427 10613 10613 E ArmVmp : Match on catch block at 0xc3 in for 0xa9
01-22 22:10:48.430 10613 10613 E ArmVmp : Match on catch block at 0xc3 in for 0xa1
01-22 22:10:48.435 10613 11586 W MediaPlayer: Use of stream types is deprecated for operations other than volume control
01-22 22:10:48.435 10613 11586 W MediaPlayer: See the documentation of setAudioStreamType() for what to use instead with android.media.AudioAttributes to qualify your playback use case
01-22 22:10:48.437 10613 10613 E ArmVmp : Match on catch block at 0xc3 in for 0xa1
01-22 22:10:48.440 10613 10613 E ArmVmp : Match on catch block at 0xc3 in for 0xa5
01-22 22:10:48.688 10613 10613 E ArmVmp : Match on catch block at 0xc3 in for 0xa9
01-22 22:10:48.691 10613 10613 E ArmVmp : Match on catch block at 0xc3 in for 0xa1
01-22 22:10:48.764 10613 10613 E ArmVmp : Match on catch block at 0xc3 in for 0xa5
01-22 22:10:48.768 10613 10613 E ArmVmp : Match on catch block at 0xc3 in for 0xa9
01-22 22:10:48.785 10613 10613 E ArmVmp : Match on catch block at 0xc3 in for 0xa5
01-22 22:10:48.789 10613 10613 E ArmVmp : Match on catch block at 0xc3 in for 0xa9
01-22 22:10:48.797 10613 10613 E ArmVmp : Match on catch block at 0xc3 in for 0xa9
01-22 22:10:48.801 10613 10613 E ArmVmp : Match on catch block at 0xc3 in for 0xa1
01-22 22:10:49.190 10613 10613 E ArmVmp : Match on catch block at 0xc3 in for 0xa5
01-22 22:10:49.194 10613 10613 E ArmVmp : Match on catch block at 0xc3 in for 0xa9
01-22 22:10:49.372 10613 10613 E ArmVmp : Match on catch block at 0xc3 in for 0xa9
01-22 22:10:49.375 10613 10613 E ArmVmp : Match on catch block at 0xc3 in for 0xa1
01-22 22:10:49.387 10613 10613 E ArmVmp : Match on catch block at 0xc3 in for 0xa5
01-22 22:10:49.390 10613 10613 E ArmVmp : Match on catch block at 0xc3 in for 0xa9
01-22 22:10:49.404 10613 10613 E ArmVmp : Match on catch block at 0xc3 in for 0xa5
01-22 22:10:49.406 10613 10613 E ArmVmp : Match on catch block at 0xc3 in for 0xa9
01-22 22:10:49.425 10613 10613 E ArmVmp : Match on catch block at 0xc3 in for 0xa5
01-22 22:10:49.428 10613 10613 E ArmVmp : Match on catch block at 0xc3 in for 0xa9
01-22 22:10:49.444 10613 10613 E ArmVmp : Match on catch block at 0xc3 in for 0xa5
01-22 22:10:49.448 10613 10613 E ArmVmp : Match on catch block at 0xc3 in for 0xa9
01-22 22:10:49.459 10613 10613 E ArmVmp : Match on catch block at 0xc3 in for 0xa5
01-22 22:10:49.462 10613 10613 E ArmVmp : Match on catch block at 0xc3 in for 0xa9
01-22 22:10:49.476 10613 10613 E ArmVmp : Match on catch block at 0xc3 in for 0xa5
01-22 22:10:49.478 10613 10613 E ArmVmp : Match on catch block at 0xc3 in for 0xa9
01-22 22:10:49.497 10613 10613 E ArmVmp : Match on catch block at 0xc3 in for 0xa5
01-22 22:10:49.499 10613 10613 E ArmVmp : Match on catch block at 0xc3 in for 0xa9
01-22 22:10:49.510 10613 10613 E ArmVmp : Match on catch block at 0xc3 in for 0xa5
01-22 22:10:49.512 10613 10613 E ArmVmp : Match on catch block at 0xc3 in for 0xa9
01-22 22:10:49.527 10613 10613 E ArmVmp : Match on catch block at 0xc3 in for 0xa5
01-22 22:10:49.530 10613 10613 E ArmVmp : Match on catch block at 0xc3 in for 0xa9
01-22 22:10:49.543 10613 10613 E ArmVmp : Match on catch block at 0xc3 in for 0xa5
01-22 22:10:49.547 10613 10613 E ArmVmp : Match on catch block at 0xc3 in for 0xa9
01-22 22:10:49.559 10613 10613 E ArmVmp : Match on catch block at 0xc3 in for 0xa5
01-22 22:10:49.564 10613 10613 E ArmVmp : Match on catch block at 0xc3 in for 0xa9
01-22 22:10:49.575 10613 10613 E ArmVmp : Match on catch block at 0xc3 in for 0xa5
01-22 22:10:49.579 10613 10613 E ArmVmp : Match on catch block at 0xc3 in for 0xa9
01-22 22:10:49.642 10613 10613 E ArmVmp : Match on catch block at 0xc3 in for 0xa5
01-22 22:10:49.647 10613 10613 E ArmVmp : Match on catch block at 0xc3 in for 0xa9
01-22 22:10:49.842 10613 10613 E ArmVmp : Match on catch block at 0xc3 in for 0xa5
01-22 22:10:49.847 10613 10613 E ArmVmp : Match on catch block at 0xc3 in for 0xa9
01-22 22:10:50.032 10613 10613 E ArmVmp : Match on catch block at 0xc3 in for 0xa5
01-22 22:10:50.036 10613 10613 E ArmVmp : Match on catch block at 0xc3 in for 0xa9
01-22 22:10:50.130 10613 10613 E ArmVmp : Match on catch block at 0xc3 in for 0xa5
01-22 22:10:50.135 10613 10613 E ArmVmp : Match on catch block at 0xc3 in for 0xa9
01-22 22:10:50.213 10613 10613 E ArmVmp : Match on catch block at 0xc3 in for 0xa5
01-22 22:10:50.218 10613 10613 E ArmVmp : Match on catch block at 0xc3 in for 0xa9
01-22 22:10:50.380 10613 10613 E ArmVmp : Match on catch block at 0xc3 in for 0xa5
01-22 22:10:50.385 10613 10613 E ArmVmp : Match on catch block at 0xc3 in for 0xa9
01-22 22:10:50.396 10613 10613 E ArmVmp : Match on catch block at 0xc3 in for 0xa5
01-22 22:10:50.401 10613 10613 E ArmVmp : Match on catch block at 0xc3 in for 0xa9
01-22 22:10:50.413 10613 10613 E ArmVmp : Match on catch block at 0xc3 in for 0xa5
01-22 22:10:50.418 10613 10613 E ArmVmp : Match on catch block at 0xc3 in for 0xa9
01-22 22:10:50.435 10613 10613 E ArmVmp : Match on catch block at 0xc3 in for 0xa5
01-22 22:10:50.440 10613 10613 E ArmVmp : Match on catch block at 0xc3 in for 0xa9
01-22 22:10:50.452 10613 10613 E ArmVmp : Match on catch block at 0xc3 in for 0xa5
01-22 22:10:50.456 10613 10613 E ArmVmp : Match on catch block at 0xc3 in for 0xa9
01-22 22:10:50.470 10613 10613 E ArmVmp : Match on catch block at 0xc3 in for 0xa5
01-22 22:10:50.474 10613 10613 E ArmVmp : Match on catch block at 0xc3 in for 0xa9
01-22 22:10:50.487 10613 10613 E ArmVmp : Match on catch block at 0xc3 in for 0xa5
01-22 22:10:50.493 10613 10613 E ArmVmp : Match on catch block at 0xc3 in for 0xa9
01-22 22:10:50.515 10613 10613 E ArmVmp : Match on catch block at 0xc3 in for 0xa9
01-22 22:10:50.518 10613 10613 E ArmVmp : Match on catch block at 0xc3 in for 0xa1
01-22 22:10:50.545 10613 10613 E ArmVmp : Match on catch block at 0xc3 in for 0xa9
01-22 22:10:50.548 10613 10613 E ArmVmp : Match on catch block at 0xc3 in for 0xa1
01-22 22:10:50.575 10613 10613 E ArmVmp : Match on catch block at 0xc3 in for 0xa1
01-22 22:10:50.579 10613 10613 E ArmVmp : Match on catch block at 0xc3 in for 0xa5
01-22 22:10:50.595 10613 10613 E ArmVmp : Match on catch block at 0xc3 in for 0xa1
01-22 22:10:50.599 10613 10613 E ArmVmp : Match on catch block at 0xc3 in for 0xa5
01-22 22:10:50.608 10613 10613 E ArmVmp : Match on catch block at 0xc3 in for 0xa5
01-22 22:10:50.613 10613 10613 E ArmVmp : Match on catch block at 0xc3 in for 0xa9
01-22 22:10:50.618 10613 10613 E ArmVmp : Match on catch block at 0xc3 in for 0xa5
01-22 22:10:50.623 10613 10613 E ArmVmp : Match on catch block at 0xc3 in for 0xa9
01-22 22:10:50.635 10613 10613 E ArmVmp : Match on catch block at 0xc3 in for 0xa5
01-22 22:10:50.638 10613 10613 E ArmVmp : Match on catch block at 0xc3 in for 0xa9
01-22 22:10:50.651 10613 10613 E ArmVmp : Match on catch block at 0xc3 in for 0xa5
01-22 22:10:50.656 10613 10613 E ArmVmp : Match on catch block at 0xc3 in for 0xa9
01-22 22:10:50.668 10613 10613 E ArmVmp : Match on catch block at 0xc3 in for 0xa5
01-22 22:10:50.672 10613 10613 E ArmVmp : Match on catch block at 0xc3 in for 0xa9
01-22 22:10:50.684 10613 10613 E ArmVmp : Match on catch block at 0xc3 in for 0xa5
01-22 22:10:50.689 10613 10613 E ArmVmp : Match on catch block at 0xc3 in for 0xa9
01-22 22:10:50.701 10613 10613 E ArmVmp : Match on catch block at 0xc3 in for 0xa5
01-22 22:10:50.707 10613 10613 E ArmVmp : Match on catch block at 0xc3 in for 0xa9
01-22 22:10:50.740 10613 10613 E ArmVmp : Match on catch block at 0xc3 in for 0xa1
01-22 22:10:50.744 10613 10613 E ArmVmp : Match on catch block at 0xc3 in for 0xa5
01-22 22:10:50.749 10613 11586 W MediaPlayer: Use of stream types is deprecated for operations other than volume control
