height=1136 trim_to=0 media_key_timestamp=0 message_url=null media_caption=null
trim_from=0 mime_type=null partial_media_enc_hash=null width=936
original_file_hash=yuxXHnVm+8AZSk7cWGHhANa9JxpzG3CQoVBeld+JGpw=
has_streaming_sidecar=0 autotransfer_retry_enabled=1 media_upload_handle=null
message_row_id=1719 multicast_id=null enc_file_hash=null mute_video=0 page_count=0
first_scan_sidecar=null suspicious_content=0 file_length=219261
media_name=0857683b-1f4f-4bd8-9fad-58721387b67f.jpg media_duration=0
chat_row_id=229 media_key=null
02-10 09:38:25.725 6797 6854 E SQLiteDatabase:
android.database.sqlite.SQLiteConstraintException: UNIQUE constraint failed:
message_media.message_row_id (code 1555 SQLITE_CONSTRAINT_PRIMARYKEY)
02-10 09:38:25.725 6797 6854 E SQLiteDatabase: at
android.database.sqlite.SQLiteConnection.nativeExecuteForLastInsertedRowId(Native
Method)
02-10 09:38:25.725 6797 6854 E SQLiteDatabase: at
android.database.sqlite.SQLiteConnection.executeForLastInsertedRowId(SQLiteConnecti
on.java:940)
02-10 09:38:25.725 6797 6854 E SQLiteDatabase: at
android.database.sqlite.SQLiteSession.executeForLastInsertedRowId(SQLiteSession.jav
a:790)
02-10 09:38:25.725 6797 6854 E SQLiteDatabase: at
android.database.sqlite.SQLiteStatement.executeInsert(SQLiteStatement.java:89)
02-10 09:38:25.725 6797 6854 E SQLiteDatabase: at
android.database.sqlite.SQLiteDatabase.insertWithOnConflict(SQLiteDatabase.java:170
2)
02-10 09:38:25.725 6797 6854 E SQLiteDatabase: at
android.database.sqlite.SQLiteDatabase.insert(SQLiteDatabase.java:1571)
02-10 09:38:25.725 6797 6854 E SQLiteDatabase: at X.2tm.A08(Unknown
Source:6)
02-10 09:38:25.725 6797 6854 E SQLiteDatabase: at X.35Y.A07(Unknown
Source:212)
02-10 09:38:25.725 6797 6854 E SQLiteDatabase: at X.3QF.A14(Unknown
Source:470)
02-10 09:38:25.725 6797 6854 E SQLiteDatabase: at X.3gU.run(Unknown
Source:982)
02-10 09:38:25.725 6797 6854 E SQLiteDatabase: at
android.os.Handler.handleCallback(Handler.java:938)
02-10 09:38:25.725 6797 6854 E SQLiteDatabase: at
android.os.Handler.dispatchMessage(Handler.java:99)
02-10 09:38:25.725 6797 6854 E SQLiteDatabase: at
X.0zq.dispatchMessage(Unknown Source:4)
02-10 09:38:25.725 6797 6854 E SQLiteDatabase: at
android.os.Looper.loopOnce(Looper.java:201)
02-10 09:38:25.725 6797 6854 E SQLiteDatabase: at
android.os.Looper.loop(Looper.java:288)
02-10 09:38:25.725 6797 6854 E SQLiteDatabase: at
android.os.HandlerThread.run(HandlerThread.java:67)
02-10 09:38:25.851 6797 6797 E ArmVmp : Match on catch block at 0x0a in for 0xb9
02-10 09:38:25.862 6797 6797 E ArmVmp : Match on catch block at 0x0a in for 0xb5
02-10 09:38:26.098 6797 6797 E ArmVmp : Match on catch block at 0xc3 in for 0x99
02-10 09:38:26.104 6797 6797 E ArmVmp : Match on catch block at 0xc3 in for 0x91
02-10 09:38:26.257 6797 6919 E ArmVmp : Match on catch block at 0x48 in for 0x89
02-10 09:38:26.260 6797 6919 W System.err: java.net.SocketException: Connection
reset
02-10 09:38:26.260 6797 6919 W System.err:
02-10 09:38:26.261 6797 6919 W System.err: at
java.net.SocketInputStream.read(SocketInputStream.java:215)
02-10 09:38:26.261 6797 6919 W System.err:
02-10 09:38:26.261 6797 6919 W System.err: at
java.net.SocketInputStream.read(SocketInputStream.java:144)
02-10 09:38:26.261 6797 6919 W System.err:
02-10 09:38:26.262 6797 6919 W System.err: at
com.android.org.conscrypt.ConscryptEngineSocket$SSLInputStream.readFromSocket(Consc
ryptEngineSocket.java:945)
02-10 09:38:26.262 6797 6919 W System.err:
02-10 09:38:26.262 6797 6919 W System.err: at
com.android.org.conscrypt.ConscryptEngineSocket$SSLInputStream.processDataFromSocke
t(ConscryptEngineSocket.java:909)
02-10 09:38:26.262 6797 6919 W System.err:
02-10 09:38:26.262 6797 6919 W System.err: at
com.android.org.conscrypt.ConscryptEngineSocket$SSLInputStream.access$100(Conscrypt
EngineSocket.java:731)
02-10 09:38:26.263 6797 6919 W System.err:
02-10 09:38:26.263 6797 6919 W System.err: at
com.android.org.conscrypt.ConscryptEngineSocket.doHandshake(ConscryptEngineSocket.j
ava:241)
02-10 09:38:26.263 6797 6919 W System.err:
02-10 09:38:26.263 6797 6919 W System.err: at
com.android.org.conscrypt.ConscryptEngineSocket.startHandshake(ConscryptEngineSocke
t.java:220)
02-10 09:38:26.263 6797 6919 W System.err:
02-10 09:38:26.263 6797 6919 W System.err: at
com.android.okhttp.internal.io.RealConnection.connectTls(RealConnection.java:196)
02-10 09:38:26.264 6797 6919 W System.err:
02-10 09:38:26.264 6797 6919 W System.err: at
com.android.okhttp.internal.io.RealConnection.connectSocket(RealConnection.java:153
)
02-10 09:38:26.264 6797 6919 W System.err:
02-10 09:38:26.264 6797 6919 W System.err: at
com.android.okhttp.internal.io.RealConnection.connect(RealConnection.java:116)
02-10 09:38:26.264 6797 6919 W System.err:
02-10 09:38:26.264 6797 6919 W System.err: at
com.android.okhttp.internal.http.StreamAllocation.findConnection(StreamAllocation.j
ava:186)
02-10 09:38:26.264 6797 6919 W System.err:
02-10 09:38:26.265 6797 6919 W System.err: at
com.android.okhttp.internal.http.StreamAllocation.findHealthyConnection(StreamAlloc
ation.java:128)
02-10 09:38:26.265 6797 6919 W System.err:
02-10 09:38:26.266 6797 6919 W System.err: at
com.android.okhttp.internal.http.StreamAllocation.newStream(StreamAllocation.java:9
7)
02-10 09:38:26.266 6797 6919 W System.err:
02-10 09:38:26.267 6797 6919 W System.err: at
com.android.okhttp.internal.http.HttpEngine.connect(HttpEngine.java:289)
02-10 09:38:26.267 6797 6919 W System.err:
02-10 09:38:26.267 6797 6919 W System.err: at
com.android.okhttp.internal.http.HttpEngine.sendRequest(HttpEngine.java:232)
02-10 09:38:26.267 6797 6919 W System.err:
02-10 09:38:26.267 6797 6919 W System.err: at
com.android.okhttp.internal.huc.HttpURLConnectionImpl.execute(HttpURLConnectionImpl
.java:465)
02-10 09:38:26.267 6797 6919 W System.err:
02-10 09:38:26.268 6797 6919 W System.err: at
com.android.okhttp.internal.huc.HttpURLConnectionImpl.connect(HttpURLConnectionImpl
.java:131)
02-10 09:38:26.268 6797 6919 W System.err:
02-10 09:38:26.268 6797 6919 W System.err: at
com.android.okhttp.internal.huc.DelegatingHttpsURLConnection.connect(DelegatingHttp
sURLConnection.java:90)
02-10 09:38:26.268 6797 6919 W System.err:
02-10 09:38:26.268 6797 6919 W System.err: at
com.android.okhttp.internal.huc.HttpsURLConnectionImpl.connect(HttpsURLConnectionIm
pl.java:30)
02-10 09:38:26.268 6797 6919 W System.err:
02-10 09:38:26.268 6797 6919 W System.err: at
mbmodsd.mbmodsw.home.MBTranslator.translate(Native Method)
02-10 09:38:26.268 6797 6919 W System.err:
02-10 09:38:26.268 6797 6919 W System.err: at
mbmodsd.mbmodsw.home.MBTranslator$Async.doInBackground(Native Method)
02-10 09:38:26.268 6797 6919 W System.err:
02-10 09:38:26.269 6797 6919 W System.err: at
mbmodsd.mbmodsw.home.MBTranslator$Async.doInBackground(Native Method)
02-10 09:38:26.269 6797 6919 W System.err:
02-10 09:38:26.269 6797 6919 W System.err: at
android.os.AsyncTask$3.call(AsyncTask.java:394)
02-10 09:38:26.269 6797 6919 W System.err:
02-10 09:38:26.269 6797 6919 W System.err: at
java.util.concurrent.FutureTask.run(FutureTask.java:266)
02-10 09:38:26.269 6797 6919 W System.err:
02-10 09:38:26.269 6797 6919 W System.err: at
android.os.AsyncTask$SerialExecutor$1.run(AsyncTask.java:305)
02-10 09:38:26.269 6797 6919 W System.err:
02-10 09:38:26.270 6797 6919 W System.err: at
java.util.concurrent.ThreadPoolExecutor.runWorker(ThreadPoolExecutor.java:1167)
02-10 09:38:26.270 6797 6919 W System.err:
02-10 09:38:26.270 6797 6919 W System.err: at
java.util.concurrent.ThreadPoolExecutor$Worker.run(ThreadPoolExecutor.java:641)
02-10 09:38:26.270 6797 6919 W System.err:
02-10 09:38:26.270 6797 6919 W System.err: at
java.lang.Thread.run(Thread.java:920)
02-10 09:38:26.270 6797 6919 W System.err:
02-10 09:38:26.305 6797 6797 E ArmVmp : Match on catch block at 0xc3 in for 0x91
02-10 09:38:26.314 6797 6797 E ArmVmp : Match on catch block at 0xc3 in for 0x95
02-10 09:38:26.514 6797 6797 E ArmVmp : Match on catch block at 0xc3 in for 0x99
02-10 09:38:26.527 6797 6797 E ArmVmp : Match on catch block at 0xc3 in for 0x91
02-10 09:38:26.541 6797 6919 E ArmVmp : Match on catch block at 0x48 in for 0x95
02-10 09:38:26.542 6797 6919 W System.err: java.net.SocketException: Connection
reset
02-10 09:38:26.542 6797 6919 W System.err:
02-10 09:38:26.543 6797 6919 W System.err: at
java.net.SocketInputStream.read(SocketInputStream.java:215)
02-10 09:38:26.543 6797 6919 W System.err:
02-10 09:38:26.543 6797 6919 W System.err: at
java.net.SocketInputStream.read(SocketInputStream.java:144)
02-10 09:38:26.543 6797 6919 W System.err:
02-10 09:38:26.544 6797 6919 W System.err: at
com.android.org.conscrypt.ConscryptEngineSocket$SSLInputStream.readFromSocket(Consc
ryptEngineSocket.java:945)
02-10 09:38:26.544 6797 6919 W System.err:
02-10 09:38:26.544 6797 6919 W System.err: at
com.android.org.conscrypt.ConscryptEngineSocket$SSLInputStream.processDataFromSocke
t(ConscryptEngineSocket.java:909)
02-10 09:38:26.544 6797 6919 W System.err:
02-10 09:38:26.544 6797 6919 W System.err: at
com.android.org.conscrypt.ConscryptEngineSocket$SSLInputStream.access$100(Conscrypt
EngineSocket.java:731)
02-10 09:38:26.544 6797 6919 W System.err:
02-10 09:38:26.544 6797 6919 W System.err: at
com.android.org.conscrypt.ConscryptEngineSocket.doHandshake(ConscryptEngineSocket.j
ava:241)
02-10 09:38:26.545 6797 6919 W System.err:
02-10 09:38:26.545 6797 6919 W System.err: at
com.android.org.conscrypt.ConscryptEngineSocket.startHandshake(ConscryptEngineSocke
t.java:220)
02-10 09:38:26.545 6797 6919 W System.err:
02-10 09:38:26.546 6797 6919 W System.err: at
com.android.okhttp.internal.io.RealConnection.connectTls(RealConnection.java:196)
02-10 09:38:26.546 6797 6919 W System.err:
02-10 09:38:26.546 6797 6919 W System.err: at
com.android.okhttp.internal.io.RealConnection.connectSocket(RealConnection.java:153
)
02-10 09:38:26.546 6797 6919 W System.err:
02-10 09:38:26.546 6797 6919 W System.err: at
com.android.okhttp.internal.io.RealConnection.connect(RealConnection.java:116)
02-10 09:38:26.546 6797 6919 W System.err:
02-10 09:38:26.547 6797 6919 W System.err: at
com.android.okhttp.internal.http.StreamAllocation.findConnection(StreamAllocation.j
ava:186)
02-10 09:38:26.547 6797 6919 W System.err:
02-10 09:38:26.547 6797 6919 W System.err: at
com.android.okhttp.internal.http.StreamAllocation.findHealthyConnection(StreamAlloc
ation.java:128)
02-10 09:38:26.547 6797 6919 W System.err:
02-10 09:38:26.547 6797 6919 W System.err: at
com.android.okhttp.internal.http.StreamAllocation.newStream(StreamAllocation.java:9
7)
02-10 09:38:26.547 6797 6919 W System.err:
02-10 09:38:26.547 6797 6919 W System.err: at
com.android.okhttp.internal.http.HttpEngine.connect(HttpEngine.java:289)
02-10 09:38:26.548 6797 6919 W System.err:
02-10 09:38:26.548 6797 6919 W System.err: at
com.android.okhttp.internal.http.HttpEngine.sendRequest(HttpEngine.java:232)
02-10 09:38:26.548 6797 6919 W System.err:
02-10 09:38:26.548 6797 6919 W System.err: at
com.android.okhttp.internal.huc.HttpURLConnectionImpl.execute(HttpURLConnectionImpl
.java:465)
02-10 09:38:26.548 6797 6919 W System.err:
02-10 09:38:26.548 6797 6919 W System.err: at
com.android.okhttp.internal.huc.HttpURLConnectionImpl.connect(HttpURLConnectionImpl
.java:131)
02-10 09:38:26.549 6797 6919 W System.err:
02-10 09:38:26.549 6797 6919 W System.err: at
com.android.okhttp.internal.huc.DelegatingHttpsURLConnection.connect(DelegatingHttp
sURLConnection.java:90)
02-10 09:38:26.550 6797 6919 W System.err:
02-10 09:38:26.552 6797 6919 W System.err: at
com.android.okhttp.internal.huc.HttpsURLConnectionImpl.connect(HttpsURLConnectionIm
pl.java:30)
02-10 09:38:26.552 6797 6919 W System.err:
02-10 09:38:26.552 6797 6919 W System.err: at
mbmodsd.mbmodsw.home.MBTranslator.translate(Native Method)
02-10 09:38:26.552 6797 6919 W System.err:
02-10 09:38:26.552 6797 6919 W System.err: at
mbmodsd.mbmodsw.home.MBTranslator$Async.doInBackground(Native Method)
02-10 09:38:26.552 6797 6919 W System.err:
02-10 09:38:26.553 6797 6919 W System.err: at
mbmodsd.mbmodsw.home.MBTranslator$Async.doInBackground(Native Method)
02-10 09:38:26.553 6797 6919 W System.err:
02-10 09:38:26.553 6797 6919 W System.err: at
android.os.AsyncTask$3.call(AsyncTask.java:394)
02-10 09:38:26.553 6797 6919 W System.err:
02-10 09:38:26.553 6797 6919 W System.err: at
java.util.concurrent.FutureTask.run(FutureTask.java:266)
02-10 09:38:26.554 6797 6919 W System.err:
02-10 09:38:26.554 6797 6919 W System.err: at
android.os.AsyncTask$SerialExecutor$1.run(AsyncTask.java:305)
02-10 09:38:26.556 6797 6919 W System.err:
02-10 09:38:26.556 6797 6919 W System.err: at
java.util.concurrent.ThreadPoolExecutor.runWorker(ThreadPoolExecutor.java:1167)
02-10 09:38:26.556 6797 6919 W System.err:
02-10 09:38:26.557 6797 6919 W System.err: at
java.util.concurrent.ThreadPoolExecutor$Worker.run(ThreadPoolExecutor.java:641)
02-10 09:38:26.557 6797 6919 W System.err:
02-10 09:38:26.557 6797 6919 W System.err: at
java.lang.Thread.run(Thread.java:920)
02-10 09:38:26.557 6797 6919 W System.err:
02-10 09:38:26.603 6797 6797 E ArmVmp : Match on catch block at 0xc3 in for 0x99
02-10 09:38:26.613 6797 6797 E ArmVmp : Match on catch block at 0xc3 in for 0x91
02-10 09:38:26.650 6797 6797 E ArmVmp : Match on catch block at 0xc3 in for 0x91
02-10 09:38:26.662 6797 6797 E ArmVmp : Match on catch block at 0xc3 in for 0x95
02-10 09:38:26.708 6797 6797 E ArmVmp : Match on catch block at 0xc3 in for 0x95
02-10 09:38:26.716 6797 6797 E ArmVmp : Match on catch block at 0xc3 in for 0x99
02-10 09:38:26.794 6797 6797 W BottomSheetBehavior: BottomSheetBehavior now
supports multiple callbacks. `setBottomSheetCallback()` removes all existing
callbacks, including ones set internally by library authors, which may result in
unintended behavior. This may change in the future. Please use
`addBottomSheetCallback()` and `removeBottomSheetCallback()` instead to set your
own callbacks.
02-10 09:38:26.814 6797 6797 E ArmVmp : Match on catch block at 0xc3 in for 0x99
02-10 09:38:26.826 6797 6797 E ArmVmp : Match on catch block at 0xc3 in for 0x91
02-10 09:38:26.842 6797 6797 E ArmVmp : Match on catch block at 0xc3 in for 0x95
02-10 09:38:26.852 6797 6797 E ArmVmp : Match on catch block at 0xc3 in for 0x99
02-10 09:38:26.876 6797 6797 E ArmVmp : Match on catch block at 0xc3 in for 0x99
02-10 09:38:26.885 6797 6797 E ArmVmp : Match on catch block at 0xc3 in for 0x91
02-10 09:38:26.906 6797 6797 E ArmVmp : Match on catch block at 0xc3 in for 0x95
02-10 09:38:26.919 6797 6797 E ArmVmp : Match on catch block at 0xc3 in for 0x99
02-10 09:38:26.940 6797 6797 E ArmVmp : Match on catch block at 0xc3 in for 0x99
02-10 09:38:26.951 6797 6797 E ArmVmp : Match on catch block at 0xc3 in for 0x91
02-10 09:38:26.973 6797 6797 E ArmVmp : Match on catch block at 0xc3 in for 0x91
02-10 09:38:26.985 6797 6797 E ArmVmp : Match on catch block at 0xc3 in for 0x95
02-10 09:38:27.007 6797 6797 E ArmVmp : Match on catch block at 0xc3 in for 0x95
02-10 09:38:27.018 6797 6797 E ArmVmp : Match on catch block at 0xc3 in for 0x99
02-10 09:38:27.040 6797 6797 E ArmVmp : Match on catch block at 0xc3 in for 0x99
02-10 09:38:27.050 6797 6797 E ArmVmp : Match on catch block at 0xc3 in for 0x91
02-10 09:38:27.059 6797 6797 E ArmVmp : Match on catch block at 0xc3 in for 0x91
02-10 09:38:27.067 6797 6797 E ArmVmp : Match on catch block at 0xc3 in for 0x95
02-10 09:38:27.091 6797 6797 E ArmVmp : Match on catch block at 0xc3 in for 0x95
02-10 09:38:27.101 6797 6797 E ArmVmp : Match on catch block at 0xc3 in for 0x99
02-10 09:38:27.125 6797 6797 E ArmVmp : Match on catch block at 0xc3 in for 0x99
02-10 09:38:27.134 6797 6797 E ArmVmp : Match on catch block at 0xc3 in for 0x91
02-10 09:38:27.158 6797 6797 E ArmVmp : Match on catch block at 0xc3 in for 0x91
02-10 09:38:27.169 6797 6797 E ArmVmp : Match on catch block at 0xc3 in for 0x95
02-10 09:38:27.191 6797 6797 E ArmVmp : Match on catch block at 0xc3 in for 0x95
02-10 09:38:27.201 6797 6797 E ArmVmp : Match on catch block at 0xc3 in for 0x99
02-10 09:38:27.225 6797 6797 E ArmVmp : Match on catch block at 0xc3 in for 0x99
02-10 09:38:27.235 6797 6797 E ArmVmp : Match on catch block at 0xc3 in for 0x91
02-10 09:38:27.258 6797 6797 E ArmVmp : Match on catch block at 0xc3 in for 0x91
02-10 09:38:27.268 6797 6797 E ArmVmp : Match on catch block at 0xc3 in for 0x95
02-10 09:38:27.291 6797 6797 E ArmVmp : Match on catch block at 0xc3 in for 0x95
02-10 09:38:27.302 6797 6797 E ArmVmp : Match on catch block at 0xc3 in for 0x99
02-10 09:38:27.325 6797 6797 E ArmVmp : Match on catch block at 0xc3 in for 0x99
02-10 09:38:27.334 6797 6797 E ArmVmp : Match on catch block at 0xc3 in for 0x91
02-10 09:38:27.358 6797 6797 E ArmVmp : Match on catch block at 0xc3 in for 0x91
02-10 09:38:27.369 6797 6797 E ArmVmp : Match on catch block at 0xc3 in for 0x95
02-10 09:38:27.391 6797 6797 E ArmVmp : Match on catch block at 0xc3 in for 0x95
02-10 09:38:27.403 6797 6797 E ArmVmp : Match on catch block at 0xc3 in for 0x99
02-10 09:38:27.425 6797 6797 E ArmVmp : Match on catch block at 0xc3 in for 0x99
02-10 09:38:27.436 6797 6797 E ArmVmp : Match on catch block at 0xc3 in for 0x91
02-10 09:38:27.459 6797 6797 E ArmVmp : Match on catch block at 0xc3 in for 0x91
02-10 09:38:27.471 6797 6797 E ArmVmp : Match on catch block at 0xc3 in for 0x95
02-10 09:38:27.492 6797 6797 E ArmVmp : Match on catch block at 0xc3 in for 0x95
02-10 09:38:27.504 6797 6797 E ArmVmp : Match on catch block at 0xc3 in for 0x99
02-10 09:38:27.525 6797 6797 E ArmVmp : Match on catch block at 0xc3 in for 0x99
02-10 09:38:27.536 6797 6797 E ArmVmp : Match on catch block at 0xc3 in for 0x91
02-10 09:38:27.558 6797 6797 E ArmVmp : Match on catch block at 0xc3 in for 0x91
02-10 09:38:27.570 6797 6797 E ArmVmp : Match on catch block at 0xc3 in for 0x95
02-10 09:38:27.592 6797 6797 E ArmVmp : Match on catch block at 0xc3 in for 0x95
02-10 09:38:27.604 6797 6797 E ArmVmp : Match on catch block at 0xc3 in for 0x99
02-10 09:38:27.625 6797 6797 E ArmVmp : Match on catch block at 0xc3 in for 0x99
02-10 09:38:27.635 6797 6797 E ArmVmp : Match on catch block at 0xc3 in for 0x91
02-10 09:38:27.658 6797 6797 E ArmVmp : Match on catch block at 0xc3 in for 0x91
02-10 09:38:27.669 6797 6797 E ArmVmp : Match on catch block at 0xc3 in for 0x95
02-10 09:38:27.693 6797 6797 E ArmVmp : Match on catch block at 0xc3 in for 0x95
02-10 09:38:27.704 6797 6797 E ArmVmp : Match on catch block at 0xc3 in for 0x99
02-10 09:38:27.725 6797 6797 E ArmVmp : Match on catch block at 0xc3 in for 0x99
02-10 09:38:27.736 6797 6797 E ArmVmp : Match on catch block at 0xc3 in for 0x91
02-10 09:38:27.760 6797 6797 E ArmVmp : Match on catch block at 0xc3 in for 0x91
02-10 09:38:27.773 6797 6797 E ArmVmp : Match on catch block at 0xc3 in for 0x95
02-10 09:38:27.792 6797 6797 E ArmVmp : Match on catch block at 0xc3 in for 0x95
02-10 09:38:27.804 6797 6797 E ArmVmp : Match on catch block at 0xc3 in for 0x99
02-10 09:38:27.825 6797 6797 E ArmVmp : Match on catch block at 0xc3 in for 0x99
02-10 09:38:27.836 6797 6797 E ArmVmp : Match on catch block at 0xc3 in for 0x91
02-10 09:38:27.861 6797 6797 E ArmVmp : Match on catch block at 0xc3 in for 0x91
02-10 09:38:27.874 6797 6797 E ArmVmp : Match on catch block at 0xc3 in for 0x95
02-10 09:38:27.893 6797 6797 E ArmVmp : Match on catch block at 0xc3 in for 0x95
02-10 09:38:27.902 6797 6797 E ArmVmp : Match on catch block at 0xc3 in for 0x99
02-10 09:38:27.924 6797 6797 E ArmVmp : Match on catch block at 0xc3 in for 0x99
02-10 09:38:27.935 6797 6797 E ArmVmp : Match on catch block at 0xc3 in for 0x91
02-10 09:38:27.957 6797 6797 E ArmVmp : Match on catch block at 0xc3 in for 0x91
02-10 09:38:27.970 6797 6797 E ArmVmp : Match on catch block at 0xc3 in for 0x95
02-10 09:38:27.990 6797 6797 E ArmVmp : Match on catch block at 0xc3 in for 0x95
02-10 09:38:28.004 6797 6797 E ArmVmp : Match on catch block at 0xc3 in for 0x99
02-10 09:38:28.024 6797 6797 E ArmVmp : Match on catch block at 0xc3 in for 0x99
02-10 09:38:28.034 6797 6797 E ArmVmp : Match on catch block at 0xc3 in for 0x91
02-10 09:38:28.047 6797 6854 E SQLiteDatabase: Error inserting transferred=1
media_job_uuid=d01bc29b-3dac-4a4e-85ba-08069a5014f0 transcoded=1 gif_attribution=0
first_scan_length=0 direct_path=/o1/v/t62.7118-24/f1/m238/up-oil-image-2d09d145-
436d-4fd9-ae28-e6dc8407a783?ccb=9-
4&oh=01_AdRWnmWshCLu8SEZz5Nq2vx0ZRRJRzDA5AOBkYtX_SrFUw&oe=65EEA7AD&_nc_sid=000000
thumbnail_height_width_ratio=1.2241379 is_animated_sticker=0
file_hash=Qo4KKaC7Unqv6duvrKkXS5scBBPfIx4ptUbehF6iPJ8= file_path=Media/WhatsApp
Images/Sent/IMG-20240210-WA0002.jpg file_size=219261
partial_media_hash=Ef4fiw2MeMGG/T/b03grO9gNVSLzfnkJWbBo274F3dA= face_x=560
face_y=96 height=1136 trim_to=0 media_key_timestamp=1707554307085
message_url=https://mmg.whatsapp.net/o1/v/t62.7118-24/f1/m238/up-oil-image-
2d09d145-436d-4fd9-ae28-e6dc8407a783?ccb=9-
4&oh=01_AdRWnmWshCLu8SEZz5Nq2vx0ZRRJRzDA5AOBkYtX_SrFUw&oe=65EEA7AD&_nc_sid=000000&m
ms3=true media_caption=null trim_from=0 mime_type=null partial_media_enc_hash=null
width=936 original_file_hash=yuxXHnVm+8AZSk7cWGHhANa9JxpzG3CQoVBeld+JGpw=
has_streaming_sidecar=1 autotransfer_retry_enabled=0 media_upload_handle=null
message_row_id=1719 multicast_id=null
enc_file_hash=wxN8+taIC6SKd/hdrSW6VhO0BlbJxEVBkXFG7s59QzQ= mute_video=0
page_count=0 first_scan_sidecar=null suspicious_content=0 file_length=219261
media_name=0857683b-1f4f-4bd8-9fad-58721387b67f.jpg media_duration=0
chat_row_id=229 media_key=[B@ddfee74
02-10 09:38:28.047 6797 6854 E SQLiteDatabase:
android.database.sqlite.SQLiteConstraintException: UNIQUE constraint failed:
message_media.message_row_id (code 1555 SQLITE_CONSTRAINT_PRIMARYKEY)
02-10 09:38:28.047 6797 6854 E SQLiteDatabase: at
android.database.sqlite.SQLiteConnection.nativeExecuteForLastInsertedRowId(Native
Method)
02-10 09:38:28.047 6797 6854 E SQLiteDatabase: at
android.database.sqlite.SQLiteConnection.executeForLastInsertedRowId(SQLiteConnecti
on.java:940)
02-10 09:38:28.047 6797 6854 E SQLiteDatabase: at
android.database.sqlite.SQLiteSession.executeForLastInsertedRowId(SQLiteSession.jav
a:790)
02-10 09:38:28.047 6797 6854 E SQLiteDatabase: at
android.database.sqlite.SQLiteStatement.executeInsert(SQLiteStatement.java:89)
02-10 09:38:28.047 6797 6854 E SQLiteDatabase: at
android.database.sqlite.SQLiteDatabase.insertWithOnConflict(SQLiteDatabase.java:170
2)
02-10 09:38:28.047 6797 6854 E SQLiteDatabase: at
android.database.sqlite.SQLiteDatabase.insert(SQLiteDatabase.java:1571)
02-10 09:38:28.047 6797 6854 E SQLiteDatabase: at X.2tm.A08(Unknown
Source:6)
02-10 09:38:28.047 6797 6854 E SQLiteDatabase: at X.35Y.A07(Unknown
Source:212)
02-10 09:38:28.047 6797 6854 E SQLiteDatabase: at X.3QF.A14(Unknown
Source:470)
02-10 09:38:28.047 6797 6854 E SQLiteDatabase: at X.3gU.run(Unknown
Source:982)
02-10 09:38:28.047 6797 6854 E SQLiteDatabase: at
android.os.Handler.handleCallback(Handler.java:938)
02-10 09:38:28.047 6797 6854 E SQLiteDatabase: at
android.os.Handler.dispatchMessage(Handler.java:99)
02-10 09:38:28.047 6797 6854 E SQLiteDatabase: at
X.0zq.dispatchMessage(Unknown Source:4)
02-10 09:38:28.047 6797 6854 E SQLiteDatabase: at
android.os.Looper.loopOnce(Looper.java:201)
02-10 09:38:28.047 6797 6854 E SQLiteDatabase: at
android.os.Looper.loop(Looper.java:288)
02-10 09:38:28.047 6797 6854 E SQLiteDatabase: at
android.os.HandlerThread.run(HandlerThread.java:67)
02-10 09:38:28.057 6797 6797 E ArmVmp : Match on catch block at 0xc3 in for 0x99
02-10 09:38:28.068 6797 6797 E ArmVmp : Match on catch block at 0xc3 in for 0x91
02-10 09:38:28.142 6797 6797 E ArmVmp : Match on catch block at 0xc3 in for 0x99
02-10 09:38:28.151 6797 6797 E ArmVmp : Match on catch block at 0xc3 in for 0x91
02-10 09:38:28.165 6797 6797 E ArmVmp : Match on catch block at 0xc3 in for 0x91
02-10 09:38:28.173 6797 6797 E ArmVmp : Match on catch block at 0xc3 in for 0x95
02-10 09:38:28.223 6797 6797 E ArmVmp : Match on catch block at 0xc3 in for 0x95
02-10 09:38:28.230 6797 6797 E ArmVmp : Match on catch block at 0xc3 in for 0x99
02-10 09:38:28.524 6797 6797 E ArmVmp : Match on catch block at 0xc3 in for 0x91
02-10 09:38:28.533 6797 6797 E ArmVmp : Match on catch block at 0xc3 in for 0x95
02-10 09:38:29.010 6797 6797 E ArmVmp : Match on catch block at 0xc3 in for 0x95
02-10 09:38:29.018 6797 6797 E ArmVmp : Match on catch block at 0xc3 in for 0x99
02-10 09:38:29.030 6797 20480 W MediaPlayer: Use of stream types is deprecated for
operations other than volume control
02-10 09:38:29.031 6797 20480 W MediaPlayer: See the documentation of
setAudioStreamType() for what to use instead with android.media.AudioAttributes to
qualify your playback use case
02-10 09:38:29.031 6797 6797 E ArmVmp : Match on catch block at 0xc3 in for 0x99
02-10 09:38:29.042 6797 6797 E ArmVmp : Match on catch block at 0xc3 in for 0x91
02-10 09:38:29.063 6797 6797 E ArmVmp : Match on catch block at 0xc3 in for 0x91
02-10 09:38:29.072 6797 6797 E ArmVmp : Match on catch block at 0xc3 in for 0x95
02-10 09:38:29.559 6797 6797 E ArmVmp : Match on catch block at 0xc3 in for 0x91
02-10 09:38:29.566 6797 6797 E ArmVmp : Match on catch block at 0xc3 in for 0x95
02-10 09:38:30.057 6797 6797 E ArmVmp : Match on catch block at 0xc3 in for 0x95
02-10 09:38:30.066 6797 6797 E ArmVmp : Match on catch block at 0xc3 in for 0x99
02-10 09:38:30.557 6797 6797 E ArmVmp : Match on catch block at 0xc3 in for 0x99
02-10 09:38:30.564 6797 6797 E ArmVmp : Match on catch block at 0xc3 in for 0x91
02-10 09:38:30.607 6797 6797 E ArmVmp : Match on catch block at 0xc3 in for 0x91
02-10 09:38:30.616 6797 6797 E ArmVmp : Match on catch block at 0xc3 in for 0x95
02-10 09:38:30.626 6797 6797 E ArmVmp : Match on catch block at 0xc3 in for 0x95
02-10 09:38:30.635 6797 6797 E ArmVmp : Match on catch block at 0xc3 in for 0x99
02-10 09:38:30.645 6797 6797 E ArmVmp : Match on catch block at 0xc3 in for 0x99
02-10 09:38:30.654 6797 6797 E ArmVmp : Match on catch block at 0xc3 in for 0x91
02-10 09:38:30.673 6797 6797 E ArmVmp : Match on catch block at 0xc3 in for 0x91
02-10 09:38:30.684 6797 6797 E ArmVmp : Match on catch block at 0xc3 in for 0x95
02-10 09:38:30.692 6797 6797 E ArmVmp : Match on catch block at 0xc3 in for 0x95
02-10 09:38:30.702 6797 6797 E ArmVmp : Match on catch block at 0xc3 in for 0x99
02-10 09:38:30.721 6797 6797 E ArmVmp : Match on catch block at 0xc3 in for 0x99
02-10 09:38:30.733 6797 6797 E ArmVmp : Match on catch block at 0xc3 in for 0x91
02-10 09:38:30.747 6797 6797 E ArmVmp : Match on catch block at 0xc3 in for 0x91
02-10 09:38:30.756 6797 6797 E ArmVmp : Match on catch block at 0xc3 in for 0x95
02-10 09:38:30.774 6797 6797 E ArmVmp : Match on catch block at 0xc3 in for 0x95
02-10 09:38:30.783 6797 6797 E ArmVmp : Match on catch block at 0xc3 in for 0x99
02-10 09:38:30.791 6797 6797 E ArmVmp : Match on catch block at 0xc3 in for 0x99
02-10 09:38:30.802 6797 6797 E ArmVmp : Match on catch block at 0xc3 in for 0x91
02-10 09:38:30.811 6797 6797 E ArmVmp : Match on catch block at 0xc3 in for 0x91
02-10 09:38:30.824 6797 6797 E ArmVmp : Match on catch block at 0xc3 in for 0x95
02-10 09:38:30.840 6797 6797 E ArmVmp : Match on catch block at 0xc3 in for 0x95
02-10 09:38:30.849 6797 6797 E ArmVmp : Match on catch block at 0xc3 in for 0x99
02-10 09:38:30.858 6797 6797 E ArmVmp : Match on catch block at 0xc3 in for 0x99
02-10 09:38:30.867 6797 6797 E ArmVmp : Match on catch block at 0xc3 in for 0x91
02-10 09:38:31.058 6797 6797 E ArmVmp : Match on catch block at 0xc3 in for 0x91
02-10 09:38:31.065 6797 6797 E ArmVmp : Match on catch block at 0xc3 in for 0x95
02-10 09:38:31.574 6797 6797 E ArmVmp : Match on catch block at 0xc3 in for 0x95
02-10 09:38:31.582 6797 6797 E ArmVmp : Match on catch block at 0xc3 in for 0x99
02-10 09:38:31.766 6797 6797 E ArmVmp : Match on catch block at 0xc3 in for 0x95
02-10 09:38:31.776 6797 6797 E ArmVmp : Match on catch block at 0xc3 in for 0x99
02-10 09:38:31.819 6797 6797 E ArmVmp : Match on catch block at 0xc3 in for 0x95
02-10 09:38:31.826 6797 6797 E ArmVmp : Match on catch block at 0xc3 in for 0x99
02-10 09:38:31.842 6797 6797 E ArmVmp : Match on catch block at 0xc3 in for 0x99
02-10 09:38:31.850 6797 6797 E ArmVmp : Match on catch block at 0xc3 in for 0x91
02-10 09:38:31.865 6797 6797 E ArmVmp : Match on catch block at 0xc3 in for 0x91
02-10 09:38:31.874 6797 6797 E ArmVmp : Match on catch block at 0xc3 in for 0x95
02-10 09:38:31.924 6797 6797 E ArmVmp : Match on catch block at 0xc3 in for 0x95
02-10 09:38:31.931 6797 6797 E ArmVmp : Match on catch block at 0xc3 in for 0x99
02-10 09:38:32.004 6797 6797 E ArmVmp : Match on catch block at 0xc3 in for 0x95
02-10 09:38:32.011 6797 6797 E ArmVmp : Match on catch block at 0xc3 in for 0x99
02-10 09:38:32.109 6797 6797 E ArmVmp : Match on catch block at 0xc3 in for 0x99
02-10 09:38:32.115 6797 6797 E ArmVmp : Match on catch block at 0xc3 in for 0x91
02-10 09:38:32.269 6797 6797 E ArmVmp : Match on catch block at 0xc3 in for 0x91
02-10 09:38:32.276 6797 6797 E ArmVmp : Match on catch block at 0xc3 in for 0x95
02-10 09:38:32.390 6797 6797 E ArmVmp : Match on catch block at 0xc3 in for 0x99
02-10 09:38:32.395 6797 6797 E ArmVmp : Match on catch block at 0xc3 in for 0x91
02-10 09:38:32.487 6797 6797 E ArmVmp : Match on catch block at 0xc3 in for 0x91
02-10 09:38:32.495 6797 6797 E ArmVmp : Match on catch block at 0xc3 in for 0x95
02-10 09:38:32.561 6797 6797 E ArmVmp : Match on catch block at 0xc3 in for 0x91
02-10 09:38:32.567 6797 6797 E ArmVmp : Match on catch block at 0xc3 in for 0x95
02-10 09:38:32.612 6797 6797 E ArmVmp : Match on catch block at 0xc3 in for 0x95
02-10 09:38:32.618 6797 6797 E ArmVmp : Match on catch block at 0xc3 in for 0x99
02-10 09:38:32.628 6797 6797 E ArmVmp : Match on catch block at 0xc3 in for 0x91
02-10 09:38:32.633 6797 6797 E ArmVmp : Match on catch block at 0xc3 in for 0x95
02-10 09:38:32.675 6797 6797 E ArmVmp : Match on catch block at 0xc3 in for 0x99
02-10 09:38:32.685 6797 6797 E ArmVmp : Match on catch block at 0xc3 in for 0x91
02-10 09:38:32.694 6797 6797 E ArmVmp : Match on catch block at 0xc3 in for 0x95
02-10 09:38:32.703 6797 6797 E ArmVmp : Match on catch block at 0xc3 in for 0x99
02-10 09:38:32.711 6797 6797 E ArmVmp : Match on catch block at 0xc3 in for 0x91
02-10 09:38:32.718 6797 6797 E ArmVmp : Match on catch block at 0xc3 in for 0x95
02-10 09:38:32.744 6797 6797 E ArmVmp : Match on catch block at 0xc3 in for 0x91
02-10 09:38:32.750 6797 6797 E ArmVmp : Match on catch block at 0xc3 in for 0x95
02-10 09:38:32.760 6797 6797 E ArmVmp : Match on catch block at 0xc3 in for 0x99
02-10 09:38:32.768 6797 6797 E ArmVmp : Match on catch block at 0xc3 in for 0x91
02-10 09:38:32.777 6797 6797 E ArmVmp : Match on catch block at 0xc3 in for 0x95
02-10 09:38:32.783 6797 6797 E ArmVmp : Match on catch block at 0xc3 in for 0x99
02-10 09:38:32.792 6797 6797 E ArmVmp : Match on catch block at 0xc3 in for 0x91
02-10 09:38:32.802 6797 6797 E ArmVmp : Match on catch block at 0xc3 in for 0x95
02-10 09:38:32.815 6797 6797 E ArmVmp : Match on catch block at 0xc3 in for 0x99
02-10 09:38:32.822 6797 6797 E ArmVmp : Match on catch block at 0xc3 in for 0x91
02-10 09:38:32.834 6797 6797 E ArmVmp : Match on catch block at 0xc3 in for 0x95
02-10 09:38:32.842 6797 6797 E ArmVmp : Match on catch block at 0xc3 in for 0x99
02-10 09:38:32.851 6797 6797 E ArmVmp : Match on catch block at 0xc3 in for 0x91
02-10 09:38:32.858 6797 6797 E ArmVmp : Match on catch block at 0xc3 in for 0x95
02-10 09:38:32.871 6797 6797 E ArmVmp : Match on catch block at 0xc3 in for 0x99
02-10 09:38:32.879 6797 6797 E ArmVmp : Match on catch block at 0xc3 in for 0x91
02-10 09:38:32.887 6797 6797 E ArmVmp : Match on catch block at 0xc3 in for 0x95
02-10 09:38:32.897 6797 6797 E ArmVmp : Match on catch block at 0xc3 in for 0x99
02-10 09:38:32.930 6797 6797 E ArmVmp : Match on catch block at 0xc3 in for 0x95
02-10 09:38:32.939 6797 6797 E ArmVmp : Match on catch block at 0xc3 in for 0x99
02-10 09:38:32.949 6797 6797 E ArmVmp : Match on catch block at 0xc3 in for 0x91
02-10 09:38:32.956 6797 6797 E ArmVmp : Match on catch block at 0xc3 in for 0x95
02-10 09:38:32.966 6797 6797 E ArmVmp : Match on catch block at 0xc3 in for 0x95
02-10 09:38:32.973 6797 6797 E ArmVmp : Match on catch block at 0xc3 in for 0x99
02-10 09:38:33.107 6797 6797 E ArmVmp : Match on catch block at 0xc3 in for 0x91
02-10 09:38:33.119 6797 6797 E ArmVmp : Match on catch block at 0xc3 in for 0x95
02-10 09:38:33.133 6797 6797 E ArmVmp : Match on catch block at 0xc3 in for 0x99
02-10 09:38:33.143 6797 6797 E ArmVmp : Match on catch block at 0xc3 in for 0x91
02-10 09:38:33.155 6797 6797 E ArmVmp : Match on catch block at 0xc3 in for 0x95
02-10 09:38:33.170 6797 6797 E ArmVmp : Match on catch block at 0xc3 in for 0x99
02-10 09:38:33.180 6797 6797 E ArmVmp : Match on catch block at 0xc3 in for 0x91
02-10 09:38:33.189 6797 6797 E ArmVmp : Match on catch block at 0xc3 in for 0x95
02-10 09:38:33.206 6797 6797 E ArmVmp : Match on catch block at 0xc3 in for 0x99
02-10 09:38:33.236 6797 6797 E ArmVmp : Match on catch block at 0xc3 in for 0x91
02-10 09:38:33.247 6797 6797 E ArmVmp : Match on catch block at 0xc3 in for 0x95
02-10 09:38:33.254 6797 6797 E ArmVmp : Match on catch block at 0xc3 in for 0x99
02-10 09:38:33.270 6797 6797 E ArmVmp : Match on catch block at 0xc3 in for 0x91
02-10 09:38:33.286 6797 6797 E ArmVmp : Match on catch block at 0xc3 in for 0x95
02-10 09:38:33.306 6797 6797 E ArmVmp : Match on catch block at 0xc3 in for 0x99
02-10 09:38:33.313 6797 6797 E ArmVmp : Match on catch block at 0xc3 in for 0x91
02-10 09:38:33.324 6797 6797 E ArmVmp : Match on catch block at 0xc3 in for 0x95
02-10 09:38:33.336 6797 6797 E ArmVmp : Match on catch block at 0xc3 in for 0x99
02-10 09:38:33.351 6797 6797 E ArmVmp : Match on catch block at 0xc3 in for 0x91
02-10 09:38:33.359 6797 6797 E ArmVmp : Match on catch block at 0xc3 in for 0x95
02-10 09:38:33.369 6797 6797 E ArmVmp : Match on catch block at 0xc3 in for 0x99
02-10 09:38:33.379 6797 6797 E ArmVmp : Match on catch block at 0xc3 in for 0x91
02-10 09:38:33.393 6797 6797 E ArmVmp : Match on catch block at 0xc3 in for 0x95
02-10 09:38:33.400 6797 6797 E ArmVmp : Match on catch block at 0xc3 in for 0x99
02-10 09:38:33.412 6797 6797 E ArmVmp : Match on catch block at 0xc3 in for 0x91
02-10 09:38:33.418 6797 6797 E ArmVmp : Match on catch block at 0xc3 in for 0x95
02-10 09:38:33.441 6797 6797 E ArmVmp : Match on catch block at 0xc3 in for 0x95
02-10 09:38:33.452 6797 6797 E ArmVmp : Match on catch block at 0xc3 in for 0x99
02-10 09:38:33.475 6797 6797 E ArmVmp : Match on catch block at 0xc3 in for 0x99
02-10 09:38:33.480 6797 6797 E ArmVmp : Match on catch block at 0xc3 in for 0x91
02-10 09:38:33.490 6797 6797 E ArmVmp : Match on catch block at 0xc3 in for 0x95
02-10 09:38:33.500 6797 6797 E ArmVmp : Match on catch block at 0xc3 in for 0x99
02-10 09:38:33.515 6797 6797 E ArmVmp : Match on catch block at 0xc3 in for 0x91
02-10 09:38:33.523 6797 6797 E ArmVmp : Match on catch block at 0xc3 in for 0x95
02-10 09:38:33.541 6797 6797 E ArmVmp : Match on catch block at 0xc3 in for 0x95
02-10 09:38:33.559 6797 6797 E ArmVmp : Match on catch block at 0xc3 in for 0x99
02-10 09:38:33.575 6797 6797 E ArmVmp : Match on catch block at 0xc3 in for 0x95
02-10 09:38:33.584 6797 6797 E ArmVmp : Match on catch block at 0xc3 in for 0x99
02-10 09:38:33.642 6797 6797 E ArmVmp : Match on catch block at 0xc3 in for 0x99
02-10 09:38:33.649 6797 6797 E ArmVmp : Match on catch block at 0xc3 in for 0x91
02-10 09:38:33.660 6797 6797 E ArmVmp : Match on catch block at 0xc3 in for 0x91
02-10 09:38:33.666 6797 6797 E ArmVmp : Match on catch block at 0xc3 in for 0x95
02-10 09:38:33.688 6797 6797 E ArmVmp : Match on catch block at 0xc3 in for 0x95
02-10 09:38:33.702 6797 6797 E ArmVmp : Match on catch block at 0xc3 in for 0x99
02-10 09:38:33.839 6797 6797 E ArmVmp : Match on catch block at 0xc3 in for 0x99
02-10 09:38:33.846 6797 6797 E ArmVmp : Match on catch block at 0xc3 in for 0x91
02-10 09:38:34.340 6797 6797 E ArmVmp : Match on catch block at 0xc3 in for 0x91
02-10 09:38:34.348 6797 6797 E ArmVmp : Match on catch block at 0xc3 in for 0x95
02-10 09:38:34.592 6797 6797 E ArmVmp : Match on catch block at 0xc3 in for 0x91
02-10 09:38:34.600 6797 6797 E ArmVmp : Match on catch block at 0xc3 in for 0x95
02-10 09:38:34.840 6797 6797 E ArmVmp : Match on catch block at 0xc3 in for 0x95
02-10 09:38:34.848 6797 6797 E ArmVmp : Match on catch block at 0xc3 in for 0x99
02-10 09:38:34.874 6797 6797 E ArmVmp : Match on catch block at 0xc3 in for 0x99
02-10 09:38:34.883 6797 6797 E ArmVmp : Match on catch block at 0xc3 in for 0x91
02-10 09:38:34.907 6797 6797 E ArmVmp : Match on catch block at 0xc3 in for 0x91
02-10 09:38:34.915 6797 6797 E ArmVmp : Match on catch block at 0xc3 in for 0x95
02-10 09:38:34.941 6797 6797 E ArmVmp : Match on catch block at 0xc3 in for 0x95
02-10 09:38:34.950 6797 6797 E ArmVmp : Match on catch block at 0xc3 in for 0x99
02-10 09:38:34.974 6797 6797 E ArmVmp : Match on catch block at 0xc3 in for 0x99
02-10 09:38:34.983 6797 6797 E ArmVmp : Match on catch block at 0xc3 in for 0x91
02-10 09:38:35.008 6797 6797 E ArmVmp : Match on catch block at 0xc3 in for 0x91
02-10 09:38:35.017 6797 6797 E ArmVmp : Match on catch block at 0xc3 in for 0x95
02-10 09:38:35.041 6797 6797 E ArmVmp : Match on catch block at 0xc3 in for 0x95
02-10 09:38:35.050 6797 6797 E ArmVmp : Match on catch block at 0xc3 in for 0x99
02-10 09:38:35.074 6797 6797 E ArmVmp : Match on catch block at 0xc3 in for 0x99
02-10 09:38:35.082 6797 6797 E ArmVmp : Match on catch block at 0xc3 in for 0x91
02-10 09:38:35.257 6797 6797 E ArmVmp : Match on catch block at 0xc3 in for 0x91
02-10 09:38:35.266 6797 6797 E ArmVmp : Match on catch block at 0xc3 in for 0x95
02-10 09:38:35.279 6797 6797 E ArmVmp : Match on catch block at 0xc3 in for 0x95
02-10 09:38:35.290 6797 6797 E ArmVmp : Match on catch block at 0xc3 in for 0x99
02-10 09:38:35.306 6797 6797 E ArmVmp : Match on catch block at 0xc3 in for 0x99
02-10 09:38:35.316 6797 6797 E ArmVmp : Match on catch block at 0xc3 in for 0x91
02-10 09:38:35.327 6797 6797 E ArmVmp : Match on catch block at 0xc3 in for 0x91
02-10 09:38:35.337 6797 6797 E ArmVmp : Match on catch block at 0xc3 in for 0x95
02-10 09:38:35.356 6797 6797 E ArmVmp : Match on catch block at 0xc3 in for 0x95
02-10 09:38:35.366 6797 6797 E ArmVmp : Match on catch block at 0xc3 in for 0x99
02-10 09:38:35.376 6797 6797 E ArmVmp : Match on catch block at 0xc3 in for 0x99
02-10 09:38:35.386 6797 6797 E ArmVmp : Match on catch block at 0xc3 in for 0x91
02-10 09:38:35.407 6797 6797 E ArmVmp : Match on catch block at 0xc3 in for 0x91
02-10 09:38:35.416 6797 6797 E ArmVmp : Match on catch block at 0xc3 in for 0x95
02-10 09:38:35.427 6797 6797 E ArmVmp : Match on catch block at 0xc3 in for 0x95
02-10 09:38:35.436 6797 6797 E ArmVmp : Match on catch block at 0xc3 in for 0x99
02-10 09:38:35.456 6797 6797 E ArmVmp : Match on catch block at 0xc3 in for 0x99
02-10 09:38:35.465 6797 6797 E ArmVmp : Match on catch block at 0xc3 in for 0x91
02-10 09:38:35.474 6797 6797 E ArmVmp : Match on catch block at 0xc3 in for 0x91
02-10 09:38:35.482 6797 6797 E ArmVmp : Match on catch block at 0xc3 in for 0x95
02-10 09:38:35.493 6797 6797 E ArmVmp : Match on catch block at 0xc3 in for 0x95
02-10 09:38:35.502 6797 6797 E ArmVmp : Match on catch block at 0xc3 in for 0x99
02-10 09:38:35.855 6797 6797 E ArmVmp : Match on catch block at 0xc3 in for 0x99
02-10 09:38:35.863 6797 6797 E ArmVmp : Match on catch block at 0xc3 in for 0x91
02-10 09:38:36.188 6797 6797 E ArmVmp : Match on catch block at 0xc3 in for 0x95
02-10 09:38:36.192 6797 6797 E ArmVmp : Match on catch block at 0xc3 in for 0x99
02-10 09:38:36.216 6797 12157 E FrameEvents: updateAcquireFence: Did not find
frame.
02-10 09:38:36.481 6797 6797 E ArmVmp : Match on catch block at 0xc3 in for 0x99
02-10 09:38:36.486 6797 6797 E ArmVmp : Match on catch block at 0xc3 in for 0x91
02-10 09:38:36.509 6797 6797 E ArmVmp : Match on catch block at 0xc3 in for 0x95
02-10 09:38:36.515 6797 6797 E ArmVmp : Match on catch block at 0xc3 in for 0x99
02-10 09:38:36.540 6797 6797 E ArmVmp : Match on catch block at 0xc3 in for 0x99
02-10 09:38:36.545 6797 6797 E ArmVmp : Match on catch block at 0xc3 in for 0x91
02-10 09:38:36.562 6797 6797 E ArmVmp : Match on catch block at 0xc3 in for 0x91
02-10 09:38:36.567 6797 6797 E ArmVmp : Match on catch block at 0xc3 in for 0x95
02-10 09:38:36.586 6797 6797 E ArmVmp : Match on catch block at 0xc3 in for 0x95
02-10 09:38:36.591 6797 6797 E ArmVmp : Match on catch block at 0xc3 in for 0x99
02-10 09:38:36.608 6797 6797 E ArmVmp : Match on catch block at 0xc3 in for 0x99
02-10 09:38:36.614 6797 6797 E ArmVmp : Match on catch block at 0xc3 in for 0x91
02-10 09:38:36.631 6797 6797 E ArmVmp : Match on catch block at 0xc3 in for 0x91
02-10 09:38:36.636 6797 6797 E ArmVmp : Match on catch block at 0xc3 in for 0x95
02-10 09:38:49.437 6797 12157 E FrameEvents: updateAcquireFence: Did not find
frame.
02-10 09:38:49.449 6797 6797 E ArmVmp : Match on catch block at 0xc3 in for 0x95
02-10 09:38:49.453 6797 6797 E ArmVmp : Match on catch block at 0xc3 in for 0x99
02-10 09:38:49.463 6797 6797 E ArmVmp : Match on catch block at 0xc3 in for 0x99
02-10 09:38:49.468 6797 6797 E ArmVmp : Match on catch block at 0xc3 in for 0x91
02-10 09:38:49.750 6797 6797 E ArmVmp : Match on catch block at 0xc3 in for 0x91
02-10 09:38:49.756 6797 6797 E ArmVmp : Match on catch block at 0xc3 in for 0x95
02-10 09:38:49.779 6797 6797 E ArmVmp : Match on catch block at 0xc3 in for 0x95
02-10 09:38:49.787 6797 6797 E ArmVmp : Match on catch block at 0xc3 in for 0x99
02-10 09:38:49.820 6797 6797 E ArmVmp : Match on catch block at 0xc3 in for 0x99
02-10 09:38:49.825 6797 6797 E ArmVmp : Match on catch block at 0xc3 in for 0x91
02-10 09:38:50.015 6797 6797 E ArmVmp : Match on catch block at 0xc3 in for 0x95
02-10 09:38:50.019 6797 6797 E ArmVmp : Match on catch block at 0xc3 in for 0x99
02-10 09:38:50.063 6797 6797 E ArmVmp : Match on catch block at 0xc3 in for 0x91
02-10 09:38:50.068 6797 6797 E ArmVmp : Match on catch block at 0xc3 in for 0x95
02-10 09:38:50.077 6797 6797 E ArmVmp : Match on catch block at 0xc3 in for 0x95
02-10 09:38:50.081 6797 6797 E ArmVmp : Match on catch block at 0xc3 in for 0x99
02-10 09:38:50.090 6797 6797 E ArmVmp : Match on catch block at 0xc3 in for 0x99
02-10 09:38:50.094 6797 6797 E ArmVmp : Match on catch block at 0xc3 in for 0x91
02-10 09:38:50.102 6797 6797 E ArmVmp : Match on catch block at 0xc3 in for 0x91
02-10 09:38:50.107 6797 6797 E ArmVmp : Match on catch block at 0xc3 in for 0x95
02-10 09:38:50.120 6797 6797 E ArmVmp : Match on catch block at 0xc3 in for 0x95
02-10 09:38:50.125 6797 6797 E ArmVmp : Match on catch block at 0xc3 in for 0x99
02-10 09:38:50.138 6797 6797 E ArmVmp : Match on catch block at 0xc3 in for 0x99
02-10 09:38:50.142 6797 6797 E ArmVmp : Match on catch block at 0xc3 in for 0x91
02-10 09:38:50.155 6797 6797 E ArmVmp : Match on catch block at 0xc3 in for 0x91
02-10 09:38:50.159 6797 6797 E ArmVmp : Match on catch block at 0xc3 in for 0x95
02-10 09:38:50.550 6797 6797 E ArmVmp : Match on catch block at 0xc3 in for 0x91
02-10 09:38:50.554 6797 6797 E ArmVmp : Match on catch block at 0xc3 in for 0x95
02-10 09:38:50.741 6797 6797 E ArmVmp : Match on catch block at 0xc3 in for 0x91
02-10 09:38:50.745 6797 6797 E ArmVmp : Match on catch block at 0xc3 in for 0x95
02-10 09:38:50.753 6797 6797 E ArmVmp : Match on catch block at 0xc3 in for 0x99
02-10 09:38:50.758 6797 6797 E ArmVmp : Match on catch block at 0xc3 in for 0x91
02-10 09:38:50.883 6797 6797 E ArmVmp : Match on catch block at 0xc3 in for 0x95
02-10 09:38:50.888 6797 6797 E ArmVmp : Match on catch block at 0xc3 in for 0x99
02-10 09:39:01.549 6797 6797 E ArmVmp : Match on catch block at 0x0a in for 0xb1
02-10 09:39:01.560 6797 6797 E ArmVmp : Match on catch block at 0x0a in for 0xb9
02-10 09:39:01.772 6797 6797 E ArmVmp : Match on catch block at 0xc3 in for 0xa5
02-10 09:39:01.775 6797 6797 E ArmVmp : Match on catch block at 0xc3 in for 0xa5
02-10 09:39:01.849 6797 6797 E ArmVmp : Match on catch block at 0xc3 in for 0x95
02-10 09:39:01.857 6797 6797 E ArmVmp : Match on catch block at 0xc3 in for 0x99
02-10 09:39:01.941 6797 6797 E ArmVmp : Match on catch block at 0xc3 in for 0x91
02-10 09:39:01.945 6797 6797 E ArmVmp : Match on catch block at 0xc3 in for 0x95
02-10 09:39:02.002 6797 6797 E ArmVmp : Match on catch block at 0xc3 in for 0x99
02-10 09:39:02.007 6797 6797 E ArmVmp : Match on catch block at 0xc3 in for 0x91
02-10 09:39:02.031 6797 6797 E ArmVmp : Match on catch block at 0xc3 in for 0x99
02-10 09:39:02.038 6797 6797 E ArmVmp : Match on catch block at 0xc3 in for 0x91
02-10 09:39:02.058 6797 6797 E ArmVmp : Match on catch block at 0xc3 in for 0x99
02-10 09:39:02.062 6797 6797 E ArmVmp : Match on catch block at 0xc3 in for 0x91
02-10 09:39:02.079 6797 6797 E ArmVmp : Match on catch block at 0xc3 in for 0x91
02-10 09:39:02.083 6797 6797 E ArmVmp : Match on catch block at 0xc3 in for 0x95
02-10 09:39:02.099 6797 6797 E ArmVmp : Match on catch block at 0xc3 in for 0x95
02-10 09:39:02.103 6797 6797 E ArmVmp : Match on catch block at 0xc3 in for 0x99
02-10 09:39:02.113 6797 6797 E ArmVmp : Match on catch block at 0xc3 in for 0x99
02-10 09:39:02.117 6797 6797 E ArmVmp : Match on catch block at 0xc3 in for 0x91
02-10 09:39:02.127 6797 6797 E ArmVmp : Match on catch block at 0xc3 in for 0x91
02-10 09:39:02.131 6797 6797 E ArmVmp : Match on catch block at 0xc3 in for 0x95
02-10 09:39:02.178 6797 6919 E ArmVmp : Match on catch block at 0x48 in for 0x85
02-10 09:39:02.179 6797 6919 W System.err: java.net.SocketException: Connection
reset
02-10 09:39:02.179 6797 6919 W System.err:
02-10 09:39:02.180 6797 6919 W System.err: at
java.net.SocketInputStream.read(SocketInputStream.java:215)
02-10 09:39:02.180 6797 6919 W System.err:
02-10 09:39:02.180 6797 6919 W System.err: at
java.net.SocketInputStream.read(SocketInputStream.java:144)
02-10 09:39:02.180 6797 6919 W System.err:
02-10 09:39:02.180 6797 6919 W System.err: at
com.android.org.conscrypt.ConscryptEngineSocket$SSLInputStream.readFromSocket(Consc
ryptEngineSocket.java:945)
02-10 09:39:02.180 6797 6919 W System.err:
02-10 09:39:02.181 6797 6919 W System.err: at
com.android.org.conscrypt.ConscryptEngineSocket$SSLInputStream.processDataFromSocke
t(ConscryptEngineSocket.java:909)
02-10 09:39:02.181 6797 6919 W System.err:
02-10 09:39:02.181 6797 6919 W System.err: at
com.android.org.conscrypt.ConscryptEngineSocket$SSLInputStream.access$100(Conscrypt
EngineSocket.java:731)
02-10 09:39:02.181 6797 6919 W System.err:
02-10 09:39:02.181 6797 6919 W System.err: at
com.android.org.conscrypt.ConscryptEngineSocket.doHandshake(ConscryptEngineSocket.j
ava:241)
02-10 09:39:02.181 6797 6919 W System.err:
02-10 09:39:02.182 6797 6919 W System.err: at
com.android.org.conscrypt.ConscryptEngineSocket.startHandshake(ConscryptEngineSocke
t.java:220)
02-10 09:39:02.182 6797 6919 W System.err:
02-10 09:39:02.182 6797 6919 W System.err: at
com.android.okhttp.internal.io.RealConnection.connectTls(RealConnection.java:196)
02-10 09:39:02.182 6797 6919 W System.err:
02-10 09:39:02.182 6797 6919 W System.err: at
com.android.okhttp.internal.io.RealConnection.connectSocket(RealConnection.java:153
)
02-10 09:39:02.183 6797 6919 W System.err:
02-10 09:39:02.183 6797 6919 W System.err: at
com.android.okhttp.internal.io.RealConnection.connect(RealConnection.java:116)
02-10 09:39:02.183 6797 6919 W System.err:
02-10 09:39:02.183 6797 6919 W System.err: at
com.android.okhttp.internal.http.StreamAllocation.findConnection(StreamAllocation.j
ava:186)
02-10 09:39:02.183 6797 6919 W System.err:
02-10 09:39:02.183 6797 6919 W System.err: at
com.android.okhttp.internal.http.StreamAllocation.findHealthyConnection(StreamAlloc
ation.java:128)
02-10 09:39:02.184 6797 6919 W System.err:
02-10 09:39:02.184 6797 6919 W System.err: at
com.android.okhttp.internal.http.StreamAllocation.newStream(StreamAllocation.java:9
7)
02-10 09:39:02.184 6797 6919 W System.err:
02-10 09:39:02.184 6797 6919 W System.err: at
com.android.okhttp.internal.http.HttpEngine.connect(HttpEngine.java:289)
02-10 09:39:02.184 6797 6919 W System.err:
02-10 09:39:02.184 6797 6919 W System.err: at
com.android.okhttp.internal.http.HttpEngine.sendRequest(HttpEngine.java:232)
02-10 09:39:02.184 6797 6919 W System.err:
02-10 09:39:02.185 6797 6919 W System.err: at
com.android.okhttp.internal.huc.HttpURLConnectionImpl.execute(HttpURLConnectionImpl
.java:465)
02-10 09:39:02.185 6797 6919 W System.err:
02-10 09:39:02.185 6797 6919 W System.err: at
com.android.okhttp.internal.huc.HttpURLConnectionImpl.connect(HttpURLConnectionImpl
.java:131)
02-10 09:39:02.185 6797 6919 W System.err:
02-10 09:39:02.186 6797 6919 W System.err: at
com.android.okhttp.internal.huc.DelegatingHttpsURLConnection.connect(DelegatingHttp
sURLConnection.java:90)
02-10 09:39:02.186 6797 6919 W System.err:
02-10 09:39:02.186 6797 6919 W System.err: at
com.android.okhttp.internal.huc.HttpsURLConnectionImpl.connect(HttpsURLConnectionIm
pl.java:30)
02-10 09:39:02.186 6797 6919 W System.err:
02-10 09:39:02.186 6797 6919 W System.err: at
mbmodsd.mbmodsw.home.MBTranslator.translate(Native Method)
02-10 09:39:02.186 6797 6919 W System.err:
02-10 09:39:02.187 6797 6919 W System.err: at
mbmodsd.mbmodsw.home.MBTranslator$Async.doInBackground(Native Method)
02-10 09:39:02.187 6797 6919 W System.err:
02-10 09:39:02.187 6797 6919 W System.err: at
mbmodsd.mbmodsw.home.MBTranslator$Async.doInBackground(Native Method)
02-10 09:39:02.187 6797 6919 W System.err:
02-10 09:39:02.187 6797 6919 W System.err: at
android.os.AsyncTask$3.call(AsyncTask.java:394)
02-10 09:39:02.187 6797 6919 W System.err:
02-10 09:39:02.187 6797 6919 W System.err: at
java.util.concurrent.FutureTask.run(FutureTask.java:266)
02-10 09:39:02.187 6797 6919 W System.err:
