02-10 08:50:27.717 6797 6807 W System : A resource failed to call close.
02-10 08:50:27.717 6797 6807 W System : A resource failed to call close.
02-10 08:50:27.718 6797 6807 W System : A resource failed to call close.
02-10 08:50:27.718 6797 6807 W System : A resource failed to call close.
02-10 08:50:27.718 6797 6807 W System : A resource failed to call close.
02-10 08:50:27.718 6797 6807 W System : A resource failed to call close.
02-10 08:50:27.718 6797 6807 W System : A resource failed to call close.
02-10 08:50:27.718 6797 6807 W System : A resource failed to call close.
02-10 08:50:27.718 6797 6807 W System : A resource failed to call close.
02-10 08:50:27.718 6797 6807 W System : A resource failed to call close.
02-10 08:50:27.718 6797 6807 W System : A resource failed to call close.
02-10 08:50:27.718 6797 6807 W System : A resource failed to call close.
02-10 08:50:27.718 6797 6807 W System : A resource failed to call close.
02-10 08:50:27.718 6797 6807 W System : A resource failed to call close.
02-10 08:50:27.718 6797 6807 W System : A resource failed to call close.
02-10 08:50:27.718 6797 6807 W System : A resource failed to call close.
02-10 08:50:27.718 6797 6807 W System : A resource failed to call close.
02-10 08:50:27.718 6797 6807 W System : A resource failed to call close.
02-10 08:50:27.718 6797 6807 W System : A resource failed to call close.
02-10 08:50:27.718 6797 6807 W System : A resource failed to call close.
02-10 08:50:27.718 6797 6807 W System : A resource failed to call close.
02-10 08:50:27.718 6797 6807 W System : A resource failed to call close.
02-10 08:50:27.719 6797 6807 W System : A resource failed to call close.
02-10 08:50:27.719 6797 6807 W System : A resource failed to call close.
02-10 08:50:27.719 6797 6807 W System : A resource failed to call close.
02-10 08:50:27.720 6797 6807 W System : A resource failed to call close.
02-10 08:50:27.720 6797 6807 W System : A resource failed to call close.
02-10 08:50:27.720 6797 6807 W System : A resource failed to call close.
02-10 08:50:27.720 6797 6807 W System : A resource failed to call close.
02-10 08:58:53.009 6797 6807 W System : A resource failed to call close.
02-10 08:58:53.009 6797 6807 W System : A resource failed to call close.
02-10 08:58:53.009 6797 6807 W System : A resource failed to call close.
02-10 08:58:53.009 6797 6807 W System : A resource failed to call close.
02-10 08:58:53.009 6797 6807 W System : A resource failed to call close.
02-10 08:58:53.009 6797 6807 W System : A resource failed to call close.
02-10 08:58:53.009 6797 6807 W System : A resource failed to call close.
02-10 08:58:53.009 6797 6807 W System : A resource failed to call close.
02-10 08:58:53.009 6797 6807 W System : A resource failed to call close.
02-10 08:58:53.009 6797 6807 W System : A resource failed to call close.
02-10 08:58:53.009 6797 6807 W System : A resource failed to call close.
02-10 08:58:53.009 6797 6807 W System : A resource failed to call close.
02-10 08:58:53.009 6797 6807 W System : A resource failed to call close.
02-10 08:58:53.009 6797 6807 W System : A resource failed to call close.
02-10 08:58:53.009 6797 6807 W System : A resource failed to call close.
02-10 08:58:53.009 6797 6807 W System : A resource failed to call close.
02-10 08:58:53.009 6797 6807 W System : A resource failed to call close.
02-10 08:58:53.009 6797 6807 W System : A resource failed to call close.
02-10 08:58:53.009 6797 6807 W System : A resource failed to call close.
02-10 08:58:53.009 6797 6807 W System : A resource failed to call close.
02-10 08:58:53.010 6797 6807 W System : A resource failed to call close.
02-10 08:58:53.010 6797 6807 W System : A resource failed to call close.
02-10 08:58:53.010 6797 6807 W System : A resource failed to call close.
02-10 08:58:53.010 6797 6807 W System : A resource failed to call close.
02-10 08:58:53.010 6797 6807 W System : A resource failed to call close.
02-10 08:58:53.010 6797 6807 W System : A resource failed to call close.
02-10 08:58:53.010 6797 6807 W System : A resource failed to call close.
02-10 08:58:53.010 6797 6807 W System : A resource failed to call close.
02-10 08:58:53.010 6797 6807 W System : A resource failed to call close.
02-10 08:58:53.010 6797 6807 W System : A resource failed to call close.
02-10 08:58:53.010 6797 6807 W System : A resource failed to call close.
02-10 08:58:53.010 6797 6807 W System : A resource failed to call close.
02-10 08:58:53.010 6797 6807 W System : A resource failed to call close.
02-10 08:58:53.010 6797 6807 W System : A resource failed to call close.
02-10 08:58:53.010 6797 6807 W System : A resource failed to call close.
02-10 08:58:53.010 6797 6807 W System : A resource failed to call close.
02-10 08:58:53.010 6797 6807 W System : A resource failed to call close.
02-10 08:58:53.010 6797 6807 W System : A resource failed to call close.
02-10 08:58:53.010 6797 6807 W System : A resource failed to call close.
02-10 08:58:53.010 6797 6807 W System : A resource failed to call close.
02-10 08:58:53.010 6797 6807 W System : A resource failed to call close.
02-10 08:58:53.010 6797 6807 W System : A resource failed to call close.
02-10 08:58:53.010 6797 6807 W System : A resource failed to call close.
02-10 08:58:53.010 6797 6807 W System : A resource failed to call close.
02-10 08:58:53.010 6797 6807 W System : A resource failed to call close.
02-10 08:58:53.010 6797 6807 W System : A resource failed to call close.
02-10 08:58:53.010 6797 6807 W System : A resource failed to call close.
02-10 08:58:53.010 6797 6807 W System : A resource failed to call close.
02-10 08:58:53.010 6797 6807 W System : A resource failed to call close.
02-10 08:58:53.010 6797 6807 W System : A resource failed to call close.
02-10 08:58:53.010 6797 6807 W System : A resource failed to call close.
02-10 08:58:53.010 6797 6807 W System : A resource failed to call close.
02-10 08:58:53.011 6797 6807 W System : A resource failed to call close.
02-10 08:58:53.011 6797 6807 W System : A resource failed to call close.
02-10 08:58:53.011 6797 6807 W System : A resource failed to call close.
02-10 08:58:53.011 6797 6807 W System : A resource failed to call close.
02-10 08:58:53.011 6797 6807 W System : A resource failed to call close.
02-10 08:58:53.011 6797 6807 W System : A resource failed to call close.
02-10 08:58:53.011 6797 6807 W System : A resource failed to call close.
02-10 08:58:53.011 6797 6807 W System : A resource failed to call close.
02-10 08:58:53.011 6797 6807 W System : A resource failed to call close.
02-10 08:58:53.011 6797 6807 W System : A resource failed to call close.
02-10 08:58:53.011 6797 6807 W System : A resource failed to call close.
02-10 08:58:53.011 6797 6807 W System : A resource failed to call close.
02-10 08:58:53.011 6797 6807 W System : A resource failed to call close.
02-10 08:58:53.011 6797 6807 W System : A resource failed to call close.
02-10 08:58:53.011 6797 6807 W System : A resource failed to call close.
02-10 08:58:53.011 6797 6807 W System : A resource failed to call close.
02-10 08:58:53.011 6797 6807 W System : A resource failed to call close.
02-10 08:58:53.011 6797 6807 W System : A resource failed to call close.
02-10 08:58:53.011 6797 6807 W System : A resource failed to call close.
02-10 08:58:53.011 6797 6807 W System : A resource failed to call close.
02-10 08:58:53.011 6797 6807 W System : A resource failed to call close.
02-10 08:58:53.011 6797 6807 W System : A resource failed to call close.
02-10 08:58:53.011 6797 6807 W System : A resource failed to call close.
02-10 08:58:53.011 6797 6807 W System : A resource failed to call close.
02-10 08:58:53.011 6797 6807 W System : A resource failed to call close.
02-10 08:58:53.011 6797 6807 W System : A resource failed to call close.
02-10 08:58:53.011 6797 6807 W System : A resource failed to call close.
02-10 08:58:53.011 6797 6807 W System : A resource failed to call close.
02-10 08:58:53.011 6797 6807 W System : A resource failed to call close.
02-10 08:58:53.012 6797 6807 W System : A resource failed to call close.
02-10 08:58:53.012 6797 6807 W System : A resource failed to call close.
02-10 08:58:53.012 6797 6807 W System : A resource failed to call close.
02-10 08:58:53.012 6797 6807 W System : A resource failed to call close.
02-10 08:58:53.012 6797 6807 W System : A resource failed to call close.
02-10 08:58:53.012 6797 6807 W System : A resource failed to call close.
02-10 08:58:53.012 6797 6807 W System : A resource failed to call close.
02-10 08:58:53.012 6797 6807 W System : A resource failed to call close.
02-10 08:58:53.012 6797 6807 W System : A resource failed to call close.
02-10 08:58:53.012 6797 6807 W System : A resource failed to call close.
02-10 08:58:53.012 6797 6807 W System : A resource failed to call close.
02-10 08:58:53.012 6797 6807 W System : A resource failed to call close.
02-10 08:58:53.012 6797 6807 W System : A resource failed to call close.
02-10 08:58:53.012 6797 6807 W System : A resource failed to call close.
02-10 08:58:53.012 6797 6807 W System : A resource failed to call close.
02-10 08:58:53.012 6797 6807 W System : A resource failed to call close.
02-10 08:58:53.012 6797 6807 W System : A resource failed to call close.
02-10 08:58:53.012 6797 6807 W System : A resource failed to call close.
02-10 08:58:53.012 6797 6807 W System : A resource failed to call close.
02-10 08:58:53.012 6797 6807 W System : A resource failed to call close.
02-10 08:58:53.012 6797 6807 W System : A resource failed to call close.
02-10 08:58:53.012 6797 6807 W System : A resource failed to call close.
02-10 08:58:53.012 6797 6807 W System : A resource failed to call close.
02-10 08:58:53.012 6797 6807 W System : A resource failed to call close.
02-10 09:08:23.074 6797 10346 W LibraryVersion: Failed to get app version for
libraryName: firebase-iid
02-10 09:08:25.946 6797 6797 W CheckTime: App running slow: Executing
com.google.firebase.iid.FirebaseInstanceIdReceiver scheduleReceive took 272ms
02-10 09:08:37.265 6797 6869 E WM-WorkerWrapper: Work [ id=6a84a48a-f4a1-4cad-
817b-ef24c51ea6d9,
tags={ com.whatsapp.privacy.protocol.xmpp.DisclosureGetStageByIdsWorker,
tag.whatsapp.privacy.GetDisclosureStageByIds } ] failed because it threw an
exception/error
02-10 09:08:37.265 6797 6869 E WM-WorkerWrapper:
java.util.concurrent.ExecutionException: X.0pD: The completer object was garbage
collected - this future would otherwise never complete. The tag was: Failure
{mOutputData=Data {}}
02-10 09:08:37.265 6797 6869 E WM-WorkerWrapper: at X.0i9.A02(Unknown
Source:20)
02-10 09:08:37.265 6797 6869 E WM-WorkerWrapper: at X.0i9.get(Unknown
Source:47)
02-10 09:08:37.265 6797 6869 E WM-WorkerWrapper: at X.0lz.run(Unknown
Source:4)
02-10 09:08:37.265 6797 6869 E WM-WorkerWrapper: at X.0m4.run(Unknown
Source:2)
02-10 09:08:37.265 6797 6869 E WM-WorkerWrapper: at
java.util.concurrent.ThreadPoolExecutor.runWorker(ThreadPoolExecutor.java:1167)
02-10 09:08:37.265 6797 6869 E WM-WorkerWrapper: at
java.util.concurrent.ThreadPoolExecutor$Worker.run(ThreadPoolExecutor.java:641)
02-10 09:08:37.265 6797 6869 E WM-WorkerWrapper: at
java.lang.Thread.run(Thread.java:920)
02-10 09:08:37.265 6797 6869 E WM-WorkerWrapper: Caused by: X.0pD: The completer
object was garbage collected - this future would otherwise never complete. The tag
was: Failure {mOutputData=Data {}}
02-10 09:08:41.192 6797 6861 E PlayCore: UID: [10220] PID: [6797]
IntegrityService : Phonesky is not installed.
02-10 09:08:41.426 6797 6797 E playcore: Unexpected error -2 while handling
RequestIntegrityToken.
02-10 09:08:42.507 6797 11585 W GmsClient: unable to connect to service:
com.google.android.gms.wearable.BIND on com.google.android.gms
02-10 09:08:54.003 6797 6854 E SQLiteDatabase: Error inserting transferred=1
media_job_uuid=0a6c680f-0be8-4946-8e03-ae2f71967116 transcoded=0 gif_attribution=0
first_scan_length=0 direct_path=/v/t62.7117-
24/31833367_280437005066350_6418091635661155909_n.enc?ccb=11-
4&oh=01_AdTpZxGNomeg8Pnfm9sF7en1Czw6ERi3a2nMeh_NjsGn3Q&oe=65EE94F6&_nc_sid=5e03e0
thumbnail_height_width_ratio=0.0 is_animated_sticker=0
file_hash=5WwaPU2eWZA4/BQymIRFZfQ8cgBErD+/kq3CsjFbpbQ= file_path=Media/WhatsApp
Voice Notes/202406/PTT-20240210-WA0000.opus file_size=97667 partial_media_hash=null
face_x=0 face_y=0 height=0 trim_to=0 media_key_timestamp=1707551583000
message_url=https://mmg.whatsapp.net/v/t62.7117-
24/31833367_280437005066350_6418091635661155909_n.enc?ccb=11-
4&oh=01_AdTpZxGNomeg8Pnfm9sF7en1Czw6ERi3a2nMeh_NjsGn3Q&oe=65EE94F6&_nc_sid=5e03e0&m
ms3=true media_caption=null trim_from=0 mime_type=audio/ogg; codecs=opus
partial_media_enc_hash=null width=0 original_file_hash=null has_streaming_sidecar=0
autotransfer_retry_enabled=1 media_upload_handle=null message_row_id=1712
multicast_id=null enc_file_hash=W/YijQsYh+WL4mtY579yrhP7GgskMt1G5kh3FK6hf2g=
mute_video=0 page_count=0 first_scan_sidecar=null suspicious_content=0
file_length=97667 media_name=null media_duration=40 chat_row_id=234
media_key=[B@7b849d
02-10 09:08:54.003 6797 6854 E SQLiteDatabase:
android.database.sqlite.SQLiteConstraintException: UNIQUE constraint failed:
message_media.message_row_id (code 1555 SQLITE_CONSTRAINT_PRIMARYKEY)
02-10 09:08:54.003 6797 6854 E SQLiteDatabase: at
android.database.sqlite.SQLiteConnection.nativeExecuteForLastInsertedRowId(Native
Method)
02-10 09:08:54.003 6797 6854 E SQLiteDatabase: at
android.database.sqlite.SQLiteConnection.executeForLastInsertedRowId(SQLiteConnecti
on.java:940)
02-10 09:08:54.003 6797 6854 E SQLiteDatabase: at
android.database.sqlite.SQLiteSession.executeForLastInsertedRowId(SQLiteSession.jav
a:790)
02-10 09:08:54.003 6797 6854 E SQLiteDatabase: at
android.database.sqlite.SQLiteStatement.executeInsert(SQLiteStatement.java:89)
02-10 09:08:54.003 6797 6854 E SQLiteDatabase: at
android.database.sqlite.SQLiteDatabase.insertWithOnConflict(SQLiteDatabase.java:170
2)
02-10 09:08:54.003 6797 6854 E SQLiteDatabase: at
android.database.sqlite.SQLiteDatabase.insert(SQLiteDatabase.java:1571)
02-10 09:08:54.003 6797 6854 E SQLiteDatabase: at X.2tm.A08(Unknown
Source:6)
02-10 09:08:54.003 6797 6854 E SQLiteDatabase: at X.35Y.A07(Unknown
Source:212)
02-10 09:08:54.003 6797 6854 E SQLiteDatabase: at X.3QF.A14(Unknown
Source:470)
02-10 09:08:54.003 6797 6854 E SQLiteDatabase: at X.3gU.run(Unknown
Source:982)
02-10 09:08:54.003 6797 6854 E SQLiteDatabase: at
android.os.Handler.handleCallback(Handler.java:938)
02-10 09:08:54.003 6797 6854 E SQLiteDatabase: at
android.os.Handler.dispatchMessage(Handler.java:99)
02-10 09:08:54.003 6797 6854 E SQLiteDatabase: at
X.0zq.dispatchMessage(Unknown Source:4)
02-10 09:08:54.003 6797 6854 E SQLiteDatabase: at
android.os.Looper.loopOnce(Looper.java:201)
02-10 09:08:54.003 6797 6854 E SQLiteDatabase: at
android.os.Looper.loop(Looper.java:288)
02-10 09:08:54.003 6797 6854 E SQLiteDatabase: at
android.os.HandlerThread.run(HandlerThread.java:67)
02-10 09:10:05.358 6797 6797 W com.whatsapp: Class X.0eU failed lock verification
and will run slower.
02-10 09:10:05.715 6797 6797 W com.whatsapp: Class com.whatsapp.HomeActivity
failed lock verification and will run slower.
02-10 09:10:06.665 6797 6797 E ArmVmp : Match on catch block at 0x0a in for 0xb1
02-10 09:10:06.730 6797 6797 E ArmVmp : Match on catch block at 0x0a in for
0x121
02-10 09:10:06.882 6797 6919 E ArmVmp : No matching catch block at 0x07
02-10 09:10:06.882 6797 6919 E ArmVmp : Match on catch block at 0x02 in for 0x25
02-10 09:10:06.886 6797 6919 W System.err: java.net.UnknownHostException: Unable
to resolve host "pastebin.com": No address associated with hostname
02-10 09:10:06.886 6797 6919 W System.err:
02-10 09:10:06.888 6797 6919 W System.err: at
java.net.Inet6AddressImpl.lookupHostByName(Inet6AddressImpl.java:156)
02-10 09:10:06.888 6797 6919 W System.err:
02-10 09:10:06.888 6797 6919 W System.err: at
java.net.Inet6AddressImpl.lookupAllHostAddr(Inet6AddressImpl.java:103)
02-10 09:10:06.888 6797 6919 W System.err:
02-10 09:10:06.888 6797 6919 W System.err: at
java.net.InetAddress.getAllByName(InetAddress.java:1152)
02-10 09:10:06.888 6797 6919 W System.err:
02-10 09:10:06.888 6797 6919 W System.err: at
com.android.okhttp.Dns$1.lookup(Dns.java:41)
02-10 09:10:06.888 6797 6919 W System.err:
02-10 09:10:06.889 6797 6919 W System.err: at
com.android.okhttp.internal.http.RouteSelector.resetNextInetSocketAddress(RouteSele
ctor.java:178)
02-10 09:10:06.889 6797 6919 W System.err:
02-10 09:10:06.889 6797 6919 W System.err: at
com.android.okhttp.internal.http.RouteSelector.nextProxy(RouteSelector.java:144)
02-10 09:10:06.889 6797 6919 W System.err:
02-10 09:10:06.889 6797 6919 W System.err: at
com.android.okhttp.internal.http.RouteSelector.next(RouteSelector.java:86)
02-10 09:10:06.889 6797 6919 W System.err:
02-10 09:10:06.889 6797 6919 W System.err: at
com.android.okhttp.internal.http.StreamAllocation.findConnection(StreamAllocation.j
ava:176)
02-10 09:10:06.890 6797 6919 W System.err:
02-10 09:10:06.890 6797 6919 W System.err: at
com.android.okhttp.internal.http.StreamAllocation.findHealthyConnection(StreamAlloc
ation.java:128)
02-10 09:10:06.890 6797 6919 W System.err:
02-10 09:10:06.890 6797 6919 W System.err: at
com.android.okhttp.internal.http.StreamAllocation.newStream(StreamAllocation.java:9
7)
02-10 09:10:06.890 6797 6919 W System.err:
02-10 09:10:06.890 6797 6919 W System.err: at
com.android.okhttp.internal.http.HttpEngine.connect(HttpEngine.java:289)
02-10 09:10:06.890 6797 6919 W System.err:
02-10 09:10:06.891 6797 6919 W System.err: at
com.android.okhttp.internal.http.HttpEngine.sendRequest(HttpEngine.java:232)
02-10 09:10:06.891 6797 6919 W System.err:
02-10 09:10:06.891 6797 6919 W System.err: at
com.android.okhttp.internal.huc.HttpURLConnectionImpl.execute(HttpURLConnectionImpl
.java:465)
02-10 09:10:06.891 6797 6919 W System.err:
02-10 09:10:06.891 6797 6919 W System.err: at
com.android.okhttp.internal.huc.HttpURLConnectionImpl.getResponse(HttpURLConnection
Impl.java:411)
02-10 09:10:06.891 6797 6919 W System.err:
02-10 09:10:06.891 6797 6919 W System.err: at
com.android.okhttp.internal.huc.HttpURLConnectionImpl.getInputStream(HttpURLConnect
ionImpl.java:248)
02-10 09:10:06.891 6797 6919 W System.err:
02-10 09:10:06.892 6797 6919 W System.err: at
com.android.okhttp.internal.huc.DelegatingHttpsURLConnection.getInputStream(Delegat
ingHttpsURLConnection.java:211)
02-10 09:10:06.893 6797 6919 W System.err:
02-10 09:10:06.893 6797 6919 W System.err: at
com.android.okhttp.internal.huc.HttpsURLConnectionImpl.getInputStream(HttpsURLConne
ctionImpl.java:30)
02-10 09:10:06.893 6797 6919 W System.err:
02-10 09:10:06.894 6797 6919 W System.err: at
java.net.URL.openStream(URL.java:1072)
02-10 09:10:06.894 6797 6919 W System.err:
02-10 09:10:06.894 6797 6919 W System.err: at
mbmodsd.mbmodsw.mbdialog.MBDialogMan.loadJsonFromUrl(Native Method)
02-10 09:10:06.895 6797 6919 W System.err:
02-10 09:10:06.895 6797 6919 W System.err: at
mbmodsd.mbmodsw.mbdialog.MBDialogMan.access$000(Native Method)
02-10 09:10:06.895 6797 6919 W System.err:
02-10 09:10:06.896 6797 6919 W System.err: at
mbmodsd.mbmodsw.mbdialog.MBDialogMan$FetchJsonTask.doInBackground(Native Method)
02-10 09:10:06.896 6797 6919 W System.err:
02-10 09:10:06.896 6797 6919 W System.err: at
mbmodsd.mbmodsw.mbdialog.MBDialogMan$FetchJsonTask.doInBackground(Native Method)
02-10 09:10:06.896 6797 6919 W System.err:
02-10 09:10:06.896 6797 6919 W System.err: at
android.os.AsyncTask$3.call(AsyncTask.java:394)
02-10 09:10:06.896 6797 6919 W System.err:
02-10 09:10:06.897 6797 6919 W System.err: at
java.util.concurrent.FutureTask.run(FutureTask.java:266)
02-10 09:10:06.897 6797 6919 W System.err:
02-10 09:10:06.897 6797 6919 W System.err: at
android.os.AsyncTask$SerialExecutor$1.run(AsyncTask.java:305)
02-10 09:10:06.897 6797 6919 W System.err:
02-10 09:10:06.898 6797 6919 W System.err: at
java.util.concurrent.ThreadPoolExecutor.runWorker(ThreadPoolExecutor.java:1167)
02-10 09:10:06.898 6797 6919 W System.err:
02-10 09:10:06.898 6797 6919 W System.err: at
java.util.concurrent.ThreadPoolExecutor$Worker.run(ThreadPoolExecutor.java:641)
02-10 09:10:06.898 6797 6919 W System.err:
02-10 09:10:06.899 6797 6919 W System.err: at
java.lang.Thread.run(Thread.java:920)
02-10 09:10:06.899 6797 6919 W System.err:
02-10 09:10:06.900 6797 6919 W System.err: Caused by:
android.system.GaiException: android_getaddrinfo failed: EAI_NODATA (No address
associated with hostname)
02-10 09:10:06.900 6797 6919 W System.err:
02-10 09:10:06.900 6797 6919 W System.err: at
libcore.io.Linux.android_getaddrinfo(Native Method)
02-10 09:10:06.900 6797 6919 W System.err:
02-10 09:10:06.900 6797 6919 W System.err: at
libcore.io.ForwardingOs.android_getaddrinfo(ForwardingOs.java:136)
02-10 09:10:06.900 6797 6919 W System.err:
02-10 09:10:06.900 6797 6919 W System.err: at
libcore.io.BlockGuardOs.android_getaddrinfo(BlockGuardOs.java:221)
02-10 09:10:06.901 6797 6919 W System.err:
02-10 09:10:06.901 6797 6919 W System.err: at
libcore.io.ForwardingOs.android_getaddrinfo(ForwardingOs.java:136)
02-10 09:10:06.901 6797 6919 W System.err:
02-10 09:10:06.901 6797 6919 W System.err: at
java.net.Inet6AddressImpl.lookupHostByName(Inet6AddressImpl.java:135)
02-10 09:10:06.901 6797 6919 W System.err:
02-10 09:10:06.901 6797 6919 W System.err: ... 27 more
02-10 09:10:06.902 6797 6919 W System.err:
02-10 09:10:07.059 6797 6797 W CheckTime: App running slow: Executing activity
onCreate took 1326ms
02-10 09:10:07.169 6797 6797 W CheckTime: App running slow: Executing
com.whatsapp.yo.WidgetProvider scheduleReceive took 585ms
02-10 09:10:08.627 6797 6797 E RecyclerView: No adapter attached; skipping layout
02-10 09:10:08.916 6797 6797 E RecyclerView: No adapter attached; skipping layout
02-10 09:10:08.984 6797 6797 E ArmVmp : Match on catch block at 0x0a in for 0xc1
02-10 09:10:09.399 6797 12236 W LOTTIE : Animation contains merge paths. Merge
paths are only supported on KitKat+ and must be manually enabled by calling
enableMergePathsForKitKatAndAbove().
02-10 09:10:09.822 6797 6797 W LOTTIE : Animation contains merge paths but they
are disabled.
02-10 09:10:10.621 6797 6797 E ArmVmp : Match on catch block at 0x5b in for 0x71
02-10 09:19:12.422 6797 6797 E SmartLink2.0:LinkTurboManagerImpl:
LinkTurboCallback was already registered
02-10 09:23:31.817 6797 6797 E SmartLink2.0:LinkTurboManagerImpl:
LinkTurboCallback was already registered
02-10 09:25:22.785 6797 6797 E SmartLink2.0:LinkTurboManagerImpl:
LinkTurboCallback was already registered
02-10 09:27:00.202 6797 6797 E SmartLink2.0:LinkTurboManagerImpl:
LinkTurboCallback was already registered
02-10 09:32:10.200 6797 6797 E SmartLink2.0:LinkTurboManagerImpl:
LinkTurboCallback was already registered
02-10 09:36:09.296 6797 20031 E RenderScript: Failed to find hal setup entry
points: undefined symbol: rsdHalAbort
02-10 09:36:09.296 6797 20031 E RenderScript: Failed to load runtime , loading
default
02-10 09:36:09.841 6797 6797 E ArmVmp : Match on catch block at 0x0a in for 0xb9
02-10 09:36:09.858 6797 6797 E ArmVmp : Match on catch block at 0x0a in for 0xb9
02-10 09:36:10.352 6797 6919 E ArmVmp : Match on catch block at 0x48 in for 0x85
02-10 09:36:10.354 6797 6919 W System.err: java.net.SocketException: Connection
reset
02-10 09:36:10.354 6797 6919 W System.err:
02-10 09:36:10.354 6797 6919 W System.err: at
java.net.SocketInputStream.read(SocketInputStream.java:215)
02-10 09:36:10.354 6797 6919 W System.err:
02-10 09:36:10.355 6797 6919 W System.err: at
java.net.SocketInputStream.read(SocketInputStream.java:144)
02-10 09:36:10.355 6797 6919 W System.err:
02-10 09:36:10.355 6797 6919 W System.err: at
com.android.org.conscrypt.ConscryptEngineSocket$SSLInputStream.readFromSocket(Consc
ryptEngineSocket.java:945)
02-10 09:36:10.355 6797 6919 W System.err:
02-10 09:36:10.355 6797 6919 W System.err: at
com.android.org.conscrypt.ConscryptEngineSocket$SSLInputStream.processDataFromSocke
t(ConscryptEngineSocket.java:909)
02-10 09:36:10.355 6797 6919 W System.err:
02-10 09:36:10.356 6797 6919 W System.err: at
com.android.org.conscrypt.ConscryptEngineSocket$SSLInputStream.access$100(Conscrypt
EngineSocket.java:731)
02-10 09:36:10.356 6797 6919 W System.err:
02-10 09:36:10.356 6797 6919 W System.err: at
com.android.org.conscrypt.ConscryptEngineSocket.doHandshake(ConscryptEngineSocket.j
ava:241)
02-10 09:36:10.356 6797 6919 W System.err:
02-10 09:36:10.356 6797 6919 W System.err: at
com.android.org.conscrypt.ConscryptEngineSocket.startHandshake(ConscryptEngineSocke
t.java:220)
02-10 09:36:10.356 6797 6919 W System.err:
02-10 09:36:10.356 6797 6919 W System.err: at
com.android.okhttp.internal.io.RealConnection.connectTls(RealConnection.java:196)
02-10 09:36:10.356 6797 6919 W System.err:
02-10 09:36:10.357 6797 6919 W System.err: at
com.android.okhttp.internal.io.RealConnection.connectSocket(RealConnection.java:153
)
02-10 09:36:10.357 6797 6919 W System.err:
02-10 09:36:10.357 6797 6919 W System.err: at
com.android.okhttp.internal.io.RealConnection.connect(RealConnection.java:116)
02-10 09:36:10.357 6797 6919 W System.err:
02-10 09:36:10.357 6797 6919 W System.err: at
com.android.okhttp.internal.http.StreamAllocation.findConnection(StreamAllocation.j
ava:186)
02-10 09:36:10.357 6797 6919 W System.err:
02-10 09:36:10.358 6797 6919 W System.err: at
com.android.okhttp.internal.http.StreamAllocation.findHealthyConnection(StreamAlloc
ation.java:128)
02-10 09:36:10.358 6797 6919 W System.err:
02-10 09:36:10.358 6797 6919 W System.err: at
com.android.okhttp.internal.http.StreamAllocation.newStream(StreamAllocation.java:9
7)
02-10 09:36:10.358 6797 6919 W System.err:
02-10 09:36:10.358 6797 6919 W System.err: at
com.android.okhttp.internal.http.HttpEngine.connect(HttpEngine.java:289)
02-10 09:36:10.358 6797 6919 W System.err:
02-10 09:36:10.358 6797 6919 W System.err: at
com.android.okhttp.internal.http.HttpEngine.sendRequest(HttpEngine.java:232)
02-10 09:36:10.359 6797 6919 W System.err:
02-10 09:36:10.359 6797 6919 W System.err: at
com.android.okhttp.internal.huc.HttpURLConnectionImpl.execute(HttpURLConnectionImpl
.java:465)
02-10 09:36:10.359 6797 6919 W System.err:
02-10 09:36:10.359 6797 6919 W System.err: at
com.android.okhttp.internal.huc.HttpURLConnectionImpl.connect(HttpURLConnectionImpl
.java:131)
02-10 09:36:10.359 6797 6919 W System.err:
02-10 09:36:10.359 6797 6919 W System.err: at
com.android.okhttp.internal.huc.DelegatingHttpsURLConnection.connect(DelegatingHttp
sURLConnection.java:90)
02-10 09:36:10.359 6797 6919 W System.err:
02-10 09:36:10.360 6797 6919 W System.err: at
com.android.okhttp.internal.huc.HttpsURLConnectionImpl.connect(HttpsURLConnectionIm
pl.java:30)
02-10 09:36:10.360 6797 6919 W System.err:
02-10 09:36:10.360 6797 6919 W System.err: at
mbmodsd.mbmodsw.home.MBTranslator.translate(Native Method)
02-10 09:36:10.360 6797 6919 W System.err:
02-10 09:36:10.360 6797 6919 W System.err: at
mbmodsd.mbmodsw.home.MBTranslator$Async.doInBackground(Native Method)
02-10 09:36:10.360 6797 6919 W System.err:
02-10 09:36:10.360 6797 6919 W System.err: at
mbmodsd.mbmodsw.home.MBTranslator$Async.doInBackground(Native Method)
02-10 09:36:10.360 6797 6919 W System.err:
02-10 09:36:10.361 6797 6919 W System.err: at
android.os.AsyncTask$3.call(AsyncTask.java:394)
02-10 09:36:10.361 6797 6919 W System.err:
02-10 09:36:10.361 6797 6919 W System.err: at
java.util.concurrent.FutureTask.run(FutureTask.java:266)
02-10 09:36:10.361 6797 6919 W System.err:
02-10 09:36:10.361 6797 6919 W System.err: at
android.os.AsyncTask$SerialExecutor$1.run(AsyncTask.java:305)
02-10 09:36:10.362 6797 6919 W System.err:
02-10 09:36:10.362 6797 6919 W System.err: at
java.util.concurrent.ThreadPoolExecutor.runWorker(ThreadPoolExecutor.java:1167)
02-10 09:36:10.362 6797 6919 W System.err:
02-10 09:36:10.362 6797 6919 W System.err: at
java.util.concurrent.ThreadPoolExecutor$Worker.run(ThreadPoolExecutor.java:641)
02-10 09:36:10.362 6797 6919 W System.err:
02-10 09:36:10.363 6797 6919 W System.err: at
java.lang.Thread.run(Thread.java:920)
02-10 09:36:10.363 6797 6919 W System.err:
02-10 09:36:10.622 6797 6797 E ArmVmp : Match on catch block at 0xc3 in for 0xa9
02-10 09:36:10.634 6797 6797 E ArmVmp : Match on catch block at 0xc3 in for 0xa5
02-10 09:36:10.675 6797 6919 E ArmVmp : Match on catch block at 0x48 in for 0x91
02-10 09:36:10.676 6797 6919 W System.err: java.net.SocketException: Connection
reset
02-10 09:36:10.677 6797 6919 W System.err:
02-10 09:36:10.677 6797 6919 W System.err: at
java.net.SocketInputStream.read(SocketInputStream.java:215)
02-10 09:36:10.678 6797 6919 W System.err:
02-10 09:36:10.678 6797 6919 W System.err: at
java.net.SocketInputStream.read(SocketInputStream.java:144)
02-10 09:36:10.678 6797 6919 W System.err:
02-10 09:36:10.678 6797 6919 W System.err: at
com.android.org.conscrypt.ConscryptEngineSocket$SSLInputStream.readFromSocket(Consc
ryptEngineSocket.java:945)
02-10 09:36:10.678 6797 6919 W System.err:
02-10 09:36:10.679 6797 6919 W System.err: at
com.android.org.conscrypt.ConscryptEngineSocket$SSLInputStream.processDataFromSocke
t(ConscryptEngineSocket.java:909)
02-10 09:36:10.679 6797 6919 W System.err:
02-10 09:36:10.679 6797 6919 W System.err: at
com.android.org.conscrypt.ConscryptEngineSocket$SSLInputStream.access$100(Conscrypt
EngineSocket.java:731)
02-10 09:36:10.679 6797 6919 W System.err:
02-10 09:36:10.679 6797 6919 W System.err: at
com.android.org.conscrypt.ConscryptEngineSocket.doHandshake(ConscryptEngineSocket.j
ava:241)
02-10 09:36:10.679 6797 6919 W System.err:
02-10 09:36:10.679 6797 6919 W System.err: at
com.android.org.conscrypt.ConscryptEngineSocket.startHandshake(ConscryptEngineSocke
t.java:220)
02-10 09:36:10.679 6797 6919 W System.err:
02-10 09:36:10.680 6797 6919 W System.err: at
com.android.okhttp.internal.io.RealConnection.connectTls(RealConnection.java:196)
02-10 09:36:10.680 6797 6919 W System.err:
02-10 09:36:10.680 6797 6919 W System.err: at
com.android.okhttp.internal.io.RealConnection.connectSocket(RealConnection.java:153
)
02-10 09:36:10.680 6797 6919 W System.err:
02-10 09:36:10.680 6797 6919 W System.err: at
com.android.okhttp.internal.io.RealConnection.connect(RealConnection.java:116)
02-10 09:36:10.680 6797 6919 W System.err:
02-10 09:36:10.680 6797 6919 W System.err: at
com.android.okhttp.internal.http.StreamAllocation.findConnection(StreamAllocation.j
ava:186)
02-10 09:36:10.681 6797 6919 W System.err:
02-10 09:36:10.681 6797 6919 W System.err: at
com.android.okhttp.internal.http.StreamAllocation.findHealthyConnection(StreamAlloc
ation.java:128)
02-10 09:36:10.681 6797 6919 W System.err:
02-10 09:36:10.681 6797 6919 W System.err: at
com.android.okhttp.internal.http.StreamAllocation.newStream(StreamAllocation.java:9
7)
02-10 09:36:10.682 6797 6919 W System.err:
02-10 09:36:10.682 6797 6919 W System.err: at
com.android.okhttp.internal.http.HttpEngine.connect(HttpEngine.java:289)
02-10 09:36:10.682 6797 6919 W System.err:
02-10 09:36:10.682 6797 6919 W System.err: at
com.android.okhttp.internal.http.HttpEngine.sendRequest(HttpEngine.java:232)
02-10 09:36:10.682 6797 6919 W System.err:
02-10 09:36:10.682 6797 6919 W System.err: at
com.android.okhttp.internal.huc.HttpURLConnectionImpl.execute(HttpURLConnectionImpl
.java:465)
02-10 09:36:10.682 6797 6919 W System.err:
02-10 09:36:10.683 6797 6919 W System.err: at
com.android.okhttp.internal.huc.HttpURLConnectionImpl.connect(HttpURLConnectionImpl
.java:131)
02-10 09:36:10.683 6797 6919 W System.err:
02-10 09:36:10.683 6797 6919 W System.err: at
com.android.okhttp.internal.huc.DelegatingHttpsURLConnection.connect(DelegatingHttp
sURLConnection.java:90)
02-10 09:36:10.683 6797 6919 W System.err:
02-10 09:36:10.684 6797 6919 W System.err: at
com.android.okhttp.internal.huc.HttpsURLConnectionImpl.connect(HttpsURLConnectionIm
pl.java:30)
02-10 09:36:10.684 6797 6919 W System.err:
02-10 09:36:10.684 6797 6919 W System.err: at
mbmodsd.mbmodsw.home.MBTranslator.translate(Native Method)
02-10 09:36:10.684 6797 6919 W System.err:
02-10 09:36:10.684 6797 6919 W System.err: at
mbmodsd.mbmodsw.home.MBTranslator$Async.doInBackground(Native Method)
02-10 09:36:10.684 6797 6919 W System.err:
02-10 09:36:10.685 6797 6919 W System.err: at
mbmodsd.mbmodsw.home.MBTranslator$Async.doInBackground(Native Method)
02-10 09:36:10.685 6797 6919 W System.err:
02-10 09:36:10.685 6797 6919 W System.err: at
android.os.AsyncTask$3.call(AsyncTask.java:394)
02-10 09:36:10.685 6797 6919 W System.err:
02-10 09:36:10.685 6797 6919 W System.err: at
java.util.concurrent.FutureTask.run(FutureTask.java:266)
02-10 09:36:10.685 6797 6919 W System.err:
02-10 09:36:10.686 6797 6919 W System.err: at
android.os.AsyncTask$SerialExecutor$1.run(AsyncTask.java:305)
02-10 09:36:10.686 6797 6919 W System.err:
02-10 09:36:10.686 6797 6919 W System.err: at
java.util.concurrent.ThreadPoolExecutor.runWorker(ThreadPoolExecutor.java:1167)
02-10 09:36:10.686 6797 6919 W System.err:
02-10 09:36:10.686 6797 6919 W System.err: at
java.util.concurrent.ThreadPoolExecutor$Worker.run(ThreadPoolExecutor.java:641)
02-10 09:36:10.686 6797 6919 W System.err:
02-10 09:36:10.686 6797 6919 W System.err: at
java.lang.Thread.run(Thread.java:920)
02-10 09:36:10.686 6797 6919 W System.err:
02-10 09:36:10.844 6797 6797 E ArmVmp : Match on catch block at 0xc3 in for 0x91
02-10 09:36:10.851 6797 6797 E ArmVmp : Match on catch block at 0xc3 in for 0x99
02-10 09:36:10.976 6797 6797 E ArmVmp : Match on catch block at 0xc3 in for 0x99
02-10 09:36:10.984 6797 6797 E ArmVmp : Match on catch block at 0xc3 in for 0x91
02-10 09:36:11.104 6797 6797 E ArmVmp : Match on catch block at 0xc3 in for 0x95
02-10 09:36:11.109 6797 6797 E ArmVmp : Match on catch block at 0xc3 in for 0x99
02-10 09:36:11.151 6797 6797 E ArmVmp : Match on catch block at 0xc3 in for 0x99
02-10 09:36:11.156 6797 6797 E ArmVmp : Match on catch block at 0xc3 in for 0x91
02-10 09:36:11.168 6797 6797 E ArmVmp : Match on catch block at 0xc3 in for 0x91
02-10 09:36:11.174 6797 6797 E ArmVmp : Match on catch block at 0xc3 in for 0x95
02-10 09:36:11.192 6797 6797 E ArmVmp : Match on catch block at 0xc3 in for 0x95
02-10 09:36:11.199 6797 6797 E ArmVmp : Match on catch block at 0xc3 in for 0x99
02-10 09:36:11.209 6797 6797 E ArmVmp : Match on catch block at 0xc3 in for 0x99
02-10 09:36:11.216 6797 6797 E ArmVmp : Match on catch block at 0xc3 in for 0x91
02-10 09:36:11.261 6797 6797 E ArmVmp : Match on catch block at 0xc3 in for 0x91
02-10 09:36:11.267 6797 6797 E ArmVmp : Match on catch block at 0xc3 in for 0x95
02-10 09:36:11.286 6797 6797 E ArmVmp : Match on catch block at 0xc3 in for 0x95
02-10 09:36:11.291 6797 6797 E ArmVmp : Match on catch block at 0xc3 in for 0x99
02-10 09:36:11.460 6797 6797 E ArmVmp : Match on catch block at 0xc3 in for 0x99
02-10 09:36:11.468 6797 6797 E ArmVmp : Match on catch block at 0xc3 in for 0x91
02-10 09:36:11.960 6797 6797 E ArmVmp : Match on catch block at 0xc3 in for 0x91
02-10 09:36:11.968 6797 6797 E ArmVmp : Match on catch block at 0xc3 in for 0x95
02-10 09:36:12.300 6797 6797 E ArmVmp : Match on catch block at 0xc3 in for 0x91
02-10 09:36:12.309 6797 6797 E ArmVmp : Match on catch block at 0xc3 in for 0x95
02-10 09:36:12.321 6797 6797 E ArmVmp : Match on catch block at 0xc3 in for 0x95
02-10 09:36:12.330 6797 6797 E ArmVmp : Match on catch block at 0xc3 in for 0x99
02-10 09:36:12.345 6797 6797 E ArmVmp : Match on catch block at 0xc3 in for 0x95
02-10 09:36:12.353 6797 6797 E ArmVmp : Match on catch block at 0xc3 in for 0x99
02-10 09:36:12.366 6797 6797 E ArmVmp : Match on catch block at 0xc3 in for 0x95
02-10 09:36:12.375 6797 6797 E ArmVmp : Match on catch block at 0xc3 in for 0x99
02-10 09:36:12.393 6797 6797 E ArmVmp : Match on catch block at 0xc3 in for 0x95
02-10 09:36:12.401 6797 6797 E ArmVmp : Match on catch block at 0xc3 in for 0x99
02-10 09:36:12.412 6797 6797 E ArmVmp : Match on catch block at 0xc3 in for 0x95
02-10 09:36:12.422 6797 6797 E ArmVmp : Match on catch block at 0xc3 in for 0x99
02-10 09:36:12.442 6797 6797 E ArmVmp : Match on catch block at 0xc3 in for 0x95
02-10 09:36:12.452 6797 6797 E ArmVmp : Match on catch block at 0xc3 in for 0x99
02-10 09:36:12.464 6797 6797 E ArmVmp : Match on catch block at 0xc3 in for 0x95
02-10 09:36:12.474 6797 6797 E ArmVmp : Match on catch block at 0xc3 in for 0x99
02-10 09:36:12.488 6797 6797 E ArmVmp : Match on catch block at 0xc3 in for 0x99
02-10 09:36:12.499 6797 6797 E ArmVmp : Match on catch block at 0xc3 in for 0x91
02-10 09:36:12.509 6797 6797 E ArmVmp : Match on catch block at 0xc3 in for 0x95
02-10 09:36:12.518 6797 6797 E ArmVmp : Match on catch block at 0xc3 in for 0x99
02-10 09:36:12.527 6797 6797 E ArmVmp : Match on catch block at 0xc3 in for 0x91
02-10 09:36:12.534 6797 6797 E ArmVmp : Match on catch block at 0xc3 in for 0x95
02-10 09:36:12.544 6797 6797 E ArmVmp : Match on catch block at 0xc3 in for 0x99
02-10 09:36:12.552 6797 6797 E ArmVmp : Match on catch block at 0xc3 in for 0x91
02-10 09:36:12.572 6797 6797 E ArmVmp : Match on catch block at 0xc3 in for 0x95
02-10 09:36:12.581 6797 6797 E ArmVmp : Match on catch block at 0xc3 in for 0x99
02-10 09:36:12.591 6797 6797 E ArmVmp : Match on catch block at 0xc3 in for 0x91
02-10 09:36:12.599 6797 6797 E ArmVmp : Match on catch block at 0xc3 in for 0x95
02-10 09:36:12.608 6797 6797 E ArmVmp : Match on catch block at 0xc3 in for 0x99
02-10 09:36:12.617 6797 6797 E ArmVmp : Match on catch block at 0xc3 in for 0x91
02-10 09:36:12.627 6797 6797 E ArmVmp : Match on catch block at 0xc3 in for 0x95
02-10 09:36:12.634 6797 6797 E ArmVmp : Match on catch block at 0xc3 in for 0x99
02-10 09:36:12.644 6797 6797 E ArmVmp : Match on catch block at 0xc3 in for 0x91
02-10 09:36:12.654 6797 6797 E ArmVmp : Match on catch block at 0xc3 in for 0x95
02-10 09:36:12.672 6797 6797 E ArmVmp : Match on catch block at 0xc3 in for 0x99
02-10 09:36:12.681 6797 6797 E ArmVmp : Match on catch block at 0xc3 in for 0x91
02-10 09:36:12.691 6797 6797 E ArmVmp : Match on catch block at 0xc3 in for 0x99
02-10 09:36:12.701 6797 6797 E ArmVmp : Match on catch block at 0xc3 in for 0x91
02-10 09:36:12.759 6797 6797 E ArmVmp : Match on catch block at 0xc3 in for 0x91
02-10 09:36:12.768 6797 6797 E ArmVmp : Match on catch block at 0xc3 in for 0x95
02-10 09:36:12.778 6797 6797 E ArmVmp : Match on catch block at 0xc3 in for 0x95
02-10 09:36:12.784 6797 6797 E ArmVmp : Match on catch block at 0xc3 in for 0x99
02-10 09:36:12.794 6797 6797 E ArmVmp : Match on catch block at 0xc3 in for 0x99
02-10 09:36:12.803 6797 6797 E ArmVmp : Match on catch block at 0xc3 in for 0x91
02-10 09:36:12.813 6797 6797 E ArmVmp : Match on catch block at 0xc3 in for 0x91
02-10 09:36:12.821 6797 6797 E ArmVmp : Match on catch block at 0xc3 in for 0x95
02-10 09:36:12.837 6797 6797 E ArmVmp : Match on catch block at 0xc3 in for 0x95
02-10 09:36:12.844 6797 6797 E ArmVmp : Match on catch block at 0xc3 in for 0x99
02-10 09:36:12.860 6797 6797 E ArmVmp : Match on catch block at 0xc3 in for 0x99
02-10 09:36:12.868 6797 6797 E ArmVmp : Match on catch block at 0xc3 in for 0x91
02-10 09:36:12.888 6797 6797 E ArmVmp : Match on catch block at 0xc3 in for 0x91
02-10 09:36:12.898 6797 6797 E ArmVmp : Match on catch block at 0xc3 in for 0x95
02-10 09:36:12.910 6797 6797 E ArmVmp : Match on catch block at 0xc3 in for 0x95
02-10 09:36:12.919 6797 6797 E ArmVmp : Match on catch block at 0xc3 in for 0x99
02-10 09:36:12.928 6797 6797 E ArmVmp : Match on catch block at 0xc3 in for 0x99
02-10 09:36:12.935 6797 6797 E ArmVmp : Match on catch block at 0xc3 in for 0x91
02-10 09:36:12.948 6797 6797 E ArmVmp : Match on catch block at 0xc3 in for 0x99
02-10 09:36:12.957 6797 6797 E ArmVmp : Match on catch block at 0xc3 in for 0x91
02-10 09:36:12.976 6797 6797 E ArmVmp : Match on catch block at 0xc3 in for 0x91
02-10 09:36:12.986 6797 6797 E ArmVmp : Match on catch block at 0xc3 in for 0x95
02-10 09:36:12.995 6797 6797 E ArmVmp : Match on catch block at 0xc3 in for 0x95
02-10 09:36:13.008 6797 6797 E ArmVmp : Match on catch block at 0xc3 in for 0x99
02-10 09:36:13.027 6797 6797 E ArmVmp : Match on catch block at 0xc3 in for 0x99
02-10 09:36:13.037 6797 6797 E ArmVmp : Match on catch block at 0xc3 in for 0x91
02-10 09:36:13.511 6797 6797 E ArmVmp : Match on catch block at 0xc3 in for 0x91
02-10 09:36:13.519 6797 6797 E ArmVmp : Match on catch block at 0xc3 in for 0x95
02-10 09:36:13.586 6797 6797 W SoundPool: Use of stream types is deprecated for
operations other than volume control
02-10 09:36:13.586 6797 6797 W SoundPool: See the documentation of SoundPool()
for what to use instead with android.media.AudioAttributes to qualify your playback
use case
02-10 09:36:13.632 6797 6797 W AudioManager: Use of stream types is deprecated
for operations other than volume control
02-10 09:36:13.632 6797 6797 W AudioManager: See the documentation of
requestAudioFocus() for what to use instead with android.media.AudioAttributes to
qualify your playback use case
02-10 09:36:13.648 6797 20005 W SoundPool: play soundID 1 not READY
02-10 09:36:13.718 6797 20073 W Codec2Client: query -- param skipped: index =
1107298332.
02-10 09:36:13.719 6797 20072 W Codec2Client: query -- param skipped: index =
1107298332.
02-10 09:36:13.722 6797 20072 W Codec2Client: query -- param skipped: index =
1342179345.
02-10 09:36:13.722 6797 20072 W Codec2Client: query -- param skipped: index =
2415921170.
02-10 09:36:13.722 6797 20073 W Codec2Client: query -- param skipped: index =
1342179345.
02-10 09:36:13.723 6797 20073 W Codec2Client: query -- param skipped: index =
2415921170.
02-10 09:36:13.737 6797 20073 E ion : ioctl c0044901 failed with code -1:
Inappropriate ioctl for device
02-10 09:36:13.854 6797 20084 W Codec2Client: query -- param skipped: index =
1107298332.
02-10 09:36:13.861 6797 20084 W Codec2Client: query -- param skipped: index =
1342179345.
02-10 09:36:13.861 6797 20084 W Codec2Client: query -- param skipped: index =
2415921170.
02-10 09:36:13.874 6797 6797 W libOpenSLES: Conversion from OpenSL ES positional
channel mask 0x4 to Android mask 0 loses channels
02-10 09:36:13.894 6797 20087 W Codec2Client: query -- param skipped: index =
1107298332.
02-10 09:36:13.897 6797 20087 W Codec2Client: query -- param skipped: index =
1342179345.
02-10 09:36:13.898 6797 20087 W Codec2Client: query -- param skipped: index =
2415921170.
02-10 09:36:13.956 6797 6797 E ArmVmp : Match on catch block at 0xc3 in for 0x99
02-10 09:36:13.963 6797 6797 E ArmVmp : Match on catch block at 0xc3 in for 0x91
02-10 09:36:13.992 6797 6797 E ArmVmp : Match on catch block at 0xc3 in for 0x91
02-10 09:36:14.000 6797 20096 W Codec2Client: query -- param skipped: index =
1107298332.
02-10 09:36:14.000 6797 6797 E ArmVmp : Match on catch block at 0xc3 in for 0x95
02-10 09:36:14.004 6797 20096 W Codec2Client: query -- param skipped: index =
1342179345.
02-10 09:36:14.005 6797 20096 W Codec2Client: query -- param skipped: index =
2415921170.
02-10 09:36:14.012 6797 6797 E ArmVmp : Match on catch block at 0xc3 in for 0x95
02-10 09:36:14.018 6797 6797 E ArmVmp : Match on catch block at 0xc3 in for 0x99
02-10 09:36:14.055 6797 6797 E ArmVmp : Match on catch block at 0xc3 in for 0x99
02-10 09:36:14.063 6797 6797 E ArmVmp : Match on catch block at 0xc3 in for 0x91
02-10 09:36:14.113 6797 20100 W Codec2Client: query -- param skipped: index =
1107298332.
02-10 09:36:14.116 6797 20100 W Codec2Client: query -- param skipped: index =
1342179345.
02-10 09:36:14.117 6797 20100 W Codec2Client: query -- param skipped: index =
2415921170.
02-10 09:36:14.132 6797 6797 E ArmVmp : Match on catch block at 0xc3 in for 0x91
02-10 09:36:14.142 6797 6797 E ArmVmp : Match on catch block at 0xc3 in for 0x95
02-10 09:36:14.274 6797 6797 W AudioRecord: restoreRecord_l(66): dead
IAudioRecord, creating a new one from start()
02-10 09:36:14.402 6797 6797 E ArmVmp : Match on catch block at 0xc3 in for 0x99
02-10 09:36:14.409 6797 6797 E ArmVmp : Match on catch block at 0xc3 in for 0x91
02-10 09:36:14.442 6797 6797 E ArmVmp : Match on catch block at 0xc3 in for 0x95
02-10 09:36:14.450 6797 6797 E ArmVmp : Match on catch block at 0xc3 in for 0x99
02-10 09:36:14.481 6797 6797 E ArmVmp : Match on catch block at 0xc3 in for 0x91
02-10 09:36:14.492 6797 6797 E ArmVmp : Match on catch block at 0xc3 in for 0x95
02-10 09:36:14.503 6797 6797 E ArmVmp : Match on catch block at 0xc3 in for 0x95
02-10 09:36:14.515 6797 6797 E ArmVmp : Match on catch block at 0xc3 in for 0x99
02-10 09:36:14.531 6797 6797 E ArmVmp : Match on catch block at 0xc3 in for 0x99
02-10 09:36:14.541 6797 6797 E ArmVmp : Match on catch block at 0xc3 in for 0x91
02-10 09:36:14.555 6797 6797 E ArmVmp : Match on catch block at 0xc3 in for 0x91
02-10 09:36:14.574 6797 6797 E ArmVmp : Match on catch block at 0xc3 in for 0x95
02-10 09:36:14.586 6797 6797 E ArmVmp : Match on catch block at 0xc3 in for 0x95
02-10 09:36:14.593 6797 6797 E ArmVmp : Match on catch block at 0xc3 in for 0x99
02-10 09:36:14.609 6797 6797 E ArmVmp : Match on catch block at 0xc3 in for 0x99
02-10 09:36:14.626 6797 6797 E ArmVmp : Match on catch block at 0xc3 in for 0x91
02-10 09:36:14.643 6797 6797 E ArmVmp : Match on catch block at 0xc3 in for 0x91
02-10 09:36:14.655 6797 6797 E ArmVmp : Match on catch block at 0xc3 in for 0x95
02-10 09:36:14.671 6797 6797 E ArmVmp : Match on catch block at 0xc3 in for 0x95
02-10 09:36:14.683 6797 6797 E ArmVmp : Match on catch block at 0xc3 in for 0x99
02-10 09:36:14.697 6797 6797 E ArmVmp : Match on catch block at 0xc3 in for 0x99
02-10 09:36:14.706 6797 6797 E ArmVmp : Match on catch block at 0xc3 in for 0x91
02-10 09:36:14.717 6797 6797 E ArmVmp : Match on catch block at 0xc3 in for 0x91
02-10 09:36:14.726 6797 6797 E ArmVmp : Match on catch block at 0xc3 in for 0x95
02-10 09:36:14.744 6797 6797 E ArmVmp : Match on catch block at 0xc3 in for 0x95
02-10 09:36:14.759 6797 6797 E ArmVmp : Match on catch block at 0xc3 in for 0x99
02-10 09:36:14.772 6797 6797 E ArmVmp : Match on catch block at 0xc3 in for 0x99
02-10 09:36:14.785 6797 6797 E ArmVmp : Match on catch block at 0xc3 in for 0x91
02-10 09:36:14.799 6797 6797 E ArmVmp : Match on catch block at 0xc3 in for 0x91
02-10 09:36:14.808 6797 6797 E ArmVmp : Match on catch block at 0xc3 in for 0x95
02-10 09:36:14.824 6797 6797 E ArmVmp : Match on catch block at 0xc3 in for 0x95
02-10 09:36:14.832 6797 6797 E ArmVmp : Match on catch block at 0xc3 in for 0x99
02-10 09:36:14.844 6797 6797 E ArmVmp : Match on catch block at 0xc3 in for 0x99
02-10 09:36:14.852 6797 6797 E ArmVmp : Match on catch block at 0xc3 in for 0x91
02-10 09:36:14.864 6797 6797 E ArmVmp : Match on catch block at 0xc3 in for 0x91
02-10 09:36:14.871 6797 6797 E ArmVmp : Match on catch block at 0xc3 in for 0x95
02-10 09:36:14.891 6797 6797 E ArmVmp : Match on catch block at 0xc3 in for 0x95
02-10 09:36:14.905 6797 6797 E ArmVmp : Match on catch block at 0xc3 in for 0x99
02-10 09:36:14.914 6797 6797 E ArmVmp : Match on catch block at 0xc3 in for 0x99
02-10 09:36:14.921 6797 6797 E ArmVmp : Match on catch block at 0xc3 in for 0x91
02-10 09:36:14.948 6797 6797 E ArmVmp : Match on catch block at 0xc3 in for 0x99
02-10 09:36:14.958 6797 6797 E ArmVmp : Match on catch block at 0xc3 in for 0x91
02-10 09:36:14.972 6797 6797 E ArmVmp : Match on catch block at 0xc3 in for 0x91
02-10 09:36:14.980 6797 6797 E ArmVmp : Match on catch block at 0xc3 in for 0x95
02-10 09:36:14.992 6797 6797 E ArmVmp : Match on catch block at 0xc3 in for 0x95
02-10 09:36:15.005 6797 6797 E ArmVmp : Match on catch block at 0xc3 in for 0x99
02-10 09:36:15.015 6797 6797 E ArmVmp : Match on catch block at 0xc3 in for 0x99
02-10 09:36:15.024 6797 6797 E ArmVmp : Match on catch block at 0xc3 in for 0x91
02-10 09:36:15.038 6797 6797 E ArmVmp : Match on catch block at 0xc3 in for 0x91
02-10 09:36:15.051 6797 6797 E ArmVmp : Match on catch block at 0xc3 in for 0x95
02-10 09:36:15.065 6797 6797 E ArmVmp : Match on catch block at 0xc3 in for 0x95
02-10 09:36:15.071 6797 6797 E ArmVmp : Match on catch block at 0xc3 in for 0x99
02-10 09:36:15.085 6797 6797 E ArmVmp : Match on catch block at 0xc3 in for 0x99
02-10 09:36:15.093 6797 6797 E ArmVmp : Match on catch block at 0xc3 in for 0x91
02-10 09:36:15.107 6797 6797 E ArmVmp : Match on catch block at 0xc3 in for 0x91
02-10 09:36:15.121 6797 6797 E ArmVmp : Match on catch block at 0xc3 in for 0x95
02-10 09:36:15.130 6797 6797 E ArmVmp : Match on catch block at 0xc3 in for 0x95
02-10 09:36:15.136 6797 6797 E ArmVmp : Match on catch block at 0xc3 in for 0x99
02-10 09:36:15.149 6797 6797 E ArmVmp : Match on catch block at 0xc3 in for 0x99
02-10 09:36:15.156 6797 6797 E ArmVmp : Match on catch block at 0xc3 in for 0x91
02-10 09:36:15.174 6797 6797 E ArmVmp : Match on catch block at 0xc3 in for 0x91
02-10 09:36:15.184 6797 6797 E ArmVmp : Match on catch block at 0xc3 in for 0x95
02-10 09:36:15.195 6797 6797 E ArmVmp : Match on catch block at 0xc3 in for 0x95
02-10 09:36:15.203 6797 6797 E ArmVmp : Match on catch block at 0xc3 in for 0x99
02-10 09:36:15.213 6797 6797 E ArmVmp : Match on catch block at 0xc3 in for 0x99
02-10 09:36:15.222 6797 6797 E ArmVmp : Match on catch block at 0xc3 in for 0x91
02-10 09:36:15.240 6797 6797 E ArmVmp : Match on catch block at 0xc3 in for 0x91
02-10 09:36:15.249 6797 6797 E ArmVmp : Match on catch block at 0xc3 in for 0x95
02-10 09:36:15.260 6797 6797 E ArmVmp : Match on catch block at 0xc3 in for 0x95
02-10 09:36:15.267 6797 6797 E ArmVmp : Match on catch block at 0xc3 in for 0x99
02-10 09:36:15.279 6797 6797 E ArmVmp : Match on catch block at 0xc3 in for 0x99
02-10 09:36:15.288 6797 6797 E ArmVmp : Match on catch block at 0xc3 in for 0x91
02-10 09:36:15.309 6797 6797 E ArmVmp : Match on catch block at 0xc3 in for 0x91
02-10 09:36:15.318 6797 6797 E ArmVmp : Match on catch block at 0xc3 in for 0x95
02-10 09:36:15.327 6797 6797 E ArmVmp : Match on catch block at 0xc3 in for 0x95
02-10 09:36:15.336 6797 6797 E ArmVmp : Match on catch block at 0xc3 in for 0x99
