04-01 02:31:58.682 6531 6675 W com.mbwhatsapp: Common causes for lock verification issues are non-optimized dex code
04-01 02:31:58.682 6531 6675 W com.mbwhatsapp: and incorrect proguard optimizations.
04-01 02:32:15.390 6531 6531 W com.mbwhatsapp: Method void X.0eU.A0h(X.0tK, boolean) failed lock verification and will run slower.
04-01 02:32:15.469 6531 7576 E libc : Access denied finding property "vendor.mali.config"
04-01 02:32:15.474 6531 6531 W com.mbwhatsapp: Method void com.mbwhatsapp.HomeActivity.A6e() failed lock verification and will run slower.
04-01 02:32:15.826 6531 6531 E ArmVmp : Match on catch block at 0x0a in for 0x191
04-01 02:32:15.853 6531 6531 E ArmVmp : Match on catch block at 0x0a in for 0x265
04-01 02:32:16.266 6531 6531 E RecyclerView: No adapter attached; skipping layout
04-01 02:32:16.374 6531 6531 E RecyclerView: No adapter attached; skipping layout
04-01 02:32:16.396 6531 6531 E ArmVmp : Match on catch block at 0x0a in for 0x1b9
04-01 02:32:16.518 6531 7725 W LOTTIE : Animation contains merge paths. Merge paths are only supported on KitKat+ and must be manually enabled by calling enableMergePathsForKitKatAndAbove().
04-01 02:32:16.571 6531 6531 W LOTTIE : Animation contains merge paths but they are disabled.
04-01 02:32:19.145 6531 7681 W com.mbwhatsapp: Accessing hidden method Lcom/android/org/conscrypt/ConscryptEngineSocket;->setUseSessionTickets(Z)V (max- target-q,core-platform-api, reflection, denied)
04-01 02:32:19.145 6531 7681 W com.mbwhatsapp: Accessing hidden method Lcom/android/org/conscrypt/OpenSSLSocketImpl;->setUseSessionTickets(Z)V (max- target-q,core-platform-api, reflection, denied)
04-01 02:32:19.145 6531 7681 W com.mbwhatsapp: Accessing hidden method Lcom/android/org/conscrypt/AbstractConscryptSocket;->setUseSessionTickets(Z)V (max- target-q, reflection, denied)
04-01 02:32:19.145 6531 7681 W com.mbwhatsapp: Accessing hidden method Lcom/android/org/conscrypt/ConscryptEngineSocket;->setHostname(Ljava/lang/String;)V (max-target-q,core-platform-api, reflection, denied)
04-01 02:32:19.145 6531 7681 W com.mbwhatsapp: Accessing hidden method Lcom/android/org/conscrypt/OpenSSLSocketImpl;->setHostname(Ljava/lang/String;)V (max-target-q,core-platform-api, reflection, denied)
04-01 02:32:19.145 6531 7681 W com.mbwhatsapp: Accessing hidden method Lcom/android/org/conscrypt/AbstractConscryptSocket;->setHostname(Ljava/lang/ String;)V (max-target-q, reflection, denied)
04-01 02:32:19.145 6531 7681 W com.mbwhatsapp: Accessing hidden method Lcom/android/org/conscrypt/OpenSSLSocketImpl;->setAlpnProtocols([B)V (max-target- q,core-platform-api, reflection, denied)
04-01 02:32:19.145 6531 7681 W com.mbwhatsapp: Accessing hidden method Lcom/android/org/conscrypt/AbstractConscryptSocket;->setAlpnProtocols([B)V (max- target-q, reflection, denied)
04-01 02:32:19.615 6531 6636 W LibraryVersion: Failed to get app version for libraryName: firebase-iid
04-01 02:32:23.200 6531 6709 E ArmVmp : No matching catch block at 0x07
04-01 02:32:23.201 6531 6709 E ArmVmp : Match on catch block at 0x02 in for 0x41
04-01 02:32:23.201 6531 6709 W System.err: java.io.FileNotFoundException: https://pastebin.com/raw/kwjaGXvm
04-01 02:32:23.201 6531 6709 W System.err:
04-01 02:32:23.201 6531 6709 W System.err: at com.android.okhttp.internal.huc.HttpURLConnectionImpl.getInputStream(HttpURLConnect ionImpl.java:255)
04-01 02:32:23.201 6531 6709 W System.err:
04-01 02:32:23.201 6531 6709 W System.err: at com.android.okhttp.internal.huc.DelegatingHttpsURLConnection.getInputStream(Delegat ingHttpsURLConnection.java:211)
04-01 02:32:23.201 6531 6709 W System.err:
04-01 02:32:23.201 6531 6709 W System.err: at com.android.okhttp.internal.huc.HttpsURLConnectionImpl.getInputStream(HttpsURLConne ctionImpl.java:30)
04-01 02:32:23.201 6531 6709 W System.err:
04-01 02:32:23.202 6531 6709 W System.err: at java.net.URL.openStream(URL.java:1072)
04-01 02:32:23.202 6531 6709 W System.err:
04-01 02:32:23.202 6531 6709 W System.err: at mbmodsd.mbmodsw.mbdialog.MBDialogMan.loadJsonFromUrl(Native Method)
04-01 02:32:23.202 6531 6709 W System.err:
04-01 02:32:23.202 6531 6709 W System.err: at mbmodsd.mbmodsw.mbdialog.MBDialogMan.access$000(Native Method)
04-01 02:32:23.202 6531 6709 W System.err:
04-01 02:32:23.202 6531 6709 W System.err: at mbmodsd.mbmodsw.mbdialog.MBDialogMan$FetchJsonTask.doInBackground(Native Method)
04-01 02:32:23.202 6531 6709 W System.err:
04-01 02:32:23.202 6531 6709 W System.err: at mbmodsd.mbmodsw.mbdialog.MBDialogMan$FetchJsonTask.doInBackground(Native Method)
04-01 02:32:23.202 6531 6709 W System.err:
04-01 02:32:23.202 6531 6709 W System.err: at android.os.AsyncTask$3.call(AsyncTask.java:394)
04-01 02:32:23.202 6531 6709 W System.err:
04-01 02:32:23.202 6531 6709 W System.err: at java.util.concurrent.FutureTask.run(FutureTask.java:264)
04-01 02:32:23.202 6531 6709 W System.err:
04-01 02:32:23.202 6531 6709 W System.err: at android.os.AsyncTask$SerialExecutor$1.run(AsyncTask.java:305)
04-01 02:32:23.202 6531 6709 W System.err:
04-01 02:32:23.202 6531 6709 W System.err: at java.util.concurrent.ThreadPoolExecutor.runWorker(ThreadPoolExecutor.java:1137)
04-01 02:32:23.202 6531 6709 W System.err:
04-01 02:32:23.202 6531 6709 W System.err: at java.util.concurrent.ThreadPoolExecutor$Worker.run(ThreadPoolExecutor.java:637)
04-01 02:32:23.202 6531 6709 W System.err:
04-01 02:32:23.202 6531 6709 W System.err: at java.lang.Thread.run(Thread.java:1012)
04-01 02:32:23.202 6531 6709 W System.err:
04-01 02:32:23.965 6531 6531 W InputEventReceiver: Attempted to finish an input event but the input event receiver has already been disposed.
04-01 02:32:24.627 6531 7681 W com.mbwhatsapp: Accessing hidden method Lcom/android/org/conscrypt/OpenSSLSocketImpl;->getAlpnSelectedProtocol()[B (max- target-q,core-platform-api, reflection, denied)
04-01 02:32:24.627 6531 7681 W com.mbwhatsapp: Accessing hidden method Lcom/android/org/conscrypt/AbstractConscryptSocket;->getAlpnSelectedProtocol()[B (max-target-q, reflection, denied)
04-01 02:32:47.119 6531 6531 E ArmVmp : Match on catch block at 0x0a in for 0x181
04-01 02:32:47.190 6531 6531 E ArmVmp : Match on catch block at 0x0a in for 0x271
04-01 02:32:47.577 6531 6531 E RecyclerView: No adapter attached; skipping layout
04-01 02:32:47.632 6531 6531 E RecyclerView: No adapter attached; skipping layout
04-01 02:32:47.648 6531 6531 E ArmVmp : Match on catch block at 0x0a in for 0x1a9
04-01 02:32:47.901 6531 6570 W com.mbwhatsapp: Cleared Reference was only reachable from finalizer (only reported once)
04-01 02:32:47.922 6531 6574 W System : A resource failed to call end.
04-01 02:32:48.783 6531 6709 E ArmVmp : No matching catch block at 0x07
04-01 02:32:48.783 6531 6709 E ArmVmp : Match on catch block at 0x02 in for 0x51
04-01 02:32:48.784 6531 6709 W System.err: java.io.FileNotFoundException: https://pastebin.com/raw/kwjaGXvm
04-01 02:32:48.784 6531 6709 W System.err:
04-01 02:32:48.785 6531 6709 W System.err: at com.android.okhttp.internal.huc.HttpURLConnectionImpl.getInputStream(HttpURLConnect ionImpl.java:255)
04-01 02:32:48.785 6531 6709 W System.err:
04-01 02:32:48.785 6531 6709 W System.err: at com.android.okhttp.internal.huc.DelegatingHttpsURLConnection.getInputStream(Delegat ingHttpsURLConnection.java:211)
04-01 02:32:48.785 6531 6709 W System.err:
04-01 02:32:48.786 6531 6709 W System.err: at com.android.okhttp.internal.huc.HttpsURLConnectionImpl.getInputStream(HttpsURLConne ctionImpl.java:30)
04-01 02:32:48.786 6531 6709 W System.err:
04-01 02:32:48.786 6531 6709 W System.err: at java.net.URL.openStream(URL.java:1072)
04-01 02:32:48.786 6531 6709 W System.err:
04-01 02:32:48.786 6531 6709 W System.err: at mbmodsd.mbmodsw.mbdialog.MBDialogMan.loadJsonFromUrl(Native Method)
04-01 02:32:48.786 6531 6709 W System.err:
04-01 02:32:48.786 6531 6709 W System.err: at mbmodsd.mbmodsw.mbdialog.MBDialogMan.access$000(Native Method)
04-01 02:32:48.786 6531 6709 W System.err:
04-01 02:32:48.787 6531 6709 W System.err: at mbmodsd.mbmodsw.mbdialog.MBDialogMan$FetchJsonTask.doInBackground(Native Method)
04-01 02:32:48.787 6531 6709 W System.err:
04-01 02:32:48.787 6531 6709 W System.err: at mbmodsd.mbmodsw.mbdialog.MBDialogMan$FetchJsonTask.doInBackground(Native Method)
04-01 02:32:48.787 6531 6709 W System.err:
04-01 02:32:48.787 6531 6709 W System.err: at android.os.AsyncTask$3.call(AsyncTask.java:394)
04-01 02:32:48.788 6531 6709 W System.err:
04-01 02:32:48.788 6531 6709 W System.err: at java.util.concurrent.FutureTask.run(FutureTask.java:264)
04-01 02:32:48.788 6531 6709 W System.err:
04-01 02:32:48.788 6531 6709 W System.err: at android.os.AsyncTask$SerialExecutor$1.run(AsyncTask.java:305)
04-01 02:32:48.788 6531 6709 W System.err:
04-01 02:32:48.789 6531 6709 W System.err: at java.util.concurrent.ThreadPoolExecutor.runWorker(ThreadPoolExecutor.java:1137)
04-01 02:32:48.789 6531 6709 W System.err:
04-01 02:32:48.789 6531 6709 W System.err: at java.util.concurrent.ThreadPoolExecutor$Worker.run(ThreadPoolExecutor.java:637)
04-01 02:32:48.789 6531 6709 W System.err:
04-01 02:32:48.789 6531 6709 W System.err: at java.lang.Thread.run(Thread.java:1012)
04-01 02:32:48.790 6531 6709 W System.err:
04-01 02:32:56.905 6531 6574 W System : A resource failed to call end.
04-01 02:34:26.447 6531 6531 E ArmVmp : Match on catch block at 0x0a in for 0x191
04-01 02:34:26.465 6531 6531 E ArmVmp : Match on catch block at 0x0a in for 0x261
04-01 02:34:26.699 6531 6531 E RecyclerView: No adapter attached; skipping layout
04-01 02:34:26.756 6531 6531 E RecyclerView: No adapter attached; skipping layout
04-01 02:34:26.766 6531 6531 E ArmVmp : Match on catch block at 0x0a in for 0x1a9
04-01 02:34:28.713 6531 6531 W InputEventReceiver: Attempted to finish an input event but the input event receiver has already been disposed.
04-01 02:34:35.757 6531 6531 W InputEventReceiver: Attempted to finish an input event but the input event receiver has already been disposed. --------- beginning of main
04-01 02:42:46.753 11740 11740 E com.mbwhatsapp: Not starting debugger since process cannot load the jdwp agent.
04-01 02:42:46.754 11740 11740 E USNET : USNET: appName: com.mbwhatsapp
04-01 02:42:47.286 11740 11740 W System.err: java.lang.ClassNotFoundException: mbmodsd.mbmodsw.ui.views.btn.BtnBK
04-01 02:42:47.287 11740 11740 W System.err: at java.lang.Runtime.nativeLoad(Native Method)
04-01 02:42:47.287 11740 11740 W System.err: at java.lang.Runtime.nativeLoad(Runtime.java:1121)
04-01 02:42:47.287 11740 11740 W System.err: at java.lang.Runtime.loadLibrary0(Runtime.java:1075)
04-01 02:42:47.287 11740 11740 W System.err: at java.lang.Runtime.loadLibrary0(Runtime.java:998)
04-01 02:42:47.287 11740 11740 W System.err: at java.lang.System.loadLibrary(System.java:1661)
04-01 02:42:47.287 11740 11740 W System.err: at arm.EpicVm.<clinit>(Unknown Source:2)
04-01 02:42:47.287 11740 11740 W System.err: at java.lang.Class.newInstance(Native Method)
04-01 02:42:47.287 11740 11740 W System.err: at android.app.AppComponentFactory.instantiateApplication(AppComponentFactory.java:76)
04-01 02:42:47.287 11740 11740 W System.err: at androidx.core.app.CoreComponentFactory.instantiateApplication(Unknown Source:0)
04-01 02:42:47.287 11740 11740 W System.err: at android.app.Instrumentation.newApplication(Instrumentation.java:1177)
04-01 02:42:47.287 11740 11740 W System.err: at android.app.LoadedApk.makeApplication(LoadedApk.java:1457)
04-01 02:42:47.287 11740 11740 W System.err: at android.app.ActivityThread.handleBindApplication(ActivityThread.java:7540)
04-01 02:42:47.287 11740 11740 W System.err: at android.app.ActivityThread.access$1600(ActivityThread.java:315)
04-01 02:42:47.287 11740 11740 W System.err: at android.app.ActivityThread$H.handleMessage(ActivityThread.java:2286)
04-01 02:42:47.287 11740 11740 W System.err: at android.os.Handler.dispatchMessage(Handler.java:106)
04-01 02:42:47.287 11740 11740 W System.err: at android.os.Looper.loopOnce(Looper.java:226)
04-01 02:42:47.287 11740 11740 W System.err: at android.os.Looper.loop(Looper.java:313)
04-01 02:42:47.287 11740 11740 W System.err: at android.app.ActivityThread.main(ActivityThread.java:8751)
04-01 02:42:47.287 11740 11740 W System.err: at java.lang.reflect.Method.invoke(Native Method)
04-01 02:42:47.287 11740 11740 W System.err: at com.android.internal.os.RuntimeInit$MethodAndArgsCaller.run(RuntimeInit.java:571)
04-01 02:42:47.287 11740 11740 W System.err: at com.android.internal.os.ZygoteInit.main(ZygoteInit.java:1135)
04-01 02:42:47.323 11740 11740 E CustomActivityOnCrash: IMPORTANT WARNING! You already have an UncaughtExceptionHandler, are you sure this is correct? If you use a custom UncaughtExceptionHandler, you must initialize it AFTER CustomActivityOnCrash! Installing anyway, but your original handler will not be called.
04-01 02:42:47.528 11740 11740 W com.mbwhatsapp: Accessing hidden method Lcom/android/org/conscrypt/OpenSSLSocketImpl;->setUseSessionTickets(Z)V (max- target-q,core-platform-api, reflection, denied)
04-01 02:42:47.528 11740 11740 W com.mbwhatsapp: Accessing hidden method Lcom/android/org/conscrypt/AbstractConscryptSocket;->setUseSessionTickets(Z)V (max- target-q, reflection, denied)
04-01 02:42:47.684 11740 11799 W com.mbwhatsapp: Method void X.2rL.A03(java.lang.Integer) failed lock verification and will run slower.
04-01 02:42:47.684 11740 11799 W com.mbwhatsapp: Common causes for lock verification issues are non-optimized dex code
04-01 02:42:47.684 11740 11799 W com.mbwhatsapp: and incorrect proguard optimizations.
04-01 02:42:53.007 11740 11740 W com.mbwhatsapp: Method void X.0eU.A0h(X.0tK, boolean) failed lock verification and will run slower.
04-01 02:42:53.087 11740 11740 W com.mbwhatsapp: Method void com.mbwhatsapp.HomeActivity.A6e() failed lock verification and will run slower.
04-01 02:42:53.089 11740 11965 E libc : Access denied finding property "vendor.mali.config"
04-01 02:42:53.425 11740 11740 E ArmVmp : Match on catch block at 0x0a in for 0x185
04-01 02:42:53.451 11740 11740 E ArmVmp : Match on catch block at 0x0a in for 0x265
04-01 02:42:53.796 11740 11740 E RecyclerView: No adapter attached; skipping layout
04-01 02:42:53.898 11740 11740 E RecyclerView: No adapter attached; skipping layout
04-01 02:42:53.919 11740 11740 E ArmVmp : Match on catch block at 0x0a in for 0x1b9
04-01 02:42:54.034 11740 12001 W LOTTIE : Animation contains merge paths. Merge paths are only supported on KitKat+ and must be manually enabled by calling enableMergePathsForKitKatAndAbove().
04-01 02:42:54.061 11740 11740 W LOTTIE : Animation contains merge paths but they are disabled.
04-01 02:42:57.343 11740 11978 W com.mbwhatsapp: Accessing hidden method Lcom/android/org/conscrypt/ConscryptEngineSocket;->setUseSessionTickets(Z)V (max- target-q,core-platform-api, reflection, denied)
04-01 02:42:57.343 11740 11978 W com.mbwhatsapp: Accessing hidden method Lcom/android/org/conscrypt/OpenSSLSocketImpl;->setUseSessionTickets(Z)V (max- target-q,core-platform-api, reflection, denied)
04-01 02:42:57.343 11740 11978 W com.mbwhatsapp: Accessing hidden method Lcom/android/org/conscrypt/AbstractConscryptSocket;->setUseSessionTickets(Z)V (max- target-q, reflection, denied)
04-01 02:42:57.343 11740 11978 W com.mbwhatsapp: Accessing hidden method Lcom/android/org/conscrypt/ConscryptEngineSocket;->setHostname(Ljava/lang/String;)V (max-target-q,core-platform-api, reflection, denied)
04-01 02:42:57.343 11740 11978 W com.mbwhatsapp: Accessing hidden method Lcom/android/org/conscrypt/OpenSSLSocketImpl;->setHostname(Ljava/lang/String;)V (max-target-q,core-platform-api, reflection, denied)
04-01 02:42:57.343 11740 11978 W com.mbwhatsapp: Accessing hidden method Lcom/android/org/conscrypt/AbstractConscryptSocket;->setHostname(Ljava/lang/ String;)V (max-target-q, reflection, denied)
04-01 02:42:57.343 11740 11978 W com.mbwhatsapp: Accessing hidden method Lcom/android/org/conscrypt/OpenSSLSocketImpl;->setAlpnProtocols([B)V (max-target- q,core-platform-api, reflection, denied)
04-01 02:42:57.343 11740 11978 W com.mbwhatsapp: Accessing hidden method Lcom/android/org/conscrypt/AbstractConscryptSocket;->setAlpnProtocols([B)V (max- target-q, reflection, denied)
04-01 02:42:58.238 11740 11985 E ArmVmp : No matching catch block at 0x07
04-01 02:42:58.238 11740 11985 E ArmVmp : Match on catch block at 0x02 in for 0x4d
04-01 02:42:58.238 11740 11985 W System.err: java.io.FileNotFoundException: https://pastebin.com/raw/kwjaGXvm
04-01 02:42:58.238 11740 11985 W System.err:
04-01 02:42:58.238 11740 11985 W System.err: at com.android.okhttp.internal.huc.HttpURLConnectionImpl.getInputStream(HttpURLConnect ionImpl.java:255)
04-01 02:42:58.238 11740 11985 W System.err:
04-01 02:42:58.238 11740 11985 W System.err: at com.android.okhttp.internal.huc.DelegatingHttpsURLConnection.getInputStream(Delegat ingHttpsURLConnection.java:211)
04-01 02:42:58.238 11740 11985 W System.err:
04-01 02:42:58.238 11740 11985 W System.err: at com.android.okhttp.internal.huc.HttpsURLConnectionImpl.getInputStream(HttpsURLConne ctionImpl.java:30)
04-01 02:42:58.238 11740 11985 W System.err:
04-01 02:42:58.238 11740 11985 W System.err: at java.net.URL.openStream(URL.java:1072)
04-01 02:42:58.238 11740 11985 W System.err:
04-01 02:42:58.238 11740 11985 W System.err: at mbmodsd.mbmodsw.mbdialog.MBDialogMan.loadJsonFromUrl(Native Method)
04-01 02:42:58.239 11740 11985 W System.err:
04-01 02:42:58.239 11740 11985 W System.err: at mbmodsd.mbmodsw.mbdialog.MBDialogMan.access$000(Native Method)
04-01 02:42:58.239 11740 11985 W System.err:
04-01 02:42:58.239 11740 11985 W System.err: at mbmodsd.mbmodsw.mbdialog.MBDialogMan$FetchJsonTask.doInBackground(Native Method)
04-01 02:42:58.239 11740 11985 W System.err:
04-01 02:42:58.239 11740 11985 W System.err: at mbmodsd.mbmodsw.mbdialog.MBDialogMan$FetchJsonTask.doInBackground(Native Method)
04-01 02:42:58.239 11740 11985 W System.err:
04-01 02:42:58.239 11740 11985 W System.err: at android.os.AsyncTask$3.call(AsyncTask.java:394)
04-01 02:42:58.239 11740 11985 W System.err:
04-01 02:42:58.239 11740 11985 W System.err: at java.util.concurrent.FutureTask.run(FutureTask.java:264)
04-01 02:42:58.239 11740 11985 W System.err:
04-01 02:42:58.239 11740 11985 W System.err: at android.os.AsyncTask$SerialExecutor$1.run(AsyncTask.java:305)
04-01 02:42:58.239 11740 11985 W System.err:
04-01 02:42:58.239 11740 11985 W System.err: at java.util.concurrent.ThreadPoolExecutor.runWorker(ThreadPoolExecutor.java:1137)
04-01 02:42:58.239 11740 11985 W System.err:
04-01 02:42:58.239 11740 11985 W System.err: at java.util.concurrent.ThreadPoolExecutor$Worker.run(ThreadPoolExecutor.java:637)
04-01 02:42:58.239 11740 11985 W System.err:
04-01 02:42:58.239 11740 11985 W System.err: at java.lang.Thread.run(Thread.java:1012)
04-01 02:42:58.239 11740 11985 W System.err:
04-01 02:42:58.400 11740 11978 W com.mbwhatsapp: Accessing hidden method Lcom/android/org/conscrypt/OpenSSLSocketImpl;->getAlpnSelectedProtocol()[B (max- target-q,core-platform-api, reflection, denied)
04-01 02:42:58.400 11740 11978 W com.mbwhatsapp: Accessing hidden method Lcom/android/org/conscrypt/AbstractConscryptSocket;->getAlpnSelectedProtocol()[B (max-target-q, reflection, denied)
04-01 02:42:58.410 11740 11740 W InputEventReceiver: Attempted to finish an input event but the input event receiver has already been disposed. --------- beginning of main
04-01 02:43:01.483 12057 12057 E com.mbwhatsapp: Not starting debugger since process cannot load the jdwp agent.
04-01 02:43:01.485 12057 12057 E USNET : USNET: appName: com.mbwhatsapp
04-01 02:43:01.595 12057 12057 W System.err: java.lang.ClassNotFoundException: mbmodsd.mbmodsw.ui.views.btn.BtnBK
04-01 02:43:01.596 12057 12057 W System.err: at java.lang.Runtime.nativeLoad(Native Method)
04-01 02:43:01.596 12057 12057 W System.err: at java.lang.Runtime.nativeLoad(Runtime.java:1121)
04-01 02:43:01.596 12057 12057 W System.err: at java.lang.Runtime.loadLibrary0(Runtime.java:1075)
04-01 02:43:01.596 12057 12057 W System.err: at java.lang.Runtime.loadLibrary0(Runtime.java:998)
04-01 02:43:01.596 12057 12057 W System.err: at java.lang.System.loadLibrary(System.java:1661)
04-01 02:43:01.596 12057 12057 W System.err: at arm.EpicVm.<clinit>(Unknown Source:2)
04-01 02:43:01.596 12057 12057 W System.err: at java.lang.Class.newInstance(Native Method)
04-01 02:43:01.596 12057 12057 W System.err: at android.app.AppComponentFactory.instantiateApplication(AppComponentFactory.java:76)
04-01 02:43:01.596 12057 12057 W System.err: at androidx.core.app.CoreComponentFactory.instantiateApplication(Unknown Source:0)
04-01 02:43:01.596 12057 12057 W System.err: at android.app.Instrumentation.newApplication(Instrumentation.java:1177)
04-01 02:43:01.596 12057 12057 W System.err: at android.app.LoadedApk.makeApplication(LoadedApk.java:1457)
04-01 02:43:01.596 12057 12057 W System.err: at android.app.ActivityThread.handleBindApplication(ActivityThread.java:7540)
04-01 02:43:01.596 12057 12057 W System.err: at android.app.ActivityThread.access$1600(ActivityThread.java:315)
04-01 02:43:01.596 12057 12057 W System.err: at android.app.ActivityThread$H.handleMessage(ActivityThread.java:2286)
04-01 02:43:01.596 12057 12057 W System.err: at android.os.Handler.dispatchMessage(Handler.java:106)
04-01 02:43:01.596 12057 12057 W System.err: at android.os.Looper.loopOnce(Looper.java:226)
04-01 02:43:01.596 12057 12057 W System.err: at android.os.Looper.loop(Looper.java:313)
04-01 02:43:01.596 12057 12057 W System.err: at android.app.ActivityThread.main(ActivityThread.java:8751)
04-01 02:43:01.596 12057 12057 W System.err: at java.lang.reflect.Method.invoke(Native Method)
04-01 02:43:01.596 12057 12057 W System.err: at com.android.internal.os.RuntimeInit$MethodAndArgsCaller.run(RuntimeInit.java:571)
04-01 02:43:01.596 12057 12057 W System.err: at com.android.internal.os.ZygoteInit.main(ZygoteInit.java:1135)
04-01 02:43:01.659 12057 12057 E CustomActivityOnCrash: IMPORTANT WARNING! You already have an UncaughtExceptionHandler, are you sure this is correct? If you use a custom UncaughtExceptionHandler, you must initialize it AFTER CustomActivityOnCrash! Installing anyway, but your original handler will not be called.
04-01 02:43:01.723 12057 12080 W LibraryVersion: Failed to get app version for libraryName: firebase-iid
04-01 02:43:01.909 12057 12057 W com.mbwhatsapp: Accessing hidden method Lcom/android/org/conscrypt/OpenSSLSocketImpl;->setUseSessionTickets(Z)V (max- target-q,core-platform-api, reflection, denied)
04-01 02:43:01.909 12057 12057 W com.mbwhatsapp: Accessing hidden method Lcom/android/org/conscrypt/AbstractConscryptSocket;->setUseSessionTickets(Z)V (max- target-q, reflection, denied)
04-01 02:43:02.092 12057 12129 W com.mbwhatsapp: Method void X.2rL.A03(java.lang.Integer) failed lock verification and will run slower.
04-01 02:43:02.092 12057 12129 W com.mbwhatsapp: Common causes for lock verification issues are non-optimized dex code
04-01 02:43:02.092 12057 12129 W com.mbwhatsapp: and incorrect proguard optimizations.
04-01 03:00:58.460 12057 12057 W com.mbwhatsapp: Method void X.0eU.A0h(X.0tK, boolean) failed lock verification and will run slower.
04-01 03:00:58.533 12057 14227 E libc : Access denied finding property "vendor.mali.config"
04-01 03:00:58.539 12057 12057 W com.mbwhatsapp: Method void com.mbwhatsapp.HomeActivity.A6e() failed lock verification and will run slower.
04-01 03:00:58.865 12057 12057 E ArmVmp : Match on catch block at 0x0a in for 0x189
04-01 03:00:58.890 12057 12057 E ArmVmp : Match on catch block at 0x0a in for 0x265
04-01 03:00:59.227 12057 14251 W com.mbwhatsapp: Accessing hidden method Lcom/android/org/conscrypt/ConscryptEngineSocket;->setUseSessionTickets(Z)V (max- target-q,core-platform-api, reflection, denied)
04-01 03:00:59.227 12057 14251 W com.mbwhatsapp: Accessing hidden method Lcom/android/org/conscrypt/OpenSSLSocketImpl;->setUseSessionTickets(Z)V (max- target-q,core-platform-api, reflection, denied)
04-01 03:00:59.227 12057 14251 W com.mbwhatsapp: Accessing hidden method Lcom/android/org/conscrypt/AbstractConscryptSocket;->setUseSessionTickets(Z)V (max- target-q, reflection, denied)
04-01 03:00:59.227 12057 14251 W com.mbwhatsapp: Accessing hidden method Lcom/android/org/conscrypt/ConscryptEngineSocket;->setHostname(Ljava/lang/String;)V (max-target-q,core-platform-api, reflection, denied)
04-01 03:00:59.227 12057 14251 W com.mbwhatsapp: Accessing hidden method Lcom/android/org/conscrypt/OpenSSLSocketImpl;->setHostname(Ljava/lang/String;)V (max-target-q,core-platform-api, reflection, denied)
04-01 03:00:59.227 12057 14251 W com.mbwhatsapp: Accessing hidden method Lcom/android/org/conscrypt/AbstractConscryptSocket;->setHostname(Ljava/lang/ String;)V (max-target-q, reflection, denied)
04-01 03:00:59.227 12057 14251 W com.mbwhatsapp: Accessing hidden method Lcom/android/org/conscrypt/OpenSSLSocketImpl;->setAlpnProtocols([B)V (max-target- q,core-platform-api, reflection, denied)
04-01 03:00:59.227 12057 14251 W com.mbwhatsapp: Accessing hidden method Lcom/android/org/conscrypt/AbstractConscryptSocket;->setAlpnProtocols([B)V (max- target-q, reflection, denied)
04-01 03:00:59.243 12057 12057 E RecyclerView: No adapter attached; skipping layout
04-01 03:00:59.340 12057 12057 E RecyclerView: No adapter attached; skipping layout
04-01 03:00:59.360 12057 12057 E ArmVmp : Match on catch block at 0x0a in for 0x1a5
04-01 03:00:59.478 12057 14271 W LOTTIE : Animation contains merge paths. Merge paths are only supported on KitKat+ and must be manually enabled by calling enableMergePathsForKitKatAndAbove().
04-01 03:00:59.531 12057 12057 W LOTTIE : Animation contains merge paths but they are disabled.
04-01 03:00:59.668 12057 14251 W com.mbwhatsapp: Accessing hidden method Lcom/android/org/conscrypt/OpenSSLSocketImpl;->getAlpnSelectedProtocol()[B (max- target-q,core-platform-api, reflection, denied)
04-01 03:00:59.668 12057 14251 W com.mbwhatsapp: Accessing hidden method Lcom/android/org/conscrypt/AbstractConscryptSocket;->getAlpnSelectedProtocol()[B (max-target-q, reflection, denied)
04-01 03:01:03.537 12057 12066 W com.mbwhatsapp: Cleared Reference was only reachable from finalizer (only reported once)
04-01 03:43:13.788 12057 12057 E ArmVmp : Match on catch block at 0x0a in for 0x189
04-01 03:43:13.816 12057 12057 E ArmVmp : Match on catch block at 0x0a in for 0x275
04-01 03:43:14.039 12057 18015 W com.mbwhatsapp: Accessing hidden method Lcom/android/org/conscrypt/ConscryptEngineSocket;->setUseSessionTickets(Z)V (max- target-q,core-platform-api, reflection, denied)
04-01 03:43:14.039 12057 18015 W com.mbwhatsapp: Accessing hidden method Lcom/android/org/conscrypt/OpenSSLSocketImpl;->setUseSessionTickets(Z)V (max- target-q,core-platform-api, reflection, denied)
04-01 03:43:14.039 12057 18015 W com.mbwhatsapp: Accessing hidden method Lcom/android/org/conscrypt/AbstractConscryptSocket;->setUseSessionTickets(Z)V (max- target-q, reflection, denied)
04-01 03:43:14.039 12057 18015 W com.mbwhatsapp: Accessing hidden method Lcom/android/org/conscrypt/ConscryptEngineSocket;->setHostname(Ljava/lang/String;)V (max-target-q,core-platform-api, reflection, denied)
04-01 03:43:14.039 12057 18015 W com.mbwhatsapp: Accessing hidden method Lcom/android/org/conscrypt/OpenSSLSocketImpl;->setHostname(Ljava/lang/String;)V (max-target-q,core-platform-api, reflection, denied)
04-01 03:43:14.039 12057 18015 W com.mbwhatsapp: Accessing hidden method Lcom/android/org/conscrypt/AbstractConscryptSocket;->setHostname(Ljava/lang/ String;)V (max-target-q, reflection, denied)
04-01 03:43:14.039 12057 18015 W com.mbwhatsapp: Accessing hidden method Lcom/android/org/conscrypt/OpenSSLSocketImpl;->setAlpnProtocols([B)V (max-target- q,core-platform-api, reflection, denied)
04-01 03:43:14.039 12057 18015 W com.mbwhatsapp: Accessing hidden method Lcom/android/org/conscrypt/AbstractConscryptSocket;->setAlpnProtocols([B)V (max- target-q, reflection, denied)
04-01 03:43:14.077 12057 12057 E RecyclerView: No adapter attached; skipping layout
04-01 03:43:14.156 12057 12057 E RecyclerView: No adapter attached; skipping layout
04-01 03:43:14.181 12057 12057 E ArmVmp : Match on catch block at 0x0a in for 0x1b5
04-01 03:43:14.600 12057 18015 W com.mbwhatsapp: Accessing hidden method Lcom/android/org/conscrypt/OpenSSLSocketImpl;->getAlpnSelectedProtocol()[B (max- target-q,core-platform-api, reflection, denied)
04-01 03:43:14.601 12057 18015 W com.mbwhatsapp: Accessing hidden method Lcom/android/org/conscrypt/AbstractConscryptSocket;->getAlpnSelectedProtocol()[B (max-target-q, reflection, denied)
04-01 03:43:14.687 12057 12066 W com.mbwhatsapp: Reducing the number of considered missed Gc histogram windows from 253 to 100
04-01 03:44:07.861 12057 12057 E ArmVmp : Match on catch block at 0x0a in for 0x18d
04-01 03:44:07.893 12057 12057 E ArmVmp : Match on catch block at 0x0a in for 0x271
04-01 03:44:08.160 12057 12057 E RecyclerView: No adapter attached; skipping layout
04-01 03:44:08.283 12057 12057 E RecyclerView: No adapter attached; skipping layout
04-01 03:44:08.326 12057 12057 E ArmVmp : Match on catch block at 0x0a in for 0x1b1
04-01 03:44:10.156 12057 12057 W InputEventReceiver: Attempted to finish an input event but the input event receiver has already been disposed.
04-01 03:49:16.430 12057 24441 E RenderScript: Failed loading RS driver: dlopen failed: library "libRSDriverArm.so" not found
04-01 03:49:16.430 12057 24441 E RenderScript: Failed to load runtime libRSDriverArm.so, loading default
04-01 03:49:16.648 12057 24450 W LOTTIE : Unknown shape type rd
04-01 03:49:16.793 12057 12057 E ArmVmp : Match on catch block at 0x0a in for 0x181
04-01 03:49:16.808 12057 12057 E ArmVmp : Match on catch block at 0x0a in for 0x199
04-01 03:49:16.842 12057 12057 E ArmVmp : Match on catch block at 0x0a in for 0x385
04-01 03:49:17.105 12057 12057 E ArmVmp : Match on catch block at 0xc3 in for 0x169
04-01 03:49:17.108 12057 12057 E ArmVmp : Match on catch block at 0xc3 in for 0x161
04-01 03:49:17.111 12057 12057 E ArmVmp : Match on catch block at 0xc3 in for 0x175
04-01 03:49:17.354 12057 12057 E ArmVmp : Match on catch block at 0xc3 in for 0x141
04-01 03:49:17.358 12057 12057 E ArmVmp : Match on catch block at 0xc3 in for 0x159
04-01 03:49:17.361 12057 12057 E ArmVmp : Match on catch block at 0xc3 in for 0x141
04-01 03:49:17.413 12057 12057 E ArmVmp : Match on catch block at 0x0a in for 0x3f9
04-01 03:49:17.437 12057 12057 E ArmVmp : Match on catch block at 0xc3 in for 0x14d
04-01 03:49:17.439 12057 12057 E ArmVmp : Match on catch block at 0xc3 in for 0x149
04-01 03:49:17.441 12057 12057 E ArmVmp : Match on catch block at 0xc3 in for 0x14d
04-01 03:49:17.499 12057 12057 E ArmVmp : Match on catch block at 0xc3 in for 0x141
04-01 03:49:17.500 12057 12057 E ArmVmp : Match on catch block at 0xc3 in for 0x159
04-01 03:49:17.502 12057 12057 E ArmVmp : Match on catch block at 0xc3 in for 0x141
04-01 03:49:17.542 12057 12057 E ArmVmp : Match on catch block at 0xc3 in for 0x149
04-01 03:49:17.543 12057 12057 E ArmVmp : Match on catch block at 0xc3 in for 0x145
04-01 03:49:17.545 12057 12057 E ArmVmp : Match on catch block at 0xc3 in for 0x149
04-01 03:49:17.593 12057 12057 E ArmVmp : Match on catch block at 0xc3 in for 0x14d
04-01 03:49:17.595 12057 12057 E ArmVmp : Match on catch block at 0xc3 in for 0x149
04-01 03:49:17.598 12057 12057 E ArmVmp : Match on catch block at 0xc3 in for 0x14d
04-01 03:49:17.634 12057 12057 E ArmVmp : Match on catch block at 0xc3 in for 0x151
04-01 03:49:17.636 12057 12057 E ArmVmp : Match on catch block at 0xc3 in for 0x14d
04-01 03:49:17.637 12057 12057 E ArmVmp : Match on catch block at 0xc3 in for 0x151
04-01 03:49:17.667 12057 12057 E ArmVmp : Match on catch block at 0xc3 in for 0x155
04-01 03:49:17.669 12057 12057 E ArmVmp : Match on catch block at 0xc3 in for 0x151
04-01 03:49:17.671 12057 12057 E ArmVmp : Match on catch block at 0xc3 in for 0x155
04-01 03:49:17.697 12057 12057 E ArmVmp : Match on catch block at 0xc3 in for 0x159
04-01 03:49:17.699 12057 12057 E ArmVmp : Match on catch block at 0xc3 in for 0x155
04-01 03:49:17.701 12057 12057 E ArmVmp : Match on catch block at 0xc3 in for 0x159
04-01 03:49:17.727 12057 12057 E ArmVmp : Match on catch block at 0xc3 in for 0x141
04-01 03:49:17.729 12057 12057 E ArmVmp : Match on catch block at 0xc3 in for 0x159
04-01 03:49:17.730 12057 12057 E ArmVmp : Match on catch block at 0xc3 in for 0x141
04-01 03:49:17.763 12057 12057 E ArmVmp : Match on catch block at 0xc3 in for 0x145
04-01 03:49:17.765 12057 12057 E ArmVmp : Match on catch block at 0xc3 in for 0x141
04-01 03:49:17.767 12057 12057 E ArmVmp : Match on catch block at 0xc3 in for 0x145
04-01 03:49:17.816 12057 12057 E ArmVmp : Match on catch block at 0xc3 in for 0x149
04-01 03:49:17.830 12057 12057 E ArmVmp : Match on catch block at 0xc3 in for 0x145
04-01 03:49:17.832 12057 12057 E ArmVmp : Match on catch block at 0xc3 in for 0x149
04-01 03:49:17.873 12057 12057 E ArmVmp : Match on catch block at 0xc3 in for 0x14d
04-01 03:49:17.875 12057 12057 E ArmVmp : Match on catch block at 0xc3 in for 0x149
04-01 03:49:17.876 12057 12057 E ArmVmp : Match on catch block at 0xc3 in for 0x14d
04-01 03:49:17.908 12057 12057 E ArmVmp : Match on catch block at 0xc3 in for 0x151
04-01 03:49:17.910 12057 12057 E ArmVmp : Match on catch block at 0xc3 in for 0x14d
04-01 03:49:17.911 12057 12057 E ArmVmp : Match on catch block at 0xc3 in for 0x151
04-01 03:49:17.940 12057 12057 E ArmVmp : Match on catch block at 0xc3 in for 0x155
04-01 03:49:17.941 12057 12057 E ArmVmp : Match on catch block at 0xc3 in for 0x151
04-01 03:49:17.942 12057 12057 E ArmVmp : Match on catch block at 0xc3 in for 0x155
04-01 03:49:17.973 12057 12057 E ArmVmp : Match on catch block at 0xc3 in for 0x159
04-01 03:49:17.975 12057 12057 E ArmVmp : Match on catch block at 0xc3 in for 0x155
04-01 03:49:17.976 12057 12057 E ArmVmp : Match on catch block at 0xc3 in for 0x159
04-01 03:49:18.011 12057 12057 E ArmVmp : Match on catch block at 0xc3 in for 0x141
04-01 03:49:18.013 12057 12057 E ArmVmp : Match on catch block at 0xc3 in for 0x159
04-01 03:49:18.014 12057 12057 E ArmVmp : Match on catch block at 0xc3 in for 0x141
04-01 03:49:18.046 12057 12057 E ArmVmp : Match on catch block at 0xc3 in for 0x145
04-01 03:49:18.048 12057 12057 E ArmVmp : Match on catch block at 0xc3 in for 0x141
04-01 03:49:18.049 12057 12057 E ArmVmp : Match on catch block at 0xc3 in for 0x145
04-01 03:49:18.079 12057 12057 E ArmVmp : Match on catch block at 0xc3 in for 0x155
04-01 03:49:18.082 12057 12057 E ArmVmp : Match on catch block at 0xc3 in for 0x151
04-01 03:49:18.083 12057 12057 E ArmVmp : Match on catch block at 0xc3 in for 0x155
04-01 03:49:18.111 12057 12057 E ArmVmp : Match on catch block at 0xc3 in for 0x145
04-01 03:49:18.113 12057 12057 E ArmVmp : Match on catch block at 0xc3 in for 0x141
04-01 03:49:18.114 12057 12057 E ArmVmp : Match on catch block at 0xc3 in for 0x145
04-01 03:49:18.145 12057 12057 E ArmVmp : Match on catch block at 0xc3 in for 0x151
04-01 03:49:18.146 12057 12057 E ArmVmp : Match on catch block at 0xc3 in for 0x14d
04-01 03:49:18.148 12057 12057 E ArmVmp : Match on catch block at 0xc3 in for 0x151
04-01 03:49:18.179 12057 12057 E ArmVmp : Match on catch block at 0xc3 in for 0x145
04-01 03:49:18.181 12057 12057 E ArmVmp : Match on catch block at 0xc3 in for 0x141
04-01 03:49:18.183 12057 12057 E ArmVmp : Match on catch block at 0xc3 in for 0x145
04-01 03:49:18.212 12057 12057 E ArmVmp : Match on catch block at 0xc3 in for 0x159
04-01 03:49:18.214 12057 12057 E ArmVmp : Match on catch block at 0xc3 in for 0x155
04-01 03:49:18.215 12057 12057 E ArmVmp : Match on catch block at 0xc3 in for 0x159
04-01 03:49:18.253 12057 12057 E ArmVmp : Match on catch block at 0xc3 in for 0x155
04-01 03:49:18.260 12057 12057 E ArmVmp : Match on catch block at 0xc3 in for 0x151
04-01 03:49:18.262 12057 12057 E ArmVmp : Match on catch block at 0xc3 in for 0x155
04-01 03:49:18.300 12057 12057 E ArmVmp : Match on catch block at 0xc3 in for 0x159
04-01 03:49:18.302 12057 12057 E ArmVmp : Match on catch block at 0xc3 in for 0x155
04-01 03:49:18.303 12057 12057 E ArmVmp : Match on catch block at 0xc3 in for 0x159
04-01 03:49:18.339 12057 12057 E ArmVmp : Match on catch block at 0xc3 in for 0x145
04-01 03:49:18.341 12057 12057 E ArmVmp : Match on catch block at 0xc3 in for 0x141
04-01 03:49:18.342 12057 12057 E ArmVmp : Match on catch block at 0xc3 in for 0x145
04-01 03:49:18.377 12057 12057 E ArmVmp : Match on catch block at 0xc3 in for 0x14d
04-01 03:49:18.379 12057 12057 E ArmVmp : Match on catch block at 0xc3 in for 0x149
04-01 03:49:18.381 12057 12057 E ArmVmp : Match on catch block at 0xc3 in for 0x14d
04-01 03:49:18.414 12057 12057 E ArmVmp : Match on catch block at 0xc3 in for 0x155
04-01 03:49:18.416 12057 12057 E ArmVmp : Match on catch block at 0xc3 in for 0x151
04-01 03:49:18.418 12057 12057 E ArmVmp : Match on catch block at 0xc3 in for 0x155
04-01 03:49:18.451 12057 12057 E ArmVmp : Match on catch block at 0xc3 in for 0x141
04-01 03:49:18.453 12057 12057 E ArmVmp : Match on catch block at 0xc3 in for 0x159
04-01 03:49:18.455 12057 12057 E ArmVmp : Match on catch block at 0xc3 in for 0x141
04-01 03:49:18.484 12057 12057 E ArmVmp : Match on catch block at 0xc3 in for 0x149
04-01 03:49:18.486 12057 12057 E ArmVmp : Match on catch block at 0xc3 in for 0x145
04-01 03:49:18.487 12057 12057 E ArmVmp : Match on catch block at 0xc3 in for 0x149
04-01 03:49:18.519 12057 12057 E ArmVmp : Match on catch block at 0xc3 in for 0x151
04-01 03:49:18.522 12057 12057 E ArmVmp : Match on catch block at 0xc3 in for 0x14d
04-01 03:49:18.523 12057 12057 E ArmVmp : Match on catch block at 0xc3 in for 0x151
04-01 03:49:18.552 12057 12057 E ArmVmp : Match on catch block at 0xc3 in for 0x159
04-01 03:49:18.554 12057 12057 E ArmVmp : Match on catch block at 0xc3 in for 0x155
04-01 03:49:18.557 12057 12057 E ArmVmp : Match on catch block at 0xc3 in for 0x159
04-01 03:49:18.587 12057 12057 E ArmVmp : Match on catch block at 0xc3 in for 0x145
04-01 03:49:18.590 12057 12057 E ArmVmp : Match on catch block at 0xc3 in for 0x141
04-01 03:49:18.592 12057 12057 E ArmVmp : Match on catch block at 0xc3 in for 0x145
04-01 03:49:18.622 12057 12057 E ArmVmp : Match on catch block at 0xc3 in for 0x14d
04-01 03:49:18.625 12057 12057 E ArmVmp : Match on catch block at 0xc3 in for 0x149
04-01 03:49:18.627 12057 12057 E ArmVmp : Match on catch block at 0xc3 in for 0x14d
04-01 03:49:18.659 12057 12057 E ArmVmp : Match on catch block at 0xc3 in for 0x155
04-01 03:49:18.662 12057 12057 E ArmVmp : Match on catch block at 0xc3 in for 0x151
04-01 03:49:18.664 12057 12057 E ArmVmp : Match on catch block at 0xc3 in for 0x155
04-01 03:49:18.694 12057 12057 E ArmVmp : Match on catch block at 0xc3 in for 0x141
04-01 03:49:18.697 12057 12057 E ArmVmp : Match on catch block at 0xc3 in for 0x159
04-01 03:49:18.699 12057 12057 E ArmVmp : Match on catch block at 0xc3 in for 0x141
04-01 03:49:18.730 12057 12057 E ArmVmp : Match on catch block at 0xc3 in for 0x149
04-01 03:49:18.732 12057 12057 E ArmVmp : Match on catch block at 0xc3 in for 0x145
04-01 03:49:18.734 12057 12057 E ArmVmp : Match on catch block at 0xc3 in for 0x149
04-01 03:49:18.765 12057 12057 E ArmVmp : Match on catch block at 0xc3 in for 0x151
04-01 03:49:18.767 12057 12057 E ArmVmp : Match on catch block at 0xc3 in for 0x14d
04-01 03:49:18.770 12057 12057 E ArmVmp : Match on catch block at 0xc3 in for 0x151
04-01 03:49:18.800 12057 12057 E ArmVmp : Match on catch block at 0xc3 in for 0x159
04-01 03:49:18.802 12057 12057 E ArmVmp : Match on catch block at 0xc3 in for 0x155
04-01 03:49:18.804 12057 12057 E ArmVmp : Match on catch block at 0xc3 in for 0x159
04-01 03:49:18.836 12057 12057 E ArmVmp : Match on catch block at 0xc3 in for 0x145
04-01 03:49:18.838 12057 12057 E ArmVmp : Match on catch block at 0xc3 in for 0x141
04-01 03:49:18.842 12057 12057 E ArmVmp : Match on catch block at 0xc3 in for 0x145
04-01 03:49:18.873 12057 12057 E ArmVmp : Match on catch block at 0xc3 in for 0x159
04-01 03:49:18.876 12057 12057 E ArmVmp : Match on catch block at 0xc3 in for 0x155
04-01 03:49:18.880 12057 12057 E ArmVmp : Match on catch block at 0xc3 in for 0x159
04-01 03:49:18.912 12057 12057 E ArmVmp : Match on catch block at 0xc3 in for 0x151
04-01 03:49:18.915 12057 12057 E ArmVmp : Match on catch block at 0xc3 in for 0x14d
04-01 03:49:18.918 12057 12057 E ArmVmp : Match on catch block at 0xc3 in for 0x151
04-01 03:49:18.949 12057 12057 E ArmVmp : Match on catch block at 0xc3 in for 0x149
04-01 03:49:18.952 12057 12057 E ArmVmp : Match on catch block at 0xc3 in for 0x145
04-01 03:49:18.954 12057 12057 E ArmVmp : Match on catch block at 0xc3 in for 0x149
04-01 03:49:18.987 12057 12057 E ArmVmp : Match on catch block at 0xc3 in for 0x14d
04-01 03:49:18.992 12057 12057 E ArmVmp : Match on catch block at 0xc3 in for 0x149
04-01 03:49:18.994 12057 12057 E ArmVmp : Match on catch block at 0xc3 in for 0x14d
04-01 03:49:19.025 12057 12057 E ArmVmp : Match on catch block at 0xc3 in for 0x151
04-01 03:49:19.029 12057 12057 E ArmVmp : Match on catch block at 0xc3 in for 0x14d
04-01 03:49:19.031 12057 12057 E ArmVmp : Match on catch block at 0xc3 in for 0x151
04-01 03:49:19.063 12057 12057 E ArmVmp : Match on catch block at 0xc3 in for 0x145
04-01 03:49:19.066 12057 12057 E ArmVmp : Match on catch block at 0xc3 in for 0x141
04-01 03:49:19.067 12057 12057 E ArmVmp : Match on catch block at 0xc3 in for 0x145
04-01 03:49:19.100 12057 12057 E ArmVmp : Match on catch block at 0xc3 in for 0x145
04-01 03:49:19.103 12057 12057 E ArmVmp : Match on catch block at 0xc3 in for 0x141
04-01 03:49:19.105 12057 12057 E ArmVmp : Match on catch block at 0xc3 in for 0x145
04-01 03:49:19.144 12057 12057 E ArmVmp : Match on catch block at 0xc3 in for 0x145
04-01 03:49:19.146 12057 12057 E ArmVmp : Match on catch block at 0xc3 in for 0x141
04-01 03:49:19.148 12057 12057 E ArmVmp : Match on catch block at 0xc3 in for 0x145
04-01 03:49:19.642 12057 12057 E ArmVmp : Match on catch block at 0xc3 in for 0x141
04-01 03:49:19.645 12057 12057 E ArmVmp : Match on catch block at 0xc3 in for 0x159
04-01 03:49:19.648 12057 12057 E ArmVmp : Match on catch block at 0xc3 in for 0x141
04-01 03:49:20.141 12057 12057 E ArmVmp : Match on catch block at 0xc3 in for 0x145
04-01 03:49:20.144 12057 12057 E ArmVmp : Match on catch block at 0xc3 in for 0x141
04-01 03:49:20.148 12057 12057 E ArmVmp : Match on catch block at 0xc3 in for 0x145
04-01 03:49:20.655 12057 12057 E ArmVmp : Match on catch block at 0xc3 in for 0x141
04-01 03:49:20.659 12057 12057 E ArmVmp : Match on catch block at 0xc3 in for 0x159
04-01 03:49:20.661 12057 12057 E ArmVmp : Match on catch block at 0xc3 in for 0x141
04-01 03:49:21.153 12057 12057 E ArmVmp : Match on catch block at 0xc3 in for 0x159
04-01 03:49:21.156 12057 12057 E ArmVmp : Match on catch block at 0xc3 in for 0x155
04-01 03:49:21.158 12057 12057 E ArmVmp : Match on catch block at 0xc3 in for 0x159
04-01 03:49:21.649 12057 12057 E ArmVmp : Match on catch block at 0xc3 in for 0x141
04-01 03:49:21.652 12057 12057 E ArmVmp : Match on catch block at 0xc3 in for 0x159
04-01 03:49:21.654 12057 12057 E ArmVmp : Match on catch block at 0xc3 in for 0x141
04-01 03:49:21.917 12057 12057 E ArmVmp : Match on catch block at 0xc3 in for 0x155
04-01 03:49:21.919 12057 12057 E ArmVmp : Match on catch block at 0xc3 in for 0x151
04-01 03:49:21.920 12057 12057 E ArmVmp : Match on catch block at 0xc3 in for 0x155
04-01 03:49:21.945 12057 12057 E ArmVmp : Match on catch block at 0xc3 in for 0x151
04-01 03:49:21.947 12057 12057 E ArmVmp : Match on catch block at 0xc3 in for 0x14d
04-01 03:49:21.949 12057 12057 E ArmVmp : Match on catch block at 0xc3 in for 0x151
04-01 03:49:21.969 12057 12057 E ArmVmp : Match on catch block at 0xc3 in for 0x151
04-01 03:49:21.972 12057 12057 E ArmVmp : Match on catch block at 0xc3 in for 0x14d
04-01 03:49:21.974 12057 12057 E ArmVmp : Match on catch block at 0xc3 in for 0x151
04-01 03:49:21.986 12057 12057 E ArmVmp : Match on catch block at 0xc3 in for 0x14d
04-01 03:49:21.989 12057 12057 E ArmVmp : Match on catch block at 0xc3 in for 0x149
04-01 03:49:21.992 12057 12057 E ArmVmp : Match on catch block at 0xc3 in for 0x14d
04-01 03:49:22.004 12057 12057 E ArmVmp : Match on catch block at 0xc3 in for 0x149
04-01 03:49:22.007 12057 12057 E ArmVmp : Match on catch block at 0xc3 in for 0x145
04-01 03:49:22.009 12057 12057 E ArmVmp : Match on catch block at 0xc3 in for 0x149
04-01 03:49:22.022 12057 12057 E ArmVmp : Match on catch block at 0xc3 in for 0x145
04-01 03:49:22.024 12057 12057 E ArmVmp : Match on catch block at 0xc3 in for 0x141
04-01 03:49:22.028 12057 12057 E ArmVmp : Match on catch block at 0xc3 in for 0x145
04-01 03:49:22.040 12057 12057 E ArmVmp : Match on catch block at 0xc3 in for 0x141
04-01 03:49:22.043 12057 12057 E ArmVmp : Match on catch block at 0xc3 in for 0x159
04-01 03:49:22.046 12057 12057 E ArmVmp : Match on catch block at 0xc3 in for 0x141
04-01 03:49:22.058 12057 12057 E ArmVmp : Match on catch block at 0xc3 in for 0x159
04-01 03:49:22.062 12057 12057 E ArmVmp : Match on catch block at 0xc3 in for 0x155
04-01 03:49:22.064 12057 12057 E ArmVmp : Match on catch block at 0xc3 in for 0x159
04-01 03:49:22.079 12057 12057 E ArmVmp : Match on catch block at 0xc3 in for 0x155
04-01 03:49:22.082 12057 12057 E ArmVmp : Match on catch block at 0xc3 in for 0x151
04-01 03:49:22.084 12057 12057 E ArmVmp : Match on catch block at 0xc3 in for 0x155
04-01 03:49:22.099 12057 12057 E ArmVmp : Match on catch block at 0xc3 in for 0x151
04-01 03:49:22.102 12057 12057 E ArmVmp : Match on catch block at 0xc3 in for 0x14d
04-01 03:49:22.105 12057 12057 E ArmVmp : Match on catch block at 0xc3 in for 0x151
04-01 03:49:22.122 12057 12057 E ArmVmp : Match on catch block at 0xc3 in for 0x14d
04-01 03:49:22.124 12057 12057 E ArmVmp : Match on catch block at 0xc3 in for 0x149
04-01 03:49:22.125 12057 12057 E ArmVmp : Match on catch block at 0xc3 in for 0x14d
04-01 03:49:22.139 12057 12057 E ArmVmp : Match on catch block at 0xc3 in for 0x149
04-01 03:49:22.141 12057 12057 E ArmVmp : Match on catch block at 0xc3 in for 0x145
04-01 03:49:22.143 12057 12057 E ArmVmp : Match on catch block at 0xc3 in for 0x149
04-01 03:49:22.158 12057 12057 E ArmVmp : Match on catch block at 0xc3 in for 0x145
04-01 03:49:22.160 12057 12057 E ArmVmp : Match on catch block at 0xc3 in for 0x141
04-01 03:49:22.162 12057 12057 E ArmVmp : Match on catch block at 0xc3 in for 0x145
04-01 03:49:22.176 12057 12057 E ArmVmp : Match on catch block at 0xc3 in for 0x141
04-01 03:49:22.178 12057 12057 E ArmVmp : Match on catch block at 0xc3 in for 0x159
04-01 03:49:22.180 12057 12057 E ArmVmp : Match on catch block at 0xc3 in for 0x141
04-01 03:49:22.195 12057 12057 E ArmVmp : Match on catch block at 0xc3 in for 0x159
04-01 03:49:22.198 12057 12057 E ArmVmp : Match on catch block at 0xc3 in for 0x155
04-01 03:49:22.200 12057 12057 E ArmVmp : Match on catch block at 0xc3 in for 0x159
04-01 03:49:22.216 12057 12057 E ArmVmp : Match on catch block at 0xc3 in for 0x155
04-01 03:49:22.218 12057 12057 E ArmVmp : Match on catch block at 0xc3 in for 0x151
04-01 03:49:22.219 12057 12057 E ArmVmp : Match on catch block at 0xc3 in for 0x155
04-01 03:49:22.234 12057 12057 E ArmVmp : Match on catch block at 0xc3 in for 0x151
04-01 03:49:22.235 12057 12057 E ArmVmp : Match on catch block at 0xc3 in for 0x14d
04-01 03:49:22.237 12057 12057 E ArmVmp : Match on catch block at 0xc3 in for 0x151
04-01 03:49:22.251 12057 12057 E ArmVmp : Match on catch block at 0xc3 in for 0x14d
04-01 03:49:22.253 12057 12057 E ArmVmp : Match on catch block at 0xc3 in for 0x149
04-01 03:49:22.255 12057 12057 E ArmVmp : Match on catch block at 0xc3 in for 0x14d
04-01 03:49:22.267 12057 12057 E ArmVmp : Match on catch block at 0xc3 in for 0x14d
04-01 03:49:22.269 12057 12057 E ArmVmp : Match on catch block at 0xc3 in for 0x149
04-01 03:49:22.270 12057 12057 E ArmVmp : Match on catch block at 0xc3 in for 0x14d
04-01 03:49:22.425 12057 12057 E ArmVmp : Match on catch block at 0xc3 in for 0x145
04-01 03:49:22.427 12057 12057 E ArmVmp : Match on catch block at 0xc3 in for 0x141
04-01 03:49:22.429 12057 12057 E ArmVmp : Match on catch block at 0xc3 in for 0x145
04-01 03:49:22.445 12057 12057 E ArmVmp : Match on catch block at 0xc3 in for 0x141
04-01 03:49:22.449 12057 12057 E ArmVmp : Match on catch block at 0xc3 in for 0x159
04-01 03:49:22.451 12057 12057 E ArmVmp : Match on catch block at 0xc3 in for 0x141
04-01 03:49:22.458 12057 12057 E ArmVmp : Match on catch block at 0xc3 in for 0x14d
04-01 03:49:22.460 12057 12057 E ArmVmp : Match on catch block at 0xc3 in for 0x149
04-01 03:49:22.463 12057 12057 E ArmVmp : Match on catch block at 0xc3 in for 0x14d
04-01 03:49:22.906 12057 12057 E ArmVmp : Match on catch block at 0xc3 in for 0x145
04-01 03:49:22.909 12057 12057 E ArmVmp : Match on catch block at 0xc3 in for 0x141
04-01 03:49:22.911 12057 12057 E ArmVmp : Match on catch block at 0xc3 in for 0x145
04-01 03:49:23.421 12057 12057 E ArmVmp : Match on catch block at 0xc3 in for 0x151
04-01 03:49:23.424 12057 12057 E ArmVmp : Match on catch block at 0xc3 in for 0x14d
04-01 03:49:23.427 12057 12057 E ArmVmp : Match on catch block at 0xc3 in for 0x151
04-01 03:49:23.920 12057 12057 E ArmVmp : Match on catch block at 0xc3 in for 0x141
04-01 03:49:23.924 12057 12057 E ArmVmp : Match on catch block at 0xc3 in for 0x159
04-01 03:49:23.927 12057 12057 E ArmVmp : Match on catch block at 0xc3 in for 0x141
04-01 03:49:24.418 12057 12057 E ArmVmp : Match on catch block at 0xc3 in for 0x149
04-01 03:49:24.422 12057 12057 E ArmVmp : Match on catch block at 0xc3 in for 0x145
04-01 03:49:24.426 12057 12057 E ArmVmp : Match on catch block at 0xc3 in for 0x149
04-01 03:49:24.521 12057 12057 E ArmVmp : Match on catch block at 0xc3 in for 0x159
