The document contains a log of camera service interactions, including connection attempts and status updates for various camera components. Multiple warnings indicate ignored status updates and failures to add streams to capture requests due to invalid surfaces. Additionally, there are entries related to device properties and graphics driver information.
The document contains a log of camera service interactions, including connection attempts and status updates for various camera components. Multiple warnings indicate ignored status updates and failures to add streams to capture requests due to invalid surfaces. Additionally, there are entries related to device properties and graphics driver information.
The document contains a log of camera service interactions, including connection attempts and status updates for various camera components. Multiple warnings indicate ignored status updates and failures to add streams to capture requests due to invalid surfaces. Additionally, there are entries related to device properties and graphics driver information.
The document contains a log of camera service interactions, including connection attempts and status updates for various camera components. Multiple warnings indicate ignored status updates and failures to add streams to capture requests due to invalid surfaces. Additionally, there are entries related to device properties and graphics driver information.
Download as TXT, PDF, TXT or read online from Scribd
Download as txt, pdf, or txt
You are on page 1of 62
--------- beginning of main
01-23 13:12:04.676 10592 10634 I CameraManagerGlobal: Connecting to camera service
01-23 13:12:04.680 10592 10634 W CameraManagerGlobal: [soar.cts] ignore the status update of camera: 2
01-23 13:12:04.680 10592 10634 W CameraManagerGlobal: [soar.cts] ignore the status update of camera: 3
01-23 13:12:04.680 10592 10634 W CameraManagerGlobal: [soar.cts] ignore the status update of camera: 4
01-23 13:12:04.680 10592 10634 W CameraManagerGlobal: [soar.cts] ignore the status update of camera: 5
01-23 13:12:04.681 10592 10630 W CameraManagerGlobal: ignore the torch status update of camera: 3
01-23 13:12:04.681 10592 10630 W CameraManagerGlobal: ignore the torch status update of camera: 4
01-23 13:12:04.684 10592 10622 W VideoCapabilities: Unsupported mime image/vnd.android.heic
01-23 13:12:04.689 10592 10592 D View : com.google.android.GoogleCameraEngR18F1 initForcedUseForceDark: 1
01-23 13:12:04.691 10592 10636 D CameraManager2: GotArray:0
01-23 13:12:04.691 10592 10636 D CameraManager2: GotArray:1
01-23 13:12:04.691 10592 10636 D CameraManager2: GotArray:2
01-23 13:12:04.691 10592 10636 D CameraManager2: GotArray:3
01-23 13:12:04.691 10592 10636 D CameraManager2: GotArray:5
01-23 13:12:04.694 10592 10638 D CameraManager2: GotArray:0
01-23 13:12:04.694 10592 10638 D CameraManager2: GotArray:1
01-23 13:12:04.694 10592 10638 D CameraManager2: GotArray:2
01-23 13:12:04.694 10592 10638 D CameraManager2: GotArray:3
01-23 13:12:04.694 10592 10638 D CameraManager2: GotArray:5
01-23 13:12:04.697 10592 10592 D DecorView[]: getWindowModeFromSystem windowmode is 1
01-23 13:12:04.698 10592 10638 D CameraManager2: GotArray:0
01-23 13:12:04.698 10592 10638 D CameraManager2: GotArray:1
01-23 13:12:04.698 10592 10638 D CameraManager2: GotArray:2
01-23 13:12:04.698 10592 10638 D CameraManager2: GotArray:3
01-23 13:12:04.698 10592 10638 D CameraManager2: GotArray:5
01-23 13:12:04.702 10592 10638 I CameraMetadataJV: setAppNameAndSensorId all [com.antutu:0,ssize,8160x6144,0,false]
01-23 13:12:04.702 10592 10638 I CameraMetadataJV: setAppNameAndSensorId all [com.antutu:1,ssize,2592x1944,0,false]
01-23 13:12:04.704 10592 10622 W CAM_A : Build number (V13.0.4.0.RGEIDXM) is not a number. Ignoring version check for b/149569689.
01-23 13:12:04.705 10592 10622 D CameraManager2: GotArray:0
01-23 13:12:04.705 10592 10622 D CameraManager2: GotArray:1
01-23 13:12:04.705 10592 10622 D CameraManager2: GotArray:2
01-23 13:12:04.705 10592 10622 D CameraManager2: GotArray:3
01-23 13:12:04.705 10592 10622 D CameraManager2: GotArray:5
01-23 13:12:04.709 10592 10638 D CameraManager2: GotArray:0
01-23 13:12:04.709 10592 10638 D CameraManager2: GotArray:1
01-23 13:12:04.709 10592 10638 D CameraManager2: GotArray:2
01-23 13:12:04.709 10592 10638 D CameraManager2: GotArray:3
01-23 13:12:04.709 10592 10638 D CameraManager2: GotArray:5
01-23 13:12:04.713 10592 10638 D CameraManager2: GotArray:0
01-23 13:12:04.713 10592 10638 D CameraManager2: GotArray:1
01-23 13:12:04.713 10592 10638 D CameraManager2: GotArray:2
01-23 13:12:04.713 10592 10638 D CameraManager2: GotArray:3
01-23 13:12:04.713 10592 10638 D CameraManager2: GotArray:5
01-23 13:12:04.724 10592 10638 E libc : Access denied finding property "ro.vendor.df.effect.conflict"
01-23 13:12:04.724 10592 10638 E libc : Access denied finding property "ro.vendor.knock.type"
01-23 13:12:04.740 10592 10643 D CameraInjector: notifyRF for API 2 : cameraRoleId = 1, active = true
01-23 13:12:04.740 10592 10643 D CameraInjector: notifyRF cameraId = 1, active ? true --------- beginning of system
01-23 13:12:04.742 10592 10643 E MiuiCameraCoveredManagerImpl: check service failed
01-23 13:12:04.742 10592 10643 E MiuiCameraCoveredManager: SetCoveredPackageName error, the MiuiCameraCoveredManagerService not ready!
01-23 13:12:04.810 10592 10592 D Zoran Log: : ZFlash State is : true
01-23 13:12:04.815 10592 10638 D FrameIndicator: support status: 1 0x748eff5018 0x748eff54c4
01-23 13:12:04.826 10592 10638 D FrameIndicator: support status: 1 0x748eff5018 0x748eff54c4
01-23 13:12:04.847 10592 10638 D CameraManager2: GotArray:0
01-23 13:12:04.847 10592 10638 D CameraManager2: GotArray:1
01-23 13:12:04.847 10592 10638 D CameraManager2: GotArray:2
01-23 13:12:04.847 10592 10638 D CameraManager2: GotArray:3
01-23 13:12:04.847 10592 10638 D CameraManager2: GotArray:5
01-23 13:12:04.895 10592 10592 I DeezNuts: MSG: SLIDER 1 FOCUS: 1.0E-4
01-23 13:12:04.895 10592 10592 I ProReC : setprogres0
01-23 13:12:04.898 10592 10592 I DeezNuts: MSG: SLIDER 0 IDX: 0
01-23 13:12:04.898 10592 10592 I ProReC : setprogres_iso0
01-23 13:12:04.899 10592 10592 I za.defcomk.prorec.cust2.RotSeek: setprogres_iso0
01-23 13:12:04.909 10592 10638 D CameraManager2: GotArray:0
01-23 13:12:04.909 10592 10638 D CameraManager2: GotArray:1
01-23 13:12:04.909 10592 10638 D CameraManager2: GotArray:2
01-23 13:12:04.909 10592 10638 D CameraManager2: GotArray:3
01-23 13:12:04.909 10592 10638 D CameraManager2: GotArray:5
01-23 13:12:04.942 10592 10662 W CAM_SimpleReqProcessor: Failed to add Stream-1 to CaptureRequest for Request-1. The surface (null) was not valid.
01-23 13:12:04.950 10592 10638 W CAM_SimpleReqProcessor: Failed to add Stream-1 to CaptureRequest for Request-2. The surface (null) was not valid.
01-23 13:12:04.958 10592 10592 D DecorView[]: getWindowModeFromSystem windowmode is 1
01-23 13:12:05.014 10592 10592 D DecorView[]: getWindowModeFromSystem windowmode is 1
01-23 13:12:05.015 10592 10638 W CAM_SimpleReqProcessor: Failed to add Stream-1 to CaptureRequest for Request-3. The surface (null) was not valid.
01-23 13:12:05.023 10592 10638 W CAM_SimpleReqProcessor: Failed to add Stream-1 to CaptureRequest for Request-4. The surface (null) was not valid.
01-23 13:12:05.024 10592 10636 D CameraManager2: GotArray:0
01-23 13:12:05.024 10592 10636 D CameraManager2: GotArray:1
01-23 13:12:05.024 10592 10636 D CameraManager2: GotArray:2
01-23 13:12:05.024 10592 10636 D CameraManager2: GotArray:3
01-23 13:12:05.024 10592 10636 D CameraManager2: GotArray:5
01-23 13:12:05.027 10592 10592 D FrameIndicator: support status: 1 0x748eff5018 0x748eff54c4
01-23 13:12:05.032 10592 10638 W CAM_SimpleReqProcessor: Failed to add Stream-1 to CaptureRequest for Request-5. The surface (null) was not valid.
01-23 13:12:05.032 10592 10623 I AdrenoGLES-0: QUALCOMM build : 5eaa426211, I07ee46fc66
01-23 13:12:05.032 10592 10623 I AdrenoGLES-0: Build Date : 10/08/21
01-23 13:12:05.032 10592 10623 I AdrenoGLES-0: OpenGL ES Shader Compiler Version: EV031.32.02.16
01-23 13:12:05.032 10592 10623 I AdrenoGLES-0: Local Branch :
01-23 13:12:05.032 10592 10623 I AdrenoGLES-0: Remote Branch :
01-23 13:12:05.032 10592 10623 I AdrenoGLES-0: Remote Branch :
01-23 13:12:05.032 10592 10623 I AdrenoGLES-0: Reconstruct Branch :
01-23 13:12:05.032 10592 10623 I AdrenoGLES-0: Build Config : S P 10.0.7 AArch64
01-23 13:12:05.032 10592 10623 I AdrenoGLES-0: Driver Path : /vendor/lib64/egl/libGLESv2_adreno.so
01-23 13:12:05.040 10592 10638 W CAM_SimpleReqProcessor: Failed to add Stream-1 to CaptureRequest for Request-6. The surface (null) was not valid.
01-23 13:12:05.041 10592 10623 I AdrenoGLES-0: PFP: 0x016ee197, ME: 0x00000000
01-23 13:12:05.061 10592 10620 W ProtoDataStoreFlagStore: Unable to retrieve flag snapshot for com.google.android.libraries.consentverifier#com.google.android.GoogleCameraEngR18F 1, using defaults.
01-23 13:12:05.063 10592 10638 W CAM_A : UI view not yet initialized
01-23 13:12:05.066 10592 10696 W CAM_SimpleReqProcessor: Failed to add Stream-1 to CaptureRequest for Request-7. The surface (null) was not valid.
01-23 13:12:05.081 10592 10696 W CAM_SimpleReqProcessor: Failed to add Stream-1 to CaptureRequest for Request-8. The surface (null) was not valid.
01-23 13:12:05.088 10592 10696 W CAM_SimpleReqProcessor: Failed to add Stream-1 to CaptureRequest for Request-9. The surface (null) was not valid.
01-23 13:12:05.089 10592 10623 E LB : fail to open file: No such file or directory
01-23 13:12:05.092 10592 10592 W CAM_A : Was already registered as ThermalStatusListener on AppStart
01-23 13:12:05.092 10592 10619 E SensorManager: sensor or listener is null
01-23 13:12:05.092 10592 10696 W CAM_SimpleReqProcessor: Failed to add Stream-1 to CaptureRequest for Request-10. The surface (null) was not valid.
01-23 13:12:05.127 10592 10592 D CameraManager2: GotArray:0
01-23 13:12:05.127 10592 10592 D CameraManager2: GotArray:1
01-23 13:12:05.127 10592 10592 D CameraManager2: GotArray:2
01-23 13:12:05.127 10592 10592 D CameraManager2: GotArray:3
01-23 13:12:05.127 10592 10592 D CameraManager2: GotArray:5
01-23 13:12:05.154 10592 10592 D CameraManager2: GotArray:0
01-23 13:12:05.154 10592 10592 D CameraManager2: GotArray:1
01-23 13:12:05.154 10592 10592 D CameraManager2: GotArray:2
01-23 13:12:05.154 10592 10592 D CameraManager2: GotArray:3
01-23 13:12:05.154 10592 10592 D CameraManager2: GotArray:5
01-23 13:12:05.156 10592 10592 D CameraManager2: GotArray:0
01-23 13:12:05.156 10592 10592 D CameraManager2: GotArray:1
01-23 13:12:05.156 10592 10592 D CameraManager2: GotArray:2
01-23 13:12:05.156 10592 10592 D CameraManager2: GotArray:3
01-23 13:12:05.156 10592 10592 D CameraManager2: GotArray:5
01-23 13:12:05.158 10592 10592 D CameraManager2: GotArray:0
01-23 13:12:05.158 10592 10592 D CameraManager2: GotArray:1
01-23 13:12:05.158 10592 10592 D CameraManager2: GotArray:2
01-23 13:12:05.158 10592 10592 D CameraManager2: GotArray:3
01-23 13:12:05.158 10592 10592 D CameraManager2: GotArray:5
01-23 13:12:05.160 10592 10592 D CameraManager2: GotArray:0
01-23 13:12:05.160 10592 10592 D CameraManager2: GotArray:1
01-23 13:12:05.160 10592 10592 D CameraManager2: GotArray:2
01-23 13:12:05.160 10592 10592 D CameraManager2: GotArray:3
01-23 13:12:05.160 10592 10592 D CameraManager2: GotArray:5
01-23 13:12:05.201 10592 10592 D CameraManager2: GotArray:0
01-23 13:12:05.201 10592 10592 D CameraManager2: GotArray:1
01-23 13:12:05.201 10592 10592 D CameraManager2: GotArray:2
01-23 13:12:05.201 10592 10592 D CameraManager2: GotArray:3
01-23 13:12:05.201 10592 10592 D CameraManager2: GotArray:5
01-23 13:12:05.215 10592 10622 I tflite : Initialized TensorFlow Lite runtime.
01-23 13:12:05.215 10592 10677 E GoLog : INFO: Initialized TensorFlow Lite runtime.
01-23 13:12:05.218 10592 10622 E libc : Access denied finding property "ro.hardware.chipname"
01-23 13:12:05.222 10592 10622 I tflite : Created TensorFlow Lite XNNPACK delegate for CPU.
01-23 13:12:05.222 10592 10622 I tflite : Replacing 5 node(s) with delegate (TfLiteXNNPackDelegate) node, yielding 1 partitions.
01-23 13:12:05.222 10592 10677 E GoLog : INFO: Created TensorFlow Lite XNNPACK delegate for CPU.
01-23 13:12:05.222 10592 10677 E GoLog : INFO: Replacing 5 node(s) with delegate (TfLiteXNNPackDelegate) node, yielding 1 partitions.
01-23 13:12:05.256 10592 10696 W CAM_SimpleReqProcessor: Failed to add Stream-1 to CaptureRequest for Request-11. The surface (null) was not valid.
01-23 13:12:05.261 10592 10696 W CAM_SimpleReqProcessor: Failed to add Stream-1 to CaptureRequest for Request-12. The surface (null) was not valid.
01-23 13:12:05.262 10592 10592 D CameraManager2: GotArray:0
01-23 13:12:05.262 10592 10592 D CameraManager2: GotArray:1
01-23 13:12:05.262 10592 10592 D CameraManager2: GotArray:2
01-23 13:12:05.262 10592 10592 D CameraManager2: GotArray:3
01-23 13:12:05.262 10592 10592 D CameraManager2: GotArray:5
01-23 13:12:05.263 10592 10592 D CameraManager2: GotArray:0
01-23 13:12:05.263 10592 10592 D CameraManager2: GotArray:1
01-23 13:12:05.263 10592 10592 D CameraManager2: GotArray:2
01-23 13:12:05.263 10592 10592 D CameraManager2: GotArray:3
01-23 13:12:05.263 10592 10592 D CameraManager2: GotArray:5
01-23 13:12:05.266 10592 10592 D CameraManager2: GotArray:0
01-23 13:12:05.266 10592 10592 D CameraManager2: GotArray:1
01-23 13:12:05.266 10592 10592 D CameraManager2: GotArray:2
01-23 13:12:05.266 10592 10592 D CameraManager2: GotArray:3
01-23 13:12:05.266 10592 10592 D CameraManager2: GotArray:5
01-23 13:12:05.267 10592 10592 D CameraManager2: GotArray:0
01-23 13:12:05.267 10592 10592 D CameraManager2: GotArray:1
01-23 13:12:05.267 10592 10592 D CameraManager2: GotArray:2
01-23 13:12:05.267 10592 10592 D CameraManager2: GotArray:3
01-23 13:12:05.267 10592 10592 D CameraManager2: GotArray:5
01-23 13:12:05.296 10592 10592 W CAM_A : ModeSwitcher WAS ALREADY ENABLED!
01-23 13:12:05.299 10592 10592 D CameraManager2: GotArray:0
01-23 13:12:05.299 10592 10592 D CameraManager2: GotArray:1
01-23 13:12:05.299 10592 10592 D CameraManager2: GotArray:2
01-23 13:12:05.299 10592 10592 D CameraManager2: GotArray:3
01-23 13:12:05.299 10592 10592 D CameraManager2: GotArray:5
01-23 13:12:05.300 10592 10592 D CameraManager2: GotArray:0
01-23 13:12:05.300 10592 10592 D CameraManager2: GotArray:1
01-23 13:12:05.300 10592 10592 D CameraManager2: GotArray:2
01-23 13:12:05.300 10592 10592 D CameraManager2: GotArray:3
01-23 13:12:05.300 10592 10592 D CameraManager2: GotArray:5
01-23 13:12:05.301 10592 10592 D CameraManager2: GotArray:0
01-23 13:12:05.301 10592 10592 D CameraManager2: GotArray:1
01-23 13:12:05.302 10592 10592 D CameraManager2: GotArray:2
01-23 13:12:05.302 10592 10592 D CameraManager2: GotArray:3
01-23 13:12:05.302 10592 10592 D CameraManager2: GotArray:5
01-23 13:12:05.304 10592 10592 D CameraManager2: GotArray:0
01-23 13:12:05.304 10592 10592 D CameraManager2: GotArray:1
01-23 13:12:05.304 10592 10592 D CameraManager2: GotArray:2
01-23 13:12:05.304 10592 10592 D CameraManager2: GotArray:3
01-23 13:12:05.304 10592 10592 D CameraManager2: GotArray:5
01-23 13:12:05.331 10592 10696 W CAM_SimpleReqProcessor: Failed to add Stream-1 to CaptureRequest for Request-13. The surface (null) was not valid.
01-23 13:12:05.337 10592 10696 W CAM_SimpleReqProcessor: Failed to add Stream-1 to CaptureRequest for Request-14. The surface (null) was not valid.
01-23 13:12:05.346 10592 10661 W CAM_A : UNINITIALIZED > result sensor delay = 1,14 > 1,10
01-23 13:12:05.359 10592 10592 D DecorView[CameraActivity]: getWindowModeFromSystem windowmode is 1
01-23 13:12:05.379 10592 10592 I DeezNuts: MSG: SLIDER 1 FOCUS: 1.0E-4
01-23 13:12:05.379 10592 10592 I ProReC : setprogres0
01-23 13:12:05.379 10592 10592 I DeezNuts: MSG: SLIDER 0 IDX: 0
01-23 13:12:05.379 10592 10592 I ProReC : setprogres_iso0
01-23 13:12:05.379 10592 10592 I za.defcomk.prorec.cust2.RotSeek: setprogres_iso0
01-23 13:12:05.382 10592 10592 D SurfaceView: UPDATE null, mIsCastMode = false
01-23 13:12:05.385 10592 10592 D FrameIndicator: support status: 1 0x748eff5018 0x748eff54c4
01-23 13:12:05.404 10592 10592 W Looper : PerfMonitor doFrame : time=71ms vsyncFrame=1735146 latency=355ms procState=2 historyMsgCount=59 (msgIndex=1 wall=123ms seq=13 running=53ms runnable=1ms io=1ms late=156ms h=android.view.Choreographer$FrameHandler c=android.view.Choreographer$FrameDisplayEventReceiver) (msgIndex=35 wall=240ms seq=47 running=176ms runnable=4ms io=22ms late=125ms h=android.os.Handler c=bwx)
01-23 13:12:05.407 10592 10662 W CAM_SurfaceMap: Surface(name=null)/@0x456e63b is valid but deferred streams are not yet available for CaptureSession-0
01-23 13:12:05.407 10592 10662 W CAM_SimpleReqProcessor: Failed to add Stream-1 to CaptureRequest for Request-15. The surface is not yet available.
01-23 13:12:05.420 10592 10662 W CAM_SurfaceMap: Surface(name=null)/@0x456e63b is valid but deferred streams are not yet available for CaptureSession-0
01-23 13:12:05.420 10592 10662 W CAM_SimpleReqProcessor: Failed to add Stream-1 to CaptureRequest for Request-16. The surface is not yet available.
01-23 13:12:05.421 10592 10634 W CAM_A : Extractor (frame) of type feature.acmi.imu.frame-straightness depends on foreign type feature.acmi.imu.camera-orientation! Feature values may be calculated out of order!
01-23 13:12:05.421 10592 10634 W CAM_A : Extractor (frame) of type feature.acmi.imu.frame-straightness depends on foreign type feature.acmi.imu.camera-orientation! Feature values may be calculated out of order!
01-23 13:12:05.421 10592 10634 E SensorManager: sensor or listener is null
01-23 13:12:05.432 10592 10592 D CameraManager2: GotArray:0
01-23 13:12:05.432 10592 10592 D CameraManager2: GotArray:1
01-23 13:12:05.432 10592 10592 D CameraManager2: GotArray:2
01-23 13:12:05.432 10592 10592 D CameraManager2: GotArray:3
01-23 13:12:05.432 10592 10592 D CameraManager2: GotArray:5
01-23 13:12:05.442 10592 10592 W CAM_A : ModeSwitcher WAS ALREADY ENABLED!
01-23 13:12:05.450 10592 10695 W ProtoDataStoreFlagStore: Unable to update local snapshot for com.google.android.libraries.consentverifier#com.google.android.GoogleCameraEngR18F 1, may result in stale flags.
01-23 13:12:05.450 10592 10695 W ProtoDataStoreFlagStore: java.util.concurrent.ExecutionException: java.lang.SecurityException: GoogleCertificatesRslt: not allowed: pkg=com.google.android.GoogleCameraEngR18F1, sha256=[a40da80a59d170caa950cf15c18c454d47a39b26989d8b640ecd745ba71bf5dc], atk=false, ver=244738022.true (go/gsrlt)
01-23 13:12:05.450 10592 10695 W ProtoDataStoreFlagStore: at pfx.s(Unknown Source:20)
01-23 13:12:05.450 10592 10695 W ProtoDataStoreFlagStore: at pfx.get(Unknown Source:21)
01-23 13:12:05.450 10592 10695 W ProtoDataStoreFlagStore: at plk.I(Unknown Source:1)
01-23 13:12:05.450 10592 10695 W ProtoDataStoreFlagStore: at plk.ad(Unknown Source:9)
01-23 13:12:05.450 10592 10695 W ProtoDataStoreFlagStore: at nfm.d(Unknown Source:0)
01-23 13:12:05.450 10592 10695 W ProtoDataStoreFlagStore: at ngq.run(Unknown Source:9)
01-23 13:12:05.450 10592 10695 W ProtoDataStoreFlagStore: at java.util.concurrent.Executors$RunnableAdapter.call(Executors.java:462)
01-23 13:12:05.450 10592 10695 W ProtoDataStoreFlagStore: at java.util.concurrent.FutureTask.run(FutureTask.java:266)
01-23 13:12:05.450 10592 10695 W ProtoDataStoreFlagStore: at java.util.concurrent.ScheduledThreadPoolExecutor$ScheduledFutureTask.run(ScheduledT hreadPoolExecutor.java:301)
01-23 13:12:05.450 10592 10695 W ProtoDataStoreFlagStore: at java.util.concurrent.ThreadPoolExecutor.runWorker(ThreadPoolExecutor.java:1167)
01-23 13:12:05.450 10592 10695 W ProtoDataStoreFlagStore: at java.util.concurrent.ThreadPoolExecutor$Worker.run(ThreadPoolExecutor.java:641)
01-23 13:12:05.450 10592 10695 W ProtoDataStoreFlagStore: at java.lang.Thread.run(Thread.java:923)
01-23 13:12:05.450 10592 10695 W ProtoDataStoreFlagStore: Caused by: java.lang.SecurityException: GoogleCertificatesRslt: not allowed: pkg=com.google.android.GoogleCameraEngR18F1, sha256=[a40da80a59d170caa950cf15c18c454d47a39b26989d8b640ecd745ba71bf5dc], atk=false, ver=244738022.true (go/gsrlt)
01-23 13:12:05.450 10592 10695 W ProtoDataStoreFlagStore: at android.os.Parcel.createExceptionOrNull(Parcel.java:2376)
01-23 13:12:05.450 10592 10695 W ProtoDataStoreFlagStore: at android.os.Parcel.createException(Parcel.java:2360)
01-23 13:12:05.450 10592 10695 W ProtoDataStoreFlagStore: at android.os.Parcel.readException(Parcel.java:2343)
01-23 13:12:05.450 10592 10695 W ProtoDataStoreFlagStore: at android.os.Parcel.readException(Parcel.java:2285)
01-23 13:12:05.450 10592 10695 W ProtoDataStoreFlagStore: at bmn.z(Unknown Source:10)
01-23 13:12:05.450 10592 10695 W ProtoDataStoreFlagStore: at ktz.a(Unknown Source:38)
01-23 13:12:05.450 10592 10695 W ProtoDataStoreFlagStore: at kjd.f(Unknown Source:10)
01-23 13:12:05.450 10592 10695 W ProtoDataStoreFlagStore: at kkc.t(Unknown Source:9)
01-23 13:12:05.450 10592 10695 W ProtoDataStoreFlagStore: at kkc.u(Unknown Source:22)
01-23 13:12:05.450 10592 10695 W ProtoDataStoreFlagStore: at kkc.g(Unknown Source:29)
01-23 13:12:05.450 10592 10695 W ProtoDataStoreFlagStore: at kkc.h(Unknown Source:76)
01-23 13:12:05.450 10592 10695 W ProtoDataStoreFlagStore: at kkc.b(Unknown Source:14)
01-23 13:12:05.450 10592 10695 W ProtoDataStoreFlagStore: at klz.c(Unknown Source:114)
01-23 13:12:05.450 10592 10695 W ProtoDataStoreFlagStore: at klt.d(Unknown Source:6)
01-23 13:12:05.450 10592 10695 W ProtoDataStoreFlagStore: at klu.handleMessage(Unknown Source:307)
01-23 13:12:05.450 10592 10695 W ProtoDataStoreFlagStore: at android.os.Handler.dispatchMessage(Handler.java:106)
01-23 13:12:05.450 10592 10695 W ProtoDataStoreFlagStore: at ksg.b(Unknown Source:0)
01-23 13:12:05.450 10592 10695 W ProtoDataStoreFlagStore: at ksg.dispatchMessage(Unknown Source:0)
01-23 13:12:05.450 10592 10695 W ProtoDataStoreFlagStore: at android.os.Looper.loop(Looper.java:237)
01-23 13:12:05.450 10592 10695 W ProtoDataStoreFlagStore: at android.os.HandlerThread.run(HandlerThread.java:67)
01-23 13:12:05.450 10592 10634 E SensorManager: sensor or listener is null
01-23 13:12:05.470 10592 10622 W pkr : CaptureResult is present COLOR_CORRECTION_GAINS NEUTRAL.
01-23 13:12:05.491 10592 10634 W CAM_CameraDeviceVerifie: Tag CameraDeviceVerifier is 1 chars longer than limit.
01-23 13:12:05.492 10592 10634 D CameraManager2: GotArray:0
01-23 13:12:05.492 10592 10634 D CameraManager2: GotArray:1
01-23 13:12:05.492 10592 10634 D CameraManager2: GotArray:2
01-23 13:12:05.492 10592 10634 D CameraManager2: GotArray:3
01-23 13:12:05.492 10592 10634 D CameraManager2: GotArray:5
01-23 13:12:05.493 10592 10638 D CameraManager2: GotArray:0
01-23 13:12:05.493 10592 10638 D CameraManager2: GotArray:1
01-23 13:12:05.493 10592 10638 D CameraManager2: GotArray:2
01-23 13:12:05.493 10592 10638 D CameraManager2: GotArray:3
01-23 13:12:05.493 10592 10638 D CameraManager2: GotArray:5
01-23 13:12:05.494 10592 10605 I eCameraEngR18F: WaitForGcToComplete blocked RunEmptyCheckpoint on ProfileSaver for 21.254ms
01-23 13:12:05.522 10592 10592 W CBVerifier: Registering phenotype for com.google.android.libraries.consentverifier#com.google.android.GoogleCameraEngR18F 1 failed
01-23 13:12:05.542 10592 10622 W pkr : aeCrop exceeds preCorrectionActiveArraySize.
01-23 13:12:05.559 10592 10636 W CAM_A : Not restoring video id 1000064325 since it is too small (size: 0)
01-23 13:12:05.572 10592 10636 W CAM_A : Not restoring video id 1000064328 since it is too small (size: 0)
01-23 13:12:05.590 10592 10636 W CAM_A : Not restoring video id 1000064513 since it is too small (size: 0)
01-23 13:12:05.598 10592 10636 W CAM_A : Not restoring video id 1000071468 since it is too small (size: 0)
01-23 13:12:05.645 10592 10634 W pkr : CaptureResult is present COLOR_CORRECTION_GAINS NEUTRAL.
01-23 13:12:05.676 10592 10634 W pkr : aeCrop exceeds preCorrectionActiveArraySize.
01-23 13:12:05.717 10592 10723 D CCodec : allocate(c2.android.vorbis.decoder)
01-23 13:12:05.721 10592 10724 D CCodec : allocate(c2.android.vorbis.decoder)
01-23 13:12:05.724 10592 10723 I Codec2Client: Available Codec2 services: "software"
01-23 13:12:05.776 10592 10619 W CAM_A : Framerate metadata does not exist for the video at content://media/external/video/media/1000071078
01-23 13:12:05.809 10592 10619 W CAM_A : Framerate metadata does not exist for the video at content://media/external/video/media/1000058099
01-23 13:12:05.823 10592 10634 W pkr : CaptureResult is present COLOR_CORRECTION_GAINS NEUTRAL.
01-23 13:12:05.835 10592 10634 W pkr : aeCrop exceeds preCorrectionActiveArraySize.
01-23 13:12:05.841 10592 10619 W CAM_A : Framerate metadata does not exist for the video at content://media/external/video/media/1000053749
01-23 13:12:05.891 10592 10723 I CCodec : Created component [c2.android.vorbis.decoder]
01-23 13:12:05.891 10592 10724 I CCodec : Created component [c2.android.vorbis.decoder]
01-23 13:12:05.891 10592 10723 D CCodecConfig: read media type: audio/vorbis
01-23 13:12:05.891 10592 10724 D CCodecConfig: read media type: audio/vorbis
01-23 13:12:05.892 10592 10619 W CAM_A : Framerate metadata does not exist for the video at content://media/external/video/media/1000053748
01-23 13:12:05.895 10592 10724 D ReflectedParamUpdater: extent() != 1 for single value type: algo.buffers.max-count.values
01-23 13:12:05.895 10592 10724 D ReflectedParamUpdater: extent() != 1 for single value type: output.subscribed-indices.values
01-23 13:12:05.895 10592 10723 D ReflectedParamUpdater: extent() != 1 for single value type: algo.buffers.max-count.values
01-23 13:12:05.895 10592 10724 D ReflectedParamUpdater: extent() != 1 for single value type: input.buffers.allocator-ids.values
01-23 13:12:05.895 10592 10724 D ReflectedParamUpdater: extent() != 1 for single value type: output.buffers.allocator-ids.values
01-23 13:12:05.896 10592 10723 D ReflectedParamUpdater: extent() != 1 for single value type: output.subscribed-indices.values
01-23 13:12:05.896 10592 10724 D ReflectedParamUpdater: extent() != 1 for single value type: algo.buffers.allocator-ids.values
01-23 13:12:05.896 10592 10723 D ReflectedParamUpdater: extent() != 1 for single value type: input.buffers.allocator-ids.values
01-23 13:12:05.896 10592 10723 D ReflectedParamUpdater: extent() != 1 for single value type: output.buffers.allocator-ids.values
01-23 13:12:05.896 10592 10724 D ReflectedParamUpdater: extent() != 1 for single value type: output.buffers.pool-ids.values
01-23 13:12:05.896 10592 10723 D ReflectedParamUpdater: extent() != 1 for single value type: algo.buffers.allocator-ids.values
01-23 13:12:05.896 10592 10724 D ReflectedParamUpdater: extent() != 1 for single value type: algo.buffers.pool-ids.values
01-23 13:12:05.896 10592 10723 D ReflectedParamUpdater: extent() != 1 for single value type: output.buffers.pool-ids.values
01-23 13:12:05.896 10592 10723 D ReflectedParamUpdater: extent() != 1 for single value type: algo.buffers.pool-ids.values
01-23 13:12:05.897 10592 10723 I CCodecConfig: query failed after returning 7 values (BAD_INDEX)
01-23 13:12:05.897 10592 10723 D CCodecConfig: c2 config diff is Dict {
01-23 13:12:05.897 10592 10723 D CCodecConfig: c2::u32 coded.bitrate.value = 64000
01-23 13:12:05.897 10592 10723 D CCodecConfig: c2::u32 input.buffers.max- size.value = 32768
01-23 13:12:05.897 10592 10723 D CCodecConfig: c2::u32 input.delay.value = 0
01-23 13:12:05.897 10592 10723 D CCodecConfig: string input.media-type.value = "audio/vorbis"
01-23 13:12:05.897 10592 10723 D CCodecConfig: string output.media-type.value = "audio/raw"
01-23 13:12:05.897 10592 10723 D CCodecConfig: c2::u32 raw.channel-count.value = 1
01-23 13:12:05.897 10592 10723 D CCodecConfig: c2::u32 raw.sample-rate.value = 48000
01-23 13:12:05.897 10592 10723 D CCodecConfig: }
01-23 13:12:05.898 10592 10724 I CCodecConfig: query failed after returning 7 values (BAD_INDEX)
01-23 13:12:05.898 10592 10724 D CCodecConfig: c2 config diff is Dict {
01-23 13:12:05.898 10592 10724 D CCodecConfig: c2::u32 coded.bitrate.value = 64000
01-23 13:12:05.898 10592 10724 D CCodecConfig: c2::u32 input.buffers.max- size.value = 32768
01-23 13:12:05.898 10592 10724 D CCodecConfig: c2::u32 input.delay.value = 0
01-23 13:12:05.898 10592 10724 D CCodecConfig: string input.media-type.value = "audio/vorbis"
01-23 13:12:05.898 10592 10724 D CCodecConfig: string output.media-type.value = "audio/raw"
01-23 13:12:05.898 10592 10724 D CCodecConfig: c2::u32 raw.channel-count.value = 1
01-23 13:12:05.898 10592 10724 D CCodecConfig: c2::u32 raw.sample-rate.value = 48000
01-23 13:12:05.898 10592 10724 D CCodecConfig: }
01-23 13:12:05.899 10592 10723 D CCodec : [c2.android.vorbis.decoder] buffers are bound to CCodec for this session
01-23 13:12:05.899 10592 10724 D CCodec : [c2.android.vorbis.decoder] buffers are bound to CCodec for this session
01-23 13:12:05.900 10592 10723 D CCodecConfig: no c2 equivalents for durationUs
01-23 13:12:05.900 10592 10724 D CCodecConfig: no c2 equivalents for durationUs
01-23 13:12:05.900 10592 10724 D CCodecConfig: no c2 equivalents for track-id
01-23 13:12:05.900 10592 10723 D CCodecConfig: no c2 equivalents for track-id
01-23 13:12:05.900 10592 10724 D CCodecConfig: no c2 equivalents for csd-1
01-23 13:12:05.900 10592 10723 D CCodecConfig: no c2 equivalents for csd-1
01-23 13:12:05.900 10592 10724 D CCodecConfig: no c2 equivalents for language
01-23 13:12:05.900 10592 10723 D CCodecConfig: no c2 equivalents for language
01-23 13:12:05.900 10592 10724 D CCodecConfig: no c2 equivalents for file-format
01-23 13:12:05.900 10592 10723 D CCodecConfig: no c2 equivalents for file-format
01-23 13:12:05.900 10592 10723 D CCodecConfig: no c2 equivalents for flags
01-23 13:12:05.900 10592 10724 D CCodecConfig: no c2 equivalents for flags
01-23 13:12:05.906 10592 10724 D CCodecConfig: config failed => CORRUPTED
01-23 13:12:05.906 10592 10723 D CCodecConfig: config failed => CORRUPTED
01-23 13:12:05.907 10592 10723 W Codec2Client: query -- param skipped: index = 1107298332.
01-23 13:12:05.907 10592 10724 D CCodecConfig: c2 config diff is c2::u32 raw.sample-rate.value = 44100
01-23 13:12:05.907 10592 10723 D CCodec : setup formats input: AMessage(what = 0x00000000) = {
01-23 13:12:05.907 10592 10723 D CCodec : int32_t channel-count = 1
01-23 13:12:05.907 10592 10723 D CCodec : int32_t max-input-size = 65307
01-23 13:12:05.907 10592 10723 D CCodec : string mime = "audio/vorbis"
01-23 13:12:05.907 10592 10723 D CCodec : int32_t sample-rate = 48000
01-23 13:12:05.907 10592 10723 D CCodec : } and output: AMessage(what = 0x00000000) = {
01-23 13:12:05.907 10592 10723 D CCodec : int32_t channel-count = 1
01-23 13:12:05.907 10592 10723 D CCodec : string mime = "audio/raw"
01-23 13:12:05.907 10592 10723 D CCodec : int32_t sample-rate = 48000
01-23 13:12:05.907 10592 10723 D CCodec : }
01-23 13:12:05.907 10592 10724 W Codec2Client: query -- param skipped: index = 1107298332.
01-23 13:12:05.907 10592 10724 D CCodec : setup formats input: AMessage(what = 0x00000000) = {
01-23 13:12:05.907 10592 10724 D CCodec : int32_t channel-count = 1
01-23 13:12:05.907 10592 10724 D CCodec : int32_t max-input-size = 65307
01-23 13:12:05.907 10592 10724 D CCodec : string mime = "audio/vorbis"
01-23 13:12:05.907 10592 10724 D CCodec : int32_t sample-rate = 44100
01-23 13:12:05.907 10592 10724 D CCodec : } and output: AMessage(what = 0x00000000) = {
01-23 13:12:05.907 10592 10724 D CCodec : int32_t channel-count = 1
01-23 13:12:05.907 10592 10724 D CCodec : string mime = "audio/raw"
01-23 13:12:05.907 10592 10724 D CCodec : int32_t sample-rate = 44100
01-23 13:12:05.907 10592 10724 D CCodec : }
01-23 13:12:05.908 10592 10723 W Codec2Client: query -- param skipped: index = 1342179345.
01-23 13:12:05.908 10592 10723 W Codec2Client: query -- param skipped: index = 2415921170.
01-23 13:12:05.908 10592 10724 W Codec2Client: query -- param skipped: index = 1342179345.
01-23 13:12:05.908 10592 10724 W Codec2Client: query -- param skipped: index = 2415921170.
01-23 13:12:05.914 10592 10724 E FMQ : grantorIdx must be less than 3
01-23 13:12:05.914 10592 10724 E FMQ : grantorIdx must be less than 3
01-23 13:12:05.914 10592 10724 D CCodecBufferChannel: [c2.android.vorbis.decoder#248] Created input block pool with allocatorID 16 => poolID 17 - OK (0)
01-23 13:12:05.914 10592 10723 E FMQ : grantorIdx must be less than 3
01-23 13:12:05.914 10592 10723 E FMQ : grantorIdx must be less than 3
01-23 13:12:05.914 10592 10723 D CCodecBufferChannel: [c2.android.vorbis.decoder#569] Created input block pool with allocatorID 16 => poolID 18 - OK (0)
01-23 13:12:05.918 10592 10723 I CCodecBufferChannel: [c2.android.vorbis.decoder#569] Created output block pool with allocatorID 16 => poolID 709 - OK
01-23 13:12:05.918 10592 10723 D CCodecBufferChannel: [c2.android.vorbis.decoder#569] Configured output block pool ids 709 => OK
01-23 13:12:05.918 10592 10724 I CCodecBufferChannel: [c2.android.vorbis.decoder#248] Created output block pool with allocatorID 16 => poolID 710 - OK
01-23 13:12:05.919 10592 10724 D CCodecBufferChannel: [c2.android.vorbis.decoder#248] Configured output block pool ids 710 => OK
01-23 13:12:05.919 10592 10723 D CCodecBufferChannel: [c2.android.vorbis.decoder#569] start: updating output delay 0
01-23 13:12:05.919 10592 10724 D CCodecBufferChannel: [c2.android.vorbis.decoder#248] start: updating output delay 0
01-23 13:12:05.920 10592 10724 E ion : ioctl c0044901 failed with code -1: Inappropriate ioctl for device
01-23 13:12:05.947 10592 10724 E FMQ : grantorIdx must be less than 3
01-23 13:12:05.955 10592 10723 E FMQ : grantorIdx must be less than 3
01-23 13:12:05.972 10592 10728 E FMQ : grantorIdx must be less than 3
01-23 13:12:05.974 10592 10724 D CCodecBuffers: [c2.android.vorbis.decoder#248:Output[N]] popFromStashAndRegister: output format changed to AMessage(what = 0x00000000) = {
01-23 13:12:05.974 10592 10724 D CCodecBuffers: int32_t channel-count = 1
01-23 13:12:05.974 10592 10724 D CCodecBuffers: string mime = "audio/raw"
01-23 13:12:05.974 10592 10724 D CCodecBuffers: int32_t sample-rate = 44100
01-23 13:12:05.974 10592 10724 D CCodecBuffers: }
01-23 13:12:05.974 10592 10619 W CAM_A : Framerate metadata does not exist for the video at content://media/external/video/media/1000048605
01-23 13:12:05.989 10592 10728 E FMQ : grantorIdx must be less than 3
01-23 13:12:05.991 10592 10723 D CCodecBuffers: [c2.android.vorbis.decoder#569:Output[N]] popFromStashAndRegister: output format changed to AMessage(what = 0x00000000) = {
01-23 13:12:05.991 10592 10723 D CCodecBuffers: int32_t channel-count = 1
01-23 13:12:05.991 10592 10723 D CCodecBuffers: string mime = "audio/raw"
01-23 13:12:05.991 10592 10723 D CCodecBuffers: int32_t sample-rate = 48000
01-23 13:12:05.991 10592 10723 D CCodecBuffers: }
01-23 13:12:05.998 10592 10622 W Glide : Failed to find GeneratedAppGlideModule. You should include an annotationProcessor compile dependency on com.github.bumptech.glide:compiler in your application and a @GlideModule annotated AppGlideModule implementation or LibraryGlideModules will be silently ignored
01-23 13:12:06.013 10592 10622 I TetheringManager: registerTetheringEventCallback:com.google.android.GoogleCameraEngR18F1
01-23 13:12:06.025 10592 10723 D CCodecBufferChannel: [c2.android.vorbis.decoder#569] MediaCodec discarded an unknown buffer
01-23 13:12:06.025 10592 10723 D CCodecBufferChannel: [c2.android.vorbis.decoder#569] MediaCodec discarded an unknown buffer
01-23 13:12:06.031 10592 10734 I hw-BpHwBinder: onLastStrongRef automatically unlinking death recipients
01-23 13:12:06.037 10592 10634 W pkr : CaptureResult is present COLOR_CORRECTION_GAINS NEUTRAL.
01-23 13:12:06.048 10592 10634 W pkr : aeCrop exceeds preCorrectionActiveArraySize.
01-23 13:12:06.056 10592 10724 D CCodecBufferChannel: [c2.android.vorbis.decoder#248] MediaCodec discarded an unknown buffer
01-23 13:12:06.056 10592 10724 D CCodecBufferChannel: [c2.android.vorbis.decoder#248] MediaCodec discarded an unknown buffer
01-23 13:12:06.057 10592 10724 I hw-BpHwBinder: onLastStrongRef automatically unlinking death recipients
01-23 13:12:06.221 10592 10634 W pkr : CaptureResult is present COLOR_CORRECTION_GAINS NEUTRAL.
01-23 13:12:06.230 10592 10634 W pkr : aeCrop exceeds preCorrectionActiveArraySize.
01-23 13:12:06.335 10592 10592 D DecorView[CameraActivity]: getWindowModeFromSystem windowmode is 1
01-23 13:12:06.420 10592 10661 W CAM_A : PHOTO > rel Δ(result sensor timestamp) = 0,30 > 0,25
01-23 13:12:06.420 10592 10661 W CAM_A : PHOTO > result sensor delay = 1,30 > 1,10
01-23 13:12:06.425 10592 10622 W pkr : CaptureResult is present COLOR_CORRECTION_GAINS NEUTRAL.
01-23 13:12:06.434 10592 10622 W pkr : aeCrop exceeds preCorrectionActiveArraySize.
01-23 13:12:06.520 10592 10661 W CAM_A : PHOTO > rel Δ(result sensor timestamp) = 0,30 > 0,25
01-23 13:12:06.520 10592 10661 W CAM_A : PHOTO > result sensor delay = 1,30 > 1,10
01-23 13:12:06.630 10592 10634 W pkr : CaptureResult is present COLOR_CORRECTION_GAINS NEUTRAL.
01-23 13:12:06.642 10592 10634 W pkr : aeCrop exceeds preCorrectionActiveArraySize.
01-23 13:12:06.754 10592 10661 W CAM_A : PHOTO > rel Δ(result sensor timestamp) = 0,30 > 0,25
01-23 13:12:06.797 10592 10661 W CAM_A : PHOTO > rel Δ(result sensor timestamp) = 0,43 > 0,25
01-23 13:12:06.823 10592 10661 W CAM_A : PHOTO > rel Δ(result sensor timestamp) = 0,30 > 0,25
01-23 13:12:06.835 10592 10622 W pkr : CaptureResult is present COLOR_CORRECTION_GAINS NEUTRAL.
01-23 13:12:06.848 10592 10622 W pkr : aeCrop exceeds preCorrectionActiveArraySize.
01-23 13:12:06.855 10592 10661 W CAM_A : PHOTO > rel Δ(result sensor timestamp) = 0,43 > 0,25
01-23 13:12:07.025 10592 10622 W pkr : CaptureResult is present COLOR_CORRECTION_GAINS NEUTRAL.
01-23 13:12:07.041 10592 10622 W pkr : aeCrop exceeds preCorrectionActiveArraySize.
01-23 13:12:07.253 10592 10634 W pkr : CaptureResult is present COLOR_CORRECTION_GAINS NEUTRAL.
01-23 13:12:07.272 10592 10634 W pkr : aeCrop exceeds preCorrectionActiveArraySize.
01-23 13:12:07.422 10592 10622 W pkr : CaptureResult is present COLOR_CORRECTION_GAINS NEUTRAL.
01-23 13:12:07.432 10592 10622 W pkr : aeCrop exceeds preCorrectionActiveArraySize.
01-23 13:12:07.642 10592 10634 W pkr : CaptureResult is present COLOR_CORRECTION_GAINS NEUTRAL.
01-23 13:12:07.665 10592 10634 W pkr : aeCrop exceeds preCorrectionActiveArraySize.
01-23 13:12:07.825 10592 10634 W pkr : CaptureResult is present COLOR_CORRECTION_GAINS NEUTRAL.
01-23 13:12:07.848 10592 10634 W pkr : aeCrop exceeds preCorrectionActiveArraySize.
01-23 13:12:07.960 10592 10619 W ProtoDataStoreFlagStore: Unable to retrieve flag snapshot for com.google.android.libraries.performance.primes#com.google.android.GoogleCameraEngR 18F1, using defaults.
01-23 13:12:07.963 10592 10695 W ProtoDataStoreFlagStore: Unable to update local snapshot for com.google.android.libraries.performance.primes#com.google.android.GoogleCameraEngR 18F1, may result in stale flags.
01-23 13:12:07.963 10592 10695 W ProtoDataStoreFlagStore: java.util.concurrent.ExecutionException: java.lang.SecurityException: GoogleCertificatesRslt: not allowed: pkg=com.google.android.GoogleCameraEngR18F1, sha256=[a40da80a59d170caa950cf15c18c454d47a39b26989d8b640ecd745ba71bf5dc], atk=false, ver=244738022.true (go/gsrlt)
01-23 13:12:07.963 10592 10695 W ProtoDataStoreFlagStore: at pfx.s(Unknown Source:20)
01-23 13:12:07.963 10592 10695 W ProtoDataStoreFlagStore: at pfx.get(Unknown Source:21)
01-23 13:12:07.963 10592 10695 W ProtoDataStoreFlagStore: at plk.I(Unknown Source:1)
01-23 13:12:07.963 10592 10695 W ProtoDataStoreFlagStore: at plk.ad(Unknown Source:9)
01-23 13:12:07.963 10592 10695 W ProtoDataStoreFlagStore: at nfm.d(Unknown Source:0)
01-23 13:12:07.963 10592 10695 W ProtoDataStoreFlagStore: at ngq.run(Unknown Source:9)
01-23 13:12:07.963 10592 10695 W ProtoDataStoreFlagStore: at java.util.concurrent.Executors$RunnableAdapter.call(Executors.java:462)
01-23 13:12:07.963 10592 10695 W ProtoDataStoreFlagStore: at java.util.concurrent.FutureTask.run(FutureTask.java:266)
01-23 13:12:07.963 10592 10695 W ProtoDataStoreFlagStore: at java.util.concurrent.ScheduledThreadPoolExecutor$ScheduledFutureTask.run(ScheduledT hreadPoolExecutor.java:301)
01-23 13:12:07.963 10592 10695 W ProtoDataStoreFlagStore: at java.util.concurrent.ThreadPoolExecutor.runWorker(ThreadPoolExecutor.java:1167)
01-23 13:12:07.963 10592 10695 W ProtoDataStoreFlagStore: at java.util.concurrent.ThreadPoolExecutor$Worker.run(ThreadPoolExecutor.java:641)
01-23 13:12:07.963 10592 10695 W ProtoDataStoreFlagStore: at java.lang.Thread.run(Thread.java:923)
01-23 13:12:07.963 10592 10695 W ProtoDataStoreFlagStore: Caused by: java.lang.SecurityException: GoogleCertificatesRslt: not allowed: pkg=com.google.android.GoogleCameraEngR18F1, sha256=[a40da80a59d170caa950cf15c18c454d47a39b26989d8b640ecd745ba71bf5dc], atk=false, ver=244738022.true (go/gsrlt)
01-23 13:12:07.963 10592 10695 W ProtoDataStoreFlagStore: at android.os.Parcel.createExceptionOrNull(Parcel.java:2376)
01-23 13:12:07.963 10592 10695 W ProtoDataStoreFlagStore: at android.os.Parcel.createException(Parcel.java:2360)
01-23 13:12:07.963 10592 10695 W ProtoDataStoreFlagStore: at android.os.Parcel.readException(Parcel.java:2343)
01-23 13:12:07.963 10592 10695 W ProtoDataStoreFlagStore: at android.os.Parcel.readException(Parcel.java:2285)
01-23 13:12:07.963 10592 10695 W ProtoDataStoreFlagStore: at bmn.z(Unknown Source:10)
01-23 13:12:07.963 10592 10695 W ProtoDataStoreFlagStore: at ktz.a(Unknown Source:38)
01-23 13:12:07.963 10592 10695 W ProtoDataStoreFlagStore: at kjd.f(Unknown Source:10)
01-23 13:12:07.963 10592 10695 W ProtoDataStoreFlagStore: at kkc.t(Unknown Source:9)
01-23 13:12:07.963 10592 10695 W ProtoDataStoreFlagStore: at kkc.u(Unknown Source:22)
01-23 13:12:07.963 10592 10695 W ProtoDataStoreFlagStore: at kkc.e(Unknown Source:15)
01-23 13:12:07.963 10592 10695 W ProtoDataStoreFlagStore: at kkg.handleMessage(Unknown Source:920)
01-23 13:12:07.963 10592 10695 W ProtoDataStoreFlagStore: at android.os.Handler.dispatchMessage(Handler.java:102)
01-23 13:12:07.963 10592 10695 W ProtoDataStoreFlagStore: at ksg.b(Unknown Source:0)
01-23 13:12:07.963 10592 10695 W ProtoDataStoreFlagStore: at ksg.dispatchMessage(Unknown Source:0)
01-23 13:12:07.963 10592 10695 W ProtoDataStoreFlagStore: at android.os.Looper.loop(Looper.java:237)
01-23 13:12:07.963 10592 10695 W ProtoDataStoreFlagStore: at android.os.HandlerThread.run(HandlerThread.java:67)
01-23 13:12:08.021 10592 10622 W pkr : CaptureResult is present COLOR_CORRECTION_GAINS NEUTRAL.
01-23 13:12:08.030 10592 10622 W pkr : aeCrop exceeds preCorrectionActiveArraySize.
01-23 13:12:08.223 10592 10634 W pkr : CaptureResult is present COLOR_CORRECTION_GAINS NEUTRAL.
01-23 13:12:08.233 10592 10634 W pkr : aeCrop exceeds preCorrectionActiveArraySize.
01-23 13:12:08.427 10592 10634 W pkr : CaptureResult is present COLOR_CORRECTION_GAINS NEUTRAL.
01-23 13:12:08.436 10592 10634 W pkr : aeCrop exceeds preCorrectionActiveArraySize.
01-23 13:12:08.635 10592 10622 W pkr : CaptureResult is present COLOR_CORRECTION_GAINS NEUTRAL.
01-23 13:12:08.663 10592 10622 W pkr : aeCrop exceeds preCorrectionActiveArraySize.
01-23 13:12:08.825 10592 10622 W pkr : CaptureResult is present COLOR_CORRECTION_GAINS NEUTRAL.
01-23 13:12:08.852 10592 10622 W pkr : aeCrop exceeds preCorrectionActiveArraySize.
01-23 13:12:09.020 10592 10634 W pkr : CaptureResult is present COLOR_CORRECTION_GAINS NEUTRAL.
01-23 13:12:09.029 10592 10634 W pkr : aeCrop exceeds preCorrectionActiveArraySize.
01-23 13:12:09.235 10592 10634 W pkr : CaptureResult is present COLOR_CORRECTION_GAINS NEUTRAL.
01-23 13:12:09.255 10592 10634 W pkr : aeCrop exceeds preCorrectionActiveArraySize.
01-23 13:12:09.424 10592 10622 W pkr : CaptureResult is present COLOR_CORRECTION_GAINS NEUTRAL.
01-23 13:12:09.433 10592 10622 W pkr : aeCrop exceeds preCorrectionActiveArraySize.
01-23 13:12:09.626 10592 10622 W pkr : CaptureResult is present COLOR_CORRECTION_GAINS NEUTRAL.
01-23 13:12:09.636 10592 10622 W pkr : aeCrop exceeds preCorrectionActiveArraySize.
01-23 13:12:09.822 10592 10622 W pkr : CaptureResult is present COLOR_CORRECTION_GAINS NEUTRAL.
01-23 13:12:09.840 10592 10622 W pkr : aeCrop exceeds preCorrectionActiveArraySize.
01-23 13:12:10.023 10592 10634 W pkr : CaptureResult is present COLOR_CORRECTION_GAINS NEUTRAL.
01-23 13:12:10.033 10592 10634 W pkr : aeCrop exceeds preCorrectionActiveArraySize.
01-23 13:12:10.226 10592 10634 W pkr : CaptureResult is present COLOR_CORRECTION_GAINS NEUTRAL.
01-23 13:12:10.250 10592 10634 W pkr : aeCrop exceeds preCorrectionActiveArraySize.
01-23 13:12:10.430 10592 10634 W pkr : CaptureResult is present COLOR_CORRECTION_GAINS NEUTRAL.
01-23 13:12:10.452 10592 10634 W pkr : aeCrop exceeds preCorrectionActiveArraySize.
01-23 13:12:10.628 10592 10634 W pkr : CaptureResult is present COLOR_CORRECTION_GAINS NEUTRAL.
01-23 13:12:10.647 10592 10634 W pkr : aeCrop exceeds preCorrectionActiveArraySize.
01-23 13:12:10.828 10592 10622 W pkr : CaptureResult is present COLOR_CORRECTION_GAINS NEUTRAL.
01-23 13:12:10.847 10592 10622 W pkr : aeCrop exceeds preCorrectionActiveArraySize.
01-23 13:12:10.915 10592 10727 D BufferPoolAccessor2.0: bufferpool2 0x742fe1c828 : 0(0 size) total buffers - 0(0 size) used buffers - 2/7 (recycle/alloc) - 5/82 (fetch/transfer)
01-23 13:12:10.915 10592 10727 D BufferPoolAccessor2.0: bufferpool2 0x74371e2a28 : 0(0 size) total buffers - 0(0 size) used buffers - 1/7 (recycle/alloc) - 6/40 (fetch/transfer)
01-23 13:12:10.916 10592 10727 D BufferPoolAccessor2.0: evictor expired: 2, evicted: 2
01-23 13:12:11.024 10592 10634 W pkr : CaptureResult is present COLOR_CORRECTION_GAINS NEUTRAL.
01-23 13:12:11.040 10592 10634 W pkr : aeCrop exceeds preCorrectionActiveArraySize.
01-23 13:12:11.229 10592 10634 W pkr : CaptureResult is present COLOR_CORRECTION_GAINS NEUTRAL.
01-23 13:12:11.250 10592 10634 W pkr : aeCrop exceeds preCorrectionActiveArraySize.
01-23 13:12:11.432 10592 10622 W pkr : CaptureResult is present COLOR_CORRECTION_GAINS NEUTRAL.
01-23 13:12:11.455 10592 10622 W pkr : aeCrop exceeds preCorrectionActiveArraySize.
01-23 13:12:11.623 10592 10634 W pkr : CaptureResult is present COLOR_CORRECTION_GAINS NEUTRAL.
01-23 13:12:11.643 10592 10634 W pkr : aeCrop exceeds preCorrectionActiveArraySize.
01-23 13:12:11.825 10592 10622 W pkr : CaptureResult is present COLOR_CORRECTION_GAINS NEUTRAL.
01-23 13:12:11.844 10592 10622 W pkr : aeCrop exceeds preCorrectionActiveArraySize.
01-23 13:12:12.022 10592 10634 W pkr : CaptureResult is present COLOR_CORRECTION_GAINS NEUTRAL.
01-23 13:12:12.031 10592 10634 W pkr : aeCrop exceeds preCorrectionActiveArraySize.
01-23 13:12:12.240 10592 10634 W pkr : CaptureResult is present COLOR_CORRECTION_GAINS NEUTRAL.
01-23 13:12:12.258 10592 10634 W pkr : aeCrop exceeds preCorrectionActiveArraySize.
01-23 13:12:12.424 10592 10622 W pkr : CaptureResult is present COLOR_CORRECTION_GAINS NEUTRAL.
01-23 13:12:12.452 10592 10622 W pkr : aeCrop exceeds preCorrectionActiveArraySize.
01-23 13:12:12.632 10592 10634 W pkr : CaptureResult is present COLOR_CORRECTION_GAINS NEUTRAL.
01-23 13:12:12.660 10592 10634 W pkr : aeCrop exceeds preCorrectionActiveArraySize.
01-23 13:12:12.835 10592 10622 W pkr : CaptureResult is present COLOR_CORRECTION_GAINS NEUTRAL.
01-23 13:12:12.857 10592 10622 W pkr : aeCrop exceeds preCorrectionActiveArraySize.
01-23 13:12:13.016 10592 10634 W pkr : CaptureResult is present COLOR_CORRECTION_GAINS NEUTRAL.
01-23 13:12:13.023 10592 10634 W pkr : aeCrop exceeds preCorrectionActiveArraySize.
01-23 13:12:13.073 10592 10605 I eCameraEngR18F: NativeAlloc concurrent copying GC freed 319729(10MB) AllocSpace objects, 3(124KB) LOS objects, 49% free, 9734KB/19MB, paused 136us total 100.356ms
01-23 13:12:13.245 10592 10634 W pkr : CaptureResult is present COLOR_CORRECTION_GAINS NEUTRAL.
01-23 13:12:13.273 10592 10634 W pkr : aeCrop exceeds preCorrectionActiveArraySize.
01-23 13:12:13.419 10592 10622 W pkr : CaptureResult is present COLOR_CORRECTION_GAINS NEUTRAL.
01-23 13:12:13.428 10592 10622 W pkr : aeCrop exceeds preCorrectionActiveArraySize.
01-23 13:12:13.651 10592 10622 W pkr : CaptureResult is present COLOR_CORRECTION_GAINS NEUTRAL.
01-23 13:12:13.666 10592 10622 W pkr : aeCrop exceeds preCorrectionActiveArraySize.
01-23 13:12:13.825 10592 10634 W pkr : CaptureResult is present COLOR_CORRECTION_GAINS NEUTRAL.
01-23 13:12:13.835 10592 10634 W pkr : aeCrop exceeds preCorrectionActiveArraySize.
01-23 13:12:14.033 10592 10634 W pkr : CaptureResult is present COLOR_CORRECTION_GAINS NEUTRAL.
01-23 13:12:14.046 10592 10634 W pkr : aeCrop exceeds preCorrectionActiveArraySize.
01-23 13:12:14.220 10592 10622 W pkr : CaptureResult is present COLOR_CORRECTION_GAINS NEUTRAL.
01-23 13:12:14.229 10592 10622 W pkr : aeCrop exceeds preCorrectionActiveArraySize.
01-23 13:12:14.418 10592 10634 W pkr : CaptureResult is present COLOR_CORRECTION_GAINS NEUTRAL.
01-23 13:12:14.427 10592 10634 W pkr : aeCrop exceeds preCorrectionActiveArraySize.
01-23 13:12:14.641 10592 10622 W pkr : CaptureResult is present COLOR_CORRECTION_GAINS NEUTRAL.
01-23 13:12:14.656 10592 10622 W pkr : aeCrop exceeds preCorrectionActiveArraySize.
01-23 13:12:14.829 10592 10622 W pkr : CaptureResult is present COLOR_CORRECTION_GAINS NEUTRAL.
01-23 13:12:14.844 10592 10622 W pkr : aeCrop exceeds preCorrectionActiveArraySize.
01-23 13:12:15.022 10592 10622 W pkr : CaptureResult is present COLOR_CORRECTION_GAINS NEUTRAL.
01-23 13:12:15.032 10592 10622 W pkr : aeCrop exceeds preCorrectionActiveArraySize.
01-23 13:12:15.226 10592 10634 W pkr : CaptureResult is present COLOR_CORRECTION_GAINS NEUTRAL.
01-23 13:12:15.247 10592 10634 W pkr : aeCrop exceeds preCorrectionActiveArraySize.
01-23 13:12:15.440 10592 10622 W pkr : CaptureResult is present COLOR_CORRECTION_GAINS NEUTRAL.
