01-23 13:13:24.661 10592 10661 W CAM_A : PHOTO > result sensor delay = 2,00 > 1,10
01-23 13:13:24.693 10592 10661 W CAM_A : PHOTO > rel Δ(result sensor timestamp) = 0,50 > 0,25
01-23 13:13:24.768 10592 10592 W CAM_A : Placeholder drawable removed: key=ShotId-6 evicted=false
01-23 13:13:24.795 10592 10622 W pkr : CaptureResult is present COLOR_CORRECTION_GAINS NEUTRAL.
01-23 13:13:24.801 10592 10622 W pkr : aeCrop exceeds preCorrectionActiveArraySize.
01-23 13:13:25.012 10592 10622 W pkr : CaptureResult is present COLOR_CORRECTION_GAINS NEUTRAL.
01-23 13:13:25.021 10592 10622 W pkr : aeCrop exceeds preCorrectionActiveArraySize.
01-23 13:13:25.211 10592 10634 W pkr : CaptureResult is present COLOR_CORRECTION_GAINS NEUTRAL.
01-23 13:13:25.223 10592 10634 W pkr : aeCrop exceeds preCorrectionActiveArraySize.
01-23 13:13:25.408 10592 10634 W pkr : CaptureResult is present COLOR_CORRECTION_GAINS NEUTRAL.
01-23 13:13:25.418 10592 10634 W pkr : aeCrop exceeds preCorrectionActiveArraySize.
01-23 13:13:25.602 10592 10622 W pkr : CaptureResult is present COLOR_CORRECTION_GAINS NEUTRAL.
01-23 13:13:25.611 10592 10622 W pkr : aeCrop exceeds preCorrectionActiveArraySize.
01-23 13:13:25.811 10592 10622 W pkr : CaptureResult is present COLOR_CORRECTION_GAINS NEUTRAL.
01-23 13:13:25.822 10592 10622 W pkr : aeCrop exceeds preCorrectionActiveArraySize.
01-23 13:13:26.011 10592 10634 W pkr : CaptureResult is present COLOR_CORRECTION_GAINS NEUTRAL.
01-23 13:13:26.040 10592 10634 W pkr : aeCrop exceeds preCorrectionActiveArraySize.
01-23 13:13:26.135 10592 10661 W CAM_A : PHOTO > rel Δ(result sensor timestamp) = 0,30 > 0,25
01-23 13:13:26.135 10592 10661 W CAM_A : PHOTO > result sensor delay = 1,30 > 1,10
01-23 13:13:26.168 10592 10661 W CAM_A : PHOTO > result sensor delay = 1,30 > 1,10
01-23 13:13:26.213 10592 10622 W pkr : CaptureResult is present COLOR_CORRECTION_GAINS NEUTRAL.
01-23 13:13:26.243 10592 10622 W pkr : aeCrop exceeds preCorrectionActiveArraySize.
01-23 13:13:26.403 10592 10634 W pkr : CaptureResult is present COLOR_CORRECTION_GAINS NEUTRAL.
01-23 13:13:26.412 10592 10634 W pkr : aeCrop exceeds preCorrectionActiveArraySize.
01-23 13:13:26.619 10592 10622 W pkr : CaptureResult is present COLOR_CORRECTION_GAINS NEUTRAL.
01-23 13:13:26.632 10592 10622 W pkr : aeCrop exceeds preCorrectionActiveArraySize.
01-23 13:13:26.666 10592 10661 W CAM_A : PHOTO > rel Δ(result sensor timestamp) = 0,30 > 0,25
01-23 13:13:26.698 10592 10661 W CAM_A : PHOTO > rel Δ(result sensor timestamp) = 0,43 > 0,25
01-23 13:13:26.827 10592 10622 W pkr : CaptureResult is present COLOR_CORRECTION_GAINS NEUTRAL.
01-23 13:13:26.856 10592 10622 W pkr : aeCrop exceeds preCorrectionActiveArraySize.
01-23 13:13:27.026 10592 10634 W pkr : CaptureResult is present COLOR_CORRECTION_GAINS NEUTRAL.
01-23 13:13:27.048 10592 10634 W pkr : aeCrop exceeds preCorrectionActiveArraySize.
01-23 13:13:27.098 10592 10661 W CAM_A : PHOTO > rel Δ(result sensor timestamp) = 0,30 > 0,25
01-23 13:13:27.098 10592 10661 W CAM_A : PHOTO > result sensor delay = 1,30 > 1,10
01-23 13:13:27.225 10592 10622 W pkr : CaptureResult is present COLOR_CORRECTION_GAINS NEUTRAL.
01-23 13:13:27.249 10592 10622 W pkr : aeCrop exceeds preCorrectionActiveArraySize.
01-23 13:13:27.409 10592 10634 W pkr : CaptureResult is present COLOR_CORRECTION_GAINS NEUTRAL.
01-23 13:13:27.435 10592 10634 W pkr : aeCrop exceeds preCorrectionActiveArraySize.
01-23 13:13:27.623 10592 10622 W pkr : CaptureResult is present COLOR_CORRECTION_GAINS NEUTRAL.
01-23 13:13:27.645 10592 10622 W pkr : aeCrop exceeds preCorrectionActiveArraySize.
01-23 13:13:27.814 10592 10634 W pkr : CaptureResult is present COLOR_CORRECTION_GAINS NEUTRAL.
01-23 13:13:27.837 10592 10634 W pkr : aeCrop exceeds preCorrectionActiveArraySize.
01-23 13:13:28.022 10592 10622 W pkr : CaptureResult is present COLOR_CORRECTION_GAINS NEUTRAL.
01-23 13:13:28.041 10592 10622 W pkr : aeCrop exceeds preCorrectionActiveArraySize.
01-23 13:13:28.195 10592 10661 W CAM_A : PHOTO > rel Δ(result sensor timestamp) = 0,30 > 0,25
01-23 13:13:28.199 10592 10622 W pkr : CaptureResult is present COLOR_CORRECTION_GAINS NEUTRAL.
01-23 13:13:28.218 10592 10622 W pkr : aeCrop exceeds preCorrectionActiveArraySize.
01-23 13:13:28.262 10592 10661 W CAM_A : PHOTO > rel Δ(result sensor timestamp) = 0,43 > 0,25
01-23 13:13:28.395 10592 10605 I eCameraEngR18F: NativeAlloc concurrent copying GC freed 211357(7339KB) AllocSpace objects, 28(5452KB) LOS objects, 49% free, 14MB/28MB, paused 105us total 106.460ms
01-23 13:13:28.396 10592 10634 W pkr : CaptureResult is present COLOR_CORRECTION_GAINS NEUTRAL.
01-23 13:13:28.402 10592 10634 W pkr : aeCrop exceeds preCorrectionActiveArraySize.
01-23 13:13:28.612 10592 10622 W pkr : CaptureResult is present COLOR_CORRECTION_GAINS NEUTRAL.
01-23 13:13:28.628 10592 10622 W pkr : aeCrop exceeds preCorrectionActiveArraySize.
01-23 13:13:28.827 10592 10634 W pkr : CaptureResult is present COLOR_CORRECTION_GAINS NEUTRAL.
01-23 13:13:28.846 10592 10634 W pkr : aeCrop exceeds preCorrectionActiveArraySize.
01-23 13:13:29.010 10592 10622 W pkr : CaptureResult is present COLOR_CORRECTION_GAINS NEUTRAL.
01-23 13:13:29.035 10592 10622 W pkr : aeCrop exceeds preCorrectionActiveArraySize.
01-23 13:13:29.200 10592 10634 W pkr : CaptureResult is present COLOR_CORRECTION_GAINS NEUTRAL.
01-23 13:13:29.209 10592 10634 W pkr : aeCrop exceeds preCorrectionActiveArraySize.
01-23 13:13:29.408 10592 10622 W pkr : CaptureResult is present COLOR_CORRECTION_GAINS NEUTRAL.
01-23 13:13:29.435 10592 10622 W pkr : aeCrop exceeds preCorrectionActiveArraySize.
01-23 13:13:29.599 10592 10634 W pkr : CaptureResult is present COLOR_CORRECTION_GAINS NEUTRAL.
01-23 13:13:29.608 10592 10634 W pkr : aeCrop exceeds preCorrectionActiveArraySize.
01-23 13:13:29.824 10592 10622 W pkr : CaptureResult is present COLOR_CORRECTION_GAINS NEUTRAL.
01-23 13:13:29.844 10592 10622 W pkr : aeCrop exceeds preCorrectionActiveArraySize.
01-23 13:13:30.001 10592 10634 W pkr : CaptureResult is present COLOR_CORRECTION_GAINS NEUTRAL.
01-23 13:13:30.009 10592 10634 W pkr : aeCrop exceeds preCorrectionActiveArraySize.
01-23 13:13:30.206 10592 10622 W pkr : CaptureResult is present COLOR_CORRECTION_GAINS NEUTRAL.
01-23 13:13:30.216 10592 10622 W pkr : aeCrop exceeds preCorrectionActiveArraySize.
01-23 13:13:30.408 10592 10634 W pkr : CaptureResult is present COLOR_CORRECTION_GAINS NEUTRAL.
01-23 13:13:30.422 10592 10634 W pkr : aeCrop exceeds preCorrectionActiveArraySize.
01-23 13:13:30.576 10592 10592 D MIUIInput: [KeyEvent] ViewRootImpl KeyEvent { action=ACTION_DOWN, keyCode=KEYCODE_VOLUME_UP, scanCode=115, metaState=0, flags=0x8, repeatCount=0, eventTime=42122464, downTime=42122464, deviceId=-1, source=0x101, displayId=-1 }
01-23 13:13:30.603 10592 10622 W pkr : CaptureResult is present COLOR_CORRECTION_GAINS NEUTRAL.
01-23 13:13:30.609 10592 10592 D MIUIInput: [KeyEvent] ViewRootImpl KeyEvent { action=ACTION_UP, keyCode=KEYCODE_VOLUME_UP, scanCode=115, metaState=0, flags=0x8, repeatCount=0, eventTime=42122648, downTime=42122464, deviceId=-1, source=0x101, displayId=-1 }
01-23 13:13:30.615 10592 10622 W pkr : aeCrop exceeds preCorrectionActiveArraySize.
01-23 13:13:30.646 10592 10592 D DecorView[CameraActivity]: getWindowModeFromSystem windowmode is 1
01-23 13:13:30.807 10592 10622 W pkr : CaptureResult is present COLOR_CORRECTION_GAINS NEUTRAL.
01-23 13:13:30.816 10592 10622 W pkr : aeCrop exceeds preCorrectionActiveArraySize.
01-23 13:13:31.004 10592 10634 W pkr : CaptureResult is present COLOR_CORRECTION_GAINS NEUTRAL.
01-23 13:13:31.013 10592 10634 W pkr : aeCrop exceeds preCorrectionActiveArraySize.
01-23 13:13:31.207 10592 10634 W pkr : CaptureResult is present COLOR_CORRECTION_GAINS NEUTRAL.
01-23 13:13:31.216 10592 10634 W pkr : aeCrop exceeds preCorrectionActiveArraySize.
01-23 13:13:31.405 10592 10638 D AudioTrack: setVolume(1296): 0x74efbb7b00, left = 0.600000, right = 0.600000
01-23 13:13:31.405 10592 10638 D AudioTrack: start(1296): prior state:STATE_STOPPED
01-23 13:13:31.406 10592 10622 W pkr : CaptureResult is present COLOR_CORRECTION_GAINS NEUTRAL.
01-23 13:13:31.415 10592 10622 W pkr : aeCrop exceeds preCorrectionActiveArraySize.
01-23 13:13:31.444 10592 10799 W pkr : CaptureResult is present COLOR_CORRECTION_GAINS NEUTRAL.
01-23 13:13:31.446 10592 10799 W pkr : aeCrop exceeds preCorrectionActiveArraySize.
01-23 13:13:31.452 10592 10799 W pkr : CaptureResult is present COLOR_CORRECTION_GAINS NEUTRAL.
01-23 13:13:31.463 10592 10799 W pkr : CaptureResult is present COLOR_CORRECTION_GAINS NEUTRAL.
01-23 13:13:31.472 10592 10799 W pkr : CaptureResult is present COLOR_CORRECTION_GAINS NEUTRAL.
01-23 13:13:31.480 10592 10799 W pkr : CaptureResult is present COLOR_CORRECTION_GAINS NEUTRAL.
01-23 13:13:31.487 10592 10799 W pkr : CaptureResult is present COLOR_CORRECTION_GAINS NEUTRAL.
01-23 13:13:31.495 10592 10799 W pkr : CaptureResult is present COLOR_CORRECTION_GAINS NEUTRAL.
01-23 13:13:31.503 10592 10799 W pkr : CaptureResult is present COLOR_CORRECTION_GAINS NEUTRAL.
01-23 13:13:31.512 10592 10680 E libgcam : [camera_motion_blur_estimator.cc:57]: EstimateCameraMotionBlur: Can't estimate camera motion blur, because gyro data is missing.
01-23 13:13:31.513 10592 10680 I chatty : uid=10288(com.google.android.GoogleCameraEngR18F1) EndPyloadFr07 identical 2 lines
01-23 13:13:31.514 10592 10680 E libgcam : [camera_motion_blur_estimator.cc:57]: EstimateCameraMotionBlur: Can't estimate camera motion blur, because gyro data is missing.
01-23 13:13:31.514 10592 10680 W libgcam : [shot_helper.cc:352]: LogViewfinderAeWarnings: viewfinder_short_tet (0.000ms) is further than expected from the capture TET (71.400ms). Relative error: 100%.
01-23 13:13:31.570 10592 10680 E libgcam : [camera_motion_blur_estimator.cc:57]: EstimateCameraMotionBlur: Can't estimate camera motion blur, because gyro data is missing.
01-23 13:13:31.571 10592 10680 I chatty : uid=10288(com.google.android.GoogleCameraEngR18F1) EndPyloadFr07 identical 1 line
01-23 13:13:31.572 10592 10680 E libgcam : [camera_motion_blur_estimator.cc:57]: EstimateCameraMotionBlur: Can't estimate camera motion blur, because gyro data is missing.
01-23 13:13:31.603 10592 10622 W pkr : CaptureResult is present COLOR_CORRECTION_GAINS NEUTRAL.
01-23 13:13:31.616 10592 10622 W pkr : aeCrop exceeds preCorrectionActiveArraySize.
01-23 13:13:31.765 10592 11080 D AudioTrack: stop(1296): prior state:STATE_ACTIVE
01-23 13:13:31.785 10592 10592 W CAM_A : isListed: unknown activity. mimeType=image/* className=com.instagram.share.handleractivity.ShareHandlerActivity
01-23 13:13:31.785 10592 10592 W CAM_A : isListed: unknown activity. mimeType=image/* className=com.instagram.share.handleractivity.ReelShareHandlerActivity
01-23 13:13:31.785 10592 10592 W CAM_A : isListed: unknown activity. mimeType=image/* className=com.instagram.direct.share.handler.DirectExternalMediaShareActivityPhotoI nterop
01-23 13:13:31.794 10592 10592 W CAM_A : isListed: unknown activity. mimeType=video/* className=com.instagram.share.handleractivity.ShareHandlerActivity
01-23 13:13:31.795 10592 10592 W CAM_A : isListed: unknown activity. mimeType=video/* className=com.instagram.share.handleractivity.ReelShareHandlerActivity
01-23 13:13:31.795 10592 10592 W CAM_A : isListed: unknown activity. mimeType=video/* className=com.instagram.direct.share.handler.DirectExternalMediaShareActivityVideoI nterop
01-23 13:13:31.836 10592 10634 W pkr : CaptureResult is present COLOR_CORRECTION_GAINS NEUTRAL.
01-23 13:13:31.854 10592 10634 W pkr : aeCrop exceeds preCorrectionActiveArraySize.
01-23 13:13:32.000 10592 10622 W pkr : CaptureResult is present COLOR_CORRECTION_GAINS NEUTRAL.
01-23 13:13:32.009 10592 10622 W pkr : aeCrop exceeds preCorrectionActiveArraySize.
01-23 13:13:32.032 10592 10605 I eCameraEngR18F: NativeAlloc concurrent copying GC freed 246456(9138KB) AllocSpace objects, 2(96KB) LOS objects, 49% free, 15MB/30MB, paused 126us total 224.563ms
01-23 13:13:32.202 10592 10634 W pkr : CaptureResult is present COLOR_CORRECTION_GAINS NEUTRAL.
01-23 13:13:32.218 10592 10634 W pkr : aeCrop exceeds preCorrectionActiveArraySize.
01-23 13:13:32.405 10592 10622 W pkr : CaptureResult is present COLOR_CORRECTION_GAINS NEUTRAL.
01-23 13:13:32.410 10592 10622 W pkr : aeCrop exceeds preCorrectionActiveArraySize.
01-23 13:13:32.543 10592 10592 W CAM_A : Placeholder drawable removed: key=ShotId-7 evicted=false
01-23 13:13:32.596 10592 10634 W pkr : CaptureResult is present COLOR_CORRECTION_GAINS NEUTRAL.
01-23 13:13:32.602 10592 10634 W pkr : aeCrop exceeds preCorrectionActiveArraySize.
01-23 13:13:32.804 10592 10622 W pkr : CaptureResult is present COLOR_CORRECTION_GAINS NEUTRAL.
01-23 13:13:32.810 10592 10622 W pkr : aeCrop exceeds preCorrectionActiveArraySize.
01-23 13:13:32.994 10592 10634 W pkr : CaptureResult is present COLOR_CORRECTION_GAINS NEUTRAL.
01-23 13:13:33.000 10592 10634 W pkr : aeCrop exceeds preCorrectionActiveArraySize.
01-23 13:13:33.009 10592 10592 D MIUIInput: [KeyEvent] ViewRootImpl KeyEvent { action=ACTION_DOWN, keyCode=KEYCODE_VOLUME_UP, scanCode=115, metaState=0, flags=0x8, repeatCount=0, eventTime=42124899, downTime=42124899, deviceId=-1, source=0x101, displayId=-1 }
01-23 13:13:33.055 10592 10592 D MIUIInput: [KeyEvent] ViewRootImpl KeyEvent { action=ACTION_UP, keyCode=KEYCODE_VOLUME_UP, scanCode=115, metaState=0, flags=0x8, repeatCount=0, eventTime=42125096, downTime=42124899, deviceId=-1, source=0x101, displayId=-1 }
01-23 13:13:33.083 10592 10592 D DecorView[CameraActivity]: getWindowModeFromSystem windowmode is 1
01-23 13:13:33.194 10592 10634 W pkr : CaptureResult is present COLOR_CORRECTION_GAINS NEUTRAL.
01-23 13:13:33.200 10592 10634 W pkr : aeCrop exceeds preCorrectionActiveArraySize.
01-23 13:13:33.395 10592 10622 W pkr : CaptureResult is present COLOR_CORRECTION_GAINS NEUTRAL.
01-23 13:13:33.401 10592 10622 W pkr : aeCrop exceeds preCorrectionActiveArraySize.
01-23 13:13:33.600 10592 10622 W pkr : CaptureResult is present COLOR_CORRECTION_GAINS NEUTRAL.
01-23 13:13:33.608 10592 10622 W pkr : aeCrop exceeds preCorrectionActiveArraySize.
01-23 13:13:33.796 10592 10634 W pkr : CaptureResult is present COLOR_CORRECTION_GAINS NEUTRAL.
01-23 13:13:33.802 10592 10634 W pkr : aeCrop exceeds preCorrectionActiveArraySize.
01-23 13:13:33.962 10592 10638 D AudioTrack: setVolume(1296): 0x74efbb7b00, left = 0.600000, right = 0.600000
01-23 13:13:33.963 10592 10638 D AudioTrack: start(1296): prior state:STATE_STOPPED
01-23 13:13:33.993 10592 10634 W pkr : CaptureResult is present COLOR_CORRECTION_GAINS NEUTRAL.
01-23 13:13:34.003 10592 10634 W pkr : aeCrop exceeds preCorrectionActiveArraySize.
01-23 13:13:34.003 10592 10799 W pkr : CaptureResult is present COLOR_CORRECTION_GAINS NEUTRAL.
01-23 13:13:34.004 10592 10799 W pkr : aeCrop exceeds preCorrectionActiveArraySize.
01-23 13:13:34.006 10592 10799 W pkr : CaptureResult is present COLOR_CORRECTION_GAINS NEUTRAL.
01-23 13:13:34.013 10592 10799 W pkr : CaptureResult is present COLOR_CORRECTION_GAINS NEUTRAL.
01-23 13:13:34.021 10592 10799 W pkr : CaptureResult is present COLOR_CORRECTION_GAINS NEUTRAL.
01-23 13:13:34.029 10592 10799 W pkr : CaptureResult is present COLOR_CORRECTION_GAINS NEUTRAL.
01-23 13:13:34.037 10592 10799 W pkr : CaptureResult is present COLOR_CORRECTION_GAINS NEUTRAL.
01-23 13:13:34.044 10592 10799 W pkr : CaptureResult is present COLOR_CORRECTION_GAINS NEUTRAL.
01-23 13:13:34.053 10592 10799 W pkr : CaptureResult is present COLOR_CORRECTION_GAINS NEUTRAL.
01-23 13:13:34.065 10592 10680 E libgcam : [camera_motion_blur_estimator.cc:57]: EstimateCameraMotionBlur: Can't estimate camera motion blur, because gyro data is missing.
01-23 13:13:34.067 10592 10680 I chatty : uid=10288(com.google.android.GoogleCameraEngR18F1) EndPyloadFr08 identical 2 lines
01-23 13:13:34.068 10592 10680 E libgcam : [camera_motion_blur_estimator.cc:57]: EstimateCameraMotionBlur: Can't estimate camera motion blur, because gyro data is missing.
01-23 13:13:34.068 10592 10680 W libgcam : [shot_helper.cc:352]: LogViewfinderAeWarnings: viewfinder_short_tet (0.000ms) is further than expected from the capture TET (65.700ms). Relative error: 100%.
01-23 13:13:34.136 10592 10680 E libgcam : [camera_motion_blur_estimator.cc:57]: EstimateCameraMotionBlur: Can't estimate camera motion blur, because gyro data is missing.
01-23 13:13:34.138 10592 10680 I chatty : uid=10288(com.google.android.GoogleCameraEngR18F1) EndPyloadFr08 identical 1 line
01-23 13:13:34.139 10592 10680 E libgcam : [camera_motion_blur_estimator.cc:57]: EstimateCameraMotionBlur: Can't estimate camera motion blur, because gyro data is missing.
01-23 13:13:34.205 10592 10634 W pkr : CaptureResult is present COLOR_CORRECTION_GAINS NEUTRAL.
01-23 13:13:34.232 10592 10634 W pkr : aeCrop exceeds preCorrectionActiveArraySize.
01-23 13:13:34.264 10592 11080 D AudioTrack: stop(1296): prior state:STATE_ACTIVE
01-23 13:13:34.389 10592 10622 W pkr : CaptureResult is present COLOR_CORRECTION_GAINS NEUTRAL.
01-23 13:13:34.417 10592 10622 W pkr : aeCrop exceeds preCorrectionActiveArraySize.
01-23 13:13:34.490 10592 10661 W CAM_A : PHOTO > rel Δ(result sensor timestamp) = 1,00 > 0,25
01-23 13:13:34.490 10592 10661 W CAM_A : PHOTO > result sensor delay = 2,00 > 1,10
01-23 13:13:34.529 10592 10661 W CAM_A : PHOTO > rel Δ(result sensor timestamp) = 0,50 > 0,25
01-23 13:13:34.626 10592 10634 W pkr : CaptureResult is present COLOR_CORRECTION_GAINS NEUTRAL.
01-23 13:13:34.637 10592 10634 W pkr : aeCrop exceeds preCorrectionActiveArraySize.
01-23 13:13:34.829 10592 10622 W pkr : CaptureResult is present COLOR_CORRECTION_GAINS NEUTRAL.
01-23 13:13:34.836 10592 10622 W pkr : aeCrop exceeds preCorrectionActiveArraySize.
01-23 13:13:35.025 10592 10634 W pkr : CaptureResult is present COLOR_CORRECTION_GAINS NEUTRAL.
01-23 13:13:35.031 10592 10634 W pkr : aeCrop exceeds preCorrectionActiveArraySize.
01-23 13:13:35.095 10592 10592 W CAM_A : Placeholder drawable removed: key=ShotId-8 evicted=false
01-23 13:13:35.233 10592 10622 W pkr : CaptureResult is present COLOR_CORRECTION_GAINS NEUTRAL.
01-23 13:13:35.244 10592 10622 W pkr : aeCrop exceeds preCorrectionActiveArraySize.
01-23 13:13:35.450 10592 10622 W pkr : CaptureResult is present COLOR_CORRECTION_GAINS NEUTRAL.
01-23 13:13:35.484 10592 10622 W pkr : aeCrop exceeds preCorrectionActiveArraySize.
01-23 13:13:35.648 10592 10622 W pkr : CaptureResult is present COLOR_CORRECTION_GAINS NEUTRAL.
01-23 13:13:35.665 10592 10622 W pkr : aeCrop exceeds preCorrectionActiveArraySize.
01-23 13:13:35.854 10592 10634 W pkr : CaptureResult is present COLOR_CORRECTION_GAINS NEUTRAL.
01-23 13:13:35.879 10592 10634 W pkr : aeCrop exceeds preCorrectionActiveArraySize.
01-23 13:13:36.035 10592 10622 W pkr : CaptureResult is present COLOR_CORRECTION_GAINS NEUTRAL.
01-23 13:13:36.052 10592 10622 W pkr : aeCrop exceeds preCorrectionActiveArraySize.
01-23 13:13:36.241 10592 10634 W pkr : CaptureResult is present COLOR_CORRECTION_GAINS NEUTRAL.
01-23 13:13:36.260 10592 10634 W pkr : aeCrop exceeds preCorrectionActiveArraySize.
01-23 13:13:36.464 10592 10622 W pkr : CaptureResult is present COLOR_CORRECTION_GAINS NEUTRAL.
01-23 13:13:36.482 10592 10622 W pkr : aeCrop exceeds preCorrectionActiveArraySize.
01-23 13:13:36.636 10592 10634 W pkr : CaptureResult is present COLOR_CORRECTION_GAINS NEUTRAL.
01-23 13:13:36.645 10592 10634 W pkr : aeCrop exceeds preCorrectionActiveArraySize.
01-23 13:13:36.831 10592 10634 W pkr : CaptureResult is present COLOR_CORRECTION_GAINS NEUTRAL.
01-23 13:13:36.846 10592 10634 W pkr : aeCrop exceeds preCorrectionActiveArraySize.
01-23 13:13:37.039 10592 10622 W pkr : CaptureResult is present COLOR_CORRECTION_GAINS NEUTRAL.
01-23 13:13:37.051 10592 10622 W pkr : aeCrop exceeds preCorrectionActiveArraySize.
01-23 13:13:37.250 10592 10622 W pkr : CaptureResult is present COLOR_CORRECTION_GAINS NEUTRAL.
01-23 13:13:37.274 10592 10622 W pkr : aeCrop exceeds preCorrectionActiveArraySize.
01-23 13:13:37.429 10592 10634 W pkr : CaptureResult is present COLOR_CORRECTION_GAINS NEUTRAL.
01-23 13:13:37.440 10592 10634 W pkr : aeCrop exceeds preCorrectionActiveArraySize.
01-23 13:13:37.628 10592 10622 W pkr : CaptureResult is present COLOR_CORRECTION_GAINS NEUTRAL.
01-23 13:13:37.638 10592 10622 W pkr : aeCrop exceeds preCorrectionActiveArraySize.
01-23 13:13:37.856 10592 10634 W pkr : CaptureResult is present COLOR_CORRECTION_GAINS NEUTRAL.
01-23 13:13:37.873 10592 10634 W pkr : aeCrop exceeds preCorrectionActiveArraySize.
01-23 13:13:38.047 10592 10634 W pkr : CaptureResult is present COLOR_CORRECTION_GAINS NEUTRAL.
01-23 13:13:38.066 10592 10634 W pkr : aeCrop exceeds preCorrectionActiveArraySize.
01-23 13:13:38.245 10592 10622 W pkr : CaptureResult is present COLOR_CORRECTION_GAINS NEUTRAL.
01-23 13:13:38.275 10592 10622 W pkr : aeCrop exceeds preCorrectionActiveArraySize.
01-23 13:13:38.446 10592 10634 W pkr : CaptureResult is present COLOR_CORRECTION_GAINS NEUTRAL.
01-23 13:13:38.466 10592 10634 W pkr : aeCrop exceeds preCorrectionActiveArraySize.
01-23 13:13:38.643 10592 10622 W pkr : CaptureResult is present COLOR_CORRECTION_GAINS NEUTRAL.
01-23 13:13:38.664 10592 10622 W pkr : aeCrop exceeds preCorrectionActiveArraySize.
01-23 13:13:38.763 10592 10605 I eCameraEngR18F: NativeAlloc concurrent copying GC freed 192091(6611KB) AllocSpace objects, 28(5880KB) LOS objects, 49% free, 14MB/28MB, paused 163us total 104.734ms
01-23 13:13:38.827 10592 10622 W pkr : CaptureResult is present COLOR_CORRECTION_GAINS NEUTRAL.
01-23 13:13:38.835 10592 10622 W pkr : aeCrop exceeds preCorrectionActiveArraySize.
01-23 13:13:39.046 10592 10634 W pkr : CaptureResult is present COLOR_CORRECTION_GAINS NEUTRAL.
01-23 13:13:39.067 10592 10634 W pkr : aeCrop exceeds preCorrectionActiveArraySize.
01-23 13:13:39.253 10592 10634 W pkr : CaptureResult is present COLOR_CORRECTION_GAINS NEUTRAL.
01-23 13:13:39.290 10592 10634 W pkr : aeCrop exceeds preCorrectionActiveArraySize.
01-23 13:13:39.438 10592 10634 W pkr : CaptureResult is present COLOR_CORRECTION_GAINS NEUTRAL.
01-23 13:13:39.448 10592 10634 W pkr : aeCrop exceeds preCorrectionActiveArraySize.
01-23 13:13:39.625 10592 10661 W CAM_A : PHOTO > rel Δ(result sensor timestamp) = 0,30 > 0,25
01-23 13:13:39.635 10592 10661 W CAM_A : PHOTO > result sensor delay = 1,30 > 1,10
01-23 13:13:39.645 10592 10622 W pkr : CaptureResult is present COLOR_CORRECTION_GAINS NEUTRAL.
01-23 13:13:39.665 10592 10622 W pkr : aeCrop exceeds preCorrectionActiveArraySize.
01-23 13:13:39.692 10592 10661 W CAM_A : PHOTO > rel Δ(result sensor timestamp) = 0,30 > 0,25
01-23 13:13:39.692 10592 10661 W CAM_A : PHOTO > result sensor delay = 1,30 > 1,10
01-23 13:13:39.838 10592 10622 W pkr : CaptureResult is present COLOR_CORRECTION_GAINS NEUTRAL.
01-23 13:13:39.862 10592 10622 W pkr : aeCrop exceeds preCorrectionActiveArraySize.
01-23 13:13:40.028 10592 10634 W pkr : CaptureResult is present COLOR_CORRECTION_GAINS NEUTRAL.
01-23 13:13:40.038 10592 10634 W pkr : aeCrop exceeds preCorrectionActiveArraySize.
01-23 13:13:40.202 10592 10661 W CAM_A : PHOTO > rel Δ(result sensor timestamp) = 0,30 > 0,25
01-23 13:13:40.228 10592 10661 W CAM_A : PHOTO > rel Δ(result sensor timestamp) = 0,43 > 0,25
01-23 13:13:40.242 10592 10622 W pkr : CaptureResult is present COLOR_CORRECTION_GAINS NEUTRAL.
01-23 13:13:40.262 10592 10622 W pkr : aeCrop exceeds preCorrectionActiveArraySize.
01-23 13:13:40.291 10592 10661 W CAM_A : PHOTO > rel Δ(result sensor timestamp) = 0,30 > 0,25
01-23 13:13:40.329 10592 10661 W CAM_A : PHOTO > rel Δ(result sensor timestamp) = 0,43 > 0,25
01-23 13:13:40.436 10592 10661 W CAM_AutoFlashIndicator: No converged AE result for 31 frames,falling back to single-image auto-flash photo
01-23 13:13:40.459 10592 10634 W pkr : CaptureResult is present COLOR_CORRECTION_GAINS NEUTRAL.
01-23 13:13:40.484 10592 10634 W pkr : aeCrop exceeds preCorrectionActiveArraySize.
01-23 13:13:40.651 10592 10622 W pkr : CaptureResult is present COLOR_CORRECTION_GAINS NEUTRAL.
01-23 13:13:40.683 10592 10622 W pkr : aeCrop exceeds preCorrectionActiveArraySize.
01-23 13:13:40.835 10592 10622 W pkr : CaptureResult is present COLOR_CORRECTION_GAINS NEUTRAL.
01-23 13:13:40.847 10592 10622 W pkr : aeCrop exceeds preCorrectionActiveArraySize.
01-23 13:13:41.045 10592 10622 W pkr : CaptureResult is present COLOR_CORRECTION_GAINS NEUTRAL.
01-23 13:13:41.061 10592 10622 W pkr : aeCrop exceeds preCorrectionActiveArraySize.
01-23 13:13:41.243 10592 10634 W pkr : CaptureResult is present COLOR_CORRECTION_GAINS NEUTRAL.
01-23 13:13:41.255 10592 10634 W pkr : aeCrop exceeds preCorrectionActiveArraySize.
01-23 13:13:41.448 10592 10634 W pkr : CaptureResult is present COLOR_CORRECTION_GAINS NEUTRAL.
01-23 13:13:41.475 10592 10634 W pkr : aeCrop exceeds preCorrectionActiveArraySize.
01-23 13:13:41.650 10592 10622 W pkr : CaptureResult is present COLOR_CORRECTION_GAINS NEUTRAL.
01-23 13:13:41.664 10592 10622 W pkr : aeCrop exceeds preCorrectionActiveArraySize.
01-23 13:13:41.707 10592 10661 W CAM_A : PHOTO > rel Δ(result sensor timestamp) = 0,33 > 0,25
01-23 13:13:41.895 10592 10634 W pkr : CaptureResult is present COLOR_CORRECTION_GAINS NEUTRAL.
01-23 13:13:41.906 10592 10661 W CAM_A : PHOTO > result sensor delay = 1,30 > 1,10
01-23 13:13:41.907 10592 10634 W pkr : aeCrop exceeds preCorrectionActiveArraySize.
01-23 13:13:42.070 10592 10622 W pkr : CaptureResult is present COLOR_CORRECTION_GAINS NEUTRAL.
01-23 13:13:42.079 10592 10622 W pkr : aeCrop exceeds preCorrectionActiveArraySize.
01-23 13:13:42.286 10592 10634 W pkr : CaptureResult is present COLOR_CORRECTION_GAINS NEUTRAL.
01-23 13:13:42.306 10592 10634 W pkr : aeCrop exceeds preCorrectionActiveArraySize.
01-23 13:13:42.478 10592 10592 V MiuiFrameworkFactory: get AllImpl object = android.common.MiuiFrameworkFactoryImpl@3dc19b4
01-23 13:13:42.488 10592 10622 W pkr : CaptureResult is present COLOR_CORRECTION_GAINS NEUTRAL.
01-23 13:13:42.492 10592 10592 W MirrorManager: this model don't Support
01-23 13:13:42.498 10592 10622 W pkr : aeCrop exceeds preCorrectionActiveArraySize.
01-23 13:13:42.669 10592 10634 W pkr : CaptureResult is present COLOR_CORRECTION_GAINS NEUTRAL.
01-23 13:13:42.678 10592 10634 W pkr : aeCrop exceeds preCorrectionActiveArraySize.
01-23 13:13:42.729 10592 10592 I Timeline: Timeline: Activity_launch_request time:42134771
01-23 13:13:42.844 10592 10592 D DecorView[CameraActivity]: getWindowModeFromSystem windowmode is 1
01-23 13:13:42.860 10592 10622 W pkr : CaptureResult is present COLOR_CORRECTION_GAINS NEUTRAL.
01-23 13:13:42.870 10592 10592 D FrameIndicator: support status: 1 0x748eff5018 0x748eff54c4
01-23 13:13:42.872 10592 10622 W pkr : aeCrop exceeds preCorrectionActiveArraySize.
01-23 13:13:42.875 10592 10623 E FrameEvents: updateAcquireFence: Did not find frame.
01-23 13:13:42.886 10592 10592 W CAM_A : Disconnecting the camera device because filmstrip was launched.
01-23 13:13:42.911 10592 10592 D DecorView[CameraActivity]: getWindowModeFromSystem windowmode is 1
01-23 13:13:42.920 10592 10634 E PhenotypeFlagCommitter: Retrieving snapshot for com.google.android.apps.camera#com.google.android.GoogleCameraEngR18F1 failed
01-23 13:13:42.920 10592 10634 E PhenotypeFlagCommitter: java.util.concurrent.ExecutionException: java.lang.SecurityException: GoogleCertificatesRslt: not allowed: pkg=com.google.android.GoogleCameraEngR18F1, sha256=[a40da80a59d170caa950cf15c18c454d47a39b26989d8b640ecd745ba71bf5dc], atk=false, ver=244738022.true (go/gsrlt)
01-23 13:13:42.920 10592 10634 E PhenotypeFlagCommitter: at mip.fb(Unknown Source:27)
01-23 13:13:42.920 10592 10634 E PhenotypeFlagCommitter: at mip.cd(Unknown Source:63)
01-23 13:13:42.920 10592 10634 E PhenotypeFlagCommitter: at kuc.c(Unknown Source:12)
01-23 13:13:42.920 10592 10634 E PhenotypeFlagCommitter: at kuc.e(Unknown Source:35)
01-23 13:13:42.920 10592 10634 E PhenotypeFlagCommitter: at kuc.b(Unknown Source:1)
01-23 13:13:42.920 10592 10634 E PhenotypeFlagCommitter: at gvh.a(Unknown Source:35)
01-23 13:13:42.920 10592 10634 E PhenotypeFlagCommitter: at gvj.run(Unknown Source:9)
01-23 13:13:42.920 10592 10634 E PhenotypeFlagCommitter: at law.run(Unknown Source:2)
01-23 13:13:42.920 10592 10634 E PhenotypeFlagCommitter: at java.util.concurrent.Executors$RunnableAdapter.call(Executors.java:462)
01-23 13:13:42.920 10592 10634 E PhenotypeFlagCommitter: at pio.a(Unknown Source:2)
01-23 13:13:42.920 10592 10634 E PhenotypeFlagCommitter: at phs.run(Unknown Source:20)
01-23 13:13:42.920 10592 10634 E PhenotypeFlagCommitter: at pip.run(Unknown Source:4)
01-23 13:13:42.920 10592 10634 E PhenotypeFlagCommitter: at java.util.concurrent.Executors$RunnableAdapter.call(Executors.java:462)
01-23 13:13:42.920 10592 10634 E PhenotypeFlagCommitter: at java.util.concurrent.FutureTask.run(FutureTask.java:266)
01-23 13:13:42.920 10592 10634 E PhenotypeFlagCommitter: at java.util.concurrent.ScheduledThreadPoolExecutor$ScheduledFutureTask.run(ScheduledT hreadPoolExecutor.java:301)
01-23 13:13:42.920 10592 10634 E PhenotypeFlagCommitter: at lbh.run(Unknown Source:2)
01-23 13:13:42.920 10592 10634 E PhenotypeFlagCommitter: at lbg.run(Unknown Source:0)
01-23 13:13:42.920 10592 10634 E PhenotypeFlagCommitter: at java.util.concurrent.ThreadPoolExecutor.runWorker(ThreadPoolExecutor.java:1167)
01-23 13:13:42.920 10592 10634 E PhenotypeFlagCommitter: at java.util.concurrent.ThreadPoolExecutor$Worker.run(ThreadPoolExecutor.java:641)
01-23 13:13:42.920 10592 10634 E PhenotypeFlagCommitter: at java.lang.Thread.run(Thread.java:923)
01-23 13:13:42.920 10592 10634 E PhenotypeFlagCommitter: at lab.run(Unknown Source:5)
01-23 13:13:42.920 10592 10634 E PhenotypeFlagCommitter: Caused by: java.lang.SecurityException: GoogleCertificatesRslt: not allowed: pkg=com.google.android.GoogleCameraEngR18F1, sha256=[a40da80a59d170caa950cf15c18c454d47a39b26989d8b640ecd745ba71bf5dc], atk=false, ver=244738022.true (go/gsrlt)
01-23 13:13:42.920 10592 10634 E PhenotypeFlagCommitter: at android.os.Parcel.createExceptionOrNull(Parcel.java:2376)
01-23 13:13:42.920 10592 10634 E PhenotypeFlagCommitter: at android.os.Parcel.createException(Parcel.java:2360)
01-23 13:13:42.920 10592 10634 E PhenotypeFlagCommitter: at android.os.Parcel.readException(Parcel.java:2343)
01-23 13:13:42.920 10592 10634 E PhenotypeFlagCommitter: at android.os.Parcel.readException(Parcel.java:2285)
01-23 13:13:42.920 10592 10634 E PhenotypeFlagCommitter: at bmn.z(Unknown Source:10)
01-23 13:13:42.920 10592 10634 E PhenotypeFlagCommitter: at ktz.a(Unknown Source:38)
01-23 13:13:42.920 10592 10634 E PhenotypeFlagCommitter: at kjd.f(Unknown Source:10)
01-23 13:13:42.920 10592 10634 E PhenotypeFlagCommitter: at kkc.t(Unknown Source:9)
01-23 13:13:42.920 10592 10634 E PhenotypeFlagCommitter: at kkc.u(Unknown Source:22)
01-23 13:13:42.920 10592 10634 E PhenotypeFlagCommitter: at kkc.e(Unknown Source:15)
01-23 13:13:42.920 10592 10634 E PhenotypeFlagCommitter: at kkg.handleMessage(Unknown Source:920)
01-23 13:13:42.920 10592 10634 E PhenotypeFlagCommitter: at android.os.Handler.dispatchMessage(Handler.java:102)
01-23 13:13:42.920 10592 10634 E PhenotypeFlagCommitter: at ksg.b(Unknown Source:0)
01-23 13:13:42.920 10592 10634 E PhenotypeFlagCommitter: at ksg.dispatchMessage(Unknown Source:0)
01-23 13:13:42.920 10592 10634 E PhenotypeFlagCommitter: at android.os.Looper.loop(Looper.java:237)
01-23 13:13:42.920 10592 10634 E PhenotypeFlagCommitter: at android.os.HandlerThread.run(HandlerThread.java:67)
01-23 13:13:42.927 10592 10799 E native : E0123 13:13:42.927671 10799 jni_environment.cc:81] Failed to detach current thread from the JVM. JavaVM::DetachCurrentThread returned: -1
01-23 13:13:42.928 10592 10677 E GoLog : E0123 13:13:42.927671 10799 jni_environment.cc:81] Failed to detach current thread from the JVM. JavaVM::DetachCurrentThread returned: -1
01-23 13:13:42.937 10592 10643 D CameraInjector: notifyRF for API 2 : cameraRoleId = 1, active = false
01-23 13:13:42.937 10592 10643 D CameraInjector: notifyRF cameraId = 1, active ? false
01-23 13:13:43.630 10592 10592 W CAM_A : Duplicate call to stopModule; skipping stop.
01-23 13:13:43.655 10592 10592 W CAM_A : Duplicate call to stopModule; skipping stop.