12-15 16:30:43.920 18425 18425 I ViewRootImpl@17bc549[AppActivity]: ViewPostIme
pointer 1
12-15 16:30:43.953 18425 18547 D jswrapper: JS: SendSocketData main:200 sub:113
12-15 16:30:43.983 18425 18547 D jswrapper: JS: main=3, sub=101
12-15 16:30:43.984 18425 18547 D jswrapper: JS: GameBase onEventUserScore 用户积分
12-15 16:30:43.984 18425 18547 D jswrapper: JS: main=200, sub=149
12-15 16:30:43.984 18425 18547 D jswrapper: JS: SGLB::结果
12-15 16:30:43.984 18425 18547 D jswrapper: JS: [object Object]
12-15 16:30:43.984 18425 18547 D jswrapper: JS: 0
12-15 16:30:43.984 18425 18547 D jswrapper: JS: this._nFreeCount<=0?????
12-15 16:30:43.989 18425 18547 D jswrapper: JS:
5,6,6,2,5,0,0,0,1,0,0,0,1,4,7,4,5,0,0,0,1,4,12,5,0,4,4,0,3,3,3,6,7,5,10,0,0,4,4,0,3
,3,10,0,2,4,10,0,1,1,12,0,2,8,9,0,0,2,10,0,1,1,12,14,5,3,8,14,9,6,3,8,8,6,14,9,6,3,
8,14,9,6,3,8,3,13,3,6,3,17,0,5,7,17,0,5,7,2,8,0,3,17,0,5,7
12-15 16:30:43.989 18425 18547 D jswrapper: JS: 6,12,0,5,13,6,5,2,3,3,2,0,4,8,6
12-15 16:30:46.186 18425 18547 D jswrapper: JS: showGameWinScore:120
12-15 16:30:46.467 18425 18547 D jswrapper: JS: showGameEnd
12-15 16:30:46.468 18425 18547 D jswrapper: JS: winTimes:9
12-15 16:30:49.216 18425 18425 I ViewRootImpl@17bc549[AppActivity]: ViewPostIme
pointer 0
12-15 16:30:49.339 18425 18425 I ViewRootImpl@17bc549[AppActivity]: ViewPostIme
pointer 1
12-15 16:30:49.375 18425 18547 D jswrapper: JS: SendSocketData main:200 sub:113
12-15 16:30:49.431 18425 18547 D jswrapper: JS: main=3, sub=101
12-15 16:30:49.431 18425 18547 D jswrapper: JS: GameBase onEventUserScore 用户积分
12-15 16:30:49.431 18425 18547 D jswrapper: JS: main=200, sub=149
12-15 16:30:49.431 18425 18547 D jswrapper: JS: SGLB::结果
12-15 16:30:49.431 18425 18547 D jswrapper: JS: [object Object]
12-15 16:30:49.432 18425 18547 D jswrapper: JS: 0
12-15 16:30:49.432 18425 18547 D jswrapper: JS: this._nFreeCount<=0?????
12-15 16:30:49.436 18425 18547 D jswrapper: JS:
5,1,5,2,5,6,6,2,1,6,6,2,1,4,7,4,5,6,6,2,1,4,3,12,6,4,12,5,0,3,3,6,7,5,10,0,0,4,12,5
,0,3,10,5,1,9,10,0,2,4,1,0,2,8,9,0,0,2,10,0,2,4,1,14,0,10,5,14,5,3,8,1,9,4,14,5,3,8
,1,14,5,3,8,1,3,0,8,0,3,13,3,6,10,13,3,6,10,8,7,1,3,13,3,6,10
12-15 16:30:49.436 18425 18547 D jswrapper: JS: 1,3,5,0,0,5,12,1,10,8,2,6,9,5,0
12-15 16:30:51.604 18425 18547 D jswrapper: JS: showGameWinScore:160
12-15 16:30:51.899 18425 18547 D jswrapper: JS: showGameEnd
12-15 16:30:51.899 18425 18547 D jswrapper: JS: winTimes:12
12-15 16:30:53.935 18425 18547 D jswrapper: JS: main=200, sub=152
12-15 16:30:53.936 18425 18547 D jswrapper: JS: JACKPOT:{"lJackPot":
[7403,15394,9605,98088,46742]}
12-15 16:30:54.004 18425 18425 I ViewRootImpl@17bc549[AppActivity]: ViewPostIme
pointer 0
12-15 16:30:54.093 18425 18425 I ViewRootImpl@17bc549[AppActivity]: ViewPostIme
pointer 1
12-15 16:30:54.141 18425 18547 D jswrapper: JS: SendSocketData main:200 sub:113
12-15 16:30:54.197 18425 18547 D jswrapper: JS: main=3, sub=101
12-15 16:30:54.197 18425 18547 D jswrapper: JS: GameBase onEventUserScore 用户积分
12-15 16:30:54.197 18425 18547 D jswrapper: JS: main=200, sub=149
12-15 16:30:54.198 18425 18547 D jswrapper: JS: SGLB::结果
12-15 16:30:54.198 18425 18547 D jswrapper: JS: [object Object]
12-15 16:30:54.198 18425 18547 D jswrapper: JS: 0
12-15 16:30:54.198 18425 18547 D jswrapper: JS: this._nFreeCount<=0?????
12-15 16:30:54.203 18425 18547 D jswrapper: JS:
5,7,3,5,5,1,5,2,1,1,5,2,1,4,7,4,5,1,5,2,1,4,0,5,7,4,3,12,6,3,3,6,7,5,10,0,0,4,3,12,
6,3,10,1,7,1,10,5,1,9,2,0,2,8,9,0,0,2,10,5,1,9,2,14,0,0,17,14,0,10,5,9,1,1,14,0,10,
5,9,14,0,10,5,9,3,5,0,10,3,0,8,0,8,0,8,0,8,12,1,2,3,0,8,0,8
12-15 16:30:54.203 18425 18547 D jswrapper: JS: 7,0,1,0,5,3,5,7,0,0,5,7,1,17,10
12-15 16:30:56.366 18425 18547 D jswrapper: JS: showGameWinScore:480
12-15 16:30:56.661 18425 18547 D jswrapper: JS: showGameEnd
12-15 16:30:56.661 18425 18547 D jswrapper: JS: winTimes:36
12-15 16:30:59.282 18425 18425 I ViewRootImpl@17bc549[AppActivity]: ViewPostIme
pointer 0
12-15 16:30:59.437 18425 18425 I ViewRootImpl@17bc549[AppActivity]: ViewPostIme
pointer 1
12-15 16:30:59.489 18425 18547 D jswrapper: JS: SendSocketData main:200 sub:113
12-15 16:30:59.545 18425 18547 D jswrapper: JS: main=3, sub=101
12-15 16:30:59.548 18425 18547 D jswrapper: JS: GameBase onEventUserScore 用户积分
12-15 16:30:59.548 18425 18547 D jswrapper: JS: main=200, sub=149
12-15 16:30:59.549 18425 18547 D jswrapper: JS: SGLB::结果
12-15 16:30:59.549 18425 18547 D jswrapper: JS: [object Object]
12-15 16:30:59.549 18425 18547 D jswrapper: JS: 0
12-15 16:30:59.549 18425 18547 D jswrapper: JS: this._nFreeCount<=0?????
12-15 16:30:59.553 18425 18547 D jswrapper: JS:
5,4,1,2,5,7,3,5,1,7,3,5,1,4,7,4,5,7,3,5,1,4,1,1,0,4,0,5,7,3,3,6,7,5,10,0,0,4,0,5,7,
3,10,2,0,0,10,1,7,1,1,0,2,8,9,0,0,2,10,1,7,1,1,14,0,4,3,14,0,0,17,15,5,0,14,0,0,17,
15,14,0,0,17,15,3,17,12,0,3,5,0,10,10,5,0,10,10,4,1,10,3,5,0,10,10
12-15 16:30:59.553 18425 18547 D jswrapper: JS: 4,1,2,0,17,1,1,0,4,12,2,0,0,3,0
12-15 16:31:01.616 18425 18425 I ViewRootImpl@17bc549[AppActivity]: ViewPostIme
pointer 0
12-15 16:31:01.721 18425 18547 D jswrapper: JS: showGameWinScore:0
12-15 16:31:01.737 18425 18425 I ViewRootImpl@17bc549[AppActivity]: ViewPostIme
pointer 1
12-15 16:31:02.016 18425 18547 D jswrapper: JS: showGameEnd
12-15 16:31:02.729 18425 18425 I ViewRootImpl@17bc549[AppActivity]: ViewPostIme
pointer 0
12-15 16:31:02.844 18425 18425 I ViewRootImpl@17bc549[AppActivity]: ViewPostIme
pointer 1
12-15 16:31:02.881 18425 18547 D jswrapper: JS: SendSocketData main:200 sub:113
12-15 16:31:02.936 18425 18547 D jswrapper: JS: main=3, sub=101
12-15 16:31:02.937 18425 18547 D jswrapper: JS: GameBase onEventUserScore 用户积分
12-15 16:31:02.937 18425 18547 D jswrapper: JS: main=200, sub=149
12-15 16:31:02.937 18425 18547 D jswrapper: JS: SGLB::结果
12-15 16:31:02.938 18425 18547 D jswrapper: JS: [object Object]
12-15 16:31:02.938 18425 18547 D jswrapper: JS: 0
12-15 16:31:02.938 18425 18547 D jswrapper: JS: this._nFreeCount<=0?????
12-15 16:31:02.943 18425 18547 D jswrapper: JS:
5,0,2,0,5,4,1,2,1,4,1,2,1,4,7,4,5,4,1,2,1,4,5,10,8,4,1,1,0,3,3,6,7,5,10,0,0,4,1,1,0
,3,10,2,4,12,10,2,0,0,7,0,2,8,9,0,0,2,10,2,0,0,7,14,1,0,5,14,0,4,3,1,6,6,14,0,4,3,1
,14,0,4,3,1,3,5,0,2,3,17,12,0,4,17,12,0,4,3,7,2,3,17,12,0,4
12-15 16:31:02.943 18425 18547 D jswrapper: JS: 0,5,2,1,5,2,10,4,0,0,0,8,12,5,2
12-15 16:31:05.109 18425 18547 D jswrapper: JS: showGameWinScore:0
12-15 16:31:05.414 18425 18547 D jswrapper: JS: showGameEnd
12-15 16:31:06.067 18425 18425 I ViewRootImpl@17bc549[AppActivity]: ViewPostIme
pointer 0
12-15 16:31:06.122 18425 18547 D jswrapper: JS: main=200, sub=152
12-15 16:31:06.122 18425 18547 D jswrapper: JS: JACKPOT:{"lJackPot":
[7561,15552,9763,98125,46842]}
12-15 16:31:06.206 18425 18425 I ViewRootImpl@17bc549[AppActivity]: ViewPostIme
pointer 1
12-15 16:31:06.231 18425 18547 D jswrapper: JS: SendSocketData main:200 sub:113
12-15 16:31:06.287 18425 18547 D jswrapper: JS: main=3, sub=101
12-15 16:31:06.287 18425 18547 D jswrapper: JS: GameBase onEventUserScore 用户积分
12-15 16:31:06.287 18425 18547 D jswrapper: JS: main=200, sub=149
12-15 16:31:06.294 18425 18547 D jswrapper: JS: SGLB::结果
12-15 16:31:06.294 18425 18547 D jswrapper: JS: [object Object]
12-15 16:31:06.294 18425 18547 D jswrapper: JS: 0
12-15 16:31:06.294 18425 18547 D jswrapper: JS: this._nFreeCount<=0?????
12-15 16:31:06.299 18425 18547 D jswrapper: JS:
5,3,7,0,5,0,2,0,1,0,2,0,1,4,7,4,5,0,2,0,1,4,9,1,0,4,5,10,8,3,3,6,7,5,10,0,0,4,5,10,
8,3,10,2,1,14,10,2,4,12,0,0,2,8,9,0,0,2,10,2,4,12,0,14,3,15,8,14,1,0,5,6,4,1,14,1,0
,5,6,14,1,0,5,6,3,8,9,0,3,5,0,2,9,5,0,2,9,8,0,4,3,5,0,2,9
12-15 16:31:06.299 18425 18547 D jswrapper: JS: 3,9,2,3,8,7,1,1,15,9,0,0,14,8,0
12-15 16:31:08.453 18425 18547 D jswrapper: JS: showGameWinScore:0
12-15 16:31:08.556 18425 18425 I ViewRootImpl@17bc549[AppActivity]: ViewPostIme
pointer 0
12-15 16:31:08.671 18425 18425 I ViewRootImpl@17bc549[AppActivity]: ViewPostIme
pointer 1
12-15 16:31:08.754 18425 18547 D jswrapper: JS: showGameEnd
12-15 16:31:09.323 18425 18425 I ViewRootImpl@17bc549[AppActivity]: ViewPostIme
pointer 0
12-15 16:31:09.428 18425 18425 I ViewRootImpl@17bc549[AppActivity]: ViewPostIme
pointer 1
12-15 16:31:09.468 18425 18547 D jswrapper: JS: SendSocketData main:200 sub:113
12-15 16:31:09.524 18425 18547 D jswrapper: JS: main=3, sub=101
12-15 16:31:09.528 18425 18547 D jswrapper: JS: GameBase onEventUserScore 用户积分
12-15 16:31:09.528 18425 18547 D jswrapper: JS: main=200, sub=149
12-15 16:31:09.529 18425 18547 D jswrapper: JS: SGLB::结果
12-15 16:31:09.529 18425 18547 D jswrapper: JS: [object Object]
12-15 16:31:09.529 18425 18547 D jswrapper: JS: 0
12-15 16:31:09.529 18425 18547 D jswrapper: JS: this._nFreeCount<=0?????
12-15 16:31:09.533 18425 18547 D jswrapper: JS:
5,0,0,8,5,3,7,0,1,3,7,0,1,4,7,4,5,3,7,0,1,4,10,1,9,4,9,1,0,3,3,6,7,5,10,0,0,4,9,1,0
,3,10,12,9,14,10,2,1,14,4,0,2,8,9,0,0,2,10,2,1,14,4,14,8,3,3,14,3,15,8,1,10,6,14,3,
15,8,1,14,3,15,8,1,3,10,2,1,3,8,9,0,0,8,9,0,0,7,10,16,3,8,9,0,0
12-15 16:31:09.533 18425 18547 D jswrapper: JS: 0,10,12,8,10,0,1,9,3,2,8,9,14,3,1
12-15 16:31:11.698 18425 18547 D jswrapper: JS: showGameWinScore:0
12-15 16:31:11.994 18425 18547 D jswrapper: JS: showGameEnd
12-15 16:31:14.047 18425 18425 I ViewRootImpl@17bc549[AppActivity]: ViewPostIme
pointer 0
12-15 16:31:14.145 18425 18425 I ViewRootImpl@17bc549[AppActivity]: ViewPostIme
pointer 1
12-15 16:31:14.180 18425 18547 D jswrapper: JS: SendSocketData main:200 sub:113
12-15 16:31:14.235 18425 18547 D jswrapper: JS: main=3, sub=101
12-15 16:31:14.235 18425 18547 D jswrapper: JS: GameBase onEventUserScore 用户积分
12-15 16:31:14.235 18425 18547 D jswrapper: JS: main=200, sub=149
12-15 16:31:14.235 18425 18547 D jswrapper: JS: SGLB::结果
12-15 16:31:14.235 18425 18547 D jswrapper: JS: [object Object]
12-15 16:31:14.236 18425 18547 D jswrapper: JS: 0
12-15 16:31:14.236 18425 18547 D jswrapper: JS: this._nFreeCount<=0?????
12-15 16:31:14.241 18425 18547 D jswrapper: JS:
5,0,7,4,5,0,0,8,1,0,0,8,1,4,7,4,5,0,0,8,1,4,3,1,12,4,10,1,9,3,3,6,7,5,10,0,0,4,10,1
,9,3,10,12,3,7,10,12,9,14,1,0,2,8,9,0,0,2,10,12,9,14,1,14,10,15,4,14,8,3,3,10,12,1,
14,8,3,3,10,14,8,3,3,10,3,10,0,0,3,10,2,1,7,10,2,1,7,0,9,5,3,10,2,1,7
12-15 16:31:14.241 18425 18547 D jswrapper: JS: 0,3,12,10,10,7,1,3,15,0,4,12,7,4,0
12-15 16:31:14.245 18425 18547 D jswrapper: JS: main=3, sub=102
12-15 16:31:14.245 18425 18547 D jswrapper: JS:
OnSocketSubUserStatus::dwUserID::2727209
12-15 16:31:14.245 18425 18547 D jswrapper: JS: OnSocketSubUserStatus::UserStatus::
{"wTableID":5,"wChairID":0,"cbUserStatus":5}
12-15 16:31:14.245 18425 18547 D jswrapper: JS: UpdateUserItemStatus::以往数据::
{"wTableID":5,"wChairID":0,"cbUserStatus":2}
12-15 16:31:14.245 18425 18547 D jswrapper: JS: GameBase onEventUserStatus 用户状态
12-15 16:31:14.245 18425 18547 D jswrapper: JS: main=100, sub=401
12-15 16:31:14.245 18425 18547 D jswrapper: JS: 收到框架消息::401
12-15 16:31:14.245 18425 18547 D jswrapper: JS: 收到唯一对局码: (2311005167113266902)
12-15 16:31:14.245 18425 18547 D jswrapper: JS: main=3, sub=101
12-15 16:31:14.246 18425 18547 D jswrapper: JS: GameBase onEventUserScore 用户积分
12-15 16:31:14.246 18425 18547 D jswrapper: JS: main=3, sub=102
12-15 16:31:14.246 18425 18547 D jswrapper: JS:
OnSocketSubUserStatus::dwUserID::2727209
12-15 16:31:14.246 18425 18547 D jswrapper: JS: OnSocketSubUserStatus::UserStatus::
{"wTableID":5,"wChairID":0,"cbUserStatus":2}
12-15 16:31:14.246 18425 18547 D jswrapper: JS: UpdateUserItemStatus::以往数据::
{"wTableID":5,"wChairID":0,"cbUserStatus":5}
12-15 16:31:14.246 18425 18547 D jswrapper: JS: GameBase onEventUserStatus 用户状态
12-15 16:31:16.418 18425 18547 D jswrapper: JS: showGameWinScore:700
12-15 16:31:16.714 18425 18547 D jswrapper: JS: showGameEnd
12-15 16:31:16.715 18425 18547 D jswrapper: JS: winTimes:52
12-15 16:31:17.320 18425 18547 D jswrapper: JS: main=200, sub=152
12-15 16:31:17.320 18425 18547 D jswrapper: JS: JACKPOT:{"lJackPot":
[7816,15807,10018,98199,47004]}
12-15 16:31:18.498 18425 18547 D jswrapper: JS: main=200, sub=152
12-15 16:31:18.499 18425 18547 D jswrapper: JS: JACKPOT:{"lJackPot":
[7875,12705,10077,98218,47043]}
12-15 16:31:22.196 18425 18425 I ViewRootImpl@17bc549[AppActivity]: ViewPostIme
pointer 0
12-15 16:31:22.410 18425 18425 I ViewRootImpl@17bc549[AppActivity]: ViewPostIme
pointer 1
12-15 16:31:22.461 18425 18547 D jswrapper: JS: SendSocketData main:200 sub:113
12-15 16:31:22.493 18425 18547 D jswrapper: JS: main=3, sub=101
12-15 16:31:22.493 18425 18547 D jswrapper: JS: GameBase onEventUserScore 用户积分
12-15 16:31:22.516 18425 18547 D jswrapper: JS: main=200, sub=149
12-15 16:31:22.517 18425 18547 D jswrapper: JS: SGLB::结果
12-15 16:31:22.517 18425 18547 D jswrapper: JS: [object Object]
12-15 16:31:22.517 18425 18547 D jswrapper: JS: 0
12-15 16:31:22.517 18425 18547 D jswrapper: JS: this._nFreeCount<=0?????
12-15 16:31:22.521 18425 18547 D jswrapper: JS:
5,7,3,7,5,0,7,4,1,0,7,4,1,4,7,4,5,0,7,4,1,4,0,2,1,4,3,1,12,3,3,6,7,5,10,0,0,4,3,1,1
2,3,10,1,0,1,10,12,3,7,9,0,2,8,9,0,0,2,10,12,3,7,9,14,1,2,0,14,10,15,4,8,15,5,14,10
,15,4,8,14,10,15,4,8,3,2,1,3,3,10,0,0,7,10,0,0,7,7,10,10,3,10,0,0,7
12-15 16:31:22.521 18425 18547 D jswrapper: JS: 7,0,1,1,2,3,2,0,2,1,7,1,1,0,3
12-15 16:31:23.010 18425 18547 D jswrapper: JS: main=3, sub=530
12-15 16:31:23.011 18425 18547 D jswrapper: JS: [object Object]
12-15 16:31:23.011 18425 18547 D jswrapper: JS: 512
12-15 16:31:23.011 18425 18547 D jswrapper: JS: SendSocketData main:100 sub:512
12-15 16:31:23.034 18425 18547 D jswrapper: JS: main=100, sub=513
12-15 16:31:23.035 18425 18547 D jswrapper: JS: 收到框架消息::513
12-15 16:31:23.035 18425 18547 D jswrapper: JS: [object Object]
12-15 16:31:23.035 18425 18547 D jswrapper: JS: main=100, sub=513
12-15 16:31:23.035 18425 18547 D jswrapper: JS: 收到框架消息::513
12-15 16:31:23.035 18425 18547 D jswrapper: JS: [object Object]
12-15 16:31:23.035 18425 18547 D jswrapper: JS: main=100, sub=513
12-15 16:31:23.036 18425 18547 D jswrapper: JS: 收到框架消息::513
12-15 16:31:23.036 18425 18547 D jswrapper: JS: [object Object]
12-15 16:31:23.036 18425 18547 D jswrapper: JS: main=100, sub=513
12-15 16:31:23.036 18425 18547 D jswrapper: JS: 收到框架消息::513
12-15 16:31:23.036 18425 18547 D jswrapper: JS: [object Object]
12-15 16:31:23.036 18425 18547 D jswrapper: JS: main=100, sub=513
12-15 16:31:23.036 18425 18547 D jswrapper: JS: 收到框架消息::513
12-15 16:31:23.036 18425 18547 D jswrapper: JS: [object Object]
12-15 16:31:23.036 18425 18547 D jswrapper: JS: main=100, sub=513
12-15 16:31:23.036 18425 18547 D jswrapper: JS: 收到框架消息::513
12-15 16:31:23.037 18425 18547 D jswrapper: JS: [object Object]
12-15 16:31:23.037 18425 18547 D jswrapper: JS: main=100, sub=513
12-15 16:31:23.037 18425 18547 D jswrapper: JS: 收到框架消息::513
12-15 16:31:23.037 18425 18547 D jswrapper: JS: [object Object]
12-15 16:31:23.037 18425 18547 D jswrapper: JS: main=100, sub=513
12-15 16:31:23.037 18425 18547 D jswrapper: JS: 收到框架消息::513
12-15 16:31:23.037 18425 18547 D jswrapper: JS: [object Object]
12-15 16:31:23.037 18425 18547 D jswrapper: JS: main=100, sub=513
12-15 16:31:23.037 18425 18547 D jswrapper: JS: 收到框架消息::513
12-15 16:31:23.037 18425 18547 D jswrapper: JS: [object Object]
12-15 16:31:23.038 18425 18547 D jswrapper: JS: main=100, sub=513
12-15 16:31:23.038 18425 18547 D jswrapper: JS: 收到框架消息::513
12-15 16:31:23.038 18425 18547 D jswrapper: JS: [object Object]
12-15 16:31:24.534 18425 18425 I ViewRootImpl@17bc549[AppActivity]: ViewPostIme
pointer 0
12-15 16:31:24.642 18425 18425 I ViewRootImpl@17bc549[AppActivity]: ViewPostIme
pointer 1
12-15 16:31:24.685 18425 18547 D jswrapper: JS: showGameWinScore:0
12-15 16:31:24.980 18425 18547 D jswrapper: JS: showGameEnd
12-15 16:31:25.393 18425 18425 I ViewRootImpl@17bc549[AppActivity]: ViewPostIme
pointer 0
12-15 16:31:25.500 18425 18425 I ViewRootImpl@17bc549[AppActivity]: ViewPostIme
pointer 1
12-15 16:31:25.541 18425 18547 D jswrapper: JS: SendSocketData main:200 sub:113
12-15 16:31:25.597 18425 18547 D jswrapper: JS: main=3, sub=101
12-15 16:31:25.598 18425 18547 D jswrapper: JS: GameBase onEventUserScore 用户积分
12-15 16:31:25.598 18425 18547 D jswrapper: JS: main=200, sub=149
12-15 16:31:25.598 18425 18547 D jswrapper: JS: SGLB::结果
12-15 16:31:25.598 18425 18547 D jswrapper: JS: [object Object]
12-15 16:31:25.601 18425 18547 D jswrapper: JS: 0
12-15 16:31:25.601 18425 18547 D jswrapper: JS: this._nFreeCount<=0?????
12-15 16:31:25.605 18425 18547 D jswrapper: JS:
5,0,1,1,5,7,3,7,1,7,3,7,1,4,7,4,5,7,3,7,1,4,1,2,3,4,0,2,1,3,3,6,7,5,10,0,0,4,0,2,1,
3,10,7,7,9,10,1,0,1,3,0,2,8,9,0,0,2,10,1,0,1,3,14,1,10,8,14,1,2,0,1,2,8,14,1,2,0,1,
14,1,2,0,1,3,10,7,7,3,2,1,3,0,2,1,3,0,1,5,7,3,2,1,3,0
12-15 16:31:25.605 18425 18547 D jswrapper: JS: 0,1,7,1,10,1,2,7,10,7,1,3,9,8,7
12-15 16:31:27.741 18425 18547 D jswrapper: JS: showGameWinScore:0
12-15 16:31:28.099 18425 18547 D jswrapper: JS: showGameEnd
12-15 16:31:28.614 18425 18425 I ViewRootImpl@17bc549[AppActivity]: ViewPostIme
pointer 0
12-15 16:31:28.714 18425 18425 I ViewRootImpl@17bc549[AppActivity]: ViewPostIme
pointer 1
12-15 16:31:28.743 18425 18547 D jswrapper: JS: SendSocketData main:200 sub:113
12-15 16:31:28.799 18425 18547 D jswrapper: JS: main=3, sub=101
12-15 16:31:28.799 18425 18547 D jswrapper: JS: GameBase onEventUserScore 用户积分
12-15 16:31:28.800 18425 18547 D jswrapper: JS: main=200, sub=149
12-15 16:31:28.800 18425 18547 D jswrapper: JS: SGLB::结果
12-15 16:31:28.800 18425 18547 D jswrapper: JS: [object Object]
12-15 16:31:28.800 18425 18547 D jswrapper: JS: 0
12-15 16:31:28.800 18425 18547 D jswrapper: JS: this._nFreeCount<=0?????
12-15 16:31:28.804 18425 18547 D jswrapper: JS:
5,13,7,0,5,0,1,1,1,0,1,1,1,4,7,4,5,0,1,1,1,4,5,2,5,4,1,2,3,3,3,6,7,5,10,0,0,4,1,2,3
,3,10,3,1,1,10,7,7,9,0,0,2,8,9,0,0,2,10,7,7,9,0,14,8,2,13,14,1,10,8,6,3,8,14,1,10,8
,6,14,1,10,8,6,3,3,2,6,3,10,7,7,4,10,7,7,4,7,8,10,3,10,7,7,4
12-15 16:31:28.804 18425 18547 D jswrapper: JS: 13,5,3,8,3,7,2,1,2,2,0,5,1,13,6
12-15 16:31:30.959 18425 18547 D jswrapper: JS: showGameWinScore:0
12-15 16:31:31.283 18425 18547 D jswrapper: JS: showGameEnd
12-15 16:31:31.395 18425 18425 I ViewRootImpl@17bc549[AppActivity]: ViewPostIme
pointer 0
12-15 16:31:31.511 18425 18425 I ViewRootImpl@17bc549[AppActivity]: ViewPostIme
pointer 1
12-15 16:31:31.516 18425 18425 W Choreographer: Frame time is 0.043853 ms in the
future! Check that graphics HAL is generating vsync timestamps using the correct
timebase.
12-15 16:31:31.537 18425 18547 D jswrapper: JS: SendSocketData main:200 sub:113
12-15 16:31:31.575 18425 18547 D jswrapper: JS: main=3, sub=101
12-15 16:31:31.575 18425 18547 D jswrapper: JS: GameBase onEventUserScore 用户积分
12-15 16:31:31.575 18425 18547 D jswrapper: JS: main=200, sub=149
12-15 16:31:31.575 18425 18547 D jswrapper: JS: SGLB::结果
12-15 16:31:31.575 18425 18547 D jswrapper: JS: [object Object]
12-15 16:31:31.575 18425 18547 D jswrapper: JS: 0
12-15 16:31:31.575 18425 18547 D jswrapper: JS: this._nFreeCount<=0?????
12-15 16:31:31.577 18425 18547 D jswrapper: JS:
5,1,2,6,5,13,7,0,1,13,7,0,1,4,7,4,5,13,7,0,1,4,2,3,1,4,5,2,5,3,3,6,7,5,10,0,0,4,5,2
,5,3,10,0,12,0,10,3,1,1,7,0,2,8,9,0,0,2,10,3,1,1,7,14,0,0,17,14,8,2,13,1,8,2,14,8,2
,13,1,14,8,2,13,1,3,0,7,10,3,3,2,6,3,3,2,6,3,3,1,9,3,3,2,6,3
12-15 16:31:31.578 18425 18547 D jswrapper: JS: 1,2,0,0,0,2,3,12,0,7,6,1,0,17,10
12-15 16:31:33.766 18425 18547 D jswrapper: JS: showGameWinScore:140
12-15 16:31:34.063 18425 18547 D jswrapper: JS: showGameEnd
12-15 16:31:34.064 18425 18547 D jswrapper: JS: winTimes:10
12-15 16:31:35.601 18425 18425 I ViewRootImpl@17bc549[AppActivity]: ViewPostIme
pointer 0
12-15 16:31:35.748 18425 18425 I ViewRootImpl@17bc549[AppActivity]: ViewPostIme
pointer 1
12-15 16:31:35.775 18425 18547 D jswrapper: JS: SendSocketData main:200 sub:113
12-15 16:31:35.833 18425 18547 D jswrapper: JS: main=3, sub=101
12-15 16:31:35.833 18425 18547 D jswrapper: JS: GameBase onEventUserScore 用户积分
12-15 16:31:35.834 18425 18547 D jswrapper: JS: main=200, sub=149
12-15 16:31:35.834 18425 18547 D jswrapper: JS: SGLB::结果
12-15 16:31:35.834 18425 18547 D jswrapper: JS: [object Object]
12-15 16:31:35.834 18425 18547 D jswrapper: JS: 0
12-15 16:31:35.834 18425 18547 D jswrapper: JS: this._nFreeCount<=0?????
12-15 16:31:35.838 18425 18547 D jswrapper: JS:
5,4,0,0,5,1,2,6,1,1,2,6,1,4,7,4,5,1,2,6,1,4,10,4,14,4,2,3,1,3,3,6,7,5,10,0,0,4,2,3,
1,3,10,8,1,1,10,0,12,0,1,0,2,8,9,0,0,2,10,0,12,0,1,14,4,8,0,14,0,0,17,8,3,3,14,0,0,
17,8,14,0,0,17,8,3,3,3,4,3,0,7,10,3,0,7,10,3,4,5,5,3,0,7,10,3
12-15 16:31:35.838 18425 18547 D jswrapper: JS: 4,10,8,4,3,0,4,1,8,3,0,14,1,0,4
12-15 16:31:37.983 18425 18547 D jswrapper: JS: showGameWinScore:0
12-15 16:31:38.291 18425 18547 D jswrapper: JS: showGameEnd
12-15 16:31:38.448 18425 18425 I ViewRootImpl@17bc549[AppActivity]: ViewPostIme
pointer 0
12-15 16:31:38.620 18425 18425 I ViewRootImpl@17bc549[AppActivity]: ViewPostIme
pointer 1
12-15 16:31:39.288 18425 18425 I ViewRootImpl@17bc549[AppActivity]: ViewPostIme
pointer 0
12-15 16:31:39.453 18425 18425 I ViewRootImpl@17bc549[AppActivity]: ViewPostIme
pointer 1
12-15 16:31:40.108 18425 18547 D jswrapper: JS: main=200, sub=152
12-15 16:31:40.109 18425 18547 D jswrapper: JS: JACKPOT:{"lJackPot":
[8234,10475,10436,98314,47278]}
12-15 16:31:40.304 18425 18425 I ViewRootImpl@17bc549[AppActivity]: ViewPostIme
pointer 0
12-15 16:31:40.427 18425 18425 I ViewRootImpl@17bc549[AppActivity]: ViewPostIme
pointer 1
12-15 16:31:40.461 18425 18547 D jswrapper: JS: SendSocketData main:200 sub:113
12-15 16:31:40.516 18425 18547 D jswrapper: JS: main=3, sub=101
12-15 16:31:40.517 18425 18547 D jswrapper: JS: GameBase onEventUserScore 用户积分
12-15 16:31:40.517 18425 18547 D jswrapper: JS: main=200, sub=149
12-15 16:31:40.517 18425 18547 D jswrapper: JS: SGLB::结果
12-15 16:31:40.517 18425 18547 D jswrapper: JS: [object Object]
12-15 16:31:40.517 18425 18547 D jswrapper: JS: 0
12-15 16:31:40.517 18425 18547 D jswrapper: JS: this._nFreeCount<=0?????
12-15 16:31:40.522 18425 18547 D jswrapper: JS:
5,4,3,6,5,4,0,0,1,4,0,0,1,4,7,4,5,4,0,0,1,4,5,9,1,4,10,4,14,3,3,6,7,5,10,0,0,4,10,4
,14,3,10,1,0,7,10,8,1,1,12,0,2,8,9,0,0,2,10,8,1,1,12,14,1,12,5,14,4,8,0,8,9,8,14,4,
8,0,8,14,4,8,0,8,3,0,6,3,3,3,3,4,3,3,3,4,3,9,8,8,3,3,3,4,3
12-15 16:31:40.522 18425 18547 D jswrapper: JS: 4,5,1,1,0,3,9,0,12,6,6,1,7,5,3
12-15 16:31:42.636 18425 18425 I ViewRootImpl@17bc549[AppActivity]: ViewPostIme
pointer 0
12-15 16:31:42.696 18425 18547 D jswrapper: JS: showGameWinScore:0
12-15 16:31:42.777 18425 18425 I ViewRootImpl@17bc549[AppActivity]: ViewPostIme
pointer 1
12-15 16:31:42.992 18425 18547 D jswrapper: JS: showGameEnd
12-15 16:31:43.296 18425 18547 D jswrapper: JS: main=3, sub=530
12-15 16:31:43.296 18425 18547 D jswrapper: JS: [object Object]
12-15 16:31:43.296 18425 18547 D jswrapper: JS: 512
12-15 16:31:43.297 18425 18547 D jswrapper: JS: SendSocketData main:100 sub:512
12-15 16:31:43.320 18425 18547 D jswrapper: JS: main=100, sub=513
12-15 16:31:43.320 18425 18547 D jswrapper: JS: 收到框架消息::513
12-15 16:31:43.321 18425 18547 D jswrapper: JS: [object Object]
12-15 16:31:43.321 18425 18547 D jswrapper: JS: main=100, sub=513
12-15 16:31:43.326 18425 18547 D jswrapper: JS: 收到框架消息::513
12-15 16:31:43.327 18425 18547 D jswrapper: JS: [object Object]
12-15 16:31:43.327 18425 18547 D jswrapper: JS: main=100, sub=513
12-15 16:31:43.327 18425 18547 D jswrapper: JS: 收到框架消息::513
12-15 16:31:43.327 18425 18547 D jswrapper: JS: [object Object]
12-15 16:31:43.327 18425 18547 D jswrapper: JS: main=100, sub=513
12-15 16:31:43.327 18425 18547 D jswrapper: JS: 收到框架消息::513
12-15 16:31:43.328 18425 18547 D jswrapper: JS: [object Object]
12-15 16:31:43.328 18425 18547 D jswrapper: JS: main=100, sub=513
12-15 16:31:43.328 18425 18547 D jswrapper: JS: 收到框架消息::513
12-15 16:31:43.328 18425 18547 D jswrapper: JS: [object Object]
12-15 16:31:43.328 18425 18547 D jswrapper: JS: main=100, sub=513
12-15 16:31:43.328 18425 18547 D jswrapper: JS: 收到框架消息::513
12-15 16:31:43.329 18425 18547 D jswrapper: JS: [object Object]
12-15 16:31:43.329 18425 18547 D jswrapper: JS: main=100, sub=513
12-15 16:31:43.329 18425 18547 D jswrapper: JS: 收到框架消息::513
12-15 16:31:43.329 18425 18547 D jswrapper: JS: [object Object]
12-15 16:31:43.329 18425 18547 D jswrapper: JS: main=100, sub=513
12-15 16:31:43.329 18425 18547 D jswrapper: JS: 收到框架消息::513
12-15 16:31:43.329 18425 18547 D jswrapper: JS: [object Object]
12-15 16:31:43.330 18425 18547 D jswrapper: JS: main=100, sub=513
12-15 16:31:43.330 18425 18547 D jswrapper: JS: 收到框架消息::513
12-15 16:31:43.330 18425 18547 D jswrapper: JS: [object Object]
12-15 16:31:43.330 18425 18547 D jswrapper: JS: main=100, sub=513
12-15 16:31:43.330 18425 18547 D jswrapper: JS: 收到框架消息::513
12-15 16:31:43.330 18425 18547 D jswrapper: JS: [object Object]
12-15 16:31:43.578 18425 18425 I ViewRootImpl@17bc549[AppActivity]: ViewPostIme
pointer 0
12-15 16:31:43.699 18425 18425 I ViewRootImpl@17bc549[AppActivity]: ViewPostIme
pointer 1
12-15 16:31:43.726 18425 18547 D jswrapper: JS: SendSocketData main:200 sub:113
12-15 16:31:43.781 18425 18547 D jswrapper: JS: main=3, sub=101
12-15 16:31:43.781 18425 18547 D jswrapper: JS: GameBase onEventUserScore 用户积分
12-15 16:31:43.782 18425 18547 D jswrapper: JS: main=200, sub=149
12-15 16:31:43.782 18425 18547 D jswrapper: JS: SGLB::结果
12-15 16:31:43.782 18425 18547 D jswrapper: JS: [object Object]
12-15 16:31:43.782 18425 18547 D jswrapper: JS: 0
12-15 16:31:43.782 18425 18547 D jswrapper: JS: this._nFreeCount<=0?????
12-15 16:31:43.787 18425 18547 D jswrapper: JS:
5,4,6,5,5,4,3,6,1,4,3,6,1,4,7,4,5,4,3,6,1,4,7,15,5,4,5,9,1,3,3,6,7,5,10,0,0,4,5,9,1
,3,10,3,12,6,10,1,0,7,1,0,2,8,9,0,0,2,10,1,0,7,1,14,5,0,13,14,1,12,5,2,9,6,14,1,12,
5,2,14,1,12,5,2,3,1,0,14,3,0,6,3,4,0,6,3,4,4,2,1,3,0,6,3,4
12-15 16:31:43.787 18425 18547 D jswrapper: JS: 4,7,3,5,1,6,15,12,0,0,5,5,6,13,14
12-15 16:31:45.952 18425 18547 D jswrapper: JS: showGameWinScore:480
12-15 16:31:46.250 18425 18547 D jswrapper: JS: showGameEnd
12-15 16:31:46.251 18425 18547 D jswrapper: JS: winTimes:18
12-15 16:31:49.689 18425 18425 I ViewRootImpl@17bc549[AppActivity]: ViewPostIme
pointer 0
12-15 16:31:49.820 18425 18425 I ViewRootImpl@17bc549[AppActivity]: ViewPostIme
pointer 1
12-15 16:31:49.883 18425 18547 D jswrapper: JS: SendSocketData main:200 sub:113
12-15 16:31:49.941 18425 18547 D jswrapper: JS: main=3, sub=101
12-15 16:31:49.992 18425 18547 D jswrapper: JS: GameBase onEventUserScore 用户积分
12-15 16:31:49.992 18425 18547 D jswrapper: JS: main=200, sub=149
12-15 16:31:49.993 18425 18547 D jswrapper: JS: SGLB::结果
12-15 16:31:49.993 18425 18547 D jswrapper: JS: [object Object]
12-15 16:31:49.993 18425 18547 D jswrapper: JS: 0
12-15 16:31:49.993 18425 18547 D jswrapper: JS: this._nFreeCount<=0?????
12-15 16:31:49.994 18425 18547 D jswrapper: JS:
5,0,0,0,5,4,6,5,1,4,6,5,1,4,7,4,5,4,6,5,1,4,0,4,1,4,7,15,5,3,3,6,7,5,10,0,0,4,7,15,
5,3,10,0,3,0,10,3,12,6,0,0,2,8,9,0,0,2,10,3,12,6,0,14,3,8,4,14,5,0,13,1,14,10,14,5,
0,13,1,14,5,0,13,1,3,0,7,5,3,1,0,14,7,1,0,14,7,5,5,4,3,1,0,14,7
12-15 16:31:49.994 18425 18547 D jswrapper: JS: 0,0,0,3,0,0,4,3,8,7,0,1,0,4,5
12-15 16:31:52.101 18425 18547 D jswrapper: JS: showGameWinScore:240
12-15 16:31:52.402 18425 18547 D jswrapper: JS: showGameEnd
12-15 16:31:52.402 18425 18547 D jswrapper: JS: winTimes:9
12-15 16:31:55.042 18425 18425 I ViewRootImpl@17bc549[AppActivity]: ViewPostIme
pointer 0
12-15 16:31:55.174 18425 18425 I ViewRootImpl@17bc549[AppActivity]: ViewPostIme
pointer 1
12-15 16:31:55.204 18425 18547 D jswrapper: JS: SendSocketData main:200 sub:113
12-15 16:31:55.260 18425 18547 D jswrapper: JS: main=3, sub=101
12-15 16:31:55.260 18425 18547 D jswrapper: JS: GameBase onEventUserScore 用户积分
12-15 16:31:55.261 18425 18547 D jswrapper: JS: main=200, sub=149
12-15 16:31:55.261 18425 18547 D jswrapper: JS: SGLB::结果
12-15 16:31:55.261 18425 18547 D jswrapper: JS: [object Object]
12-15 16:31:55.261 18425 18547 D jswrapper: JS: 0
12-15 16:31:55.261 18425 18547 D jswrapper: JS: this._nFreeCount<=0?????
12-15 16:31:55.265 18425 18547 D jswrapper: JS:
5,1,3,1,5,0,0,0,1,0,0,0,1,4,7,4,5,0,0,0,1,4,3,3,17,4,0,4,1,3,3,6,7,5,10,0,0,4,0,4,1
,3,10,0,6,4,10,0,3,0,12,0,2,8,9,0,0,2,10,0,3,0,12,14,5,6,3,14,3,8,4,0,9,16,14,3,8,4
,0,14,3,8,4,0,3,1,6,1,3,0,7,5,16,0,7,5,16,13,1,6,3,0,7,5,16
12-15 16:31:55.265 18425 18547 D jswrapper: JS: 1,3,0,5,1,3,3,6,6,6,1,17,4,3,1
12-15 16:31:57.434 18425 18547 D jswrapper: JS: showGameWinScore:0
12-15 16:31:57.608 18425 18547 D jswrapper: JS: main=200, sub=152
12-15 16:31:57.608 18425 18547 D jswrapper: JS: JACKPOT:{"lJackPot":
[8372,10613,10574,98281,47363]}
12-15 16:31:57.737 18425 18547 D jswrapper: JS: showGameEnd
12-15 16:31:59.805 18425 18425 I ViewRootImpl@17bc549[AppActivity]: ViewPostIme
pointer 0
12-15 16:31:59.929 18425 18425 I ViewRootImpl@17bc549[AppActivity]: ViewPostIme
pointer 1
12-15 16:31:59.978 18425 18547 D jswrapper: JS: SendSocketData main:200 sub:113
12-15 16:32:00.036 18425 18547 D jswrapper: JS: main=3, sub=101
12-15 16:32:00.036 18425 18547 D jswrapper: JS: GameBase onEventUserScore 用户积分
12-15 16:32:00.037 18425 18547 D jswrapper: JS: main=200, sub=149
12-15 16:32:00.037 18425 18547 D jswrapper: JS: SGLB::结果
12-15 16:32:00.037 18425 18547 D jswrapper: JS: [object Object]
12-15 16:32:00.037 18425 18547 D jswrapper: JS: 0
12-15 16:32:00.037 18425 18547 D jswrapper: JS: this._nFreeCount<=0?????
12-15 16:32:00.042 18425 18547 D jswrapper: JS:
5,2,3,14,5,1,3,1,1,1,3,1,1,4,7,4,5,1,3,1,1,4,12,4,2,4,3,3,17,3,3,6,7,5,10,0,0,4,3,3
,17,3,10,12,4,2,10,0,6,4,3,0,2,8,9,0,0,2,10,0,6,4,3,14,13,6,7,14,5,6,3,10,7,6,14,5,
6,3,10,14,5,6,3,10,3,3,0,10,3,1,6,1,2,1,6,1,2,5,9,7,3,1,6,1,2
12-15 16:32:00.042 18425 18547 D jswrapper: JS: 2,12,12,13,3,3,4,4,6,0,14,2,2,7,10
12-15 16:32:00.047 18425 18547 D jswrapper: JS: main=200, sub=152
12-15 16:32:00.047 18425 18547 D jswrapper: JS: JACKPOT:{"lJackPot":
[8479,10720,10681,98374,47432]}
12-15 16:32:02.186 18425 18547 D jswrapper: JS: showGameWinScore:640
12-15 16:32:02.485 18425 18547 D jswrapper: JS: showGameEnd
12-15 16:32:02.485 18425 18547 D jswrapper: JS: winTimes:24
12-15 16:32:02.788 9652 9652 D batteryLevel: 34
12-15 16:32:02.789 18425 18425 D batteryLevel: 34
12-15 16:32:06.110 18425 18547 D jswrapper: JS: main=200, sub=152
12-15 16:32:06.111 18425 18547 D jswrapper: JS: JACKPOT:{"lJackPot":
[7735,10824,10785,98402,47497]}
12-15 16:32:07.166 18425 18425 I ViewRootImpl@17bc549[AppActivity]: ViewPostIme
pointer 0
12-15 16:32:07.256 18425 18425 I ViewRootImpl@17bc549[AppActivity]: ViewPostIme
pointer 1
12-15 16:32:07.294 18425 18547 D jswrapper: JS: SendSocketData main:200 sub:113
12-15 16:32:07.350 18425 18547 D jswrapper: JS: main=3, sub=101
12-15 16:32:07.350 18425 18547 D jswrapper: JS: GameBase onEventUserScore 用户积分
12-15 16:32:07.351 18425 18547 D jswrapper: JS: main=200, sub=149
12-15 16:32:07.351 18425 18547 D jswrapper: JS: SGLB::结果
12-15 16:32:07.351 18425 18547 D jswrapper: JS: [object Object]
12-15 16:32:07.351 18425 18547 D jswrapper: JS: 0
12-15 16:32:07.351 18425 18547 D jswrapper: JS: this._nFreeCount<=0?????
12-15 16:32:07.361 18425 18547 D jswrapper: JS:
5,5,0,3,5,2,3,14,1,2,3,14,1,4,7,4,5,2,3,14,1,4,0,2,0,4,12,4,2,3,3,6,7,5,10,0,0,4,12
,4,2,3,10,8,1,5,10,12,4,2,6,0,2,8,9,0,0,2,10,12,4,2,6,14,2,5,1,14,13,6,7,9,5,3,14,1
3,6,7,9,14,13,6,7,9,3,6,1,9,3,3,0,10,2,3,0,10,2,4,4,10,3,3,0,10,2
12-15 16:32:07.361 18425 18547 D jswrapper: JS: 5,0,8,2,6,0,2,1,5,1,3,0,5,1,9
12-15 16:32:07.364 18425 18547 D jswrapper: JS: main=3, sub=102
12-15 16:32:07.364 18425 18547 D jswrapper: JS:
OnSocketSubUserStatus::dwUserID::2727209
12-15 16:32:07.364 18425 18547 D jswrapper: JS: OnSocketSubUserStatus::UserStatus::
{"wTableID":5,"wChairID":0,"cbUserStatus":5}
12-15 16:32:07.364 18425 18547 D jswrapper: JS: UpdateUserItemStatus::以往数据::
{"wTableID":5,"wChairID":0,"cbUserStatus":2}
12-15 16:32:07.364 18425 18547 D jswrapper: JS: GameBase onEventUserStatus 用户状态
12-15 16:32:07.366 18425 18547 D jswrapper: JS: main=100, sub=401
12-15 16:32:07.366 18425 18547 D jswrapper: JS: 收到框架消息::401
12-15 16:32:07.366 18425 18547 D jswrapper: JS: 收到唯一对局码: (2311005167113272260)
12-15 16:32:07.366 18425 18547 D jswrapper: JS: main=3, sub=101
12-15 16:32:07.366 18425 18547 D jswrapper: JS: GameBase onEventUserScore 用户积分
12-15 16:32:07.366 18425 18547 D jswrapper: JS: main=3, sub=102
12-15 16:32:07.366 18425 18547 D jswrapper: JS:
OnSocketSubUserStatus::dwUserID::2727209
12-15 16:32:07.366 18425 18547 D jswrapper: JS: OnSocketSubUserStatus::UserStatus::
{"wTableID":5,"wChairID":0,"cbUserStatus":2}
12-15 16:32:07.366 18425 18547 D jswrapper: JS: UpdateUserItemStatus::以往数据::
{"wTableID":5,"wChairID":0,"cbUserStatus":5}
12-15 16:32:07.366 18425 18547 D jswrapper: JS: GameBase onEventUserStatus 用户状态
12-15 16:32:07.767 18425 18547 D jswrapper: JS: main=200, sub=152
12-15 16:32:07.768 18425 18547 D jswrapper: JS: JACKPOT:{"lJackPot":
[7776,10865,10826,98413,47523]}
12-15 16:32:09.314 18425 18425 I ViewRootImpl@17bc549[AppActivity]: ViewPostIme
pointer 0
12-15 16:32:09.454 18425 18425 I ViewRootImpl@17bc549[AppActivity]: ViewPostIme
pointer 1
12-15 16:32:09.522 18425 18547 D jswrapper: JS: showGameWinScore:0
12-15 16:32:09.819 18425 18547 D jswrapper: JS: showGameEnd
12-15 16:32:10.163 18425 18425 I ViewRootImpl@17bc549[AppActivity]: ViewPostIme
pointer 0
12-15 16:32:10.279 18425 18425 I ViewRootImpl@17bc549[AppActivity]: ViewPostIme
pointer 1
12-15 16:32:10.305 18425 18547 D jswrapper: JS: SendSocketData main:200 sub:113
12-15 16:32:10.361 18425 18547 D jswrapper: JS: main=3, sub=101
12-15 16:32:10.361 18425 18547 D jswrapper: JS: GameBase onEventUserScore 用户积分
12-15 16:32:10.361 18425 18547 D jswrapper: JS: main=200, sub=149
12-15 16:32:10.361 18425 18547 D jswrapper: JS: SGLB::结果
12-15 16:32:10.362 18425 18547 D jswrapper: JS: [object Object]
12-15 16:32:10.362 18425 18547 D jswrapper: JS: 0
12-15 16:32:10.362 18425 18547 D jswrapper: JS: this._nFreeCount<=0?????
12-15 16:32:10.366 18425 18547 D jswrapper: JS:
5,0,3,3,5,5,0,3,1,5,0,3,1,4,7,4,5,5,0,3,1,4,3,14,10,4,0,2,0,3,3,6,7,5,10,0,0,4,0,2,
0,3,10,1,0,0,10,8,1,5,4,0,2,8,9,0,0,2,10,8,1,5,4,14,1,0,8,14,2,5,1,6,8,1,14,2,5,1,6
,14,2,5,1,6,3,5,8,16,3,6,1,9,15,6,1,9,15,0,3,2,3,6,1,9,15
12-15 16:32:10.366 18425 18547 D jswrapper: JS: 0,3,1,1,5,3,14,0,0,8,3,10,0,8,16
12-15 16:32:12.526 18425 18547 D jswrapper: JS: showGameWinScore:0
12-15 16:32:12.761 18425 18425 I ViewRootImpl@17bc549[AppActivity]: ViewPostIme
pointer 0
12-15 16:32:12.833 18425 18547 D jswrapper: JS: showGameEnd
12-15 16:32:12.885 18425 18425 I ViewRootImpl@17bc549[AppActivity]: ViewPostIme
pointer 1
12-15 16:32:13.809 18425 18547 D jswrapper: JS: main=3, sub=530
12-15 16:32:13.810 18425 18547 D jswrapper: JS: [object Object]
12-15 16:32:13.810 18425 18547 D jswrapper: JS: 512
12-15 16:32:13.810 18425 18547 D jswrapper: JS: SendSocketData main:100 sub:512
12-15 16:32:13.859 18425 18547 D jswrapper: JS: main=100, sub=513
12-15 16:32:13.859 18425 18547 D jswrapper: JS: 收到框架消息::513
12-15 16:32:13.859 18425 18547 D jswrapper: JS: [object Object]
12-15 16:32:13.860 18425 18547 D jswrapper: JS: main=100, sub=513
12-15 16:32:13.860 18425 18547 D jswrapper: JS: 收到框架消息::513
12-15 16:32:13.860 18425 18547 D jswrapper: JS: [object Object]
12-15 16:32:13.861 18425 18547 D jswrapper: JS: main=100, sub=513
12-15 16:32:13.861 18425 18547 D jswrapper: JS: 收到框架消息::513
12-15 16:32:13.861 18425 18547 D jswrapper: JS: [object Object]
12-15 16:32:13.861 18425 18547 D jswrapper: JS: main=100, sub=513
12-15 16:32:13.861 18425 18547 D jswrapper: JS: 收到框架消息::513
12-15 16:32:13.861 18425 18547 D jswrapper: JS: [object Object]
12-15 16:32:13.862 18425 18547 D jswrapper: JS: main=100, sub=513
12-15 16:32:13.862 18425 18547 D jswrapper: JS: 收到框架消息::513
12-15 16:32:13.862 18425 18547 D jswrapper: JS: [object Object]
12-15 16:32:13.862 18425 18547 D jswrapper: JS: main=100, sub=513
12-15 16:32:13.862 18425 18547 D jswrapper: JS: 收到框架消息::513
12-15 16:32:13.862 18425 18547 D jswrapper: JS: [object Object]
12-15 16:32:13.863 18425 18547 D jswrapper: JS: main=100, sub=513
12-15 16:32:13.863 18425 18547 D jswrapper: JS: 收到框架消息::513
12-15 16:32:13.863 18425 18547 D jswrapper: JS: [object Object]
12-15 16:32:13.863 18425 18547 D jswrapper: JS: main=100, sub=513
12-15 16:32:13.863 18425 18547 D jswrapper: JS: 收到框架消息::513
12-15 16:32:13.863 18425 18547 D jswrapper: JS: [object Object]
12-15 16:32:13.863 18425 18547 D jswrapper: JS: main=100, sub=513
12-15 16:32:13.864 18425 18547 D jswrapper: JS: 收到框架消息::513
12-15 16:32:13.864 18425 18547 D jswrapper: JS: [object Object]
12-15 16:32:13.864 18425 18547 D jswrapper: JS: main=100, sub=513
12-15 16:32:13.864 18425 18547 D jswrapper: JS: 收到框架消息::513
12-15 16:32:13.864 18425 18547 D jswrapper: JS: [object Object]
12-15 16:32:14.026 18425 18425 I ViewRootImpl@17bc549[AppActivity]: ViewPostIme
pointer 0
12-15 16:32:14.150 18425 18425 I ViewRootImpl@17bc549[AppActivity]: ViewPostIme
pointer 1
12-15 16:32:14.190 18425 18547 D jswrapper: JS: SendSocketData main:200 sub:113
12-15 16:32:14.245 18425 18547 D jswrapper: JS: main=3, sub=101
12-15 16:32:14.245 18425 18547 D jswrapper: JS: GameBase onEventUserScore 用户积分
12-15 16:32:14.246 18425 18547 D jswrapper: JS: main=200, sub=149
12-15 16:32:14.246 18425 18547 D jswrapper: JS: SGLB::结果
12-15 16:32:14.246 18425 18547 D jswrapper: JS: [object Object]
12-15 16:32:14.246 18425 18547 D jswrapper: JS: 0
12-15 16:32:14.246 18425 18547 D jswrapper: JS: this._nFreeCount<=0?????
12-15 16:32:14.251 18425 18547 D jswrapper: JS:
5,7,0,15,5,0,3,3,1,0,3,3,1,4,7,4,5,0,3,3,1,4,6,0,3,4,3,14,10,3,3,6,7,5,10,0,0,4,3,1
4,10,3,10,8,3,5,10,1,0,0,1,0,2,8,9,0,0,2,10,1,0,0,1,14,4,5,1,14,1,0,8,2,0,4,14,1,0,
8,2,14,1,0,8,2,3,8,0,12,3,5,8,16,5,5,8,16,5,6,5,6,3,5,8,16,5
12-15 16:32:14.251 18425 18547 D jswrapper: JS: 7,6,8,4,8,0,0,3,5,0,15,3,5,1,12
12-15 16:32:16.391 18425 18547 D jswrapper: JS: showGameWinScore:0
12-15 16:32:16.574 18425 18425 I ViewRootImpl@17bc549[AppActivity]: ViewPostIme
pointer 0
12-15 16:32:16.687 18425 18547 D jswrapper: JS: showGameEnd
12-15 16:32:16.714 18425 18425 I ViewRootImpl@17bc549[AppActivity]: ViewPostIme
pointer 1
12-15 16:32:16.873 18425 18425 I ViewRootImpl@17bc549[AppActivity]: ViewPostIme
pointer 0
12-15 16:32:17.022 18425 18425 I ViewRootImpl@17bc549[AppActivity]: ViewPostIme
pointer 1
12-15 16:32:17.398 18425 18425 I ViewRootImpl@17bc549[AppActivity]: ViewPostIme
pointer 0
12-15 16:32:17.555 18425 18425 I ViewRootImpl@17bc549[AppActivity]: ViewPostIme
pointer 1
12-15 16:32:17.922 18425 18425 I ViewRootImpl@17bc549[AppActivity]: ViewPostIme
pointer 0
12-15 16:32:18.081 18425 18425 I ViewRootImpl@17bc549[AppActivity]: ViewPostIme
pointer 1
12-15 16:32:19.138 18425 18425 I ViewRootImpl@17bc549[AppActivity]: ViewPostIme
pointer 0
12-15 16:32:19.280 18425 18425 I ViewRootImpl@17bc549[AppActivity]: ViewPostIme
pointer 1
12-15 16:32:19.331 18425 18547 D jswrapper: JS: SendSocketData main:200 sub:113
12-15 16:32:19.386 18425 18547 D jswrapper: JS: main=3, sub=101
12-15 16:32:19.387 18425 18547 D jswrapper: JS: GameBase onEventUserScore 用户积分
12-15 16:32:19.387 18425 18547 D jswrapper: JS: main=200, sub=149
12-15 16:32:19.387 18425 18547 D jswrapper: JS: SGLB::结果
12-15 16:32:19.387 18425 18547 D jswrapper: JS: [object Object]
12-15 16:32:19.387 18425 18547 D jswrapper: JS: 0
12-15 16:32:19.387 18425 18547 D jswrapper: JS: this._nFreeCount<=0?????
12-15 16:32:19.392 18425 18547 D jswrapper: JS:
5,0,0,2,5,7,0,15,1,7,0,15,1,4,7,4,5,7,0,15,1,4,4,1,5,4,6,0,3,3,3,6,7,5,10,0,0,4,6,0
,3,3,10,6,2,12,10,8,3,5,0,0,2,8,9,0,0,2,10,8,3,5,0,14,3,5,0,14,4,5,1,9,3,13,14,4,5,
1,9,14,4,5,1,9,3,13,4,2,3,8,0,12,7,8,0,12,7,10,5,17,3,8,0,12,7
12-15 16:32:19.393 18425 18547 D jswrapper: JS: 0,4,6,3,13,0,1,2,5,4,2,5,12,0,2
12-15 16:32:21.462 18425 18425 I ViewRootImpl@17bc549[AppActivity]: ViewPostIme
pointer 0
12-15 16:32:21.565 18425 18547 D jswrapper: JS: showGameWinScore:0
12-15 16:32:21.594 18425 18425 I ViewRootImpl@17bc549[AppActivity]: ViewPostIme
pointer 1
12-15 16:32:21.862 18425 18547 D jswrapper: JS: showGameEnd
12-15 16:32:22.245 18425 18425 I ViewRootImpl@17bc549[AppActivity]: ViewPostIme
pointer 0
12-15 16:32:22.334 18425 18425 I ViewRootImpl@17bc549[AppActivity]: ViewPostIme
pointer 1
12-15 16:32:22.371 18425 18547 D jswrapper: JS: SendSocketData main:200 sub:113
12-15 16:32:22.429 18425 18547 D jswrapper: JS: main=3, sub=101
12-15 16:32:22.429 18425 18547 D jswrapper: JS: GameBase onEventUserScore 用户积分
12-15 16:32:22.429 18425 18547 D jswrapper: JS: main=200, sub=149
12-15 16:32:22.429 18425 18547 D jswrapper: JS: SGLB::结果
12-15 16:32:22.429 18425 18547 D jswrapper: JS: [object Object]
12-15 16:32:22.429 18425 18547 D jswrapper: JS: 0
12-15 16:32:22.429 18425 18547 D jswrapper: JS: this._nFreeCount<=0?????
12-15 16:32:22.432 18425 18547 D jswrapper: JS:
5,7,2,7,5,0,0,2,1,0,0,2,1,4,7,4,5,0,0,2,1,4,0,2,3,4,4,1,5,3,3,6,7,5,10,0,0,4,4,1,5,
3,10,12,5,2,10,6,2,12,3,0,2,8,9,0,0,2,10,6,2,12,3,14,8,4,0,14,3,5,0,1,7,5,14,3,5,0,
1,14,3,5,0,1,3,0,0,1,3,13,4,2,6,13,4,2,6,2,5,9,3,13,4,2,6
12-15 16:32:22.433 18425 18547 D jswrapper: JS: 7,0,12,8,0,2,2,5,4,0,7,3,2,0,1
12-15 16:32:24.384 18425 18425 I ViewRootImpl@17bc549[AppActivity]: ViewPostIme
pointer 0
12-15 16:32:24.515 18425 18425 I ViewRootImpl@17bc549[AppActivity]: ViewPostIme
pointer 1
12-15 16:32:24.585 18425 18547 D jswrapper: JS: showGameWinScore:60
12-15 16:32:24.906 18425 18547 D jswrapper: JS: showGameEnd
12-15 16:32:24.906 18425 18547 D jswrapper: JS: winTimes:9
12-15 16:32:26.025 18425 18425 I ViewRootImpl@17bc549[AppActivity]: ViewPostIme
pointer 0
12-15 16:32:26.164 18425 18425 I ViewRootImpl@17bc549[AppActivity]: ViewPostIme
pointer 1
12-15 16:32:26.194 18425 18547 D jswrapper: JS: SendSocketData main:200 sub:113
12-15 16:32:26.249 18425 18547 D jswrapper: JS: main=3, sub=101
12-15 16:32:26.249 18425 18547 D jswrapper: JS: GameBase onEventUserScore 用户积分
12-15 16:32:26.250 18425 18547 D jswrapper: JS: main=200, sub=149
12-15 16:32:26.250 18425 18547 D jswrapper: JS: SGLB::结果
12-15 16:32:26.250 18425 18547 D jswrapper: JS: [object Object]
12-15 16:32:26.250 18425 18547 D jswrapper: JS: 0
12-15 16:32:26.250 18425 18547 D jswrapper: JS: this._nFreeCount<=0?????
12-15 16:32:26.255 18425 18547 D jswrapper: JS:
5,3,7,2,5,7,2,7,1,7,2,7,1,4,7,4,5,7,2,7,1,4,10,13,9,4,0,2,3,3,3,6,7,5,10,0,0,4,0,2,
3,3,10,13,0,0,10,12,5,2,2,0,2,8,9,0,0,2,10,12,5,2,2,14,13,6,5,14,8,4,0,0,1,6,14,8,4
,0,0,14,8,4,0,0,3,5,13,1,3,0,0,1,1,0,0,1,1,4,5,3,3,0,0,1,1
12-15 16:32:26.256 18425 18547 D jswrapper: JS: 3,10,13,13,5,7,13,0,6,13,2,9,0,5,1
12-15 16:32:28.409 18425 18547 D jswrapper: JS: showGameWinScore:300
12-15 16:32:28.714 18425 18547 D jswrapper: JS: showGameEnd
12-15 16:32:28.714 18425 18547 D jswrapper: JS: winTimes:45
12-15 16:32:30.069 18425 18547 D jswrapper: JS: main=200, sub=152
12-15 16:32:30.069 18425 18547 D jswrapper: JS: JACKPOT:{"lJackPot":
[8038,11127,11088,98482,47690]}
12-15 16:32:36.923 18425 18425 I ViewRootImpl@17bc549[AppActivity]: ViewPostIme
pointer 0
12-15 16:32:37.054 18425 18425 I ViewRootImpl@17bc549[AppActivity]: ViewPostIme
pointer 1
12-15 16:32:37.099 18425 18547 D jswrapper: JS: SendSocketData main:200 sub:113
12-15 16:32:37.156 18425 18547 D jswrapper: JS: main=3, sub=101
12-15 16:32:37.156 18425 18547 D jswrapper: JS: GameBase onEventUserScore 用户积分
12-15 16:32:37.157 18425 18547 D jswrapper: JS: main=200, sub=149
12-15 16:32:37.157 18425 18547 D jswrapper: JS: SGLB::结果
12-15 16:32:37.157 18425 18547 D jswrapper: JS: [object Object]
12-15 16:32:37.157 18425 18547 D jswrapper: JS: 0
12-15 16:32:37.157 18425 18547 D jswrapper: JS: this._nFreeCount<=0?????
12-15 16:32:37.162 18425 18547 D jswrapper: JS:
5,6,5,1,5,3,7,2,1,3,7,2,1,4,7,4,5,3,7,2,1,4,2,12,6,4,10,13,9,3,3,6,7,5,10,0,0,4,10,
13,9,3,10,0,1,1,10,13,0,0,5,0,2,8,9,0,0,2,10,13,0,0,5,14,0,13,0,14,13,6,5,1,6,6,14,
13,6,5,1,14,13,6,5,1,3,5,13,17,3,5,13,1,2,5,13,1,2,7,6,2,3,5,13,1,2
12-15 16:32:37.162 18425 18547 D jswrapper: JS: 6,2,0,0,5,5,12,1,13,13,1,6,1,0,17
12-15 16:32:39.312 18425 18547 D jswrapper: JS: showGameWinScore:40
12-15 16:32:39.603 18425 18547 D jswrapper: JS: showGameEnd
12-15 16:32:39.603 18425 18547 D jswrapper: JS: winTimes:6
12-15 16:32:40.734 18425 18425 I ViewRootImpl@17bc549[AppActivity]: ViewPostIme
pointer 0
12-15 16:32:40.860 18425 18425 I ViewRootImpl@17bc549[AppActivity]: ViewPostIme
pointer 1
12-15 16:32:40.905 18425 18547 D jswrapper: JS: SendSocketData main:200 sub:113
12-15 16:32:40.961 18425 18547 D jswrapper: JS: main=3, sub=101
12-15 16:32:40.961 18425 18547 D jswrapper: JS: GameBase onEventUserScore 用户积分
12-15 16:32:40.961 18425 18547 D jswrapper: JS: main=200, sub=149
12-15 16:32:40.962 18425 18547 D jswrapper: JS: SGLB::结果
12-15 16:32:40.962 18425 18547 D jswrapper: JS: [object Object]
12-15 16:32:40.962 18425 18547 D jswrapper: JS: 0
12-15 16:32:40.962 18425 18547 D jswrapper: JS: this._nFreeCount<=0?????
12-15 16:32:40.965 18425 18547 D jswrapper: JS:
5,6,5,5,5,6,5,1,1,6,5,1,1,4,7,4,5,6,5,1,1,4,2,0,0,4,2,12,6,3,3,6,7,5,10,0,0,4,2,12,
6,3,10,12,0,1,10,0,1,1,0,0,2,8,9,0,0,2,10,0,1,1,0,14,3,3,1,14,0,13,0,3,2,7,14,0,13,
0,3,14,0,13,0,3,3,3,2,13,3,5,13,17,3,5,13,17,3,2,12,3,3,5,13,17,3
12-15 16:32:40.965 18425 18547 D jswrapper: JS: 6,2,12,3,3,5,0,0,3,2,5,0,1,1,13
12-15 16:32:43.134 18425 18547 D jswrapper: JS: showGameWinScore:0
12-15 16:32:43.442 18425 18547 D jswrapper: JS: showGameEnd
12-15 16:32:43.799 18425 18425 I ViewRootImpl@17bc549[AppActivity]: ViewPostIme
pointer 0
12-15 16:32:43.931 18425 18425 I ViewRootImpl@17bc549[AppActivity]: ViewPostIme
pointer 1
12-15 16:32:43.954 18425 18547 D jswrapper: JS: SendSocketData main:200 sub:113
12-15 16:32:43.986 18425 18547 D jswrapper: JS: main=3, sub=101
12-15 16:32:43.986 18425 18547 D jswrapper: JS: GameBase onEventUserScore 用户积分
12-15 16:32:44.011 18425 18547 D jswrapper: JS: main=200, sub=149
12-15 16:32:44.011 18425 18547 D jswrapper: JS: SGLB::结果
12-15 16:32:44.011 18425 18547 D jswrapper: JS: [object Object]
12-15 16:32:44.011 18425 18547 D jswrapper: JS: 0
12-15 16:32:44.011 18425 18547 D jswrapper: JS: this._nFreeCount<=0?????
12-15 16:32:44.015 18425 18547 D jswrapper: JS:
5,6,4,13,5,6,5,5,1,6,5,5,1,4,7,4,5,6,5,5,1,4,0,10,2,4,2,0,0,3,3,6,7,5,10,0,0,4,2,0,
0,3,10,9,5,4,10,12,0,1,1,0,2,8,9,0,0,2,10,12,0,1,1,14,13,9,4,14,3,3,1,17,3,1,14,3,3
,1,17,14,3,3,1,17,3,1,1,5,3,3,2,13,4,3,2,13,4,5,7,6,3,3,2,13,4
12-15 16:32:44.015 18425 18547 D jswrapper: JS: 6,0,9,13,1,4,10,5,9,1,13,2,4,4,5
12-15 16:32:46.160 18425 18547 D jswrapper: JS: showGameWinScore:0
12-15 16:32:46.455 18425 18547 D jswrapper: JS: showGameEnd
12-15 16:32:47.489 18425 18425 I ViewRootImpl@17bc549[AppActivity]: ViewPostIme
pointer 0
12-15 16:32:47.603 18425 18425 I ViewRootImpl@17bc549[AppActivity]: ViewPostIme
pointer 1
12-15 16:32:47.676 18425 18547 D jswrapper: JS: SendSocketData main:200 sub:113
12-15 16:32:47.721 18425 18547 D jswrapper: JS: main=3, sub=101
12-15 16:32:47.722 18425 18547 D jswrapper: JS: GameBase onEventUserScore 用户积分
12-15 16:32:47.722 18425 18547 D jswrapper: JS: main=200, sub=149
12-15 16:32:47.722 18425 18547 D jswrapper: JS: SGLB::结果
12-15 16:32:47.722 18425 18547 D jswrapper: JS: [object Object]
12-15 16:32:47.722 18425 18547 D jswrapper: JS: 0
12-15 16:32:47.722 18425 18547 D jswrapper: JS: this._nFreeCount<=0?????
12-15 16:32:47.727 18425 18547 D jswrapper: JS:
5,9,3,0,5,6,4,13,1,6,4,13,1,4,7,4,5,6,4,13,1,4,12,12,14,4,0,10,2,3,3,6,7,5,10,0,0,4
,0,10,2,3,10,1,1,2,10,9,5,4,0,0,2,8,9,0,0,2,10,9,5,4,0,14,1,3,0,14,13,9,4,8,10,1,14
,13,9,4,8,14,13,9,4,8,3,0,3,13,3,1,1,5,1,1,1,5,1,7,7,10,3,1,1,5,1
12-15 16:32:47.727 18425 18547 D jswrapper: JS: 9,12,1,1,0,3,12,1,3,3,0,14,2,0,13
12-15 16:32:49.930 18425 18547 D jswrapper: JS: showGameWinScore:0
12-15 16:32:50.109 18425 18425 I ViewRootImpl@17bc549[AppActivity]: ViewPostIme
pointer 0
12-15 16:32:50.226 18425 18547 D jswrapper: JS: showGameEnd
12-15 16:32:50.234 18425 18425 I ViewRootImpl@17bc549[AppActivity]: ViewPostIme
pointer 1
12-15 16:32:50.943 18425 18425 I ViewRootImpl@17bc549[AppActivity]: ViewPostIme
pointer 0
12-15 16:32:51.083 18425 18425 I ViewRootImpl@17bc549[AppActivity]: ViewPostIme
pointer 1
12-15 16:32:51.158 18425 18547 D jswrapper: JS: SendSocketData main:200 sub:113
12-15 16:32:51.219 18425 18547 D jswrapper: JS: main=3, sub=101
12-15 16:32:51.220 18425 18547 D jswrapper: JS: GameBase onEventUserScore 用户积分
12-15 16:32:51.220 18425 18547 D jswrapper: JS: main=200, sub=149
12-15 16:32:51.220 18425 18547 D jswrapper: JS: SGLB::结果
12-15 16:32:51.220 18425 18547 D jswrapper: JS: [object Object]
12-15 16:32:51.220 18425 18547 D jswrapper: JS: 0
12-15 16:32:51.220 18425 18547 D jswrapper: JS: this._nFreeCount<=0?????
12-15 16:32:51.225 18425 18547 D jswrapper: JS:
5,0,2,13,5,9,3,0,1,9,3,0,1,4,7,4,5,9,3,0,1,4,12,10,4,4,12,12,14,3,3,6,7,5,10,0,0,4,
12,12,14,3,10,12,0,3,10,1,1,2,5,0,2,8,9,0,0,2,10,1,1,2,5,14,10,10,0,14,1,3,0,3,10,0
,14,1,3,0,3,14,1,3,0,3,3,12,0,0,3,0,3,13,8,0,3,13,8,15,4,0,3,0,3,13,8
12-15 16:32:51.225 18425 18547 D jswrapper: JS:
0,12,12,10,12,2,10,0,10,0,13,4,3,0,0
12-15 16:32:53.368 18425 18547 D jswrapper: JS: showGameWinScore:140
12-15 16:32:53.664 18425 18547 D jswrapper: JS: showGameEnd
12-15 16:32:54.654 18425 18547 D jswrapper: JS: main=200, sub=152
12-15 16:32:54.655 18425 18547 D jswrapper: JS: JACKPOT:{"lJackPot":
[8588,11677,11638,98633,48043]}
12-15 16:32:54.782 18425 18759 I AudioDecoderMp3: Original audio info: numChannels:
2, sampleRate: 44100, bitPerSample: 16, containerSize: 16, channelMask: 3,
endianness: 2, numFrames: 148608, duration: 3.369796, total size: 594432
12-15 16:32:54.782 18425 18759 D AudioDecoder: Decoding
(/data/user/0/com.glgame.frtslots/blackbox/data/user/0/com.aru.glgame.frtslots/
files/blackjack-remote-asset/assets/TREASURE/assets/native/53/53511de4-2cdc-44fe-
b9d4-d65ed37f8a28.mp3) to pcm data wasted 19.849001ms
12-15 16:32:54.788 18425 18759 D AudioDecoder: Resampling
(/data/user/0/com.glgame.frtslots/blackbox/data/user/0/com.aru.glgame.frtslots/
files/blackjack-remote-asset/assets/TREASURE/assets/native/53/53511de4-2cdc-44fe-
