12-15 16:22:54.282 18425 18547 D jswrapper: JS: SendSocketData main:3 sub:3
12-15 16:22:54.319 18425 18547 D jswrapper: JS: main=3, sub=102
12-15 16:22:54.320 18425 18547 D jswrapper: JS:
OnSocketSubUserStatus::dwUserID::2727209
12-15 16:22:54.320 18425 18547 D jswrapper: JS: OnSocketSubUserStatus::UserStatus::
{"wTableID":10,"wChairID":0,"cbUserStatus":2}
12-15 16:22:54.320 18425 18547 D jswrapper: JS: UpdateUserItemStatus::以往数据::
{"wTableID":65535,"wChairID":65535,"cbUserStatus":1}
12-15 16:22:54.321 18425 18547 D jswrapper: JS: 用户状态更新,启动游戏
12-15 16:22:54.322 18425 18547 D jswrapper: JS: BundleLoaderManager.bundleBaseData
wKindID=3017
12-15 16:22:54.322 18425 18547 D jswrapper: JS: BundleLoaderManager.bundleBaseData
bundleData={"bundle":"OLYMPUS","taskID":12,"importBundle":[],"gamePrefabPath":
["OlympusGameSence"]}
12-15 16:22:54.322 18425 18547 D jswrapper: JS: BundleLoaderManager.bundleBaseData
data={"bundle":"OLYMPUS","taskID":12,"importBundle":[],"gamePrefabPath":
["OlympusGameSence"]}
12-15 16:22:54.323 18425 18547 D jswrapper: JS: BundleLoaderManager.bundleBaseData
url=OLYMPUS
12-15 16:22:54.323 18425 18547 D jswrapper: JS: BundleLoaderManager.bundleBaseData
cc.assetManager.getBundle()=undefined
12-15 16:22:54.339 18425 18547 D jswrapper: JS: BundleLoaderManager.bundleBaseData
bundle.name=OLYMPUS
12-15 16:22:54.872 18425 18547 D jswrapper: JS: 创建游戏节点 strPrefabs =
12-15 16:22:55.033 18425 18547 D jswrapper: JS: connxx disconnectServer
12-15 16:22:55.034 18425 18547 D jswrapper: JS: 聊天服中断-----------------
12-15 16:22:55.034 18425 18547 D jswrapper: JS: CreateKernel::创建游戏内核
12-15 16:22:55.034 18425 18547 D jswrapper: JS: GameBase clearInfo
12-15 16:22:55.035 18425 18547 D jswrapper: JS: GameBase onGameServerItem
12-15 16:22:55.035 18425 18547 D jswrapper: JS: SetClientKernelSink
onEventUserEnter
12-15 16:22:55.035 18425 18547 D jswrapper: JS: GameBase onEventUserEnter 用户进入
TableID = 10
12-15 16:22:55.037 18425 18547 D jswrapper: JS: GameBase addGamePlayerToList::
12-15 16:22:55.038 18425 18547 D jswrapper: JS: GameBase setupGameClient 启动游戏
12-15 16:22:55.038 18425 18547 D jswrapper: JS: ++++++++ OnGFGameReady
ResetUserItem()
12-15 16:22:55.038 18425 18547 D jswrapper: JS: ++++++++ OnGFGameReady
12-15 16:22:55.038 18425 18547 D jswrapper: JS: SendSocketData main:100 sub:1
12-15 16:22:55.039 18425 18547 D JniHelper: JniHelper::getJavaVM(), pthread_self()
= 509039340720
12-15 16:22:55.039 18425 18547 D AdjustEvent: track adjust event dba33g
12-15 16:22:55.039 18425 18547 D AdjustEvent: track adjust event Start
12-15 16:22:55.039 18425 18547 D jswrapper: JS: Track adjust event success:dba33g
12-15 16:22:55.073 18425 18435 I ame.frtslots:p: Background concurrent copying GC
freed 244249(14MB) AllocSpace objects, 255(10MB) LOS objects, 56% free,
4749KB/10MB, paused 5.898ms,46us total 31.565ms
12-15 16:22:55.077 18425 18547 D jswrapper: JS: 512
12-15 16:22:55.077 18425 18547 D jswrapper: JS: SendSocketData main:100 sub:512
12-15 16:22:55.096 18425 18547 D jswrapper: JS: ====ws 断开连接! name =
CChatServerItem
12-15 16:22:55.097 18425 18547 D jswrapper: JS: onEventSocketClose
12-15 16:22:55.097 18425 18547 D jswrapper: JS: main=100, sub=100
12-15 16:22:55.097 18425 18547 D jswrapper: JS: 收到框架消息::100
12-15 16:22:55.098 18425 18547 D jswrapper: JS: main=3, sub=100
12-15 16:22:55.098 18425 18547 D jswrapper: JS: 增加用户:: dwUserID = 2727209
12-15 16:22:55.098 18425 18547 D jswrapper: JS: mIClientKernelSink onEventUserEnter
12-15 16:22:55.098 18425 18547 D jswrapper: JS: GameBase onEventUserEnter 用户进入
TableID = 10
12-15 16:22:55.098 18425 18547 D jswrapper: JS: main=3, sub=100
12-15 16:22:55.099 18425 18547 D jswrapper: JS: 增加用户:: dwUserID = 2727209
12-15 16:22:55.099 18425 18547 D jswrapper: JS: mIClientKernelSink onEventUserEnter
12-15 16:22:55.099 18425 18547 D jswrapper: JS: GameBase onEventUserEnter 用户进入
TableID = 10
12-15 16:22:55.099 18425 18547 D jswrapper: JS: main=100, sub=101
12-15 16:22:55.099 18425 18547 D jswrapper: JS: 收到框架消息::101
12-15 16:22:55.099 18425 18547 D jswrapper: JS: GameSence onEventSceneMessage 场景消

12-15 16:22:55.100 18425 18547 D jswrapper: JS: [object Object]
12-15 16:22:55.100 18425 18547 D jswrapper: JS: JACKPOT:{"nJetton":
[60,120,180,240,300],"lJackPot":13763}
12-15 16:22:55.101 18425 18547 D jswrapper: JS: main=100, sub=401
12-15 16:22:55.102 18425 18547 D jswrapper: JS: 收到框架消息::401
12-15 16:22:55.102 18425 18547 D jswrapper: JS: 收到唯一对局码: (2110410167113128062)
12-15 16:22:55.102 18425 18547 D jswrapper: JS: main=100, sub=513
12-15 16:22:55.102 18425 18547 D jswrapper: JS: 收到框架消息::513
12-15 16:22:55.102 18425 18547 D jswrapper: JS: [object Object]
12-15 16:22:55.108 18425 18547 D jswrapper: JS: main=100, sub=513
12-15 16:22:55.108 18425 18547 D jswrapper: JS: 收到框架消息::513
12-15 16:22:55.108 18425 18547 D jswrapper: JS: [object Object]
12-15 16:22:55.109 18425 18547 D jswrapper: JS: main=100, sub=513
12-15 16:22:55.109 18425 18547 D jswrapper: JS: 收到框架消息::513
12-15 16:22:55.109 18425 18547 D jswrapper: JS: [object Object]
12-15 16:22:55.109 18425 18547 D jswrapper: JS: main=100, sub=513
12-15 16:22:55.109 18425 18547 D jswrapper: JS: 收到框架消息::513
12-15 16:22:55.109 18425 18547 D jswrapper: JS: [object Object]
12-15 16:22:55.109 18425 18547 D jswrapper: JS: main=100, sub=513
12-15 16:22:55.109 18425 18547 D jswrapper: JS: 收到框架消息::513
12-15 16:22:55.109 18425 18547 D jswrapper: JS: [object Object]
12-15 16:22:55.109 18425 18547 D jswrapper: JS: main=100, sub=513
12-15 16:22:55.109 18425 18547 D jswrapper: JS: 收到框架消息::513
12-15 16:22:55.109 18425 18547 D jswrapper: JS: [object Object]
12-15 16:22:55.110 18425 18547 D jswrapper: JS: main=100, sub=513
12-15 16:22:55.110 18425 18547 D jswrapper: JS: 收到框架消息::513
12-15 16:22:55.110 18425 18547 D jswrapper: JS: [object Object]
12-15 16:22:55.110 18425 18547 D jswrapper: JS: main=100, sub=513
12-15 16:22:55.110 18425 18547 D jswrapper: JS: 收到框架消息::513
12-15 16:22:55.110 18425 18547 D jswrapper: JS: [object Object]
12-15 16:22:55.113 18425 18547 D jswrapper: JS: main=100, sub=513
12-15 16:22:55.113 18425 18547 D jswrapper: JS: 收到框架消息::513
12-15 16:22:55.113 18425 18547 D jswrapper: JS: [object Object]
12-15 16:22:55.113 18425 18547 D jswrapper: JS: main=100, sub=513
12-15 16:22:55.113 18425 18547 D jswrapper: JS: 收到框架消息::513
12-15 16:22:55.113 18425 18547 D jswrapper: JS: [object Object]
12-15 16:22:55.114 18425 18547 D ame.frtslots:p: PlayerBase::PlayerBase()
12-15 16:22:55.114 18425 18547 D ame.frtslots:p: TrackPlayerBase::TrackPlayerBase()
12-15 16:22:55.599 18425 18425 D AdjustEvent: Adjust track event success dba33g
name:null
12-15 16:22:56.235 18425 18547 D jswrapper: JS: main=200, sub=152
12-15 16:22:56.236 18425 18547 D jswrapper: JS: JACKPOT
12-15 16:22:56.236 18425 18547 D jswrapper: JS: JACKPOT:{"lJackPot":13792}
12-15 16:22:56.383 18425 18547 D jswrapper: JS: WebSocket 断开连接!登陆服务器 name =
12-15 16:22:57.135 18425 18425 I ViewRootImpl@17bc549[AppActivity]: ViewPostIme
pointer 0
12-15 16:22:57.256 18425 18425 I ViewRootImpl@17bc549[AppActivity]: ViewPostIme
pointer 1
12-15 16:22:57.306 18425 18547 D jswrapper: JS: SendSocketData main:200 sub:113
12-15 16:22:57.311 18425 18759 I AudioDecoderMp3: Original audio info: numChannels:
1, sampleRate: 44100, bitPerSample: 16, containerSize: 16, channelMask: 4,
endianness: 2, numFrames: 25344, duration: 0.574694, total size: 50688
12-15 16:22:57.311 18425 18759 D AudioDecoder: Decoding
(/data/user/0/com.glgame.frtslots/blackbox/data/user/0/com.aru.glgame.frtslots/
files/blackjack-remote-asset/assets/OLYMPUS/assets/native/01/013797ae-2bc0-4ce6-
9a0c-de668ae47c7e.mp3) to pcm data wasted 0.998000ms
12-15 16:22:57.312 18425 18759 D AudioDecoder: Resampling
(/data/user/0/com.glgame.frtslots/blackbox/data/user/0/com.aru.glgame.frtslots/
files/blackjack-remote-asset/assets/OLYMPUS/assets/native/01/013797ae-2bc0-4ce6-
9a0c-de668ae47c7e.mp3) wasted 0.795000ms
12-15 16:22:57.312 18425 18759 D AudioDecoder: Interleave
(/data/user/0/com.glgame.frtslots/blackbox/data/user/0/com.aru.glgame.frtslots/
files/blackjack-remote-asset/assets/OLYMPUS/assets/native/01/013797ae-2bc0-4ce6-
9a0c-de668ae47c7e.mp3) wasted 0.319000ms
12-15 16:22:57.316 18425 18759 I AudioDecoderMp3: Original audio info: numChannels:
2, sampleRate: 48000, bitPerSample: 16, containerSize: 16, channelMask: 3,
endianness: 2, numFrames: 55296, duration: 1.152000, total size: 221184
12-15 16:22:57.316 18425 18759 D AudioDecoder: Decoding
(/data/user/0/com.glgame.frtslots/blackbox/data/user/0/com.aru.glgame.frtslots/
files/blackjack-remote-asset/assets/OLYMPUS/assets/native/ca/caf530bf-f397-47b2-
b08c-65e02eb21854.mp3) to pcm data wasted 2.901000ms
12-15 16:22:57.316 18425 18759 I AudioDecoder: No need to resample since the sample
rate (48000) of the decoded pcm data is the same as the device output sample rate
12-15 16:22:57.316 18425 18759 D AudioDecoder: Resampling
(/data/user/0/com.glgame.frtslots/blackbox/data/user/0/com.aru.glgame.frtslots/
files/blackjack-remote-asset/assets/OLYMPUS/assets/native/ca/caf530bf-f397-47b2-
b08c-65e02eb21854.mp3) wasted 0.013000ms
12-15 16:22:57.316 18425 18759 I AudioDecoder: Audio channel count is 2, no need to
interleave
12-15 16:22:57.316 18425 18759 D AudioDecoder: Interleave
(/data/user/0/com.glgame.frtslots/blackbox/data/user/0/com.aru.glgame.frtslots/
files/blackjack-remote-asset/assets/OLYMPUS/assets/native/ca/caf530bf-f397-47b2-
b08c-65e02eb21854.mp3) wasted 0.009000ms
12-15 16:22:57.360 18425 18547 D jswrapper: JS: main=3, sub=101
12-15 16:22:57.361 18425 18547 D jswrapper: JS: GameBase onEventUserScore 用户积分
12-15 16:22:57.362 18425 18547 D jswrapper: JS: main=200, sub=149
12-15 16:22:57.363 18425 18547 D jswrapper: JS: SGLB::结果
12-15 16:22:57.363 18425 18547 D jswrapper: JS: [object Object]
12-15 16:22:57.364 18425 18547 D jswrapper: JS: setRollDatas
12-15 16:22:57.905 18425 18547 D jswrapper: JS: openPrizes2
12-15 16:22:57.944 18425 18759 I AudioDecoderMp3: Original audio info: numChannels:
2, sampleRate: 44100, bitPerSample: 16, containerSize: 16, channelMask: 3,
endianness: 2, numFrames: 123264, duration: 2.795102, total size: 493056
12-15 16:22:57.944 18425 18759 D AudioDecoder: Decoding
(/data/user/0/com.glgame.frtslots/blackbox/data/user/0/com.aru.glgame.frtslots/
files/blackjack-remote-asset/assets/OLYMPUS/assets/native/5c/5ca2cdb3-41ab-410c-
a55c-20a61a598f1f.mp3) to pcm data wasted 8.360000ms
12-15 16:22:57.947 18425 18759 D AudioDecoder: Resampling
(/data/user/0/com.glgame.frtslots/blackbox/data/user/0/com.aru.glgame.frtslots/
files/blackjack-remote-asset/assets/OLYMPUS/assets/native/5c/5ca2cdb3-41ab-410c-
a55c-20a61a598f1f.mp3) wasted 3.082000ms
12-15 16:22:57.947 18425 18759 I AudioDecoder: Audio channel count is 2, no need to
interleave
12-15 16:22:57.947 18425 18759 D AudioDecoder: Interleave
(/data/user/0/com.glgame.frtslots/blackbox/data/user/0/com.aru.glgame.frtslots/
files/blackjack-remote-asset/assets/OLYMPUS/assets/native/5c/5ca2cdb3-41ab-410c-
a55c-20a61a598f1f.mp3) wasted 0.045000ms
12-15 16:22:57.954 18425 18759 I AudioDecoderMp3: Original audio info: numChannels:
2, sampleRate: 44100, bitPerSample: 16, containerSize: 16, channelMask: 3,
endianness: 2, numFrames: 74880, duration: 1.697959, total size: 299520
12-15 16:22:57.954 18425 18759 D AudioDecoder: Decoding
(/data/user/0/com.glgame.frtslots/blackbox/data/user/0/com.aru.glgame.frtslots/
files/blackjack-remote-asset/assets/OLYMPUS/assets/native/9c/9cad5c58-25fd-4741-
a1a1-b341824352d4.mp3) to pcm data wasted 4.668000ms
12-15 16:22:57.955 18425 18759 D AudioDecoder: Resampling
(/data/user/0/com.glgame.frtslots/blackbox/data/user/0/com.aru.glgame.frtslots/
files/blackjack-remote-asset/assets/OLYMPUS/assets/native/9c/9cad5c58-25fd-4741-
a1a1-b341824352d4.mp3) wasted 1.616000ms
12-15 16:22:57.955 18425 18759 I AudioDecoder: Audio channel count is 2, no need to
interleave
12-15 16:22:57.955 18425 18759 D AudioDecoder: Interleave
(/data/user/0/com.glgame.frtslots/blackbox/data/user/0/com.aru.glgame.frtslots/
files/blackjack-remote-asset/assets/OLYMPUS/assets/native/9c/9cad5c58-25fd-4741-
a1a1-b341824352d4.mp3) wasted 0.027000ms
12-15 16:22:57.958 18425 18759 I AudioDecoderMp3: Original audio info: numChannels:
2, sampleRate: 44100, bitPerSample: 16, containerSize: 16, channelMask: 3,
endianness: 2, numFrames: 33408, duration: 0.757551, total size: 133632
12-15 16:22:57.958 18425 18759 D AudioDecoder: Decoding
(/data/user/0/com.glgame.frtslots/blackbox/data/user/0/com.aru.glgame.frtslots/
files/blackjack-remote-asset/assets/OLYMPUS/assets/native/b9/b910a366-5beb-40cb-
bc28-70fabd36e0d8.mp3) to pcm data wasted 1.900000ms
12-15 16:22:57.959 18425 18759 D AudioDecoder: Resampling
(/data/user/0/com.glgame.frtslots/blackbox/data/user/0/com.aru.glgame.frtslots/
files/blackjack-remote-asset/assets/OLYMPUS/assets/native/b9/b910a366-5beb-40cb-
bc28-70fabd36e0d8.mp3) wasted 0.659000ms
12-15 16:22:57.959 18425 18759 I AudioDecoder: Audio channel count is 2, no need to
interleave
12-15 16:22:57.959 18425 18759 D AudioDecoder: Interleave
(/data/user/0/com.glgame.frtslots/blackbox/data/user/0/com.aru.glgame.frtslots/
files/blackjack-remote-asset/assets/OLYMPUS/assets/native/b9/b910a366-5beb-40cb-
bc28-70fabd36e0d8.mp3) wasted 0.031000ms
12-15 16:22:58.887 9652 9652 D batteryLevel: 38
12-15 16:22:58.887 18425 18425 D batteryLevel: 38
12-15 16:22:58.987 18425 18759 I AudioDecoderMp3: Original audio info: numChannels:
2, sampleRate: 22050, bitPerSample: 16, containerSize: 16, channelMask: 3,
endianness: 2, numFrames: 29952, duration: 1.358367, total size: 119808
12-15 16:22:58.987 18425 18759 D AudioDecoder: Decoding
(/data/user/0/com.glgame.frtslots/blackbox/data/user/0/com.aru.glgame.frtslots/
files/blackjack-remote-asset/assets/OLYMPUS/assets/native/bb/bb4a73c6-8297-4be2-
bd96-bd53a7e1a71c.mp3) to pcm data wasted 2.049000ms
12-15 16:22:58.989 18425 18759 D AudioDecoder: Resampling
(/data/user/0/com.glgame.frtslots/blackbox/data/user/0/com.aru.glgame.frtslots/
files/blackjack-remote-asset/assets/OLYMPUS/assets/native/bb/bb4a73c6-8297-4be2-
bd96-bd53a7e1a71c.mp3) wasted 1.203000ms
12-15 16:22:58.989 18425 18759 I AudioDecoder: Audio channel count is 2, no need to
interleave
12-15 16:22:58.989 18425 18759 D AudioDecoder: Interleave
(/data/user/0/com.glgame.frtslots/blackbox/data/user/0/com.aru.glgame.frtslots/
files/blackjack-remote-asset/assets/OLYMPUS/assets/native/bb/bb4a73c6-8297-4be2-
bd96-bd53a7e1a71c.mp3) wasted 0.024000ms
12-15 16:22:59.306 18425 18547 D jswrapper: JS: main=200, sub=152
12-15 16:22:59.306 18425 18547 D jswrapper: JS: JACKPOT
12-15 16:22:59.307 18425 18547 D jswrapper: JS: JACKPOT:{"lJackPot":13870}
12-15 16:22:59.594 18425 18547 D jswrapper: JS: showGameEnd
12-15 16:22:59.594 18425 18547 D jswrapper: JS: delayStartNextRoll
12-15 16:23:00.681 18425 18425 I ViewRootImpl@17bc549[AppActivity]: ViewPostIme
pointer 0
12-15 16:23:00.761 18425 18425 I ViewRootImpl@17bc549[AppActivity]: ViewPostIme
pointer 1
12-15 16:23:00.808 18425 18547 D jswrapper: JS: SendSocketData main:200 sub:113
12-15 16:23:00.859 18425 18547 D jswrapper: JS: main=3, sub=101
12-15 16:23:00.860 18425 18547 D jswrapper: JS: GameBase onEventUserScore 用户积分
12-15 16:23:00.860 18425 18547 D jswrapper: JS: main=200, sub=149
12-15 16:23:00.861 18425 18547 D jswrapper: JS: SGLB::结果
12-15 16:23:00.861 18425 18547 D jswrapper: JS: [object Object]
12-15 16:23:00.861 18425 18547 D jswrapper: JS: setRollDatas
12-15 16:23:01.232 18425 18547 D jswrapper: JS: main=200, sub=152
12-15 16:23:01.232 18425 18547 D jswrapper: JS: JACKPOT
12-15 16:23:01.233 18425 18547 D jswrapper: JS: JACKPOT:{"lJackPot":13885}
12-15 16:23:01.405 18425 18547 D jswrapper: JS: openPrizes2
12-15 16:23:02.424 18425 18547 D jswrapper: JS: showGameEnd
12-15 16:23:02.424 18425 18547 D jswrapper: JS: delayStartNextRoll
12-15 16:23:04.683 18425 18425 I ViewRootImpl@17bc549[AppActivity]: ViewPostIme
pointer 0
12-15 16:23:04.780 18425 18425 I ViewRootImpl@17bc549[AppActivity]: ViewPostIme
pointer 1
12-15 16:23:04.825 18425 18547 D jswrapper: JS: SendSocketData main:200 sub:113
12-15 16:23:04.826 18425 18547 D jswrapper: JS: main=200, sub=152
12-15 16:23:04.826 18425 18547 D jswrapper: JS: JACKPOT
12-15 16:23:04.826 18425 18547 D jswrapper: JS: JACKPOT:{"lJackPot":14041}
12-15 16:23:04.851 18425 18547 D jswrapper: JS: main=3, sub=101
12-15 16:23:04.851 18425 18547 D jswrapper: JS: GameBase onEventUserScore 用户积分
12-15 16:23:04.851 18425 18547 D jswrapper: JS: main=200, sub=149
12-15 16:23:04.852 18425 18547 D jswrapper: JS: SGLB::结果
12-15 16:23:04.852 18425 18547 D jswrapper: JS: [object Object]
12-15 16:23:04.852 18425 18547 D jswrapper: JS: setRollDatas
12-15 16:23:05.419 18425 18547 D jswrapper: JS: openPrizes2
12-15 16:23:05.431 18425 18547 D jswrapper: JS: [object Object],[object Object],
[object Object],[object Object],[object Object],[object Object],[object Object],
[object Object],[object Object]
12-15 16:23:05.431 18425 18547 D jswrapper: JS: [object Object]
12-15 16:23:05.778 18425 18759 I AudioDecoderMp3: Original audio info: numChannels:
2, sampleRate: 44100, bitPerSample: 16, containerSize: 16, channelMask: 3,
endianness: 2, numFrames: 102528, duration: 2.324898, total size: 410112
12-15 16:23:05.778 18425 18759 D AudioDecoder: Decoding
(/data/user/0/com.glgame.frtslots/blackbox/data/user/0/com.aru.glgame.frtslots/
files/blackjack-remote-asset/assets/OLYMPUS/assets/native/be/be2febeb-6217-4e40-
b573-8842a12fbf10.mp3) to pcm data wasted 8.958000ms
12-15 16:23:05.783 18425 18759 D AudioDecoder: Resampling
(/data/user/0/com.glgame.frtslots/blackbox/data/user/0/com.aru.glgame.frtslots/
files/blackjack-remote-asset/assets/OLYMPUS/assets/native/be/be2febeb-6217-4e40-
b573-8842a12fbf10.mp3) wasted 4.424000ms
12-15 16:23:05.783 18425 18759 I AudioDecoder: Audio channel count is 2, no need to
interleave
12-15 16:23:05.783 18425 18759 D AudioDecoder: Interleave
(/data/user/0/com.glgame.frtslots/blackbox/data/user/0/com.aru.glgame.frtslots/
files/blackjack-remote-asset/assets/OLYMPUS/assets/native/be/be2febeb-6217-4e40-
b573-8842a12fbf10.mp3) wasted 0.062000ms
12-15 16:23:07.088 18425 18759 I AudioDecoderMp3: Original audio info: numChannels:
1, sampleRate: 44100, bitPerSample: 16, containerSize: 16, channelMask: 4,
endianness: 2, numFrames: 73728, duration: 1.671837, total size: 147456
12-15 16:23:07.088 18425 18759 D AudioDecoder: Decoding
(/data/user/0/com.glgame.frtslots/blackbox/data/user/0/com.aru.glgame.frtslots/
files/blackjack-remote-asset/assets/OLYMPUS/assets/native/2c/2ccb6473-2f91-440b-
8cb1-7dd05db49996.mp3) to pcm data wasted 11.410000ms
12-15 16:23:07.093 18425 18759 D AudioDecoder: Resampling
(/data/user/0/com.glgame.frtslots/blackbox/data/user/0/com.aru.glgame.frtslots/
files/blackjack-remote-asset/assets/OLYMPUS/assets/native/2c/2ccb6473-2f91-440b-
8cb1-7dd05db49996.mp3) wasted 4.841000ms
12-15 16:23:07.095 18425 18759 D AudioDecoder: Interleave
(/data/user/0/com.glgame.frtslots/blackbox/data/user/0/com.aru.glgame.frtslots/
files/blackjack-remote-asset/assets/OLYMPUS/assets/native/2c/2ccb6473-2f91-440b-
8cb1-7dd05db49996.mp3) wasted 2.370000ms
12-15 16:23:07.731 18425 18547 D jswrapper: JS: [object Object],[object Object],
[object Object],[object Object],[object Object],[object Object],[object Object],
[object Object],[object Object],[object Object],[object Object],[object Object],
[object Object],[object Object],[object Object],[object Object],[object Object],
[object Object],[object Object],[object Object],[object Object],[object Object],
[object Object],[object Object],[object Object],[object Object],[object Object],
[object Object],[object Object],[object Object]
12-15 16:23:07.732 18425 18547 D jswrapper: JS:
2,3,0,1,4,1,3,4,0,2,4,0,1,2,3,0,1,2,3,4,0,3,1,2,4,0,1,2,3,4
12-15 16:23:07.733 18425 18547 D jswrapper: JS: 3,4,7,12,18,19,22,25,26
12-15 16:23:07.733 18425 18547 D jswrapper: JS: 0,0,0,2,3,0,7,0,5
12-15 16:23:07.904 18425 18547 D jswrapper: JS: main=200, sub=152
12-15 16:23:07.904 18425 18547 D jswrapper: JS: JACKPOT
12-15 16:23:07.905 18425 18547 D jswrapper: JS: JACKPOT:{"lJackPot":12879}
12-15 16:23:08.205 18425 18547 D jswrapper: JS: main=3, sub=530
12-15 16:23:08.206 18425 18547 D jswrapper: JS: [object Object]
12-15 16:23:08.242 18425 18547 D jswrapper: JS: 512
12-15 16:23:08.242 18425 18547 D jswrapper: JS: SendSocketData main:100 sub:512
12-15 16:23:08.281 18425 18547 D jswrapper: JS: main=100, sub=513
12-15 16:23:08.282 18425 18547 D jswrapper: JS: 收到框架消息::513
12-15 16:23:08.282 18425 18547 D jswrapper: JS: [object Object]
12-15 16:23:08.283 18425 18547 D jswrapper: JS: main=100, sub=513
12-15 16:23:08.283 18425 18547 D jswrapper: JS: 收到框架消息::513
12-15 16:23:08.283 18425 18547 D jswrapper: JS: [object Object]
12-15 16:23:08.283 18425 18547 D jswrapper: JS: main=100, sub=513
12-15 16:23:08.283 18425 18547 D jswrapper: JS: 收到框架消息::513
12-15 16:23:08.284 18425 18547 D jswrapper: JS: [object Object]
12-15 16:23:08.284 18425 18547 D jswrapper: JS: main=100, sub=513
12-15 16:23:08.284 18425 18547 D jswrapper: JS: 收到框架消息::513
12-15 16:23:08.284 18425 18547 D jswrapper: JS: [object Object]
12-15 16:23:08.285 18425 18547 D jswrapper: JS: main=100, sub=513
12-15 16:23:08.285 18425 18547 D jswrapper: JS: 收到框架消息::513
12-15 16:23:08.285 18425 18547 D jswrapper: JS: [object Object]
12-15 16:23:08.285 18425 18547 D jswrapper: JS: main=100, sub=513
12-15 16:23:08.285 18425 18547 D jswrapper: JS: 收到框架消息::513
12-15 16:23:08.286 18425 18547 D jswrapper: JS: [object Object]
12-15 16:23:08.286 18425 18547 D jswrapper: JS: main=100, sub=513
12-15 16:23:08.286 18425 18547 D jswrapper: JS: 收到框架消息::513
12-15 16:23:08.286 18425 18547 D jswrapper: JS: [object Object]
12-15 16:23:08.287 18425 18547 D jswrapper: JS: main=100, sub=513
12-15 16:23:08.287 18425 18547 D jswrapper: JS: 收到框架消息::513
12-15 16:23:08.287 18425 18547 D jswrapper: JS: [object Object]
12-15 16:23:08.287 18425 18547 D jswrapper: JS: main=100, sub=513
12-15 16:23:08.287 18425 18547 D jswrapper: JS: 收到框架消息::513
12-15 16:23:08.287 18425 18547 D jswrapper: JS: [object Object]
12-15 16:23:08.288 18425 18547 D jswrapper: JS: main=100, sub=513
12-15 16:23:08.288 18425 18547 D jswrapper: JS: 收到框架消息::513
12-15 16:23:08.288 18425 18547 D jswrapper: JS: [object Object]
12-15 16:23:08.910 18425 18547 D jswrapper: JS: winTimes:0.25
12-15 16:23:08.910 18425 18547 D jswrapper: JS: showGameEnd
12-15 16:23:08.910 18425 18547 D jswrapper: JS: delayStartNextRoll
12-15 16:23:10.076 18425 18425 I ViewRootImpl@17bc549[AppActivity]: ViewPostIme
pointer 0
12-15 16:23:10.224 18425 18425 I ViewRootImpl@17bc549[AppActivity]: ViewPostIme
pointer 1
12-15 16:23:10.951 18425 18425 I ViewRootImpl@17bc549[AppActivity]: ViewPostIme
pointer 0
12-15 16:23:11.081 18425 18425 I ViewRootImpl@17bc549[AppActivity]: ViewPostIme
pointer 1
12-15 16:23:11.117 18425 18547 D jswrapper: JS: SendSocketData main:200 sub:113
12-15 16:23:11.168 18425 18547 D jswrapper: JS: main=3, sub=101
12-15 16:23:11.168 18425 18547 D jswrapper: JS: GameBase onEventUserScore 用户积分
12-15 16:23:11.169 18425 18547 D jswrapper: JS: main=200, sub=149
12-15 16:23:11.169 18425 18547 D jswrapper: JS: SGLB::结果
12-15 16:23:11.170 18425 18547 D jswrapper: JS: [object Object]
12-15 16:23:11.170 18425 18547 D jswrapper: JS: setRollDatas
12-15 16:23:11.589 18425 18547 D jswrapper: JS: main=200, sub=152
12-15 16:23:11.589 18425 18547 D jswrapper: JS: JACKPOT
12-15 16:23:11.589 18425 18547 D jswrapper: JS: JACKPOT:{"lJackPot":11802}
12-15 16:23:11.713 18425 18547 D jswrapper: JS: openPrizes2
12-15 16:23:11.888 18425 18547 D jswrapper: JS: main=200, sub=152
12-15 16:23:11.888 18425 18547 D jswrapper: JS: JACKPOT
12-15 16:23:11.889 18425 18547 D jswrapper: JS: JACKPOT:{"lJackPot":11911}
12-15 16:23:12.726 18425 18547 D jswrapper: JS: showGameEnd
12-15 16:23:12.726 18425 18547 D jswrapper: JS: delayStartNextRoll
12-15 16:23:14.254 18425 18425 I ViewRootImpl@17bc549[AppActivity]: ViewPostIme
pointer 0
12-15 16:23:14.378 18425 18425 I ViewRootImpl@17bc549[AppActivity]: ViewPostIme
pointer 1
12-15 16:23:14.410 18425 18547 D jswrapper: JS: SendSocketData main:200 sub:113
12-15 16:23:14.462 18425 18547 D jswrapper: JS: main=3, sub=101
12-15 16:23:14.462 18425 18547 D jswrapper: JS: GameBase onEventUserScore 用户积分
12-15 16:23:14.463 18425 18547 D jswrapper: JS: main=200, sub=149
12-15 16:23:14.463 18425 18547 D jswrapper: JS: SGLB::结果
12-15 16:23:14.463 18425 18547 D jswrapper: JS: [object Object]
12-15 16:23:14.463 18425 18547 D jswrapper: JS: setRollDatas
12-15 16:23:15.007 18425 18547 D jswrapper: JS: openPrizes2
12-15 16:23:15.018 18425 18547 D jswrapper: JS: [object Object],[object Object],
[object Object],[object Object],[object Object],[object Object],[object Object],
[object Object]
12-15 16:23:15.018 18425 18547 D jswrapper: JS: [object Object]
12-15 16:23:15.206 18425 18547 D jswrapper: JS: main=200, sub=152
12-15 16:23:15.206 18425 18547 D jswrapper: JS: JACKPOT
12-15 16:23:15.206 18425 18547 D jswrapper: JS: JACKPOT:{"lJackPot":10865}
12-15 16:23:15.946 18425 18547 D jswrapper: JS: main=200, sub=152
12-15 16:23:15.946 18425 18547 D jswrapper: JS: JACKPOT
12-15 16:23:15.946 18425 18547 D jswrapper: JS: JACKPOT:{"lJackPot":10908}
12-15 16:23:17.330 18425 18547 D jswrapper: JS: [object Object],[object Object],
[object Object],[object Object],[object Object],[object Object],[object Object],
[object Object],[object Object],[object Object],[object Object],[object Object],
[object Object],[object Object],[object Object],[object Object],[object Object],
[object Object],[object Object],[object Object],[object Object],[object Object],
[object Object],[object Object],[object Object],[object Object],[object Object],
[object Object],[object Object],[object Object]
12-15 16:23:17.330 18425 18547 D jswrapper: JS:
0,3,1,2,4,0,1,2,3,4,0,1,2,3,4,0,4,1,2,3,0,1,3,2,4,0,1,2,3,4
12-15 16:23:17.330 18425 18547 D jswrapper: JS: 0,3,4,5,10,18,22,27
12-15 16:23:17.330 18425 18547 D jswrapper: JS: 2,8,3,2,4,9,4,0
12-15 16:23:18.343 18425 18547 D jswrapper: JS: main=3, sub=530
12-15 16:23:18.343 18425 18547 D jswrapper: JS: [object Object]
12-15 16:23:18.344 18425 18547 D jswrapper: JS: 512
12-15 16:23:18.344 18425 18547 D jswrapper: JS: SendSocketData main:100 sub:512
12-15 16:23:18.392 18425 18547 D jswrapper: JS: main=100, sub=513
12-15 16:23:18.392 18425 18547 D jswrapper: JS: 收到框架消息::513
12-15 16:23:18.393 18425 18547 D jswrapper: JS: [object Object]
12-15 16:23:18.394 18425 18547 D jswrapper: JS: main=100, sub=513
12-15 16:23:18.394 18425 18547 D jswrapper: JS: 收到框架消息::513
12-15 16:23:18.394 18425 18547 D jswrapper: JS: [object Object]
12-15 16:23:18.400 18425 18547 D jswrapper: JS: main=100, sub=513
12-15 16:23:18.400 18425 18547 D jswrapper: JS: 收到框架消息::513
12-15 16:23:18.401 18425 18547 D jswrapper: JS: [object Object]
12-15 16:23:18.401 18425 18547 D jswrapper: JS: main=100, sub=513
12-15 16:23:18.401 18425 18547 D jswrapper: JS: 收到框架消息::513
12-15 16:23:18.401 18425 18547 D jswrapper: JS: [object Object]
12-15 16:23:18.402 18425 18547 D jswrapper: JS: main=100, sub=513
12-15 16:23:18.402 18425 18547 D jswrapper: JS: 收到框架消息::513
12-15 16:23:18.402 18425 18547 D jswrapper: JS: [object Object]
12-15 16:23:18.402 18425 18547 D jswrapper: JS: main=100, sub=513
12-15 16:23:18.402 18425 18547 D jswrapper: JS: 收到框架消息::513
12-15 16:23:18.402 18425 18547 D jswrapper: JS: [object Object]
12-15 16:23:18.403 18425 18547 D jswrapper: JS: main=100, sub=513
12-15 16:23:18.403 18425 18547 D jswrapper: JS: 收到框架消息::513
12-15 16:23:18.403 18425 18547 D jswrapper: JS: [object Object]
12-15 16:23:18.403 18425 18547 D jswrapper: JS: main=100, sub=513
12-15 16:23:18.404 18425 18547 D jswrapper: JS: 收到框架消息::513
12-15 16:23:18.404 18425 18547 D jswrapper: JS: [object Object]
12-15 16:23:18.405 18425 18547 D jswrapper: JS: main=100, sub=513
12-15 16:23:18.405 18425 18547 D jswrapper: JS: 收到框架消息::513
12-15 16:23:18.405 18425 18547 D jswrapper: JS: [object Object]
12-15 16:23:18.418 18425 18547 D jswrapper: JS: main=100, sub=513
12-15 16:23:18.418 18425 18547 D jswrapper: JS: 收到框架消息::513
12-15 16:23:18.418 18425 18547 D jswrapper: JS: [object Object]
12-15 16:23:18.491 18425 18547 D jswrapper: JS: winTimes:0.25
12-15 16:23:18.491 18425 18547 D jswrapper: JS: showGameEnd
12-15 16:23:18.491 18425 18547 D jswrapper: JS: delayStartNextRoll
12-15 16:23:19.349 18425 18425 I ViewRootImpl@17bc549[AppActivity]: ViewPostIme
pointer 0
12-15 16:23:19.473 18425 18425 I ViewRootImpl@17bc549[AppActivity]: ViewPostIme
pointer 1
12-15 16:23:19.516 18425 18547 D jswrapper: JS: SendSocketData main:200 sub:113
12-15 16:23:19.566 18425 18547 D jswrapper: JS: main=3, sub=101
12-15 16:23:19.566 18425 18547 D jswrapper: JS: GameBase onEventUserScore 用户积分
12-15 16:23:19.567 18425 18547 D jswrapper: JS: main=200, sub=149
12-15 16:23:19.567 18425 18547 D jswrapper: JS: SGLB::结果
12-15 16:23:19.567 18425 18547 D jswrapper: JS: [object Object]
12-15 16:23:19.568 18425 18547 D jswrapper: JS: setRollDatas
12-15 16:23:20.113 18425 18547 D jswrapper: JS: openPrizes2
12-15 16:23:21.111 18425 18547 D jswrapper: JS: showGameEnd
12-15 16:23:21.111 18425 18547 D jswrapper: JS: delayStartNextRoll
12-15 16:23:21.292 18425 18425 I ViewRootImpl@17bc549[AppActivity]: ViewPostIme
pointer 0
12-15 16:23:21.396 18425 18425 I ViewRootImpl@17bc549[AppActivity]: ViewPostIme
pointer 1
12-15 16:23:22.496 18425 18425 I ViewRootImpl@17bc549[AppActivity]: ViewPostIme
pointer 0
12-15 16:23:22.619 18425 18425 I ViewRootImpl@17bc549[AppActivity]: ViewPostIme
pointer 1
12-15 16:23:22.646 18425 18547 D jswrapper: JS: SendSocketData main:200 sub:113
12-15 16:23:22.696 18425 18547 D jswrapper: JS: main=3, sub=101
12-15 16:23:22.697 18425 18547 D jswrapper: JS: GameBase onEventUserScore 用户积分
12-15 16:23:22.697 18425 18547 D jswrapper: JS: main=200, sub=149
12-15 16:23:22.698 18425 18547 D jswrapper: JS: SGLB::结果
12-15 16:23:22.698 18425 18547 D jswrapper: JS: [object Object]
12-15 16:23:22.698 18425 18547 D jswrapper: JS: setRollDatas
12-15 16:23:23.244 18425 18547 D jswrapper: JS: openPrizes2
12-15 16:23:23.466 18425 18547 D jswrapper: JS: main=200, sub=152
12-15 16:23:23.466 18425 18547 D jswrapper: JS: JACKPOT
12-15 16:23:23.466 18425 18547 D jswrapper: JS: JACKPOT:{"lJackPot":11206}
12-15 16:23:23.761 18425 18547 D jswrapper: JS: main=200, sub=152
12-15 16:23:23.761 18425 18547 D jswrapper: JS: JACKPOT
12-15 16:23:23.762 18425 18547 D jswrapper: JS: JACKPOT:{"lJackPot":11226}
12-15 16:23:24.144 18425 18425 I ViewRootImpl@17bc549[AppActivity]: ViewPostIme
pointer 0
12-15 16:23:24.205 18425 18547 D jswrapper: JS: showGameEnd
12-15 16:23:24.207 18425 18547 D jswrapper: JS: delayStartNextRoll
12-15 16:23:24.252 18425 18425 I ViewRootImpl@17bc549[AppActivity]: ViewPostIme
pointer 1
12-15 16:23:24.910 18425 18425 I ViewRootImpl@17bc549[AppActivity]: ViewPostIme
pointer 0
12-15 16:23:25.026 18425 18425 I ViewRootImpl@17bc549[AppActivity]: ViewPostIme
pointer 1
12-15 16:23:25.065 18425 18547 D jswrapper: JS: SendSocketData main:200 sub:113
12-15 16:23:25.116 18425 18547 D jswrapper: JS: main=3, sub=101
12-15 16:23:25.116 18425 18547 D jswrapper: JS: GameBase onEventUserScore 用户积分
12-15 16:23:25.116 18425 18547 D jswrapper: JS: main=200, sub=149
12-15 16:23:25.119 18425 18547 D jswrapper: JS: SGLB::结果
12-15 16:23:25.119 18425 18547 D jswrapper: JS: [object Object]
12-15 16:23:25.119 18425 18547 D jswrapper: JS: setRollDatas
12-15 16:23:25.665 18425 18547 D jswrapper: JS: openPrizes2
12-15 16:23:26.377 18425 18425 I ViewRootImpl@17bc549[AppActivity]: ViewPostIme
pointer 0
12-15 16:23:26.500 18425 18425 I ViewRootImpl@17bc549[AppActivity]: ViewPostIme
pointer 1
12-15 16:23:26.625 18425 18547 D jswrapper: JS: showGameEnd
12-15 16:23:26.625 18425 18547 D jswrapper: JS: delayStartNextRoll
12-15 16:23:27.056 18425 18547 D jswrapper: JS: main=200, sub=152
12-15 16:23:27.056 18425 18547 D jswrapper: JS: JACKPOT
12-15 16:23:27.057 18425 18547 D jswrapper: JS: JACKPOT:{"lJackPot":11371}
12-15 16:23:27.126 18425 18425 I ViewRootImpl@17bc549[AppActivity]: ViewPostIme
pointer 0
12-15 16:23:27.204 18425 18547 D jswrapper: JS: main=200, sub=152
12-15 16:23:27.205 18425 18547 D jswrapper: JS: JACKPOT
12-15 16:23:27.205 18425 18547 D jswrapper: JS: JACKPOT:{"lJackPot":11396}
12-15 16:23:27.249 18425 18425 I ViewRootImpl@17bc549[AppActivity]: ViewPostIme
pointer 1
12-15 16:23:27.285 18425 18547 D jswrapper: JS: SendSocketData main:200 sub:113
12-15 16:23:27.336 18425 18547 D jswrapper: JS: main=3, sub=101
12-15 16:23:27.337 18425 18547 D jswrapper: JS: GameBase onEventUserScore 用户积分
12-15 16:23:27.337 18425 18547 D jswrapper: JS: main=200, sub=149
12-15 16:23:27.340 18425 18547 D jswrapper: JS: SGLB::结果
12-15 16:23:27.340 18425 18547 D jswrapper: JS: [object Object]
12-15 16:23:27.340 18425 18547 D jswrapper: JS: setRollDatas
12-15 16:23:27.880 18425 18547 D jswrapper: JS: openPrizes2
12-15 16:23:27.890 18425 18547 D jswrapper: JS: [object Object],[object Object],
[object Object],[object Object],[object Object],[object Object],[object Object],
[object Object],[object Object],[object Object],[object Object],[object Object]
12-15 16:23:27.890 18425 18547 D jswrapper: JS: [object Object]
12-15 16:23:28.496 18425 18547 D jswrapper: JS: main=200, sub=152
12-15 16:23:28.496 18425 18547 D jswrapper: JS: JACKPOT
12-15 16:23:28.496 18425 18547 D jswrapper: JS: JACKPOT:{"lJackPot":11446}
12-15 16:23:29.155 18425 18425 D batteryLevel: 37
12-15 16:23:29.156 9652 9652 D batteryLevel: 37
12-15 16:23:29.516 18425 18547 D debug info: Fail to play
assets/OLYMPUS/assets/native/2c/2ccb6473-2f91-440b-8cb1-7dd05db49996.mp3 cause by
limited max instance of AudioEngine
12-15 16:23:30.190 18425 18547 D jswrapper: JS: [object Object],[object Object],
[object Object],[object Object],[object Object],[object Object],[object Object],
[object Object],[object Object],[object Object],[object Object],[object Object],
[object Object],[object Object],[object Object],[object Object],[object Object],
[object Object],[object Object],[object Object],[object Object],[object Object],
[object Object],[object Object],[object Object],[object Object],[object Object],
[object Object],[object Object],[object Object]
12-15 16:23:30.190 18425 18547 D jswrapper: JS:
0,1,2,4,3,2,3,4,0,1,2,3,4,0,1,0,1,2,3,4,4,0,1,2,3,0,1,2,3,4
12-15 16:23:30.191 18425 18547 D jswrapper: JS: 0,3,6,12,13,14,19,20,24,25,26,28
12-15 16:23:30.191 18425 18547 D jswrapper: JS: 2,9,1,5,1,0,2,4,0,1,9,0
12-15 16:23:31.354 18425 18547 D jswrapper: JS: winTimes:0.75
12-15 16:23:31.354 18425 18547 D jswrapper: JS: showGameEnd
12-15 16:23:31.354 18425 18547 D jswrapper: JS: delayStartNextRoll
12-15 16:23:32.082 18425 18425 I ViewRootImpl@17bc549[AppActivity]: ViewPostIme
pointer 0
12-15 16:23:32.228 18425 18425 I ViewRootImpl@17bc549[AppActivity]: ViewPostIme
pointer 1
12-15 16:23:32.255 18425 18547 D jswrapper: JS: SendSocketData main:200 sub:113
12-15 16:23:32.281 18425 18547 D jswrapper: JS: main=3, sub=101
12-15 16:23:32.281 18425 18547 D jswrapper: JS: GameBase onEventUserScore 用户积分
12-15 16:23:32.281 18425 18547 D jswrapper: JS: main=200, sub=149
12-15 16:23:32.282 18425 18547 D jswrapper: JS: SGLB::结果
12-15 16:23:32.282 18425 18547 D jswrapper: JS: [object Object]
12-15 16:23:32.282 18425 18547 D jswrapper: JS: setRollDatas
12-15 16:23:32.848 18425 18547 D jswrapper: JS: main=200, sub=152
12-15 16:23:32.848 18425 18547 D jswrapper: JS: JACKPOT
12-15 16:23:32.848 18425 18547 D jswrapper: JS: JACKPOT:{"lJackPot":11634}
12-15 16:23:32.849 18425 18547 D jswrapper: JS: openPrizes2
12-15 16:23:33.800 18425 18547 D jswrapper: JS: showGameEnd
12-15 16:23:33.800 18425 18547 D jswrapper: JS: delayStartNextRoll
12-15 16:23:34.562 18425 18425 I ViewRootImpl@17bc549[AppActivity]: ViewPostIme
pointer 0
12-15 16:23:34.684 18425 18425 I ViewRootImpl@17bc549[AppActivity]: ViewPostIme
pointer 1
12-15 16:23:34.717 18425 18547 D jswrapper: JS: SendSocketData main:200 sub:113
12-15 16:23:34.744 18425 18547 D jswrapper: JS: main=3, sub=101
12-15 16:23:34.744 18425 18547 D jswrapper: JS: GameBase onEventUserScore 用户积分
12-15 16:23:34.744 18425 18547 D jswrapper: JS: main=200, sub=149
12-15 16:23:34.744 18425 18547 D jswrapper: JS: SGLB::结果
12-15 16:23:34.744 18425 18547 D jswrapper: JS: [object Object]
12-15 16:23:34.744 18425 18547 D jswrapper: JS: setRollDatas
12-15 16:23:34.745 18425 18547 D jswrapper: JS: main=3, sub=102
12-15 16:23:34.745 18425 18547 D jswrapper: JS:
OnSocketSubUserStatus::dwUserID::2727209
12-15 16:23:34.745 18425 18547 D jswrapper: JS: OnSocketSubUserStatus::UserStatus::
{"wTableID":10,"wChairID":0,"cbUserStatus":5}
12-15 16:23:34.745 18425 18547 D jswrapper: JS: UpdateUserItemStatus::以往数据::
{"wTableID":10,"wChairID":0,"cbUserStatus":2}
12-15 16:23:34.745 18425 18547 D jswrapper: JS: GameBase onEventUserStatus 用户状态
12-15 16:23:34.745 18425 18547 D jswrapper: JS: main=100, sub=401
12-15 16:23:34.745 18425 18547 D jswrapper: JS: 收到框架消息::401
12-15 16:23:34.745 18425 18547 D jswrapper: JS: 收到唯一对局码: (2110410167113220941)
12-15 16:23:34.745 18425 18547 D jswrapper: JS: main=3, sub=101
12-15 16:23:34.745 18425 18547 D jswrapper: JS: GameBase onEventUserScore 用户积分
12-15 16:23:34.746 18425 18547 D jswrapper: JS: main=3, sub=102
12-15 16:23:34.747 18425 18547 D jswrapper: JS:
OnSocketSubUserStatus::dwUserID::2727209
12-15 16:23:34.747 18425 18547 D jswrapper: JS: OnSocketSubUserStatus::UserStatus::
{"wTableID":10,"wChairID":0,"cbUserStatus":2}
12-15 16:23:34.747 18425 18547 D jswrapper: JS: UpdateUserItemStatus::以往数据::
{"wTableID":10,"wChairID":0,"cbUserStatus":5}
12-15 16:23:34.747 18425 18547 D jswrapper: JS: GameBase onEventUserStatus 用户状态
12-15 16:23:35.314 18425 18547 D jswrapper: JS: openPrizes2
12-15 16:23:35.325 18425 18547 D jswrapper: JS: [object Object],[object Object],
[object Object],[object Object],[object Object],[object Object],[object Object],
[object Object],[object Object],[object Object]
12-15 16:23:35.325 18425 18547 D jswrapper: JS: [object Object]
12-15 16:23:37.623 18425 18547 D jswrapper: JS: [object Object],[object Object],
[object Object],[object Object],[object Object],[object Object],[object Object],
[object Object],[object Object],[object Object],[object Object],[object Object],
[object Object],[object Object],[object Object],[object Object],[object Object],
[object Object],[object Object],[object Object],[object Object],[object Object],
[object Object],[object Object],[object Object],[object Object],[object Object],
[object Object],[object Object],[object Object]
12-15 16:23:37.624 18425 18547 D jswrapper: JS:
0,3,1,2,4,4,0,1,2,3,0,2,1,3,4,0,1,2,3,4,1,2,0,3,4,2,0,1,3,4
12-15 16:23:37.624 18425 18547 D jswrapper: JS: 0,2,3,9,10,14,16,17,18,25
12-15 16:23:37.624 18425 18547 D jswrapper: JS: 6,4,2,2,1,0,0,4,6,1
12-15 16:23:38.619 18425 18547 D jswrapper: JS: main=3, sub=530
12-15 16:23:38.619 18425 18547 D jswrapper: JS: [object Object]
12-15 16:23:38.664 18425 18547 D jswrapper: JS: 512
12-15 16:23:38.664 18425 18547 D jswrapper: JS: SendSocketData main:100 sub:512
12-15 16:23:38.705 18425 18547 D jswrapper: JS: main=100, sub=513
12-15 16:23:38.705 18425 18547 D jswrapper: JS: 收到框架消息::513
12-15 16:23:38.706 18425 18547 D jswrapper: JS: [object Object]
12-15 16:23:38.707 18425 18547 D jswrapper: JS: main=100, sub=513
12-15 16:23:38.707 18425 18547 D jswrapper: JS: 收到框架消息::513
12-15 16:23:38.707 18425 18547 D jswrapper: JS: [object Object]
12-15 16:23:38.708 18425 18547 D jswrapper: JS: main=100, sub=513
12-15 16:23:38.708 18425 18547 D jswrapper: JS: 收到框架消息::513
12-15 16:23:38.708 18425 18547 D jswrapper: JS: [object Object]
12-15 16:23:38.709 18425 18547 D jswrapper: JS: main=100, sub=513
12-15 16:23:38.709 18425 18547 D jswrapper: JS: 收到框架消息::513
12-15 16:23:38.709 18425 18547 D jswrapper: JS: [object Object]
12-15 16:23:38.710 18425 18547 D jswrapper: JS: main=100, sub=513
12-15 16:23:38.710 18425 18547 D jswrapper: JS: 收到框架消息::513
12-15 16:23:38.710 18425 18547 D jswrapper: JS: [object Object]
12-15 16:23:38.710 18425 18547 D jswrapper: JS: main=100, sub=513
12-15 16:23:38.710 18425 18547 D jswrapper: JS: 收到框架消息::513
12-15 16:23:38.711 18425 18547 D jswrapper: JS: [object Object]
12-15 16:23:38.711 18425 18547 D jswrapper: JS: main=100, sub=513
12-15 16:23:38.711 18425 18547 D jswrapper: JS: 收到框架消息::513
12-15 16:23:38.711 18425 18547 D jswrapper: JS: [object Object]
12-15 16:23:38.712 18425 18547 D jswrapper: JS: main=100, sub=513
12-15 16:23:38.712 18425 18547 D jswrapper: JS: 收到框架消息::513
12-15 16:23:38.715 18425 18547 D jswrapper: JS: [object Object]
12-15 16:23:38.715 18425 18547 D jswrapper: JS: main=100, sub=513
12-15 16:23:38.715 18425 18547 D jswrapper: JS: 收到框架消息::513
12-15 16:23:38.716 18425 18547 D jswrapper: JS: [object Object]
12-15 16:23:38.716 18425 18547 D jswrapper: JS: main=100, sub=513
12-15 16:23:38.716 18425 18547 D jswrapper: JS: 收到框架消息::513
12-15 16:23:38.716 18425 18547 D jswrapper: JS: [object Object]
12-15 16:23:38.800 18425 18547 D jswrapper: JS: winTimes:0.25
12-15 16:23:38.800 18425 18547 D jswrapper: JS: showGameEnd
12-15 16:23:38.800 18425 18547 D jswrapper: JS: delayStartNextRoll
12-15 16:23:39.408 18425 18425 I ViewRootImpl@17bc549[AppActivity]: ViewPostIme
pointer 0
12-15 16:23:39.530 18425 18425 I ViewRootImpl@17bc549[AppActivity]: ViewPostIme
pointer 1
12-15 16:23:39.571 18425 18547 D jswrapper: JS: SendSocketData main:200 sub:113
12-15 16:23:39.621 18425 18547 D jswrapper: JS: main=3, sub=101
12-15 16:23:39.621 18425 18547 D jswrapper: JS: GameBase onEventUserScore 用户积分
12-15 16:23:39.622 18425 18547 D jswrapper: JS: main=200, sub=149
12-15 16:23:39.622 18425 18547 D jswrapper: JS: SGLB::结果
12-15 16:23:39.622 18425 18547 D jswrapper: JS: [object Object]
12-15 16:23:39.622 18425 18547 D jswrapper: JS: setRollDatas
12-15 16:23:40.145 18425 18547 D jswrapper: JS: openPrizes2
12-15 16:23:40.161 18425 18547 D jswrapper: JS: [object Object],[object Object],
[object Object],[object Object],[object Object],[object Object],[object Object],
[object Object],[object Object]
12-15 16:23:40.161 18425 18547 D jswrapper: JS: [object Object]
12-15 16:23:41.282 18425 18547 D jswrapper: JS: main=200, sub=152
12-15 16:23:41.282 18425 18547 D jswrapper: JS: JACKPOT
12-15 16:23:41.283 18425 18547 D jswrapper: JS: JACKPOT:{"lJackPot":11139}
12-15 16:23:41.479 18425 18547 D jswrapper: JS: main=200, sub=152
12-15 16:23:41.480 18425 18547 D jswrapper: JS: JACKPOT
12-15 16:23:41.480 18425 18547 D jswrapper: JS: JACKPOT:{"lJackPot":11148}
12-15 16:23:42.001 18425 18547 D jswrapper: JS: main=200, sub=152
12-15 16:23:42.002 18425 18547 D jswrapper: JS: JACKPOT
12-15 16:23:42.002 18425 18547 D jswrapper: JS: JACKPOT:{"lJackPot":11161}
12-15 16:23:42.446 18425 18547 D jswrapper: JS: [object Object],[object Object],
[object Object],[object Object],[object Object],[object Object],[object Object],
[object Object],[object Object],[object Object],[object Object],[object Object],
[object Object],[object Object],[object Object],[object Object],[object Object],
[object Object],[object Object],[object Object],[object Object],[object Object],
[object Object],[object Object],[object Object],[object Object],[object Object],
[object Object],[object Object],[object Object]
12-15 16:23:42.446 18425 18547 D jswrapper: JS:
0,1,2,3,4,0,1,2,3,4,0,1,4,2,3,2,3,0,1,4,0,1,2,3,4,1,3,0,2,4
12-15 16:23:42.447 18425 18547 D jswrapper: JS: 0,1,2,8,11,15,21,23,26
12-15 16:23:42.447 18425 18547 D jswrapper: JS: 2,0,4,4,2,2,0,3,1
12-15 16:23:42.519 18425 18547 D jswrapper: JS: main=200, sub=152
12-15 16:23:42.520 18425 18547 D jswrapper: JS: JACKPOT
12-15 16:23:42.520 18425 18547 D jswrapper: JS: JACKPOT:{"lJackPot":11193}
12-15 16:23:43.634 18425 18547 D jswrapper: JS: winTimes:0.25
12-15 16:23:43.634 18425 18547 D jswrapper: JS: showGameEnd
12-15 16:23:43.634 18425 18547 D jswrapper: JS: delayStartNextRoll
12-15 16:23:43.911 18425 18425 I ViewRootImpl@17bc549[AppActivity]: ViewPostIme
pointer 0
12-15 16:23:44.025 18425 18425 I ViewRootImpl@17bc549[AppActivity]: ViewPostIme
pointer 1
12-15 16:23:44.064 18425 18547 D jswrapper: JS: SendSocketData main:200 sub:113
12-15 16:23:44.090 18425 18547 D jswrapper: JS: main=3, sub=101
12-15 16:23:44.091 18425 18547 D jswrapper: JS: GameBase onEventUserScore 用户积分
12-15 16:23:44.091 18425 18547 D jswrapper: JS: main=200, sub=149
12-15 16:23:44.093 18425 18547 D jswrapper: JS: SGLB::结果
12-15 16:23:44.093 18425 18547 D jswrapper: JS: [object Object]
12-15 16:23:44.093 18425 18547 D jswrapper: JS: setRollDatas
12-15 16:23:44.659 18425 18547 D jswrapper: JS: openPrizes2
12-15 16:23:46.343 18425 18547 D jswrapper: JS: showGameEnd
12-15 16:23:46.343 18425 18547 D jswrapper: JS: delayStartNextRoll
12-15 16:23:46.610 18425 18547 D jswrapper: JS: main=200, sub=152
12-15 16:23:46.611 18425 18547 D jswrapper: JS: JACKPOT
12-15 16:23:46.611 18425 18547 D jswrapper: JS: JACKPOT:{"lJackPot":11405}
12-15 16:23:47.735 18425 18425 I ViewRootImpl@17bc549[AppActivity]: ViewPostIme
pointer 0
12-15 16:23:47.897 18425 18425 I ViewRootImpl@17bc549[AppActivity]: ViewPostIme
pointer 1
12-15 16:23:47.965 18425 18547 D jswrapper: JS: SendSocketData main:200 sub:113
12-15 16:23:48.028 18425 18547 D jswrapper: JS: main=3, sub=101
12-15 16:23:48.028 18425 18547 D jswrapper: JS: GameBase onEventUserScore 用户积分
12-15 16:23:48.028 18425 18547 D jswrapper: JS: main=200, sub=149
12-15 16:23:48.029 18425 18547 D jswrapper: JS: SGLB::结果
12-15 16:23:48.029 18425 18547 D jswrapper: JS: [object Object]
12-15 16:23:48.029 18425 18547 D jswrapper: JS: setRollDatas
12-15 16:23:48.550 18425 18547 D jswrapper: JS: openPrizes2
12-15 16:23:49.169 18425 18547 D jswrapper: JS: main=200, sub=152
12-15 16:23:49.169 18425 18547 D jswrapper: JS: JACKPOT
12-15 16:23:49.169 18425 18547 D jswrapper: JS: JACKPOT:{"lJackPot":11575}
12-15 16:23:50.185 18425 18547 D jswrapper: JS: main=200, sub=152
12-15 16:23:50.192 18425 18547 D jswrapper: JS: JACKPOT
12-15 16:23:50.192 18425 18547 D jswrapper: JS: JACKPOT:{"lJackPot":11597}
12-15 16:23:50.262 18425 18547 D jswrapper: JS: showGameEnd
12-15 16:23:50.262 18425 18547 D jswrapper: JS: delayStartNextRoll
12-15 16:23:51.330 18425 18425 I ViewRootImpl@17bc549[AppActivity]: ViewPostIme
pointer 0
12-15 16:23:51.428 18425 18547 D jswrapper: JS: main=200, sub=152
12-15 16:23:51.429 18425 18547 D jswrapper: JS: JACKPOT
12-15 16:23:51.429 18425 18547 D jswrapper: JS: JACKPOT:{"lJackPot":11603}
12-15 16:23:51.452 18425 18425 I ViewRootImpl@17bc549[AppActivity]: ViewPostIme
pointer 1
12-15 16:23:51.529 18425 18547 D jswrapper: JS: SendSocketData main:200 sub:113
12-15 16:23:51.583 18425 18547 D jswrapper: JS: main=3, sub=101
12-15 16:23:51.583 18425 18547 D jswrapper: JS: GameBase onEventUserScore 用户积分
12-15 16:23:51.584 18425 18547 D jswrapper: JS: main=200, sub=149
12-15 16:23:51.584 18425 18547 D jswrapper: JS: SGLB::结果
12-15 16:23:51.584 18425 18547 D jswrapper: JS: [object Object]
12-15 16:23:51.584 18425 18547 D jswrapper: JS: setRollDatas
12-15 16:23:51.928 18425 18547 D jswrapper: JS: main=200, sub=152
12-15 16:23:51.928 18425 18547 D jswrapper: JS: JACKPOT
12-15 16:23:51.929 18425 18547 D jswrapper: JS: JACKPOT:{"lJackPot":11615}
12-15 16:23:52.126 18425 18547 D jswrapper: JS: openPrizes2
12-15 16:23:53.136 18425 18547 D jswrapper: JS: showGameEnd
12-15 16:23:53.136 18425 18547 D jswrapper: JS: delayStartNextRoll
12-15 16:23:53.277 18425 18425 I ViewRootImpl@17bc549[AppActivity]: ViewPostIme
pointer 0
12-15 16:23:53.392 18425 18425 I ViewRootImpl@17bc549[AppActivity]: ViewPostIme
pointer 1
12-15 16:23:54.200 18425 18425 I ViewRootImpl@17bc549[AppActivity]: ViewPostIme
pointer 0
12-15 16:23:54.349 18425 18425 I ViewRootImpl@17bc549[AppActivity]: ViewPostIme
pointer 1
12-15 16:23:54.404 18425 18547 D jswrapper: JS: SendSocketData main:200 sub:113
12-15 16:23:54.469 18425 18547 D jswrapper: JS: main=3, sub=101
12-15 16:23:54.469 18425 18547 D jswrapper: JS: GameBase onEventUserScore 用户积分
12-15 16:23:54.470 18425 18547 D jswrapper: JS: main=200, sub=149
12-15 16:23:54.470 18425 18547 D jswrapper: JS: SGLB::结果
12-15 16:23:54.470 18425 18547 D jswrapper: JS: [object Object]
12-15 16:23:54.470 18425 18547 D jswrapper: JS: setRollDatas
12-15 16:23:54.891 18425 18547 D jswrapper: JS: main=200, sub=152
12-15 16:23:54.891 18425 18547 D jswrapper: JS: JACKPOT
12-15 16:23:54.891 18425 18547 D jswrapper: JS: JACKPOT:{"lJackPot":11683}
12-15 16:23:54.990 18425 18547 D jswrapper: JS: openPrizes2
12-15 16:23:55.000 18425 18547 D jswrapper: JS: [object Object],[object Object],
[object Object],[object Object],[object Object],[object Object],[object Object],
[object Object],[object Object],[object Object],[object Object],[object Object],
[object Object],[object Object],[object Object],[object Object],[object Object],
[object Object]
12-15 16:23:55.001 18425 18547 D jswrapper: JS: [object Object],[object Object]
12-15 16:23:56.629 18425 18547 D debug info: Fail to play
assets/OLYMPUS/assets/native/2c/2ccb6473-2f91-440b-8cb1-7dd05db49996.mp3 cause by
limited max instance of AudioEngine
12-15 16:23:56.629 18425 18547 D debug info: Fail to play
assets/OLYMPUS/assets/native/2c/2ccb6473-2f91-440b-8cb1-7dd05db49996.mp3 cause by
limited max instance of AudioEngine
12-15 16:23:56.629 18425 18547 D debug info: Fail to play
assets/OLYMPUS/assets/native/2c/2ccb6473-2f91-440b-8cb1-7dd05db49996.mp3 cause by
limited max instance of AudioEngine
12-15 16:23:56.629 18425 18547 D debug info: Fail to play
assets/OLYMPUS/assets/native/2c/2ccb6473-2f91-440b-8cb1-7dd05db49996.mp3 cause by
limited max instance of AudioEngine
12-15 16:23:56.629 18425 18547 D debug info: Fail to play
assets/OLYMPUS/assets/native/2c/2ccb6473-2f91-440b-8cb1-7dd05db49996.mp3 cause by
limited max instance of AudioEngine
12-15 16:23:56.630 18425 18547 D debug info: Fail to play
assets/OLYMPUS/assets/native/2c/2ccb6473-2f91-440b-8cb1-7dd05db49996.mp3 cause by
limited max instance of AudioEngine
12-15 16:23:56.630 18425 18547 D debug info: Fail to play
