12-15 13:49:07.514 9652 9707 D jswrapper: JS: main=100, sub=513
12-15 13:49:07.514 9652 9707 D jswrapper: JS: 收到框架消息::513
12-15 13:49:07.514 9652 9707 D jswrapper: JS: [object Object]
12-15 13:49:07.514 9652 9707 D jswrapper: JS: main=100, sub=513
12-15 13:49:07.514 9652 9707 D jswrapper: JS: 收到框架消息::513
12-15 13:49:07.514 9652 9707 D jswrapper: JS: [object Object]
12-15 13:49:07.514 9652 9707 D jswrapper: JS: main=100, sub=513
12-15 13:49:07.515 9652 9707 D jswrapper: JS: 收到框架消息::513
12-15 13:49:07.515 9652 9707 D jswrapper: JS: [object Object]
12-15 13:49:07.515 9652 9707 D jswrapper: JS: main=100, sub=513
12-15 13:49:07.515 9652 9707 D jswrapper: JS: 收到框架消息::513
12-15 13:49:07.515 9652 9707 D jswrapper: JS: [object Object]
12-15 13:49:07.516 9652 9707 D jswrapper: JS: main=100, sub=513
12-15 13:49:07.516 9652 9707 D jswrapper: JS: 收到框架消息::513
12-15 13:49:07.516 9652 9707 D jswrapper: JS: [object Object]
12-15 13:49:07.516 9652 9707 D jswrapper: JS: main=100, sub=513
12-15 13:49:07.516 9652 9707 D jswrapper: JS: 收到框架消息::513
12-15 13:49:07.516 9652 9707 D jswrapper: JS: [object Object]
12-15 13:49:07.516 9652 9707 D jswrapper: JS: main=100, sub=513
12-15 13:49:07.518 9652 9707 D jswrapper: JS: 收到框架消息::513
12-15 13:49:07.518 9652 9707 D jswrapper: JS: [object Object]
12-15 13:49:07.519 9652 9707 D jswrapper: JS: main=100, sub=513
12-15 13:49:07.519 9652 9707 D jswrapper: JS: 收到框架消息::513
12-15 13:49:07.519 9652 9707 D jswrapper: JS: [object Object]
12-15 13:49:07.519 9652 9707 D jswrapper: JS: main=200, sub=152
12-15 13:49:07.519 9652 9707 D jswrapper: JS: JACKPOT
12-15 13:49:07.519 9652 9707 D jswrapper: JS: JACKPOT:{"lJackPot":11603}
12-15 13:49:07.536 9652 9707 D jswrapper: JS: main=200, sub=152
12-15 13:49:07.537 9652 9707 D jswrapper: JS: JACKPOT
12-15 13:49:07.537 9652 9707 D jswrapper: JS: JACKPOT:{"lJackPot":11610}
12-15 13:49:08.893 9731 10806 W BinderNative: Uncaught exception from death
notification
12-15 13:49:08.893 9731 10806 W BinderNative: java.lang.NullPointerException:
Attempt to invoke interface method 'android.os.IBinder
android.os.IInterface.asBinder()' on a null object reference
12-15 13:49:08.893 9731 10806 W BinderNative: at
top.niunaijun.blackbox.fake.frameworks.BlackManager$1.binderDied(BlackManager.java:
31)
12-15 13:49:08.893 9731 10806 W BinderNative: at
android.os.IBinder$DeathRecipient.binderDied(IBinder.java:320)
12-15 13:49:08.893 9731 10806 W BinderNative: at
android.os.BinderProxy.sendDeathNotice(BinderProxy.java:751)
12-15 13:49:09.143 9652 9707 D jswrapper: JS: [object Object],[object Object],
[object Object],[object Object],[object Object],[object Object],[object Object],
[object Object],[object Object],[object Object],[object Object],[object Object],
[object Object],[object Object],[object Object],[object Object],[object Object],
[object Object],[object Object],[object Object],[object Object],[object Object],
[object Object],[object Object],[object Object],[object Object],[object Object],
[object Object],[object Object],[object Object]
12-15 13:49:09.144 9652 9707 D jswrapper: JS:
3,0,4,1,2,1,4,3,0,2,0,4,3,1,2,2,1,4,3,0,2,4,0,1,3,3,2,1,4,0
12-15 13:49:09.144 9652 9707 D jswrapper: JS: 0,2,7,16,18,23,24,28
12-15 13:49:09.144 9652 9707 D jswrapper: JS: 5,3,5,9,8,11,0,2
12-15 13:49:10.322 9652 9707 D jswrapper: JS: winTimes:4.45
12-15 13:49:10.326 9652 9707 D jswrapper: JS: showGameEnd
12-15 13:49:10.663 9652 9707 D jswrapper: JS: main=200, sub=152
12-15 13:49:10.663 9652 9707 D jswrapper: JS: JACKPOT
12-15 13:49:10.663 9652 9707 D jswrapper: JS: JACKPOT:{"lJackPot":11724}
12-15 13:49:12.483 9652 9652 I ViewRootImpl@c90193f[AppActivity]: ViewPostIme
pointer 0
12-15 13:49:12.806 9652 9652 I ViewRootImpl@c90193f[AppActivity]: ViewPostIme
pointer 1
12-15 13:49:12.856 9652 9707 D jswrapper: JS: SendSocketData main:200 sub:113
12-15 13:49:12.911 9652 9707 D jswrapper: JS: main=3, sub=101
12-15 13:49:12.913 9652 9707 D jswrapper: JS: GameBase onEventUserScore 用户积分
12-15 13:49:12.913 9652 9707 D jswrapper: JS: main=200, sub=149
12-15 13:49:12.913 9652 9707 D jswrapper: JS: SGLB::结果
12-15 13:49:12.914 9652 9707 D jswrapper: JS: [object Object]
12-15 13:49:12.914 9652 9707 D jswrapper: JS: setRollDatas
12-15 13:49:13.443 9652 9707 D jswrapper: JS: openPrizes2
12-15 13:49:13.501 9652 9707 D jswrapper: JS: [object Object],[object Object],
[object Object],[object Object],[object Object],[object Object],[object Object],
[object Object],[object Object],[object Object],[object Object],[object Object]
12-15 13:49:13.501 9652 9707 D jswrapper: JS: [object Object]
12-15 13:49:15.070 9652 9707 D debug info: Fail to play
assets/OLYMPUS/assets/native/2c/2ccb6473-2f91-440b-8cb1-7dd05db49996.mp3 cause by
limited max instance of AudioEngine
12-15 13:49:15.291 9652 9707 D jswrapper: JS: main=200, sub=152
12-15 13:49:15.295 9652 9707 D jswrapper: JS: JACKPOT
12-15 13:49:15.295 9652 9707 D jswrapper: JS: JACKPOT:{"lJackPot":10866}
12-15 13:49:15.761 9652 9707 D jswrapper: JS: [object Object],[object Object],
[object Object],[object Object],[object Object],[object Object],[object Object],
[object Object],[object Object],[object Object],[object Object],[object Object],
[object Object],[object Object],[object Object],[object Object],[object Object],
[object Object],[object Object],[object Object],[object Object],[object Object],
[object Object],[object Object],[object Object],[object Object],[object Object],
[object Object],[object Object],[object Object]
12-15 13:49:15.762 9652 9707 D jswrapper: JS:
1,4,0,2,3,3,0,1,2,4,0,1,2,3,4,0,3,1,2,4,1,0,2,3,4,2,4,0,1,3
12-15 13:49:15.762 9652 9707 D jswrapper: JS: 2,3,6,8,10,14,17,19,20,21,24,29
12-15 13:49:15.762 9652 9707 D jswrapper: JS: 1,0,0,6,7,9,3,9,2,3,0,2
12-15 13:49:16.971 9652 9707 D jswrapper: JS: winTimes:0.75
12-15 13:49:16.971 9652 9707 D jswrapper: JS: showGameEnd
12-15 13:49:16.971 9652 9707 D jswrapper: JS: delayStartNextRoll
12-15 13:49:17.641 9652 9707 D jswrapper: JS: main=3, sub=530
12-15 13:49:17.641 9652 9707 D jswrapper: JS: [object Object]
12-15 13:49:17.642 9652 9707 D jswrapper: JS: 512
12-15 13:49:17.642 9652 9707 D jswrapper: JS: SendSocketData main:100 sub:512
12-15 13:49:17.665 9652 9707 D jswrapper: JS: main=100, sub=513
12-15 13:49:17.666 9652 9707 D jswrapper: JS: 收到框架消息::513
12-15 13:49:17.666 9652 9707 D jswrapper: JS: [object Object]
12-15 13:49:17.667 9652 9707 D jswrapper: JS: main=100, sub=513
12-15 13:49:17.667 9652 9707 D jswrapper: JS: 收到框架消息::513
12-15 13:49:17.667 9652 9707 D jswrapper: JS: [object Object]
12-15 13:49:17.668 9652 9707 D jswrapper: JS: main=100, sub=513
12-15 13:49:17.668 9652 9707 D jswrapper: JS: 收到框架消息::513
12-15 13:49:17.668 9652 9707 D jswrapper: JS: [object Object]
12-15 13:49:17.668 9652 9707 D jswrapper: JS: main=100, sub=513
12-15 13:49:17.668 9652 9707 D jswrapper: JS: 收到框架消息::513
12-15 13:49:17.669 9652 9707 D jswrapper: JS: [object Object]
12-15 13:49:17.669 9652 9707 D jswrapper: JS: main=100, sub=513
12-15 13:49:17.669 9652 9707 D jswrapper: JS: 收到框架消息::513
12-15 13:49:17.669 9652 9707 D jswrapper: JS: [object Object]
12-15 13:49:17.675 9652 9707 D jswrapper: JS: main=100, sub=513
12-15 13:49:17.675 9652 9707 D jswrapper: JS: 收到框架消息::513
12-15 13:49:17.676 9652 9707 D jswrapper: JS: [object Object]
12-15 13:49:17.676 9652 9707 D jswrapper: JS: main=100, sub=513
12-15 13:49:17.676 9652 9707 D jswrapper: JS: 收到框架消息::513
12-15 13:49:17.676 9652 9707 D jswrapper: JS: [object Object]
12-15 13:49:17.677 9652 9707 D jswrapper: JS: main=100, sub=513
12-15 13:49:17.677 9652 9707 D jswrapper: JS: 收到框架消息::513
12-15 13:49:17.677 9652 9707 D jswrapper: JS: [object Object]
12-15 13:49:17.677 9652 9707 D jswrapper: JS: main=100, sub=513
12-15 13:49:17.678 9652 9707 D jswrapper: JS: 收到框架消息::513
12-15 13:49:17.678 9652 9707 D jswrapper: JS: [object Object]
12-15 13:49:17.678 9652 9707 D jswrapper: JS: main=100, sub=513
12-15 13:49:17.678 9652 9707 D jswrapper: JS: 收到框架消息::513
12-15 13:49:17.678 9652 9707 D jswrapper: JS: [object Object]
12-15 13:49:17.796 9652 9707 D jswrapper: JS: main=200, sub=152
12-15 13:49:17.796 9652 9707 D jswrapper: JS: JACKPOT
12-15 13:49:17.797 9652 9707 D jswrapper: JS: JACKPOT:{"lJackPot":11035}
12-15 13:49:18.158 9652 9652 D batteryLevel: 52
12-15 13:49:21.223 9652 9652 I ViewRootImpl@c90193f[AppActivity]: ViewPostIme
pointer 0
12-15 13:49:21.339 9652 9652 I ViewRootImpl@c90193f[AppActivity]: ViewPostIme
pointer 1
12-15 13:49:21.383 9652 9707 D jswrapper: JS: SendSocketData main:200 sub:113
12-15 13:49:21.434 9652 9707 D jswrapper: JS: main=3, sub=101
12-15 13:49:21.434 9652 9707 D jswrapper: JS: GameBase onEventUserScore 用户积分
12-15 13:49:21.435 9652 9707 D jswrapper: JS: main=200, sub=149
12-15 13:49:21.435 9652 9707 D jswrapper: JS: SGLB::结果
12-15 13:49:21.435 9652 9707 D jswrapper: JS: [object Object]
12-15 13:49:21.435 9652 9707 D jswrapper: JS: setRollDatas
12-15 13:49:21.979 9652 9707 D jswrapper: JS: openPrizes2
12-15 13:49:21.987 9652 9707 D jswrapper: JS: [object Object],[object Object],
[object Object],[object Object],[object Object],[object Object],[object Object],
[object Object],[object Object],[object Object],[object Object],[object Object]
12-15 13:49:21.987 9652 9707 D jswrapper: JS: [object Object]
12-15 13:49:22.971 9652 9707 D jswrapper: JS: main=200, sub=152
12-15 13:49:22.971 9652 9707 D jswrapper: JS: JACKPOT
12-15 13:49:22.972 9652 9707 D jswrapper: JS: JACKPOT:{"lJackPot":11472}
12-15 13:49:23.625 9652 9707 D debug info: Fail to play
assets/OLYMPUS/assets/native/2c/2ccb6473-2f91-440b-8cb1-7dd05db49996.mp3 cause by
limited max instance of AudioEngine
12-15 13:49:24.293 9652 9707 D jswrapper: JS: [object Object],[object Object],
[object Object],[object Object],[object Object],[object Object],[object Object],
[object Object],[object Object],[object Object],[object Object],[object Object],
[object Object],[object Object],[object Object],[object Object],[object Object],
[object Object],[object Object],[object Object],[object Object],[object Object],
[object Object],[object Object],[object Object],[object Object],[object Object],
[object Object],[object Object],[object Object]
12-15 13:49:24.294 9652 9707 D jswrapper: JS:
0,3,1,2,4,3,4,0,1,2,3,0,1,2,4,1,2,3,0,4,0,1,2,3,4,0,1,3,2,4
12-15 13:49:24.294 9652 9707 D jswrapper: JS: 0,4,5,9,11,15,18,19,20,21,23,25
12-15 13:49:24.295 9652 9707 D jswrapper: JS: 3,7,4,5,3,5,1,7,4,2,5,8
12-15 13:49:25.497 9652 9707 D jswrapper: JS: winTimes:0.75
12-15 13:49:25.497 9652 9707 D jswrapper: JS: showGameEnd
12-15 13:49:25.497 9652 9707 D jswrapper: JS: delayStartNextRoll
12-15 13:49:25.624 9652 9707 D jswrapper: JS: main=200, sub=152
12-15 13:49:25.625 9652 9707 D jswrapper: JS: JACKPOT
12-15 13:49:25.625 9652 9707 D jswrapper: JS: JACKPOT:{"lJackPot":11624}
12-15 13:49:26.826 9652 9652 I ViewRootImpl@c90193f[AppActivity]: ViewPostIme
pointer 0
12-15 13:49:26.941 9652 9652 I ViewRootImpl@c90193f[AppActivity]: ViewPostIme
pointer 1
12-15 13:49:26.971 9652 9707 D jswrapper: JS: SendSocketData main:200 sub:113
12-15 13:49:27.022 9652 9707 D jswrapper: JS: main=3, sub=101
12-15 13:49:27.022 9652 9707 D jswrapper: JS: GameBase onEventUserScore 用户积分
12-15 13:49:27.022 9652 9707 D jswrapper: JS: main=200, sub=149
12-15 13:49:27.023 9652 9707 D jswrapper: JS: SGLB::结果
12-15 13:49:27.023 9652 9707 D jswrapper: JS: [object Object]
12-15 13:49:27.023 9652 9707 D jswrapper: JS: setRollDatas
12-15 13:49:27.541 9652 9707 D jswrapper: JS: openPrizes2
12-15 13:49:28.535 9652 9707 D jswrapper: JS: showGameEnd
12-15 13:49:28.536 9652 9707 D jswrapper: JS: delayStartNextRoll
12-15 13:49:29.518 9652 9707 D jswrapper: JS: main=200, sub=152
12-15 13:49:29.519 9652 9707 D jswrapper: JS: JACKPOT
12-15 13:49:29.519 9652 9707 D jswrapper: JS: JACKPOT:{"lJackPot":11881}
12-15 13:49:29.990 9652 9652 I ViewRootImpl@c90193f[AppActivity]: ViewPostIme
pointer 0
12-15 13:49:30.129 9652 9652 I ViewRootImpl@c90193f[AppActivity]: ViewPostIme
pointer 1
12-15 13:49:30.170 9652 9707 D jswrapper: JS: SendSocketData main:200 sub:113
12-15 13:49:30.221 9652 9707 D jswrapper: JS: main=3, sub=101
12-15 13:49:30.221 9652 9707 D jswrapper: JS: GameBase onEventUserScore 用户积分
12-15 13:49:30.221 9652 9707 D jswrapper: JS: main=200, sub=149
12-15 13:49:30.222 9652 9707 D jswrapper: JS: SGLB::结果
12-15 13:49:30.222 9652 9707 D jswrapper: JS: [object Object]
12-15 13:49:30.222 9652 9707 D jswrapper: JS: setRollDatas
12-15 13:49:30.222 9652 9707 D jswrapper: JS: main=3, sub=102
12-15 13:49:30.223 9652 9707 D jswrapper: JS:
OnSocketSubUserStatus::dwUserID::2727209
12-15 13:49:30.223 9652 9707 D jswrapper: JS: OnSocketSubUserStatus::UserStatus::
{"wTableID":7,"wChairID":0,"cbUserStatus":5}
12-15 13:49:30.223 9652 9707 D jswrapper: JS: UpdateUserItemStatus::以往数据::
{"wTableID":7,"wChairID":0,"cbUserStatus":2}
12-15 13:49:30.223 9652 9707 D jswrapper: JS: GameBase onEventUserStatus 用户状态
12-15 13:49:30.223 9652 9707 D jswrapper: JS: main=100, sub=401
12-15 13:49:30.223 9652 9707 D jswrapper: JS: 收到框架消息::401
12-15 13:49:30.224 9652 9707 D jswrapper: JS: 收到唯一对局码: (2111007167112296580)
12-15 13:49:30.224 9652 9707 D jswrapper: JS: main=3, sub=101
12-15 13:49:30.224 9652 9707 D jswrapper: JS: GameBase onEventUserScore 用户积分
12-15 13:49:30.224 9652 9707 D jswrapper: JS: main=3, sub=102
12-15 13:49:30.224 9652 9707 D jswrapper: JS:
OnSocketSubUserStatus::dwUserID::2727209
12-15 13:49:30.225 9652 9707 D jswrapper: JS: OnSocketSubUserStatus::UserStatus::
{"wTableID":7,"wChairID":0,"cbUserStatus":2}
12-15 13:49:30.225 9652 9707 D jswrapper: JS: UpdateUserItemStatus::以往数据::
{"wTableID":7,"wChairID":0,"cbUserStatus":5}
12-15 13:49:30.225 9652 9707 D jswrapper: JS: GameBase onEventUserStatus 用户状态
12-15 13:49:30.762 9652 9707 D jswrapper: JS: openPrizes2
12-15 13:49:31.035 9652 9707 D jswrapper: JS: main=200, sub=152
12-15 13:49:31.035 9652 9707 D jswrapper: JS: JACKPOT
12-15 13:49:31.036 9652 9707 D jswrapper: JS: JACKPOT:{"lJackPot":12036}
12-15 13:49:31.773 9652 9707 D jswrapper: JS: showGameEnd
12-15 13:49:31.774 9652 9707 D jswrapper: JS: delayStartNextRoll
12-15 13:49:32.274 9652 9707 D jswrapper: JS: main=200, sub=152
12-15 13:49:32.274 9652 9707 D jswrapper: JS: JACKPOT
12-15 13:49:32.274 9652 9707 D jswrapper: JS: JACKPOT:{"lJackPot":12106}
12-15 13:49:32.528 9652 9652 I ViewRootImpl@c90193f[AppActivity]: ViewPostIme
pointer 0
12-15 13:49:32.628 9652 9652 I ViewRootImpl@c90193f[AppActivity]: ViewPostIme
pointer 1
12-15 13:49:32.678 9652 9707 D jswrapper: JS: SendSocketData main:200 sub:113
12-15 13:49:32.729 9652 9707 D jswrapper: JS: main=3, sub=101
12-15 13:49:32.729 9652 9707 D jswrapper: JS: GameBase onEventUserScore 用户积分
12-15 13:49:32.730 9652 9707 D jswrapper: JS: main=200, sub=149
12-15 13:49:32.730 9652 9707 D jswrapper: JS: SGLB::结果
12-15 13:49:32.730 9652 9707 D jswrapper: JS: [object Object]
12-15 13:49:32.730 9652 9707 D jswrapper: JS: setRollDatas
12-15 13:49:33.276 9652 9707 D jswrapper: JS: openPrizes2
12-15 13:49:34.202 9652 9652 I ViewRootImpl@c90193f[AppActivity]: ViewPostIme
pointer 0
12-15 13:49:34.270 9652 9707 D jswrapper: JS: showGameEnd
12-15 13:49:34.271 9652 9707 D jswrapper: JS: delayStartNextRoll
12-15 13:49:34.308 9652 9652 I ViewRootImpl@c90193f[AppActivity]: ViewPostIme
pointer 1
12-15 13:49:35.285 9652 9652 I ViewRootImpl@c90193f[AppActivity]: ViewPostIme
pointer 0
12-15 13:49:35.374 9652 9652 I ViewRootImpl@c90193f[AppActivity]: ViewPostIme
pointer 1
12-15 13:49:35.408 9652 9707 D jswrapper: JS: SendSocketData main:200 sub:113
12-15 13:49:35.458 9652 9707 D jswrapper: JS: main=3, sub=101
12-15 13:49:35.458 9652 9707 D jswrapper: JS: GameBase onEventUserScore 用户积分
12-15 13:49:35.458 9652 9707 D jswrapper: JS: main=200, sub=149
12-15 13:49:35.462 9652 9707 D jswrapper: JS: SGLB::结果
12-15 13:49:35.462 9652 9707 D jswrapper: JS: [object Object]
12-15 13:49:35.462 9652 9707 D jswrapper: JS: setRollDatas
12-15 13:49:36.002 9652 9707 D jswrapper: JS: openPrizes2
12-15 13:49:36.009 9652 9707 D jswrapper: JS: [object Object],[object Object],
[object Object],[object Object],[object Object],[object Object],[object Object],
[object Object]
12-15 13:49:36.010 9652 9707 D jswrapper: JS: [object Object]
12-15 13:49:36.471 9652 9707 D jswrapper: JS: main=200, sub=152
12-15 13:49:36.472 9652 9707 D jswrapper: JS: JACKPOT
12-15 13:49:36.472 9652 9707 D jswrapper: JS: JACKPOT:{"lJackPot":11108}
12-15 13:49:37.916 9652 9652 I ViewRootImpl@c90193f[AppActivity]: ViewPostIme
pointer 0
12-15 13:49:38.045 9652 9652 I ViewRootImpl@c90193f[AppActivity]: ViewPostIme
pointer 1
12-15 13:49:38.128 9652 9707 D jswrapper: JS: main=3, sub=530
12-15 13:49:38.129 9652 9707 D jswrapper: JS: [object Object]
12-15 13:49:38.129 9652 9707 D jswrapper: JS: 512
12-15 13:49:38.129 9652 9707 D jswrapper: JS: SendSocketData main:100 sub:512
12-15 13:49:38.153 9652 9707 D jswrapper: JS: main=100, sub=513
12-15 13:49:38.153 9652 9707 D jswrapper: JS: 收到框架消息::513
12-15 13:49:38.153 9652 9707 D jswrapper: JS: [object Object]
12-15 13:49:38.154 9652 9707 D jswrapper: JS: main=100, sub=513
12-15 13:49:38.154 9652 9707 D jswrapper: JS: 收到框架消息::513
12-15 13:49:38.154 9652 9707 D jswrapper: JS: [object Object]
12-15 13:49:38.154 9652 9707 D jswrapper: JS: main=100, sub=513
12-15 13:49:38.154 9652 9707 D jswrapper: JS: 收到框架消息::513
12-15 13:49:38.154 9652 9707 D jswrapper: JS: [object Object]
12-15 13:49:38.154 9652 9707 D jswrapper: JS: main=100, sub=513
12-15 13:49:38.155 9652 9707 D jswrapper: JS: 收到框架消息::513
12-15 13:49:38.155 9652 9707 D jswrapper: JS: [object Object]
12-15 13:49:38.155 9652 9707 D jswrapper: JS: main=100, sub=513
12-15 13:49:38.155 9652 9707 D jswrapper: JS: 收到框架消息::513
12-15 13:49:38.155 9652 9707 D jswrapper: JS: [object Object]
12-15 13:49:38.155 9652 9707 D jswrapper: JS: main=100, sub=513
12-15 13:49:38.155 9652 9707 D jswrapper: JS: 收到框架消息::513
12-15 13:49:38.156 9652 9707 D jswrapper: JS: [object Object]
12-15 13:49:38.156 9652 9707 D jswrapper: JS: main=100, sub=513
12-15 13:49:38.156 9652 9707 D jswrapper: JS: 收到框架消息::513
12-15 13:49:38.156 9652 9707 D jswrapper: JS: [object Object]
12-15 13:49:38.156 9652 9707 D jswrapper: JS: main=100, sub=513
12-15 13:49:38.156 9652 9707 D jswrapper: JS: 收到框架消息::513
12-15 13:49:38.156 9652 9707 D jswrapper: JS: [object Object]
12-15 13:49:38.157 9652 9707 D jswrapper: JS: main=100, sub=513
12-15 13:49:38.157 9652 9707 D jswrapper: JS: 收到框架消息::513
12-15 13:49:38.157 9652 9707 D jswrapper: JS: [object Object]
12-15 13:49:38.157 9652 9707 D jswrapper: JS: main=100, sub=513
12-15 13:49:38.157 9652 9707 D jswrapper: JS: 收到框架消息::513
12-15 13:49:38.157 9652 9707 D jswrapper: JS: [object Object]
12-15 13:49:38.177 9652 9707 D jswrapper: JS: main=200, sub=152
12-15 13:49:38.178 9652 9707 D jswrapper: JS: JACKPOT
12-15 13:49:38.178 9652 9707 D jswrapper: JS: JACKPOT:{"lJackPot":11204}
12-15 13:49:38.227 9652 9707 D jswrapper: JS: main=200, sub=152
12-15 13:49:38.227 9652 9707 D jswrapper: JS: JACKPOT
12-15 13:49:38.227 9652 9707 D jswrapper: JS: JACKPOT:{"lJackPot":11206}
12-15 13:49:38.305 9652 9707 D jswrapper: JS: [object Object],[object Object],
[object Object],[object Object],[object Object],[object Object],[object Object],
[object Object],[object Object],[object Object],[object Object],[object Object],
[object Object],[object Object],[object Object],[object Object],[object Object],
[object Object],[object Object],[object Object],[object Object],[object Object],
[object Object],[object Object],[object Object],[object Object],[object Object],
[object Object],[object Object],[object Object]
12-15 13:49:38.305 9652 9707 D jswrapper: JS:
4,0,1,2,3,1,4,0,2,3,2,0,1,3,4,1,0,2,3,4,3,0,1,2,4,0,1,2,3,4
12-15 13:49:38.305 9652 9707 D jswrapper: JS: 5,7,9,11,14,22,24,25
12-15 13:49:38.305 9652 9707 D jswrapper: JS: 1,6,0,11,0,11,5,11
12-15 13:49:38.354 9652 9707 D jswrapper: JS: main=200, sub=152
12-15 13:49:38.355 9652 9707 D jswrapper: JS: JACKPOT
12-15 13:49:38.355 9652 9707 D jswrapper: JS: JACKPOT:{"lJackPot":11239}
12-15 13:49:38.453 9652 9707 D jswrapper: JS: main=200, sub=152
12-15 13:49:38.453 9652 9707 D jswrapper: JS: JACKPOT
12-15 13:49:38.453 9652 9707 D jswrapper: JS: JACKPOT:{"lJackPot":11241}
12-15 13:49:38.602 9652 9707 D jswrapper: JS: main=200, sub=152
12-15 13:49:38.603 9652 9707 D jswrapper: JS: JACKPOT
12-15 13:49:38.603 9652 9707 D jswrapper: JS: JACKPOT:{"lJackPot":11251}
12-15 13:49:39.338 9652 9652 I ViewRootImpl@c90193f[AppActivity]: ViewPostIme
pointer 0
12-15 13:49:39.474 9652 9707 D jswrapper: JS: winTimes:0.25
12-15 13:49:39.474 9652 9707 D jswrapper: JS: showGameEnd
12-15 13:49:39.474 9652 9707 D jswrapper: JS: delayStartNextRoll
12-15 13:49:39.477 9652 9652 I ViewRootImpl@c90193f[AppActivity]: ViewPostIme
pointer 1
12-15 13:49:40.463 9652 9652 I ViewRootImpl@c90193f[AppActivity]: ViewPostIme
pointer 0
12-15 13:49:40.552 9652 9652 I ViewRootImpl@c90193f[AppActivity]: ViewPostIme
pointer 1
12-15 13:49:40.581 9652 9707 D jswrapper: JS: SendSocketData main:200 sub:113
12-15 13:49:40.632 9652 9707 D jswrapper: JS: main=3, sub=101
12-15 13:49:40.632 9652 9707 D jswrapper: JS: GameBase onEventUserScore 用户积分
12-15 13:49:40.633 9652 9707 D jswrapper: JS: main=200, sub=149
12-15 13:49:40.633 9652 9707 D jswrapper: JS: SGLB::结果
12-15 13:49:40.633 9652 9707 D jswrapper: JS: [object Object]
12-15 13:49:40.633 9652 9707 D jswrapper: JS: setRollDatas
12-15 13:49:41.177 9652 9707 D jswrapper: JS: openPrizes2
12-15 13:49:41.186 9652 9707 D jswrapper: JS: [object Object],[object Object],
[object Object],[object Object],[object Object],[object Object],[object Object],
[object Object],[object Object],[object Object],[object Object],[object Object]
12-15 13:49:41.186 9652 9707 D jswrapper: JS: [object Object]
12-15 13:49:42.817 9652 9707 D debug info: Fail to play
assets/OLYMPUS/assets/native/2c/2ccb6473-2f91-440b-8cb1-7dd05db49996.mp3 cause by
limited max instance of AudioEngine
12-15 13:49:42.842 9652 9707 D jswrapper: JS: main=200, sub=152
12-15 13:49:42.842 9652 9707 D jswrapper: JS: JACKPOT
12-15 13:49:42.842 9652 9707 D jswrapper: JS: JACKPOT:{"lJackPot":11492}
12-15 13:49:43.485 9652 9707 D jswrapper: JS: [object Object],[object Object],
[object Object],[object Object],[object Object],[object Object],[object Object],
[object Object],[object Object],[object Object],[object Object],[object Object],
[object Object],[object Object],[object Object],[object Object],[object Object],
[object Object],[object Object],[object Object],[object Object],[object Object],
[object Object],[object Object],[object Object],[object Object],[object Object],
[object Object],[object Object],[object Object]
12-15 13:49:43.485 9652 9707 D jswrapper: JS:
2,3,4,0,1,0,1,2,3,4,1,2,0,3,4,2,4,0,1,3,0,3,4,1,2,2,0,1,3,4
12-15 13:49:43.486 9652 9707 D jswrapper: JS: 1,4,8,12,14,15,17,18,22,24,27,28
12-15 13:49:43.486 9652 9707 D jswrapper: JS: 5,1,0,2,0,4,1,5,1,0,4,9
12-15 13:49:43.701 9652 9707 D jswrapper: JS: [object Object],[object Object],
[object Object],[object Object],[object Object],[object Object],[object Object],
[object Object],[object Object]
12-15 13:49:43.701 9652 9707 D jswrapper: JS: [object Object]
12-15 13:49:46.002 9652 9707 D jswrapper: JS: [object Object],[object Object],
[object Object],[object Object],[object Object],[object Object],[object Object],
[object Object],[object Object],[object Object],[object Object],[object Object],
[object Object],[object Object],[object Object],[object Object],[object Object],
[object Object],[object Object],[object Object],[object Object],[object Object],
[object Object],[object Object],[object Object],[object Object],[object Object],
[object Object],[object Object],[object Object]
12-15 13:49:46.003 9652 9707 D jswrapper: JS:
2,3,4,0,1,3,4,0,1,2,3,4,1,2,0,2,4,0,1,3,0,3,2,4,1,2,1,0,3,4
12-15 13:49:46.003 9652 9707 D jswrapper: JS: 4,11,16,17,19,20,22,25,26
12-15 13:49:46.003 9652 9707 D jswrapper: JS: 9,3,2,5,0,5,3,9,3
12-15 13:49:47.193 9652 9707 D jswrapper: JS: winTimes:1.15
12-15 13:49:47.193 9652 9707 D jswrapper: JS: showGameEnd
12-15 13:49:47.193 9652 9707 D jswrapper: JS: delayStartNextRoll
12-15 13:49:47.841 9652 9707 D jswrapper: JS: main=200, sub=152
12-15 13:49:47.841 9652 9707 D jswrapper: JS: JACKPOT
12-15 13:49:47.841 9652 9707 D jswrapper: JS: JACKPOT:{"lJackPot":11818}
12-15 13:49:51.101 9652 9652 I ViewRootImpl@c90193f[AppActivity]: ViewPostIme
pointer 0
12-15 13:49:51.240 9652 9652 I ViewRootImpl@c90193f[AppActivity]: ViewPostIme
pointer 1
12-15 13:49:52.274 9652 9652 I ViewRootImpl@c90193f[AppActivity]: ViewPostIme
pointer 0
12-15 13:49:52.364 9652 9652 I ViewRootImpl@c90193f[AppActivity]: ViewPostIme
pointer 1
12-15 13:49:52.404 9652 9707 D jswrapper: JS: SendSocketData main:200 sub:113
12-15 13:49:52.455 9652 9707 D jswrapper: JS: main=3, sub=101
12-15 13:49:52.455 9652 9707 D jswrapper: JS: GameBase onEventUserScore 用户积分
12-15 13:49:52.455 9652 9707 D jswrapper: JS: main=200, sub=149
12-15 13:49:52.456 9652 9707 D jswrapper: JS: SGLB::结果
12-15 13:49:52.456 9652 9707 D jswrapper: JS: [object Object]
12-15 13:49:52.456 9652 9707 D jswrapper: JS: setRollDatas
12-15 13:49:52.602 9652 9707 D jswrapper: JS: main=200, sub=152
12-15 13:49:52.602 9652 9707 D jswrapper: JS: JACKPOT
12-15 13:49:52.602 9652 9707 D jswrapper: JS: JACKPOT:{"lJackPot":12073}
12-15 13:49:52.997 9652 9707 D jswrapper: JS: openPrizes2
12-15 13:49:53.011 9652 9707 D jswrapper: JS: [object Object],[object Object],
[object Object],[object Object],[object Object],[object Object],[object Object],
[object Object],[object Object]
12-15 13:49:53.012 9652 9707 D jswrapper: JS: [object Object]
12-15 13:49:55.301 9652 9707 D jswrapper: JS: [object Object],[object Object],
[object Object],[object Object],[object Object],[object Object],[object Object],
[object Object],[object Object],[object Object],[object Object],[object Object],
[object Object],[object Object],[object Object],[object Object],[object Object],
[object Object],[object Object],[object Object],[object Object],[object Object],
[object Object],[object Object],[object Object],[object Object],[object Object],
[object Object],[object Object],[object Object]
12-15 13:49:55.301 9652 9707 D jswrapper: JS:
3,0,1,2,4,2,4,0,1,3,0,1,2,3,4,2,0,1,3,4,3,4,0,1,2,2,3,4,0,1
12-15 13:49:55.301 9652 9707 D jswrapper: JS: 13,15,17,18,22,23,25,28,29
12-15 13:49:55.301 9652 9707 D jswrapper: JS: 4,1,11,1,4,2,5,0,4
12-15 13:49:55.510 9652 9707 D jswrapper: JS: [object Object],[object Object],
[object Object],[object Object],[object Object],[object Object],[object Object],
[object Object],[object Object]
12-15 13:49:55.510 9652 9707 D jswrapper: JS: [object Object]
12-15 13:49:57.411 9652 9652 I ViewRootImpl@c90193f[AppActivity]: ViewPostIme
pointer 0
12-15 13:49:57.517 9652 9652 I ViewRootImpl@c90193f[AppActivity]: ViewPostIme
pointer 1
12-15 13:49:57.811 9652 9707 D jswrapper: JS: [object Object],[object Object],
[object Object],[object Object],[object Object],[object Object],[object Object],
[object Object],[object Object],[object Object],[object Object],[object Object],
[object Object],[object Object],[object Object],[object Object],[object Object],
[object Object],[object Object],[object Object],[object Object],[object Object],
[object Object],[object Object],[object Object],[object Object],[object Object],
[object Object],[object Object],[object Object]
12-15 13:49:57.812 9652 9707 D jswrapper: JS:
3,0,1,2,4,0,3,2,4,1,3,4,0,1,2,2,0,3,1,4,2,3,4,0,1,2,3,4,0,1
12-15 13:49:57.814 9652 9707 D jswrapper: JS: 1,3,15,16,18,19,20,21,26
12-15 13:49:57.814 9652 9707 D jswrapper: JS: 9,5,1,1,0,1,5,4,1
12-15 13:49:58.184 9652 9707 D jswrapper: JS: main=200, sub=152
12-15 13:49:58.184 9652 9707 D jswrapper: JS: JACKPOT
12-15 13:49:58.184 9652 9707 D jswrapper: JS: JACKPOT:{"lJackPot":12516}
12-15 13:49:59.005 9652 9707 D jswrapper: JS: winTimes:0.65
12-15 13:49:59.005 9652 9707 D jswrapper: JS: showGameEnd
12-15 13:49:59.005 9652 9707 D jswrapper: JS: delayStartNextRoll
12-15 13:49:59.041 9652 9707 D jswrapper: JS: main=200, sub=152
12-15 13:49:59.041 9652 9707 D jswrapper: JS: JACKPOT
12-15 13:49:59.041 9652 9707 D jswrapper: JS: JACKPOT:{"lJackPot":12712}
12-15 13:50:00.382 9652 9652 I ViewRootImpl@c90193f[AppActivity]: ViewPostIme
pointer 0
12-15 13:50:00.480 9652 9652 I ViewRootImpl@c90193f[AppActivity]: ViewPostIme
pointer 1
12-15 13:50:00.520 9652 9707 D jswrapper: JS: SendSocketData main:200 sub:113
12-15 13:50:00.571 9652 9707 D jswrapper: JS: main=3, sub=101
12-15 13:50:00.571 9652 9707 D jswrapper: JS: GameBase onEventUserScore 用户积分
12-15 13:50:00.571 9652 9707 D jswrapper: JS: main=200, sub=149
12-15 13:50:00.572 9652 9707 D jswrapper: JS: SGLB::结果
12-15 13:50:00.572 9652 9707 D jswrapper: JS: [object Object]
12-15 13:50:00.572 9652 9707 D jswrapper: JS: setRollDatas
12-15 13:50:01.115 9652 9707 D jswrapper: JS: openPrizes2
12-15 13:50:01.123 9652 9707 D jswrapper: JS: [object Object],[object Object],
[object Object],[object Object],[object Object],[object Object],[object Object],
[object Object],[object Object],[object Object],[object Object]
12-15 13:50:01.123 9652 9707 D jswrapper: JS: [object Object]
12-15 13:50:03.417 9652 9707 D jswrapper: JS: [object Object],[object Object],
[object Object],[object Object],[object Object],[object Object],[object Object],
[object Object],[object Object],[object Object],[object Object],[object Object],
[object Object],[object Object],[object Object],[object Object],[object Object],
[object Object],[object Object],[object Object],[object Object],[object Object],
[object Object],[object Object],[object Object],[object Object],[object Object],
[object Object],[object Object],[object Object]
12-15 13:50:03.418 9652 9707 D jswrapper: JS:
0,4,1,2,3,0,1,2,3,4,2,3,4,0,1,0,1,2,3,4,0,2,1,3,4,0,1,2,3,4
12-15 13:50:03.419 9652 9707 D jswrapper: JS: 0,1,4,7,13,14,16,19,20,24,26
12-15 13:50:03.419 9652 9707 D jswrapper: JS: 0,2,4,5,6,6,3,3,0,1,9
12-15 13:50:04.345 9652 9652 I ViewRootImpl@c90193f[AppActivity]: ViewPostIme
pointer 0
12-15 13:50:04.438 9652 9707 D jswrapper: JS: main=200, sub=152
12-15 13:50:04.438 9652 9707 D jswrapper: JS: JACKPOT
12-15 13:50:04.438 9652 9707 D jswrapper: JS: JACKPOT:{"lJackPot":11801}
12-15 13:50:04.443 9652 9652 I ViewRootImpl@c90193f[AppActivity]: ViewPostIme
pointer 1
12-15 13:50:04.590 9652 9707 D jswrapper: JS: winTimes:0.75
12-15 13:50:04.590 9652 9707 D jswrapper: JS: showGameEnd
12-15 13:50:04.590 9652 9707 D jswrapper: JS: delayStartNextRoll
12-15 13:50:05.316 9652 9652 I ViewRootImpl@c90193f[AppActivity]: ViewPostIme
pointer 0
12-15 13:50:05.404 9652 9652 I ViewRootImpl@c90193f[AppActivity]: ViewPostIme
pointer 1
12-15 13:50:05.452 9652 9707 D jswrapper: JS: SendSocketData main:200 sub:113
12-15 13:50:05.502 9652 9707 D jswrapper: JS: main=3, sub=101
12-15 13:50:05.502 9652 9707 D jswrapper: JS: GameBase onEventUserScore 用户积分
12-15 13:50:05.502 9652 9707 D jswrapper: JS: main=200, sub=149
12-15 13:50:05.503 9652 9707 D jswrapper: JS: SGLB::结果
12-15 13:50:05.503 9652 9707 D jswrapper: JS: [object Object]
12-15 13:50:05.503 9652 9707 D jswrapper: JS: setRollDatas
12-15 13:50:06.048 9652 9707 D jswrapper: JS: openPrizes2
12-15 13:50:06.056 9652 9707 D jswrapper: JS: [object Object],[object Object],
[object Object],[object Object],[object Object],[object Object],[object Object],
[object Object],[object Object],[object Object],[object Object]
12-15 13:50:06.057 9652 9707 D jswrapper: JS: [object Object]
12-15 13:50:06.470 9652 9707 D jswrapper: JS: main=200, sub=152
12-15 13:50:06.475 9652 9707 D jswrapper: JS: JACKPOT
12-15 13:50:06.475 9652 9707 D jswrapper: JS: JACKPOT:{"lJackPot":11832}
12-15 13:50:08.365 9652 9707 D jswrapper: JS: [object Object],[object Object],
[object Object],[object Object],[object Object],[object Object],[object Object],
[object Object],[object Object],[object Object],[object Object],[object Object],
[object Object],[object Object],[object Object],[object Object],[object Object],
[object Object],[object Object],[object Object],[object Object],[object Object],
[object Object],[object Object],[object Object],[object Object],[object Object],
[object Object],[object Object],[object Object]
12-15 13:50:08.366 9652 9707 D jswrapper: JS:
0,2,1,3,4,3,0,1,2,4,0,1,2,3,4,0,1,4,2,3,0,1,2,3,4,0,1,4,2,3
12-15 13:50:08.367 9652 9707 D jswrapper: JS: 0,3,4,5,9,10,11,12,19,27,29
12-15 13:50:08.367 9652 9707 D jswrapper: JS: 6,1,11,11,1,1,0,6,1,11,5
12-15 13:50:08.414 9652 9707 D jswrapper: JS: main=200, sub=152
12-15 13:50:08.414 9652 9707 D jswrapper: JS: JACKPOT
12-15 13:50:08.415 9652 9707 D jswrapper: JS: JACKPOT:{"lJackPot":10763}
12-15 13:50:08.637 9652 9707 D jswrapper: JS: main=3, sub=530
12-15 13:50:08.637 9652 9707 D jswrapper: JS: [object Object]
12-15 13:50:08.667 9652 9707 D jswrapper: JS: 512
12-15 13:50:08.667 9652 9707 D jswrapper: JS: SendSocketData main:100 sub:512
12-15 13:50:08.701 9652 9707 D jswrapper: JS: main=100, sub=513
12-15 13:50:08.702 9652 9707 D jswrapper: JS: 收到框架消息::513
12-15 13:50:08.702 9652 9707 D jswrapper: JS: [object Object]
12-15 13:50:08.702 9652 9707 D jswrapper: JS: main=100, sub=513
12-15 13:50:08.703 9652 9707 D jswrapper: JS: 收到框架消息::513
12-15 13:50:08.703 9652 9707 D jswrapper: JS: [object Object]
12-15 13:50:08.703 9652 9707 D jswrapper: JS: main=100, sub=513
12-15 13:50:08.703 9652 9707 D jswrapper: JS: 收到框架消息::513
12-15 13:50:08.703 9652 9707 D jswrapper: JS: [object Object]
12-15 13:50:08.704 9652 9707 D jswrapper: JS: main=100, sub=513
12-15 13:50:08.707 9652 9707 D jswrapper: JS: 收到框架消息::513
12-15 13:50:08.707 9652 9707 D jswrapper: JS: [object Object]
12-15 13:50:08.707 9652 9707 D jswrapper: JS: main=100, sub=513
12-15 13:50:08.707 9652 9707 D jswrapper: JS: 收到框架消息::513
12-15 13:50:08.708 9652 9707 D jswrapper: JS: [object Object]
12-15 13:50:08.708 9652 9707 D jswrapper: JS: main=100, sub=513
12-15 13:50:08.708 9652 9707 D jswrapper: JS: 收到框架消息::513
12-15 13:50:08.708 9652 9707 D jswrapper: JS: [object Object]
12-15 13:50:08.708 9652 9707 D jswrapper: JS: main=100, sub=513
12-15 13:50:08.709 9652 9707 D jswrapper: JS: 收到框架消息::513
12-15 13:50:08.709 9652 9707 D jswrapper: JS: [object Object]
12-15 13:50:08.709 9652 9707 D jswrapper: JS: main=100, sub=513
12-15 13:50:08.709 9652 9707 D jswrapper: JS: 收到框架消息::513
12-15 13:50:08.709 9652 9707 D jswrapper: JS: [object Object]
12-15 13:50:08.710 9652 9707 D jswrapper: JS: main=100, sub=513
12-15 13:50:08.710 9652 9707 D jswrapper: JS: 收到框架消息::513
12-15 13:50:08.710 9652 9707 D jswrapper: JS: [object Object]
12-15 13:50:08.710 9652 9707 D jswrapper: JS: main=100, sub=513
12-15 13:50:08.710 9652 9707 D jswrapper: JS: 收到框架消息::513
12-15 13:50:08.710 9652 9707 D jswrapper: JS: [object Object]
12-15 13:50:09.539 9652 9707 D jswrapper: JS: winTimes:0.75
12-15 13:50:09.539 9652 9707 D jswrapper: JS: showGameEnd
12-15 13:50:09.542 9652 9707 D jswrapper: JS: delayStartNextRoll
12-15 13:50:11.284 9652 9707 D jswrapper: JS: main=200, sub=152
12-15 13:50:11.285 9652 9707 D jswrapper: JS: JACKPOT
12-15 13:50:11.285 9652 9707 D jswrapper: JS: JACKPOT:{"lJackPot":10958}
12-15 13:50:11.802 9652 9707 D jswrapper: JS: main=200, sub=152
12-15 13:50:11.803 9652 9707 D jswrapper: JS: JACKPOT
12-15 13:50:11.803 9652 9707 D jswrapper: JS: JACKPOT:{"lJackPot":11084}
12-15 13:50:11.937 9652 9652 I ViewRootImpl@c90193f[AppActivity]: ViewPostIme
pointer 0
12-15 13:50:12.043 9652 9652 I ViewRootImpl@c90193f[AppActivity]: ViewPostIme
pointer 1
12-15 13:50:12.103 9652 9707 D jswrapper: JS: SendSocketData main:200 sub:113
12-15 13:50:12.157 9652 9707 D jswrapper: JS: main=3, sub=101
12-15 13:50:12.162 9652 9707 D jswrapper: JS: GameBase onEventUserScore 用户积分
12-15 13:50:12.164 9652 9707 D jswrapper: JS: main=200, sub=149
12-15 13:50:12.165 9652 9707 D jswrapper: JS: SGLB::结果
12-15 13:50:12.165 9652 9707 D jswrapper: JS: [object Object]
12-15 13:50:12.165 9652 9707 D jswrapper: JS: setRollDatas
12-15 13:50:12.699 9652 9707 D jswrapper: JS: openPrizes2
12-15 13:50:12.708 9652 9707 D jswrapper: JS: [object Object],[object Object],
[object Object],[object Object],[object Object],[object Object],[object Object],
[object Object]
12-15 13:50:12.708 9652 9707 D jswrapper: JS: [object Object]
12-15 13:50:13.147 9652 9707 D jswrapper: JS: main=200, sub=152
12-15 13:50:13.148 9652 9707 D jswrapper: JS: JACKPOT
12-15 13:50:13.148 9652 9707 D jswrapper: JS: JACKPOT:{"lJackPot":11132}
12-15 13:50:15.001 9652 9707 D jswrapper: JS: [object Object],[object Object],
[object Object],[object Object],[object Object],[object Object],[object Object],
[object Object],[object Object],[object Object],[object Object],[object Object],
[object Object],[object Object],[object Object],[object Object],[object Object],
[object Object],[object Object],[object Object],[object Object],[object Object],
[object Object],[object Object],[object Object],[object Object],[object Object],
[object Object],[object Object],[object Object]
12-15 13:50:15.002 9652 9707 D jswrapper: JS:
2,0,1,3,4,0,1,2,3,4,1,0,2,3,4,0,1,2,3,4,2,0,1,3,4,0,4,1,2,3
12-15 13:50:15.002 9652 9707 D jswrapper: JS: 1,5,7,8,12,13,16,29
12-15 13:50:15.002 9652 9707 D jswrapper: JS: 5,7,1,9,7,0,0,6
12-15 13:50:16.208 9652 9707 D jswrapper: JS: winTimes:0.4
12-15 13:50:16.208 9652 9707 D jswrapper: JS: showGameEnd
12-15 13:50:16.208 9652 9707 D jswrapper: JS: delayStartNextRoll
12-15 13:50:16.965 9652 9652 I ViewRootImpl@c90193f[AppActivity]: ViewPostIme
pointer 0
12-15 13:50:17.071 9652 9652 I ViewRootImpl@c90193f[AppActivity]: ViewPostIme
pointer 1
12-15 13:50:17.112 9652 9707 D jswrapper: JS: SendSocketData main:200 sub:113
12-15 13:50:17.163 9652 9707 D jswrapper: JS: main=3, sub=101
12-15 13:50:17.163 9652 9707 D jswrapper: JS: GameBase onEventUserScore 用户积分
12-15 13:50:17.164 9652 9707 D jswrapper: JS: main=200, sub=149
12-15 13:50:17.164 9652 9707 D jswrapper: JS: SGLB::结果
12-15 13:50:17.164 9652 9707 D jswrapper: JS: [object Object]
12-15 13:50:17.164 9652 9707 D jswrapper: JS: setRollDatas
12-15 13:50:17.706 9652 9707 D jswrapper: JS: openPrizes2
12-15 13:50:17.719 9652 9707 D jswrapper: JS: [object Object],[object Object],
[object Object],[object Object],[object Object],[object Object],[object Object],
[object Object],[object Object],[object Object]
12-15 13:50:17.719 9652 9707 D jswrapper: JS: [object Object]
12-15 13:50:19.895 9652 9707 D jswrapper: JS: main=200, sub=152
12-15 13:50:19.895 9652 9707 D jswrapper: JS: JACKPOT
12-15 13:50:19.896 9652 9707 D jswrapper: JS: JACKPOT:{"lJackPot":11480}
12-15 13:50:20.020 9652 9707 D jswrapper: JS: [object Object],[object Object],
[object Object],[object Object],[object Object],[object Object],[object Object],
[object Object],[object Object],[object Object],[object Object],[object Object],
[object Object],[object Object],[object Object],[object Object],[object Object],
[object Object],[object Object],[object Object],[object Object],[object Object],
[object Object],[object Object],[object Object],[object Object],[object Object],
[object Object],[object Object],[object Object]
12-15 13:50:20.021 9652 9707 D jswrapper: JS:
0,1,2,3,4,1,3,4,0,2,0,3,4,1,2,4,0,1,2,3,0,2,1,3,4,3,0,1,2,4
12-15 13:50:20.021 9652 9707 D jswrapper: JS: 2,4,7,16,19,20,23,25,26,27
12-15 13:50:20.022 9652 9707 D jswrapper: JS: 0,0,0,2,0,9,5,5,1,2
12-15 13:50:21.190 9652 9707 D jswrapper: JS: winTimes:0.25
12-15 13:50:21.190 9652 9707 D jswrapper: JS: showGameEnd
12-15 13:50:21.190 9652 9707 D jswrapper: JS: delayStartNextRoll
12-15 13:50:21.220 9652 9707 D jswrapper: JS: main=200, sub=152
12-15 13:50:21.220 9652 9707 D jswrapper: JS: JACKPOT
12-15 13:50:21.220 9652 9707 D jswrapper: JS: JACKPOT:{"lJackPot":11633}
12-15 13:50:21.526 9652 9652 I ViewRootImpl@c90193f[AppActivity]: ViewPostIme
pointer 0
12-15 13:50:21.616 9652 9652 I ViewRootImpl@c90193f[AppActivity]: ViewPostIme
pointer 1
12-15 13:50:21.642 9652 9707 D jswrapper: JS: SendSocketData main:200 sub:113
12-15 13:50:21.692 9652 9707 D jswrapper: JS: main=3, sub=101
12-15 13:50:21.692 9652 9707 D jswrapper: JS: GameBase onEventUserScore 用户积分
12-15 13:50:21.693 9652 9707 D jswrapper: JS: main=200, sub=149
12-15 13:50:21.693 9652 9707 D jswrapper: JS: SGLB::结果
12-15 13:50:21.693 9652 9707 D jswrapper: JS: [object Object]
12-15 13:50:21.693 9652 9707 D jswrapper: JS: setRollDatas
12-15 13:50:22.234 9652 9707 D jswrapper: JS: openPrizes2
12-15 13:50:23.236 9652 9707 D jswrapper: JS: showGameEnd
12-15 13:50:23.236 9652 9707 D jswrapper: JS: delayStartNextRoll
12-15 13:50:25.781 9652 9652 I ViewRootImpl@c90193f[AppActivity]: ViewPostIme
pointer 0
12-15 13:50:25.895 9652 9652 I ViewRootImpl@c90193f[AppActivity]: ViewPostIme
pointer 1
12-15 13:50:25.940 9652 9707 D jswrapper: JS: SendSocketData main:200 sub:113
12-15 13:50:25.990 9652 9707 D jswrapper: JS: main=3, sub=101
12-15 13:50:25.991 9652 9707 D jswrapper: JS: GameBase onEventUserScore 用户积分
12-15 13:50:25.991 9652 9707 D jswrapper: JS: main=200, sub=149
12-15 13:50:25.995 9652 9707 D jswrapper: JS: SGLB::结果
12-15 13:50:25.995 9652 9707 D jswrapper: JS: [object Object]
12-15 13:50:25.995 9652 9707 D jswrapper: JS: setRollDatas
12-15 13:50:26.535 9652 9707 D jswrapper: JS: openPrizes2
12-15 13:50:27.538 9652 9707 D jswrapper: JS: showGameEnd
12-15 13:50:27.538 9652 9707 D jswrapper: JS: delayStartNextRoll
12-15 13:50:28.901 9652 9707 D jswrapper: JS: main=200, sub=152
12-15 13:50:28.902 9652 9707 D jswrapper: JS: JACKPOT
12-15 13:50:28.902 9652 9707 D jswrapper: JS: JACKPOT:{"lJackPot":12078}
12-15 13:50:36.920 9652 9652 I ViewRootImpl@c90193f[AppActivity]: ViewPostIme
pointer 0
12-15 13:50:37.026 9652 9652 I ViewRootImpl@c90193f[AppActivity]: ViewPostIme
pointer 1
12-15 13:50:37.066 9652 9707 D jswrapper: JS: SendSocketData main:200 sub:113
12-15 13:50:37.115 9652 9707 D jswrapper: JS: main=3, sub=101
12-15 13:50:37.116 9652 9707 D jswrapper: JS: GameBase onEventUserScore 用户积分
12-15 13:50:37.116 9652 9707 D jswrapper: JS: main=200, sub=149
12-15 13:50:37.116 9652 9707 D jswrapper: JS: SGLB::结果
12-15 13:50:37.117 9652 9707 D jswrapper: JS: [object Object]
12-15 13:50:37.117 9652 9707 D jswrapper: JS: setRollDatas
12-15 13:50:37.117 9652 9707 D jswrapper: JS: main=3, sub=102
12-15 13:50:37.117 9652 9707 D jswrapper: JS:
OnSocketSubUserStatus::dwUserID::2727209
12-15 13:50:37.117 9652 9707 D jswrapper: JS: OnSocketSubUserStatus::UserStatus::
{"wTableID":7,"wChairID":0,"cbUserStatus":5}
12-15 13:50:37.117 9652 9707 D jswrapper: JS: UpdateUserItemStatus::以往数据::
{"wTableID":7,"wChairID":0,"cbUserStatus":2}
12-15 13:50:37.117 9652 9707 D jswrapper: JS: GameBase onEventUserStatus 用户状态
12-15 13:50:37.118 9652 9707 D jswrapper: JS: main=100, sub=401
12-15 13:50:37.118 9652 9707 D jswrapper: JS: 收到框架消息::401
12-15 13:50:37.118 9652 9707 D jswrapper: JS: 收到唯一对局码: (2111007167112303257)
12-15 13:50:37.118 9652 9707 D jswrapper: JS: main=3, sub=101
12-15 13:50:37.118 9652 9707 D jswrapper: JS: GameBase onEventUserScore 用户积分
12-15 13:50:37.118 9652 9707 D jswrapper: JS: main=3, sub=102
12-15 13:50:37.118 9652 9707 D jswrapper: JS:
OnSocketSubUserStatus::dwUserID::2727209
12-15 13:50:37.119 9652 9707 D jswrapper: JS: OnSocketSubUserStatus::UserStatus::
{"wTableID":7,"wChairID":0,"cbUserStatus":2}
12-15 13:50:37.119 9652 9707 D jswrapper: JS: UpdateUserItemStatus::以往数据::
{"wTableID":7,"wChairID":0,"cbUserStatus":5}
12-15 13:50:37.119 9652 9707 D jswrapper: JS: GameBase onEventUserStatus 用户状态
12-15 13:50:37.660 9652 9707 D jswrapper: JS: openPrizes2
12-15 13:50:38.655 9652 9707 D jswrapper: JS: showGameEnd
12-15 13:50:38.655 9652 9707 D jswrapper: JS: delayStartNextRoll
12-15 13:50:39.150 9652 9707 D jswrapper: JS: main=3, sub=530
12-15 13:50:39.150 9652 9707 D jswrapper: JS: [object Object]
12-15 13:50:39.189 9652 9707 D jswrapper: JS: 512
12-15 13:50:39.189 9652 9707 D jswrapper: JS: SendSocketData main:100 sub:512
12-15 13:50:39.230 9652 9707 D jswrapper: JS: main=100, sub=513
12-15 13:50:39.230 9652 9707 D jswrapper: JS: 收到框架消息::513
12-15 13:50:39.231 9652 9707 D jswrapper: JS: [object Object]
12-15 13:50:39.232 9652 9707 D jswrapper: JS: main=100, sub=513
12-15 13:50:39.232 9652 9707 D jswrapper: JS: 收到框架消息::513
12-15 13:50:39.233 9652 9707 D jswrapper: JS: [object Object]
12-15 13:50:39.233 9652 9707 D jswrapper: JS: main=100, sub=513
12-15 13:50:39.233 9652 9707 D jswrapper: JS: 收到框架消息::513
12-15 13:50:39.234 9652 9707 D jswrapper: JS: [object Object]
12-15 13:50:39.234 9652 9707 D jswrapper: JS: main=100, sub=513
12-15 13:50:39.234 9652 9707 D jswrapper: JS: 收到框架消息::513
12-15 13:50:39.235 9652 9707 D jswrapper: JS: [object Object]
12-15 13:50:39.235 9652 9707 D jswrapper: JS: main=100, sub=513
12-15 13:50:39.235 9652 9707 D jswrapper: JS: 收到框架消息::513
12-15 13:50:39.236 9652 9707 D jswrapper: JS: [object Object]
12-15 13:50:39.236 9652 9707 D jswrapper: JS: main=100, sub=513
12-15 13:50:39.242 9652 9707 D jswrapper: JS: 收到框架消息::513
12-15 13:50:39.243 9652 9707 D jswrapper: JS: [object Object]
12-15 13:50:39.243 9652 9707 D jswrapper: JS: main=100, sub=513
12-15 13:50:39.243 9652 9707 D jswrapper: JS: 收到框架消息::513
12-15 13:50:39.244 9652 9707 D jswrapper: JS: [object Object]
12-15 13:50:39.244 9652 9707 D jswrapper: JS: main=100, sub=513
12-15 13:50:39.244 9652 9707 D jswrapper: JS: 收到框架消息::513
12-15 13:50:39.244 9652 9707 D jswrapper: JS: [object Object]
12-15 13:50:39.245 9652 9707 D jswrapper: JS: main=100, sub=513
12-15 13:50:39.245 9652 9707 D jswrapper: JS: 收到框架消息::513
12-15 13:50:39.245 9652 9707 D jswrapper: JS: [object Object]
12-15 13:50:39.246 9652 9707 D jswrapper: JS: main=100, sub=513
12-15 13:50:39.246 9652 9707 D jswrapper: JS: 收到框架消息::513
12-15 13:50:39.246 9652 9707 D jswrapper: JS: [object Object]
12-15 13:50:39.866 9652 9652 I ViewRootImpl@c90193f[AppActivity]: ViewPostIme
pointer 0
12-15 13:50:39.964 9652 9652 I ViewRootImpl@c90193f[AppActivity]: ViewPostIme
pointer 1
12-15 13:50:39.993 9652 9707 D jswrapper: JS: SendSocketData main:200 sub:113
12-15 13:50:40.044 9652 9707 D jswrapper: JS: main=3, sub=101
12-15 13:50:40.044 9652 9707 D jswrapper: JS: GameBase onEventUserScore 用户积分
12-15 13:50:40.045 9652 9707 D jswrapper: JS: main=200, sub=149
12-15 13:50:40.045 9652 9707 D jswrapper: JS: SGLB::结果
12-15 13:50:40.045 9652 9707 D jswrapper: JS: [object Object]
12-15 13:50:40.045 9652 9707 D jswrapper: JS: setRollDatas
12-15 13:50:40.045 9652 9707 D jswrapper: JS: main=200, sub=152
12-15 13:50:40.048 9652 9707 D jswrapper: JS: JACKPOT
12-15 13:50:40.048 9652 9707 D jswrapper: JS: JACKPOT:{"lJackPot":11605}
12-15 13:50:40.587 9652 9707 D jswrapper: JS: openPrizes2
12-15 13:50:40.596 9652 9707 D jswrapper: JS: [object Object],[object Object],
[object Object],[object Object],[object Object],[object Object],[object Object],
[object Object],[object Object],[object Object],[object Object]
12-15 13:50:40.596 9652 9707 D jswrapper: JS: [object Object]
12-15 13:50:42.514 9652 9707 D debug info: Fail to play
assets/OLYMPUS/assets/native/2c/2ccb6473-2f91-440b-8cb1-7dd05db49996.mp3 cause by
limited max instance of AudioEngine
12-15 13:50:42.514 9652 9707 D debug info: Fail to play
assets/OLYMPUS/assets/native/2c/2ccb6473-2f91-440b-8cb1-7dd05db49996.mp3 cause by
limited max instance of AudioEngine
12-15 13:50:43.229 9652 9707 D jswrapper: JS: [object Object],[object Object],
[object Object],[object Object],[object Object],[object Object],[object Object],
[object Object],[object Object],[object Object],[object Object],[object Object],
[object Object],[object Object],[object Object],[object Object],[object Object],
[object Object],[object Object],[object Object],[object Object],[object Object],
[object Object],[object Object],[object Object],[object Object],[object Object],
[object Object],[object Object],[object Object]
12-15 13:50:43.230 9652 9707 D jswrapper: JS:
1,2,4,0,3,0,1,2,3,4,4,0,1,2,3,0,3,1,2,4,1,2,3,0,4,1,3,0,2,4
12-15 13:50:43.230 9652 9707 D jswrapper: JS: 3,6,10,11,12,16,21,22,23,24,26
12-15 13:50:43.230 9652 9707 D jswrapper: JS: 1,0,3,7,8,3,8,0,1,3,7
12-15 13:50:43.401 9652 9707 D jswrapper: JS: [object Object],[object Object],
[object Object],[object Object],[object Object],[object Object],[object Object],
[object Object],[object Object],[object Object],[object Object],[object Object],
[object Object],[object Object],[object Object],[object Object]
12-15 13:50:43.402 9652 9707 D jswrapper: JS: [object Object],[object Object]
12-15 13:50:45.041 9652 9707 D debug info: Fail to play
assets/OLYMPUS/assets/native/2c/2ccb6473-2f91-440b-8cb1-7dd05db49996.mp3 cause by
limited max instance of AudioEngine
12-15 13:50:45.041 9652 9707 D debug info: Fail to play
assets/OLYMPUS/assets/native/2c/2ccb6473-2f91-440b-8cb1-7dd05db49996.mp3 cause by
limited max instance of AudioEngine
12-15 13:50:45.041 9652 9707 D debug info: Fail to play
assets/OLYMPUS/assets/native/2c/2ccb6473-2f91-440b-8cb1-7dd05db49996.mp3 cause by
limited max instance of AudioEngine
12-15 13:50:45.041 9652 9707 D debug info: Fail to play
assets/OLYMPUS/assets/native/2c/2ccb6473-2f91-440b-8cb1-7dd05db49996.mp3 cause by
limited max instance of AudioEngine
12-15 13:50:45.041 9652 9707 D debug info: Fail to play
assets/OLYMPUS/assets/native/2c/2ccb6473-2f91-440b-8cb1-7dd05db49996.mp3 cause by
limited max instance of AudioEngine
12-15 13:50:45.190 9652 9707 D jswrapper: JS: main=200, sub=152
12-15 13:50:45.191 9652 9707 D jswrapper: JS: JACKPOT
12-15 13:50:45.191 9652 9707 D jswrapper: JS: JACKPOT:{"lJackPot":11903}
12-15 13:50:45.720 9652 9707 D jswrapper: JS: [object Object],[object Object],
[object Object],[object Object],[object Object],[object Object],[object Object],
[object Object],[object Object],[object Object],[object Object],[object Object],
[object Object],[object Object],[object Object],[object Object],[object Object],
[object Object],[object Object],[object Object],[object Object],[object Object],
[object Object],[object Object],[object Object],[object Object],[object Object],
[object Object],[object Object],[object Object]
12-15 13:50:45.721 9652 9707 D jswrapper: JS:
1,4,0,3,2,0,1,2,3,4,0,1,3,4,2,1,0,3,2,4,1,2,3,4,0,0,2,4,1,3
