12-15 14:05:04.334 9652 9707 D jswrapper: JS: UpdateUserItemStatus::以往数据::
{"wTableID":8,"wChairID":0,"cbUserStatus":5}
12-15 14:05:04.334 9652 9707 D jswrapper: JS: GameBase onEventUserStatus 用户状态
12-15 14:05:04.801 9652 9707 D jswrapper: JS: main=3, sub=530
12-15 14:05:04.801 9652 9707 D jswrapper: JS: [object Object]
12-15 14:05:04.822 9652 9707 D jswrapper: JS: 512
12-15 14:05:04.822 9652 9707 D jswrapper: JS: SendSocketData main:100 sub:512
12-15 14:05:04.851 9652 9707 D jswrapper: JS: main=100, sub=513
12-15 14:05:04.852 9652 9707 D jswrapper: JS: 收到框架消息::513
12-15 14:05:04.852 9652 9707 D jswrapper: JS: [object Object]
12-15 14:05:04.852 9652 9707 D jswrapper: JS: main=100, sub=513
12-15 14:05:04.852 9652 9707 D jswrapper: JS: 收到框架消息::513
12-15 14:05:04.852 9652 9707 D jswrapper: JS: [object Object]
12-15 14:05:04.853 9652 9707 D jswrapper: JS: main=100, sub=513
12-15 14:05:04.853 9652 9707 D jswrapper: JS: 收到框架消息::513
12-15 14:05:04.853 9652 9707 D jswrapper: JS: [object Object]
12-15 14:05:04.853 9652 9707 D jswrapper: JS: main=100, sub=513
12-15 14:05:04.854 9652 9707 D jswrapper: JS: 收到框架消息::513
12-15 14:05:04.854 9652 9707 D jswrapper: JS: [object Object]
12-15 14:05:04.854 9652 9707 D jswrapper: JS: main=100, sub=513
12-15 14:05:04.854 9652 9707 D jswrapper: JS: 收到框架消息::513
12-15 14:05:04.854 9652 9707 D jswrapper: JS: [object Object]
12-15 14:05:04.855 9652 9707 D jswrapper: JS: main=100, sub=513
12-15 14:05:04.855 9652 9707 D jswrapper: JS: 收到框架消息::513
12-15 14:05:04.855 9652 9707 D jswrapper: JS: [object Object]
12-15 14:05:04.855 9652 9707 D jswrapper: JS: main=100, sub=513
12-15 14:05:04.856 9652 9707 D jswrapper: JS: 收到框架消息::513
12-15 14:05:04.856 9652 9707 D jswrapper: JS: [object Object]
12-15 14:05:04.856 9652 9707 D jswrapper: JS: main=100, sub=513
12-15 14:05:04.856 9652 9707 D jswrapper: JS: 收到框架消息::513
12-15 14:05:04.857 9652 9707 D jswrapper: JS: [object Object]
12-15 14:05:04.857 9652 9707 D jswrapper: JS: main=100, sub=513
12-15 14:05:04.857 9652 9707 D jswrapper: JS: 收到框架消息::513
12-15 14:05:04.857 9652 9707 D jswrapper: JS: [object Object]
12-15 14:05:04.858 9652 9707 D jswrapper: JS: main=100, sub=513
12-15 14:05:04.858 9652 9707 D jswrapper: JS: 收到框架消息::513
12-15 14:05:04.858 9652 9707 D jswrapper: JS: [object Object]
12-15 14:05:04.859 9652 9707 D jswrapper: JS: openPrizes2
12-15 14:05:04.867 9652 9707 D jswrapper: JS: [object Object],[object Object],
[object Object],[object Object],[object Object],[object Object],[object Object],
[object Object]
12-15 14:05:04.867 9652 9707 D jswrapper: JS: [object Object]
12-15 14:05:05.149 9652 9707 D jswrapper: JS: main=200, sub=152
12-15 14:05:05.150 9652 9707 D jswrapper: JS: JACKPOT
12-15 14:05:05.150 9652 9707 D jswrapper: JS: JACKPOT:{"lJackPot":11787}
12-15 14:05:06.742 9652 9652 I ViewRootImpl@c90193f[AppActivity]: ViewPostIme
pointer 0
12-15 14:05:06.793 9652 9707 D jswrapper: JS: main=200, sub=152
12-15 14:05:06.793 9652 9707 D jswrapper: JS: JACKPOT
12-15 14:05:06.794 9652 9707 D jswrapper: JS: JACKPOT:{"lJackPot":11952}
12-15 14:05:06.794 9652 9707 D jswrapper: JS: main=200, sub=152
12-15 14:05:06.794 9652 9707 D jswrapper: JS: JACKPOT
12-15 14:05:06.794 9652 9707 D jswrapper: JS: JACKPOT:{"lJackPot":11953}
12-15 14:05:06.823 9652 9652 I ViewRootImpl@c90193f[AppActivity]: ViewPostIme
pointer 1
12-15 14:05:07.164 9652 9707 D jswrapper: JS: [object Object],[object Object],
[object Object],[object Object],[object Object],[object Object],[object Object],
[object Object],[object Object],[object Object],[object Object],[object Object],
[object Object],[object Object],[object Object],[object Object],[object Object],
[object Object],[object Object],[object Object],[object Object],[object Object],
[object Object],[object Object],[object Object],[object Object],[object Object],
[object Object],[object Object],[object Object]
12-15 14:05:07.165 9652 9707 D jswrapper: JS:
4,0,1,2,3,0,4,1,2,3,3,0,1,2,4,0,1,2,3,4,0,4,1,2,3,0,2,1,3,4
12-15 14:05:07.165 9652 9707 D jswrapper: JS: 1,4,5,17,20,24,25,28
12-15 14:05:07.165 9652 9707 D jswrapper: JS: 6,6,5,9,0,6,9,2
12-15 14:05:08.374 9652 9707 D jswrapper: JS: winTimes:0.25
12-15 14:05:08.375 9652 9707 D jswrapper: JS: showGameEnd
12-15 14:05:08.375 9652 9707 D jswrapper: JS: delayStartNextRoll
12-15 14:05:09.813 9652 9652 I ViewRootImpl@c90193f[AppActivity]: ViewPostIme
pointer 0
12-15 14:05:09.920 9652 9652 I ViewRootImpl@c90193f[AppActivity]: ViewPostIme
pointer 1
12-15 14:05:09.958 9652 9707 D jswrapper: JS: SendSocketData main:200 sub:113
12-15 14:05:10.009 9652 9707 D jswrapper: JS: main=3, sub=101
12-15 14:05:10.009 9652 9707 D jswrapper: JS: GameBase onEventUserScore 用户积分
12-15 14:05:10.009 9652 9707 D jswrapper: JS: main=200, sub=149
12-15 14:05:10.010 9652 9707 D jswrapper: JS: SGLB::结果
12-15 14:05:10.010 9652 9707 D jswrapper: JS: [object Object]
12-15 14:05:10.010 9652 9707 D jswrapper: JS: setRollDatas
12-15 14:05:10.182 9652 9707 D jswrapper: JS: main=200, sub=152
12-15 14:05:10.182 9652 9707 D jswrapper: JS: JACKPOT
12-15 14:05:10.182 9652 9707 D jswrapper: JS: JACKPOT:{"lJackPot":12283}
12-15 14:05:10.553 9652 9707 D jswrapper: JS: openPrizes2
12-15 14:05:11.098 9652 9707 D jswrapper: JS: main=200, sub=152
12-15 14:05:11.098 9652 9707 D jswrapper: JS: JACKPOT
12-15 14:05:11.098 9652 9707 D jswrapper: JS: JACKPOT:{"lJackPot":12325}
12-15 14:05:12.250 9652 9707 D jswrapper: JS: showGameEnd
12-15 14:05:12.250 9652 9707 D jswrapper: JS: delayStartNextRoll
12-15 14:05:12.793 9652 9652 I ViewRootImpl@c90193f[AppActivity]: ViewPostIme
pointer 0
12-15 14:05:12.899 9652 9652 I ViewRootImpl@c90193f[AppActivity]: ViewPostIme
pointer 1
12-15 14:05:12.944 9652 9707 D jswrapper: JS: SendSocketData main:200 sub:113
12-15 14:05:12.995 9652 9707 D jswrapper: JS: main=3, sub=101
12-15 14:05:12.995 9652 9707 D jswrapper: JS: GameBase onEventUserScore 用户积分
12-15 14:05:12.996 9652 9707 D jswrapper: JS: main=200, sub=149
12-15 14:05:12.996 9652 9707 D jswrapper: JS: SGLB::结果
12-15 14:05:12.996 9652 9707 D jswrapper: JS: [object Object]
12-15 14:05:12.996 9652 9707 D jswrapper: JS: setRollDatas
12-15 14:05:13.542 9652 9707 D jswrapper: JS: main=200, sub=152
12-15 14:05:13.542 9652 9707 D jswrapper: JS: JACKPOT
12-15 14:05:13.543 9652 9707 D jswrapper: JS: JACKPOT:{"lJackPot":11261}
12-15 14:05:13.543 9652 9707 D jswrapper: JS: openPrizes2
12-15 14:05:13.555 9652 9707 D jswrapper: JS: [object Object],[object Object],
[object Object],[object Object],[object Object],[object Object],[object Object],
[object Object],[object Object],[object Object],[object Object]
12-15 14:05:13.555 9652 9707 D jswrapper: JS: [object Object]
12-15 14:05:14.061 9652 9707 D jswrapper: JS: main=200, sub=152
12-15 14:05:14.061 9652 9707 D jswrapper: JS: JACKPOT
12-15 14:05:14.061 9652 9707 D jswrapper: JS: JACKPOT:{"lJackPot":11269}
12-15 14:05:15.091 9652 9707 D jswrapper: JS: main=3, sub=530
12-15 14:05:15.091 9652 9707 D jswrapper: JS: [object Object]
12-15 14:05:15.092 9652 9707 D jswrapper: JS: 512
12-15 14:05:15.092 9652 9707 D jswrapper: JS: SendSocketData main:100 sub:512
12-15 14:05:15.115 9652 9707 D jswrapper: JS: main=100, sub=513
12-15 14:05:15.115 9652 9707 D jswrapper: JS: 收到框架消息::513
12-15 14:05:15.116 9652 9707 D jswrapper: JS: [object Object]
12-15 14:05:15.116 9652 9707 D jswrapper: JS: main=100, sub=513
12-15 14:05:15.117 9652 9707 D jswrapper: JS: 收到框架消息::513
12-15 14:05:15.117 9652 9707 D jswrapper: JS: [object Object]
12-15 14:05:15.117 9652 9707 D jswrapper: JS: main=100, sub=513
12-15 14:05:15.117 9652 9707 D jswrapper: JS: 收到框架消息::513
12-15 14:05:15.117 9652 9707 D jswrapper: JS: [object Object]
12-15 14:05:15.118 9652 9707 D jswrapper: JS: main=100, sub=513
12-15 14:05:15.118 9652 9707 D jswrapper: JS: 收到框架消息::513
12-15 14:05:15.118 9652 9707 D jswrapper: JS: [object Object]
12-15 14:05:15.118 9652 9707 D jswrapper: JS: main=100, sub=513
12-15 14:05:15.118 9652 9707 D jswrapper: JS: 收到框架消息::513
12-15 14:05:15.118 9652 9707 D jswrapper: JS: [object Object]
12-15 14:05:15.124 9652 9707 D jswrapper: JS: main=100, sub=513
12-15 14:05:15.125 9652 9707 D jswrapper: JS: 收到框架消息::513
12-15 14:05:15.125 9652 9707 D jswrapper: JS: [object Object]
12-15 14:05:15.125 9652 9707 D jswrapper: JS: main=100, sub=513
12-15 14:05:15.125 9652 9707 D jswrapper: JS: 收到框架消息::513
12-15 14:05:15.125 9652 9707 D jswrapper: JS: [object Object]
12-15 14:05:15.126 9652 9707 D jswrapper: JS: main=100, sub=513
12-15 14:05:15.126 9652 9707 D jswrapper: JS: 收到框架消息::513
12-15 14:05:15.126 9652 9707 D jswrapper: JS: [object Object]
12-15 14:05:15.126 9652 9707 D jswrapper: JS: main=100, sub=513
12-15 14:05:15.126 9652 9707 D jswrapper: JS: 收到框架消息::513
12-15 14:05:15.127 9652 9707 D jswrapper: JS: [object Object]
12-15 14:05:15.127 9652 9707 D jswrapper: JS: main=100, sub=513
12-15 14:05:15.127 9652 9707 D jswrapper: JS: 收到框架消息::513
12-15 14:05:15.127 9652 9707 D jswrapper: JS: [object Object]
12-15 14:05:15.862 9652 9707 D jswrapper: JS: [object Object],[object Object],
[object Object],[object Object],[object Object],[object Object],[object Object],
[object Object],[object Object],[object Object],[object Object],[object Object],
[object Object],[object Object],[object Object],[object Object],[object Object],
[object Object],[object Object],[object Object],[object Object],[object Object],
[object Object],[object Object],[object Object],[object Object],[object Object],
[object Object],[object Object],[object Object]
12-15 14:05:15.863 9652 9707 D jswrapper: JS:
1,4,0,2,3,0,1,2,3,4,0,1,3,2,4,0,1,3,2,4,3,0,1,2,4,0,3,1,2,4
12-15 14:05:15.863 9652 9707 D jswrapper: JS: 2,3,5,6,8,9,20,21,22,23,24
12-15 14:05:15.863 9652 9707 D jswrapper: JS: 5,5,1,2,0,0,1,0,9,0,0
12-15 14:05:16.169 9652 9707 D jswrapper: JS: main=200, sub=152
12-15 14:05:16.170 9652 9707 D jswrapper: JS: JACKPOT
12-15 14:05:16.170 9652 9707 D jswrapper: JS: JACKPOT:{"lJackPot":11393}
12-15 14:05:16.949 9652 9707 D jswrapper: JS: main=200, sub=152
12-15 14:05:16.949 9652 9707 D jswrapper: JS: JACKPOT
12-15 14:05:16.950 9652 9707 D jswrapper: JS: JACKPOT:{"lJackPot":11431}
12-15 14:05:17.023 9652 9707 D jswrapper: JS: winTimes:0.75
12-15 14:05:17.023 9652 9707 D jswrapper: JS: showGameEnd
12-15 14:05:17.023 9652 9707 D jswrapper: JS: delayStartNextRoll
12-15 14:05:18.079 9652 9652 I ViewRootImpl@c90193f[AppActivity]: ViewPostIme
pointer 0
12-15 14:05:18.176 9652 9652 I ViewRootImpl@c90193f[AppActivity]: ViewPostIme
pointer 1
12-15 14:05:18.214 9652 9707 D jswrapper: JS: SendSocketData main:200 sub:113
12-15 14:05:18.267 9652 9707 D jswrapper: JS: main=3, sub=101
12-15 14:05:18.268 9652 9707 D jswrapper: JS: GameBase onEventUserScore 用户积分
12-15 14:05:18.268 9652 9707 D jswrapper: JS: main=200, sub=149
12-15 14:05:18.269 9652 9707 D jswrapper: JS: SGLB::结果
12-15 14:05:18.269 9652 9707 D jswrapper: JS: [object Object]
12-15 14:05:18.269 9652 9707 D jswrapper: JS: setRollDatas
12-15 14:05:18.812 9652 9707 D jswrapper: JS: openPrizes2
12-15 14:05:18.828 9652 9707 D jswrapper: JS: [object Object],[object Object],
[object Object],[object Object],[object Object],[object Object],[object Object],
[object Object]
12-15 14:05:18.828 9652 9707 D jswrapper: JS: [object Object]
12-15 14:05:19.381 9652 9707 D jswrapper: JS: main=200, sub=152
12-15 14:05:19.381 9652 9707 D jswrapper: JS: JACKPOT
12-15 14:05:19.382 9652 9707 D jswrapper: JS: JACKPOT:{"lJackPot":11498}
12-15 14:05:20.412 9652 9707 D jswrapper: JS: main=200, sub=152
12-15 14:05:20.413 9652 9707 D jswrapper: JS: JACKPOT
12-15 14:05:20.413 9652 9707 D jswrapper: JS: JACKPOT:{"lJackPot":11558}
12-15 14:05:21.429 9652 9707 D jswrapper: JS: [object Object],[object Object],
[object Object],[object Object],[object Object],[object Object],[object Object],
[object Object],[object Object],[object Object],[object Object],[object Object],
[object Object],[object Object],[object Object],[object Object],[object Object],
[object Object],[object Object],[object Object],[object Object],[object Object],
[object Object],[object Object],[object Object],[object Object],[object Object],
[object Object],[object Object],[object Object]
12-15 14:05:21.430 9652 9707 D jswrapper: JS:
0,1,2,3,4,0,3,1,2,4,1,4,0,2,3,0,4,1,2,3,0,1,2,3,4,0,1,2,3,4
12-15 14:05:21.430 9652 9707 D jswrapper: JS: 1,3,4,5,8,19,26,27
12-15 14:05:21.431 9652 9707 D jswrapper: JS: 5,4,5,0,0,1,4,8
12-15 14:05:22.457 9652 9707 D jswrapper: JS: main=200, sub=152
12-15 14:05:22.457 9652 9707 D jswrapper: JS: JACKPOT
12-15 14:05:22.458 9652 9707 D jswrapper: JS: JACKPOT:{"lJackPot":11696}
12-15 14:05:24.822 9652 9707 D jswrapper: JS: winTimes:0.5
12-15 14:05:24.822 9652 9707 D jswrapper: JS: showGameEnd
12-15 14:05:24.822 9652 9707 D jswrapper: JS: delayStartNextRoll
12-15 14:05:25.235 9652 9652 D batteryLevel: 48
12-15 14:05:25.397 9652 9652 I ViewRootImpl@c90193f[AppActivity]: ViewPostIme
pointer 0
12-15 14:05:25.478 9652 9652 I ViewRootImpl@c90193f[AppActivity]: ViewPostIme
pointer 1
12-15 14:05:25.516 9652 9707 D jswrapper: JS: SendSocketData main:200 sub:113
12-15 14:05:25.567 9652 9707 D jswrapper: JS: main=3, sub=101
12-15 14:05:25.568 9652 9707 D jswrapper: JS: GameBase onEventUserScore 用户积分
12-15 14:05:25.568 9652 9707 D jswrapper: JS: main=200, sub=149
12-15 14:05:25.569 9652 9707 D jswrapper: JS: SGLB::结果
12-15 14:05:25.569 9652 9707 D jswrapper: JS: [object Object]
12-15 14:05:25.569 9652 9707 D jswrapper: JS: setRollDatas
12-15 14:05:26.113 9652 9707 D jswrapper: JS: openPrizes2
12-15 14:05:26.126 9652 9707 D jswrapper: JS: [object Object],[object Object],
[object Object],[object Object],[object Object],[object Object],[object Object],
[object Object],[object Object],[object Object],[object Object],[object Object],
[object Object],[object Object],[object Object],[object Object],[object Object],
[object Object],[object Object]
12-15 14:05:26.126 9652 9707 D jswrapper: JS: [object Object],[object Object]
12-15 14:05:27.775 9652 9707 D debug info: Fail to play
assets/OLYMPUS/assets/native/2c/2ccb6473-2f91-440b-8cb1-7dd05db49996.mp3 cause by
limited max instance of AudioEngine
12-15 14:05:27.775 9652 9707 D debug info: Fail to play
assets/OLYMPUS/assets/native/2c/2ccb6473-2f91-440b-8cb1-7dd05db49996.mp3 cause by
limited max instance of AudioEngine
12-15 14:05:27.775 9652 9707 D debug info: Fail to play
assets/OLYMPUS/assets/native/2c/2ccb6473-2f91-440b-8cb1-7dd05db49996.mp3 cause by
limited max instance of AudioEngine
12-15 14:05:27.775 9652 9707 D debug info: Fail to play
assets/OLYMPUS/assets/native/2c/2ccb6473-2f91-440b-8cb1-7dd05db49996.mp3 cause by
limited max instance of AudioEngine
12-15 14:05:27.775 9652 9707 D debug info: Fail to play
assets/OLYMPUS/assets/native/2c/2ccb6473-2f91-440b-8cb1-7dd05db49996.mp3 cause by
limited max instance of AudioEngine
12-15 14:05:27.775 9652 9707 D debug info: Fail to play
assets/OLYMPUS/assets/native/2c/2ccb6473-2f91-440b-8cb1-7dd05db49996.mp3 cause by
limited max instance of AudioEngine
12-15 14:05:27.775 9652 9707 D debug info: Fail to play
assets/OLYMPUS/assets/native/2c/2ccb6473-2f91-440b-8cb1-7dd05db49996.mp3 cause by
limited max instance of AudioEngine
12-15 14:05:27.775 9652 9707 D debug info: Fail to play
assets/OLYMPUS/assets/native/2c/2ccb6473-2f91-440b-8cb1-7dd05db49996.mp3 cause by
limited max instance of AudioEngine
12-15 14:05:28.430 9652 9707 D jswrapper: JS: [object Object],[object Object],
[object Object],[object Object],[object Object],[object Object],[object Object],
[object Object],[object Object],[object Object],[object Object],[object Object],
[object Object],[object Object],[object Object],[object Object],[object Object],
[object Object],[object Object],[object Object],[object Object],[object Object],
[object Object],[object Object],[object Object],[object Object],[object Object],
[object Object],[object Object],[object Object]
12-15 14:05:28.430 9652 9707 D jswrapper: JS:
0,1,2,3,4,1,2,0,3,4,0,3,1,2,4,0,2,1,3,4,1,2,3,4,0,0,1,2,3,4
12-15 14:05:28.431 9652 9707 D jswrapper: JS:
0,2,3,5,6,7,10,11,12,13,15,16,17,18,20,22,23,24,28
12-15 14:05:28.431 9652 9707 D jswrapper: JS:
3,2,2,0,1,9,0,0,9,2,3,0,3,1,11,9,1,11,5
12-15 14:05:29.619 9652 9707 D jswrapper: JS: winTimes:0.65
12-15 14:05:29.620 9652 9707 D jswrapper: JS: showGameEnd
12-15 14:05:29.620 9652 9707 D jswrapper: JS: delayStartNextRoll
12-15 14:05:30.092 9652 9652 I ViewRootImpl@c90193f[AppActivity]: ViewPostIme
pointer 0
12-15 14:05:30.257 9652 9652 I ViewRootImpl@c90193f[AppActivity]: ViewPostIme
pointer 1
12-15 14:05:30.286 9652 9707 D jswrapper: JS: SendSocketData main:200 sub:113
12-15 14:05:30.336 9652 9707 D jswrapper: JS: main=3, sub=101
12-15 14:05:30.336 9652 9707 D jswrapper: JS: GameBase onEventUserScore 用户积分
12-15 14:05:30.337 9652 9707 D jswrapper: JS: main=200, sub=149
12-15 14:05:30.337 9652 9707 D jswrapper: JS: SGLB::结果
12-15 14:05:30.337 9652 9707 D jswrapper: JS: [object Object]
12-15 14:05:30.337 9652 9707 D jswrapper: JS: setRollDatas
12-15 14:05:30.876 9652 9707 D jswrapper: JS: openPrizes2
12-15 14:05:31.878 9652 9707 D jswrapper: JS: showGameEnd
12-15 14:05:31.878 9652 9707 D jswrapper: JS: delayStartNextRoll
12-15 14:05:32.984 9652 9652 I ViewRootImpl@c90193f[AppActivity]: ViewPostIme
pointer 0
12-15 14:05:33.089 9652 9652 I ViewRootImpl@c90193f[AppActivity]: ViewPostIme
pointer 1
12-15 14:05:33.136 9652 9707 D jswrapper: JS: SendSocketData main:200 sub:113
12-15 14:05:33.162 9652 9707 D jswrapper: JS: main=3, sub=101
12-15 14:05:33.162 9652 9707 D jswrapper: JS: GameBase onEventUserScore 用户积分
12-15 14:05:33.162 9652 9707 D jswrapper: JS: main=200, sub=149
12-15 14:05:33.162 9652 9707 D jswrapper: JS: SGLB::结果
12-15 14:05:33.162 9652 9707 D jswrapper: JS: [object Object]
12-15 14:05:33.162 9652 9707 D jswrapper: JS: setRollDatas
12-15 14:05:33.731 9652 9707 D jswrapper: JS: openPrizes2
12-15 14:05:33.739 9652 9707 D jswrapper: JS: [object Object],[object Object],
[object Object],[object Object],[object Object],[object Object],[object Object],
[object Object]
12-15 14:05:33.739 9652 9707 D jswrapper: JS: [object Object]
12-15 14:05:35.266 9652 9707 D jswrapper: JS: main=200, sub=152
12-15 14:05:35.266 9652 9707 D jswrapper: JS: JACKPOT
12-15 14:05:35.267 9652 9707 D jswrapper: JS: JACKPOT:{"lJackPot":12260}
12-15 14:05:36.047 9652 9707 D jswrapper: JS: [object Object],[object Object],
[object Object],[object Object],[object Object],[object Object],[object Object],
[object Object],[object Object],[object Object],[object Object],[object Object],
[object Object],[object Object],[object Object],[object Object],[object Object],
[object Object],[object Object],[object Object],[object Object],[object Object],
[object Object],[object Object],[object Object],[object Object],[object Object],
[object Object],[object Object],[object Object]
12-15 14:05:36.047 9652 9707 D jswrapper: JS:
1,0,2,3,4,3,4,0,1,2,0,3,4,1,2,0,1,2,3,4,0,1,2,3,4,2,4,0,1,3
12-15 14:05:36.048 9652 9707 D jswrapper: JS: 2,6,17,19,20,25,26,29
12-15 14:05:36.048 9652 9707 D jswrapper: JS: 9,2,0,5,3,11,6,6
12-15 14:05:37.221 9652 9707 D jswrapper: JS: winTimes:0.25
12-15 14:05:37.222 9652 9707 D jswrapper: JS: showGameEnd
12-15 14:05:37.222 9652 9707 D jswrapper: JS: delayStartNextRoll
12-15 14:05:37.535 9652 9652 I ViewRootImpl@c90193f[AppActivity]: ViewPostIme
pointer 0
12-15 14:05:37.642 9652 9652 I ViewRootImpl@c90193f[AppActivity]: ViewPostIme
pointer 1
12-15 14:05:37.670 9652 9707 D jswrapper: JS: SendSocketData main:200 sub:113
12-15 14:05:37.720 9652 9707 D jswrapper: JS: main=3, sub=101
12-15 14:05:37.720 9652 9707 D jswrapper: JS: GameBase onEventUserScore 用户积分
12-15 14:05:37.720 9652 9707 D jswrapper: JS: main=200, sub=149
12-15 14:05:37.721 9652 9707 D jswrapper: JS: SGLB::结果
12-15 14:05:37.721 9652 9707 D jswrapper: JS: [object Object]
12-15 14:05:37.721 9652 9707 D jswrapper: JS: setRollDatas
12-15 14:05:38.264 9652 9707 D jswrapper: JS: openPrizes2
12-15 14:05:38.709 9652 9707 D jswrapper: JS: main=200, sub=152
12-15 14:05:38.709 9652 9707 D jswrapper: JS: JACKPOT
12-15 14:05:38.709 9652 9707 D jswrapper: JS: JACKPOT:{"lJackPot":11148}
12-15 14:05:39.254 9652 9707 D jswrapper: JS: showGameEnd
12-15 14:05:39.254 9652 9707 D jswrapper: JS: delayStartNextRoll
12-15 14:05:39.659 9652 9652 I ViewRootImpl@c90193f[AppActivity]: ViewPostIme
pointer 0
12-15 14:05:39.740 9652 9652 I ViewRootImpl@c90193f[AppActivity]: ViewPostIme
pointer 1
12-15 14:05:39.787 9652 9707 D jswrapper: JS: SendSocketData main:200 sub:113
12-15 14:05:39.838 9652 9707 D jswrapper: JS: main=3, sub=101
12-15 14:05:39.838 9652 9707 D jswrapper: JS: GameBase onEventUserScore 用户积分
12-15 14:05:39.839 9652 9707 D jswrapper: JS: main=200, sub=149
12-15 14:05:39.839 9652 9707 D jswrapper: JS: SGLB::结果
12-15 14:05:39.839 9652 9707 D jswrapper: JS: [object Object]
12-15 14:05:39.840 9652 9707 D jswrapper: JS: setRollDatas
12-15 14:05:39.840 9652 9707 D jswrapper: JS: main=200, sub=152
12-15 14:05:39.843 9652 9707 D jswrapper: JS: JACKPOT
12-15 14:05:39.843 9652 9707 D jswrapper: JS: JACKPOT:{"lJackPot":11209}
12-15 14:05:40.384 9652 9707 D jswrapper: JS: openPrizes2
12-15 14:05:40.391 9652 9707 D jswrapper: JS: [object Object],[object Object],
[object Object],[object Object],[object Object],[object Object],[object Object],
[object Object],[object Object],[object Object]
12-15 14:05:40.392 9652 9707 D jswrapper: JS: [object Object]
12-15 14:05:40.903 9652 9707 D jswrapper: JS: main=200, sub=152
12-15 14:05:40.904 9652 9707 D jswrapper: JS: JACKPOT
12-15 14:05:40.904 9652 9707 D jswrapper: JS: JACKPOT:{"lJackPot":11272}
12-15 14:05:42.707 9652 9707 D jswrapper: JS: [object Object],[object Object],
[object Object],[object Object],[object Object],[object Object],[object Object],
[object Object],[object Object],[object Object],[object Object],[object Object],
[object Object],[object Object],[object Object],[object Object],[object Object],
[object Object],[object Object],[object Object],[object Object],[object Object],
[object Object],[object Object],[object Object],[object Object],[object Object],
[object Object],[object Object],[object Object]
12-15 14:05:42.707 9652 9707 D jswrapper: JS:
2,3,0,1,4,1,0,2,3,4,0,2,1,3,4,3,4,0,1,2,0,1,2,3,4,0,1,2,3,4
12-15 14:05:42.707 9652 9707 D jswrapper: JS: 2,4,5,7,11,12,14,18,21,27
12-15 14:05:42.708 9652 9707 D jswrapper: JS: 0,3,5,0,2,4,9,3,7,5
12-15 14:05:42.830 9652 9707 D jswrapper: JS: main=200, sub=152
12-15 14:05:42.831 9652 9707 D jswrapper: JS: JACKPOT
12-15 14:05:42.837 9652 9707 D jswrapper: JS: JACKPOT:{"lJackPot":11372}
12-15 14:05:42.931 9652 9707 D jswrapper: JS: [object Object],[object Object],
[object Object],[object Object],[object Object],[object Object],[object Object],
[object Object]
12-15 14:05:42.931 9652 9707 D jswrapper: JS: [object Object]
12-15 14:05:43.239 9652 9652 I ViewRootImpl@c90193f[AppActivity]: ViewPostIme
pointer 0
12-15 14:05:43.320 9652 9652 I ViewRootImpl@c90193f[AppActivity]: ViewPostIme
pointer 1
12-15 14:05:44.361 9652 9707 D jswrapper: JS: main=200, sub=152
12-15 14:05:44.361 9652 9707 D jswrapper: JS: JACKPOT
12-15 14:05:44.362 9652 9707 D jswrapper: JS: JACKPOT:{"lJackPot":11403}
12-15 14:05:45.229 9652 9707 D jswrapper: JS: [object Object],[object Object],
[object Object],[object Object],[object Object],[object Object],[object Object],
[object Object],[object Object],[object Object],[object Object],[object Object],
[object Object],[object Object],[object Object],[object Object],[object Object],
[object Object],[object Object],[object Object],[object Object],[object Object],
[object Object],[object Object],[object Object],[object Object],[object Object],
[object Object],[object Object],[object Object]
12-15 14:05:45.230 9652 9707 D jswrapper: JS:
3,0,2,1,4,3,1,0,2,4,0,2,1,3,4,0,1,3,4,2,0,3,1,2,4,4,0,1,2,3
12-15 14:05:45.230 9652 9707 D jswrapper: JS: 0,3,4,9,18,19,22,29
12-15 14:05:45.230 9652 9707 D jswrapper: JS: 2,5,4,9,4,9,9,1
12-15 14:05:45.437 9652 9707 D jswrapper: JS: [object Object],[object Object],
[object Object],[object Object],[object Object]
12-15 14:05:45.437 9652 9707 D jswrapper: JS: [object Object]
12-15 14:05:45.607 9652 9707 D jswrapper: JS: main=3, sub=530
12-15 14:05:45.608 9652 9707 D jswrapper: JS: [object Object]
12-15 14:05:45.638 9652 9707 D jswrapper: JS: 512
12-15 14:05:45.638 9652 9707 D jswrapper: JS: SendSocketData main:100 sub:512
12-15 14:05:45.640 9652 9707 D jswrapper: JS: main=200, sub=152
12-15 14:05:45.640 9652 9707 D jswrapper: JS: JACKPOT
12-15 14:05:45.640 9652 9707 D jswrapper: JS: JACKPOT:{"lJackPot":11415}
12-15 14:05:45.675 9652 9707 D jswrapper: JS: main=100, sub=513
12-15 14:05:45.676 9652 9707 D jswrapper: JS: 收到框架消息::513
12-15 14:05:45.676 9652 9707 D jswrapper: JS: [object Object]
12-15 14:05:45.677 9652 9707 D jswrapper: JS: main=100, sub=513
12-15 14:05:45.677 9652 9707 D jswrapper: JS: 收到框架消息::513
12-15 14:05:45.677 9652 9707 D jswrapper: JS: [object Object]
12-15 14:05:45.677 9652 9707 D jswrapper: JS: main=100, sub=513
12-15 14:05:45.677 9652 9707 D jswrapper: JS: 收到框架消息::513
12-15 14:05:45.678 9652 9707 D jswrapper: JS: [object Object]
12-15 14:05:45.678 9652 9707 D jswrapper: JS: main=100, sub=513
12-15 14:05:45.678 9652 9707 D jswrapper: JS: 收到框架消息::513
12-15 14:05:45.678 9652 9707 D jswrapper: JS: [object Object]
12-15 14:05:45.679 9652 9707 D jswrapper: JS: main=100, sub=513
12-15 14:05:45.679 9652 9707 D jswrapper: JS: 收到框架消息::513
12-15 14:05:45.679 9652 9707 D jswrapper: JS: [object Object]
12-15 14:05:45.679 9652 9707 D jswrapper: JS: main=100, sub=513
12-15 14:05:45.679 9652 9707 D jswrapper: JS: 收到框架消息::513
12-15 14:05:45.679 9652 9707 D jswrapper: JS: [object Object]
12-15 14:05:45.680 9652 9707 D jswrapper: JS: main=100, sub=513
12-15 14:05:45.680 9652 9707 D jswrapper: JS: 收到框架消息::513
12-15 14:05:45.680 9652 9707 D jswrapper: JS: [object Object]
12-15 14:05:45.680 9652 9707 D jswrapper: JS: main=100, sub=513
12-15 14:05:45.681 9652 9707 D jswrapper: JS: 收到框架消息::513
12-15 14:05:45.681 9652 9707 D jswrapper: JS: [object Object]
12-15 14:05:45.681 9652 9707 D jswrapper: JS: main=100, sub=513
12-15 14:05:45.681 9652 9707 D jswrapper: JS: 收到框架消息::513
12-15 14:05:45.681 9652 9707 D jswrapper: JS: [object Object]
12-15 14:05:45.682 9652 9707 D jswrapper: JS: main=100, sub=513
12-15 14:05:45.682 9652 9707 D jswrapper: JS: 收到框架消息::513
12-15 14:05:45.682 9652 9707 D jswrapper: JS: [object Object]
12-15 14:05:46.318 9652 9707 D jswrapper: JS: main=200, sub=152
12-15 14:05:46.318 9652 9707 D jswrapper: JS: JACKPOT
12-15 14:05:46.319 9652 9707 D jswrapper: JS: JACKPOT:{"lJackPot":11422}
12-15 14:05:48.242 9652 9707 D jswrapper: JS: [object Object],[object Object],
[object Object],[object Object],[object Object],[object Object],[object Object],
[object Object],[object Object],[object Object],[object Object],[object Object],
[object Object],[object Object],[object Object],[object Object],[object Object],
[object Object],[object Object],[object Object],[object Object],[object Object],
[object Object],[object Object],[object Object],[object Object],[object Object],
[object Object],[object Object],[object Object]
12-15 14:05:48.243 9652 9707 D jswrapper: JS:
3,0,2,1,4,3,1,0,2,4,2,0,1,3,4,1,0,3,4,2,3,2,0,1,4,4,0,1,2,3
12-15 14:05:48.243 9652 9707 D jswrapper: JS: 9,14,16,19,22
12-15 14:05:48.244 9652 9707 D jswrapper: JS: 7,2,0,4,3
12-15 14:05:48.450 9652 9707 D jswrapper: JS: [object Object],[object Object],
[object Object],[object Object],[object Object],[object Object],[object Object],
[object Object]
12-15 14:05:48.450 9652 9707 D jswrapper: JS: [object Object]
12-15 14:05:49.197 9652 9707 D jswrapper: JS: main=200, sub=152
12-15 14:05:49.198 9652 9707 D jswrapper: JS: JACKPOT
12-15 14:05:49.198 9652 9707 D jswrapper: JS: JACKPOT:{"lJackPot":11595}
12-15 14:05:49.598 9652 9707 D jswrapper: JS: main=200, sub=152
12-15 14:05:49.598 9652 9707 D jswrapper: JS: JACKPOT
12-15 14:05:49.598 9652 9707 D jswrapper: JS: JACKPOT:{"lJackPot":11608}
12-15 14:05:50.754 9652 9707 D jswrapper: JS: [object Object],[object Object],
[object Object],[object Object],[object Object],[object Object],[object Object],
[object Object],[object Object],[object Object],[object Object],[object Object],
[object Object],[object Object],[object Object],[object Object],[object Object],
[object Object],[object Object],[object Object],[object Object],[object Object],
[object Object],[object Object],[object Object],[object Object],[object Object],
[object Object],[object Object],[object Object]
12-15 14:05:50.755 9652 9707 D jswrapper: JS:
0,4,3,2,1,3,1,0,2,4,2,1,4,0,3,1,0,3,4,2,1,3,2,0,4,1,3,4,0,2
12-15 14:05:50.755 9652 9707 D jswrapper: JS: 0,8,10,11,14,23,24,26
12-15 14:05:50.755 9652 9707 D jswrapper: JS: 9,4,7,0,0,2,5,9
12-15 14:05:51.918 9652 9707 D jswrapper: JS: winTimes:4.55
12-15 14:05:51.920 9652 9707 D jswrapper: JS: showGameEnd
12-15 14:05:54.510 9652 9652 I ViewRootImpl@c90193f[AppActivity]: ViewPostIme
pointer 0
12-15 14:05:54.641 9652 9652 I ViewRootImpl@c90193f[AppActivity]: ViewPostIme
pointer 1
12-15 14:05:54.689 9652 9707 D jswrapper: JS: SendSocketData main:200 sub:113
12-15 14:05:54.715 9652 9707 D jswrapper: JS: main=200, sub=152
12-15 14:05:54.715 9652 9707 D jswrapper: JS: JACKPOT
12-15 14:05:54.715 9652 9707 D jswrapper: JS: JACKPOT:{"lJackPot":11812}
12-15 14:05:54.740 9652 9707 D jswrapper: JS: main=3, sub=101
12-15 14:05:54.740 9652 9707 D jswrapper: JS: GameBase onEventUserScore 用户积分
12-15 14:05:54.741 9652 9707 D jswrapper: JS: main=200, sub=149
12-15 14:05:54.741 9652 9707 D jswrapper: JS: SGLB::结果
12-15 14:05:54.741 9652 9707 D jswrapper: JS: [object Object]
12-15 14:05:54.742 9652 9707 D jswrapper: JS: setRollDatas
12-15 14:05:55.286 9652 9707 D jswrapper: JS: openPrizes2
12-15 14:05:55.682 9652 9707 D jswrapper: JS: main=3, sub=530
12-15 14:05:55.683 9652 9707 D jswrapper: JS: [object Object]
12-15 14:05:55.683 9652 9707 D jswrapper: JS: 512
12-15 14:05:55.688 9652 9707 D jswrapper: JS: SendSocketData main:100 sub:512
12-15 14:05:55.829 9652 9707 D jswrapper: JS: main=100, sub=513
12-15 14:05:55.830 9652 9707 D jswrapper: JS: 收到框架消息::513
12-15 14:05:55.830 9652 9707 D jswrapper: JS: [object Object]
12-15 14:05:55.830 9652 9707 D jswrapper: JS: main=100, sub=513
12-15 14:05:55.831 9652 9707 D jswrapper: JS: 收到框架消息::513
12-15 14:05:55.831 9652 9707 D jswrapper: JS: [object Object]
12-15 14:05:55.831 9652 9707 D jswrapper: JS: main=100, sub=513
12-15 14:05:55.831 9652 9707 D jswrapper: JS: 收到框架消息::513
12-15 14:05:55.831 9652 9707 D jswrapper: JS: [object Object]
12-15 14:05:55.832 9652 9707 D jswrapper: JS: main=100, sub=513
12-15 14:05:55.832 9652 9707 D jswrapper: JS: 收到框架消息::513
12-15 14:05:55.832 9652 9707 D jswrapper: JS: [object Object]
12-15 14:05:55.832 9652 9707 D jswrapper: JS: main=100, sub=513
12-15 14:05:55.833 9652 9707 D jswrapper: JS: 收到框架消息::513
12-15 14:05:55.833 9652 9707 D jswrapper: JS: [object Object]
12-15 14:05:55.833 9652 9707 D jswrapper: JS: main=100, sub=513
12-15 14:05:55.833 9652 9707 D jswrapper: JS: 收到框架消息::513
12-15 14:05:55.833 9652 9707 D jswrapper: JS: [object Object]
12-15 14:05:55.834 9652 9707 D jswrapper: JS: main=100, sub=513
12-15 14:05:55.834 9652 9707 D jswrapper: JS: 收到框架消息::513
12-15 14:05:55.834 9652 9707 D jswrapper: JS: [object Object]
12-15 14:05:55.834 9652 9707 D jswrapper: JS: main=100, sub=513
12-15 14:05:55.834 9652 9707 D jswrapper: JS: 收到框架消息::513
12-15 14:05:55.834 9652 9707 D jswrapper: JS: [object Object]
12-15 14:05:55.835 9652 9707 D jswrapper: JS: main=100, sub=513
12-15 14:05:55.835 9652 9707 D jswrapper: JS: 收到框架消息::513
12-15 14:05:55.835 9652 9707 D jswrapper: JS: [object Object]
12-15 14:05:55.835 9652 9707 D jswrapper: JS: main=100, sub=513
12-15 14:05:55.835 9652 9707 D jswrapper: JS: 收到框架消息::513
12-15 14:05:55.836 9652 9707 D jswrapper: JS: [object Object]
12-15 14:05:56.275 9652 9707 D jswrapper: JS: showGameEnd
12-15 14:05:56.279 9652 9707 D jswrapper: JS: delayStartNextRoll
12-15 14:05:56.658 9652 9652 I ViewRootImpl@c90193f[AppActivity]: ViewPostIme
pointer 0
12-15 14:05:56.757 9652 9652 I ViewRootImpl@c90193f[AppActivity]: ViewPostIme
pointer 1
12-15 14:05:56.803 9652 9707 D jswrapper: JS: SendSocketData main:200 sub:113
12-15 14:05:56.854 9652 9707 D jswrapper: JS: main=3, sub=101
12-15 14:05:56.854 9652 9707 D jswrapper: JS: GameBase onEventUserScore 用户积分
12-15 14:05:56.854 9652 9707 D jswrapper: JS: main=200, sub=149
12-15 14:05:56.855 9652 9707 D jswrapper: JS: SGLB::结果
12-15 14:05:56.855 9652 9707 D jswrapper: JS: [object Object]
12-15 14:05:56.855 9652 9707 D jswrapper: JS: setRollDatas
12-15 14:05:57.399 9652 9707 D jswrapper: JS: openPrizes2
12-15 14:05:57.411 9652 9707 D jswrapper: JS: [object Object],[object Object],
[object Object],[object Object],[object Object],[object Object],[object Object],
[object Object]
12-15 14:05:57.411 9652 9707 D jswrapper: JS: [object Object]
12-15 14:05:59.721 9652 9707 D jswrapper: JS: [object Object],[object Object],
[object Object],[object Object],[object Object],[object Object],[object Object],
[object Object],[object Object],[object Object],[object Object],[object Object],
[object Object],[object Object],[object Object],[object Object],[object Object],
[object Object],[object Object],[object Object],[object Object],[object Object],
[object Object],[object Object],[object Object],[object Object],[object Object],
[object Object],[object Object],[object Object]
12-15 14:05:59.722 9652 9707 D jswrapper: JS:
1,2,4,0,3,0,1,2,3,4,2,0,1,3,4,0,1,2,3,4,1,0,2,3,4,2,0,1,3,4
12-15 14:05:59.722 9652 9707 D jswrapper: JS: 3,6,9,10,12,14,17,24
12-15 14:05:59.723 9652 9707 D jswrapper: JS: 2,8,0,9,5,2,6,9
12-15 14:06:00.066 9652 9707 D jswrapper: JS: main=200, sub=152
12-15 14:06:00.066 9652 9707 D jswrapper: JS: JACKPOT
12-15 14:06:00.066 9652 9707 D jswrapper: JS: JACKPOT:{"lJackPot":11138}
12-15 14:06:00.363 9652 9707 D jswrapper: JS: main=200, sub=152
12-15 14:06:00.364 9652 9707 D jswrapper: JS: JACKPOT
12-15 14:06:00.364 9652 9707 D jswrapper: JS: JACKPOT:{"lJackPot":11167}
12-15 14:06:00.899 9652 9707 D jswrapper: JS: winTimes:0.25
12-15 14:06:00.899 9652 9707 D jswrapper: JS: showGameEnd
12-15 14:06:00.899 9652 9707 D jswrapper: JS: delayStartNextRoll
12-15 14:06:00.961 9652 9707 D jswrapper: JS: main=200, sub=152
12-15 14:06:00.961 9652 9707 D jswrapper: JS: JACKPOT
12-15 14:06:00.961 9652 9707 D jswrapper: JS: JACKPOT:{"lJackPot":11208}
12-15 14:06:02.002 9652 9652 I ViewRootImpl@c90193f[AppActivity]: ViewPostIme
pointer 0
12-15 14:06:02.092 9652 9652 I ViewRootImpl@c90193f[AppActivity]: ViewPostIme
pointer 1
12-15 14:06:02.142 9652 9707 D jswrapper: JS: SendSocketData main:200 sub:113
12-15 14:06:02.167 9652 9707 D jswrapper: JS: main=200, sub=152
12-15 14:06:02.168 9652 9707 D jswrapper: JS: JACKPOT
12-15 14:06:02.168 9652 9707 D jswrapper: JS: JACKPOT:{"lJackPot":11235}
12-15 14:06:02.192 9652 9707 D jswrapper: JS: main=3, sub=101
12-15 14:06:02.192 9652 9707 D jswrapper: JS: GameBase onEventUserScore 用户积分
12-15 14:06:02.192 9652 9707 D jswrapper: JS: main=200, sub=149
12-15 14:06:02.193 9652 9707 D jswrapper: JS: SGLB::结果
12-15 14:06:02.193 9652 9707 D jswrapper: JS: [object Object]
12-15 14:06:02.193 9652 9707 D jswrapper: JS: setRollDatas
12-15 14:06:02.193 9652 9707 D jswrapper: JS: main=3, sub=102
12-15 14:06:02.193 9652 9707 D jswrapper: JS:
OnSocketSubUserStatus::dwUserID::2727209
12-15 14:06:02.194 9652 9707 D jswrapper: JS: OnSocketSubUserStatus::UserStatus::
{"wTableID":8,"wChairID":0,"cbUserStatus":5}
12-15 14:06:02.194 9652 9707 D jswrapper: JS: UpdateUserItemStatus::以往数据::
{"wTableID":8,"wChairID":0,"cbUserStatus":2}
12-15 14:06:02.194 9652 9707 D jswrapper: JS: GameBase onEventUserStatus 用户状态
12-15 14:06:02.194 9652 9707 D jswrapper: JS: main=100, sub=401
12-15 14:06:02.194 9652 9707 D jswrapper: JS: 收到框架消息::401
12-15 14:06:02.194 9652 9707 D jswrapper: JS: 收到唯一对局码: (2111008167112395777)
12-15 14:06:02.195 9652 9707 D jswrapper: JS: main=3, sub=101
12-15 14:06:02.195 9652 9707 D jswrapper: JS: GameBase onEventUserScore 用户积分
12-15 14:06:02.195 9652 9707 D jswrapper: JS: main=3, sub=102
12-15 14:06:02.195 9652 9707 D jswrapper: JS:
OnSocketSubUserStatus::dwUserID::2727209
12-15 14:06:02.195 9652 9707 D jswrapper: JS: OnSocketSubUserStatus::UserStatus::
{"wTableID":8,"wChairID":0,"cbUserStatus":2}
12-15 14:06:02.195 9652 9707 D jswrapper: JS: UpdateUserItemStatus::以往数据::
{"wTableID":8,"wChairID":0,"cbUserStatus":5}
12-15 14:06:02.195 9652 9707 D jswrapper: JS: GameBase onEventUserStatus 用户状态
12-15 14:06:02.739 9652 9707 D jswrapper: JS: openPrizes2
12-15 14:06:02.747 9652 9707 D jswrapper: JS: [object Object],[object Object],
[object Object],[object Object],[object Object],[object Object],[object Object],
[object Object]
12-15 14:06:02.748 9652 9707 D jswrapper: JS: [object Object]
12-15 14:06:04.659 9652 9707 D jswrapper: JS: main=200, sub=152
12-15 14:06:04.659 9652 9707 D jswrapper: JS: JACKPOT
12-15 14:06:04.659 9652 9707 D jswrapper: JS: JACKPOT:{"lJackPot":11462}
12-15 14:06:05.063 9652 9707 D jswrapper: JS: main=200, sub=152
12-15 14:06:05.063 9652 9707 D jswrapper: JS: JACKPOT
12-15 14:06:05.064 9652 9707 D jswrapper: JS: JACKPOT:{"lJackPot":11464}
12-15 14:06:05.066 9652 9707 D jswrapper: JS: [object Object],[object Object],
[object Object],[object Object],[object Object],[object Object],[object Object],
[object Object],[object Object],[object Object],[object Object],[object Object],
[object Object],[object Object],[object Object],[object Object],[object Object],
[object Object],[object Object],[object Object],[object Object],[object Object],
[object Object],[object Object],[object Object],[object Object],[object Object],
[object Object],[object Object],[object Object]
12-15 14:06:05.066 9652 9707 D jswrapper: JS:
2,0,1,3,4,0,3,4,1,2,0,1,2,3,4,2,0,1,3,4,0,4,1,2,3,0,1,2,3,4
12-15 14:06:05.067 9652 9707 D jswrapper: JS: 1,2,4,12,15,19,25,28
12-15 14:06:05.067 9652 9707 D jswrapper: JS: 0,9,9,9,1,5,0,2
12-15 14:06:05.271 9652 9707 D jswrapper: JS: [object Object],[object Object],
[object Object],[object Object],[object Object],[object Object],[object Object],
[object Object]
12-15 14:06:05.272 9652 9707 D jswrapper: JS: [object Object]
12-15 14:06:06.908 9652 9707 D jswrapper: JS: main=200, sub=152
12-15 14:06:06.908 9652 9707 D jswrapper: JS: JACKPOT
12-15 14:06:06.908 9652 9707 D jswrapper: JS: JACKPOT:{"lJackPot":11486}
12-15 14:06:07.581 9652 9707 D jswrapper: JS: [object Object],[object Object],
[object Object],[object Object],[object Object],[object Object],[object Object],
[object Object],[object Object],[object Object],[object Object],[object Object],
[object Object],[object Object],[object Object],[object Object],[object Object],
[object Object],[object Object],[object Object],[object Object],[object Object],
[object Object],[object Object],[object Object],[object Object],[object Object],
[object Object],[object Object],[object Object]
12-15 14:06:07.583 9652 9707 D jswrapper: JS:
3,2,0,1,4,0,4,3,1,2,4,0,1,2,3,0,3,2,1,4,2,3,0,4,1,0,1,2,3,4
12-15 14:06:07.584 9652 9707 D jswrapper: JS: 1,3,16,18,21,22,25,26
12-15 14:06:07.584 9652 9707 D jswrapper: JS: 3,8,7,5,2,7,2,4
12-15 14:06:08.756 9652 9707 D jswrapper: JS: winTimes:0.65
12-15 14:06:08.756 9652 9707 D jswrapper: JS: showGameEnd
12-15 14:06:08.756 9652 9707 D jswrapper: JS: delayStartNextRoll
12-15 14:06:08.966 9652 9707 D jswrapper: JS: main=200, sub=152
12-15 14:06:08.966 9652 9707 D jswrapper: JS: JACKPOT
12-15 14:06:08.967 9652 9707 D jswrapper: JS: JACKPOT:{"lJackPot":11574}
12-15 14:06:09.144 9652 9652 I ViewRootImpl@c90193f[AppActivity]: ViewPostIme
pointer 0
12-15 14:06:09.258 9652 9652 I ViewRootImpl@c90193f[AppActivity]: ViewPostIme
pointer 1
12-15 14:06:09.297 9652 9707 D jswrapper: JS: SendSocketData main:200 sub:113
12-15 14:06:09.348 9652 9707 D jswrapper: JS: main=3, sub=101
12-15 14:06:09.348 9652 9707 D jswrapper: JS: GameBase onEventUserScore 用户积分
12-15 14:06:09.348 9652 9707 D jswrapper: JS: main=200, sub=149
12-15 14:06:09.349 9652 9707 D jswrapper: JS: SGLB::结果
12-15 14:06:09.349 9652 9707 D jswrapper: JS: [object Object]
12-15 14:06:09.349 9652 9707 D jswrapper: JS: setRollDatas
12-15 14:06:09.893 9652 9707 D jswrapper: JS: openPrizes2
12-15 14:06:09.966 9652 9707 D jswrapper: JS: main=200, sub=152
12-15 14:06:09.966 9652 9707 D jswrapper: JS: JACKPOT
12-15 14:06:09.967 9652 9707 D jswrapper: JS: JACKPOT:{"lJackPot":11717}
12-15 14:06:10.776 9652 9652 I ViewRootImpl@c90193f[AppActivity]: ViewPostIme
pointer 0
12-15 14:06:10.853 9652 9707 D jswrapper: JS: showGameEnd
12-15 14:06:10.853 9652 9707 D jswrapper: JS: delayStartNextRoll
12-15 14:06:10.882 9652 9652 I ViewRootImpl@c90193f[AppActivity]: ViewPostIme
pointer 1
12-15 14:06:11.404 9652 9707 D jswrapper: JS: main=200, sub=152
12-15 14:06:11.404 9652 9707 D jswrapper: JS: JACKPOT
12-15 14:06:11.404 9652 9707 D jswrapper: JS: JACKPOT:{"lJackPot":11745}
12-15 14:06:11.405 9652 9707 D jswrapper: JS: main=200, sub=152
12-15 14:06:11.405 9652 9707 D jswrapper: JS: JACKPOT
12-15 14:06:11.405 9652 9707 D jswrapper: JS: JACKPOT:{"lJackPot":11754}
12-15 14:06:11.749 9652 9652 I ViewRootImpl@c90193f[AppActivity]: ViewPostIme
pointer 0
12-15 14:06:11.855 9652 9652 I ViewRootImpl@c90193f[AppActivity]: ViewPostIme
pointer 1
12-15 14:06:11.891 9652 9707 D jswrapper: JS: SendSocketData main:200 sub:113
12-15 14:06:11.944 9652 9707 D jswrapper: JS: main=3, sub=101
12-15 14:06:11.944 9652 9707 D jswrapper: JS: GameBase onEventUserScore 用户积分
12-15 14:06:11.945 9652 9707 D jswrapper: JS: main=200, sub=149
12-15 14:06:11.945 9652 9707 D jswrapper: JS: SGLB::结果
12-15 14:06:11.945 9652 9707 D jswrapper: JS: [object Object]
12-15 14:06:11.945 9652 9707 D jswrapper: JS: setRollDatas
12-15 14:06:11.945 9652 9707 D jswrapper: JS: main=200, sub=152
12-15 14:06:11.945 9652 9707 D jswrapper: JS: JACKPOT
12-15 14:06:11.945 9652 9707 D jswrapper: JS: JACKPOT:{"lJackPot":11768}
12-15 14:06:12.362 9652 9707 D jswrapper: JS: main=200, sub=152
12-15 14:06:12.363 9652 9707 D jswrapper: JS: JACKPOT
12-15 14:06:12.363 9652 9707 D jswrapper: JS: JACKPOT:{"lJackPot":11828}
12-15 14:06:12.487 9652 9707 D jswrapper: JS: openPrizes2
12-15 14:06:12.494 9652 9707 D jswrapper: JS: [object Object],[object Object],
[object Object],[object Object],[object Object],[object Object],[object Object],
[object Object],[object Object]
12-15 14:06:12.495 9652 9707 D jswrapper: JS: [object Object]
12-15 14:06:14.804 9652 9707 D jswrapper: JS: [object Object],[object Object],
[object Object],[object Object],[object Object],[object Object],[object Object],
[object Object],[object Object],[object Object],[object Object],[object Object],
[object Object],[object Object],[object Object],[object Object],[object Object],
[object Object],[object Object],[object Object],[object Object],[object Object],
[object Object],[object Object],[object Object],[object Object],[object Object],
[object Object],[object Object],[object Object]
12-15 14:06:14.805 9652 9707 D jswrapper: JS:
0,1,3,2,4,0,1,2,3,4,3,0,1,2,4,2,4,0,1,3,2,4,0,1,3,2,0,1,3,4
12-15 14:06:14.805 9652 9707 D jswrapper: JS: 0,6,15,16,17,18,20,27,28
12-15 14:06:14.805 9652 9707 D jswrapper: JS: 1,0,2,0,2,0,8,9,9
12-15 14:06:15.011 9652 9707 D jswrapper: JS: [object Object],[object Object],
[object Object],[object Object],[object Object],[object Object],[object Object],
[object Object],[object Object],[object Object],[object Object],[object Object],
[object Object]
12-15 14:06:15.012 9652 9707 D jswrapper: JS: [object Object],[object Object]
12-15 14:06:17.325 9652 9707 D debug info: Fail to play
assets/OLYMPUS/assets/native/2c/2ccb6473-2f91-440b-8cb1-7dd05db49996.mp3 cause by
limited max instance of AudioEngine
12-15 14:06:17.325 9652 9707 D debug info: Fail to play
assets/OLYMPUS/assets/native/2c/2ccb6473-2f91-440b-8cb1-7dd05db49996.mp3 cause by
limited max instance of AudioEngine
12-15 14:06:17.825 9652 9707 D jswrapper: JS: [object Object],[object Object],
[object Object],[object Object],[object Object],[object Object],[object Object],
[object Object],[object Object],[object Object],[object Object],[object Object],
[object Object],[object Object],[object Object],[object Object],[object Object],
[object Object],[object Object],[object Object],[object Object],[object Object],
[object Object],[object Object],[object Object],[object Object],[object Object],
[object Object],[object Object],[object Object]
12-15 14:06:17.826 9652 9707 D jswrapper: JS:
4,0,1,3,2,0,1,2,3,4,2,3,0,1,4,2,4,3,0,1,4,3,2,0,1,2,0,3,4,1
12-15 14:06:17.826 9652 9707 D jswrapper: JS: 1,5,7,14,15,17,21,22,23,24,27,28,29
12-15 14:06:17.826 9652 9707 D jswrapper: JS: 8,3,9,9,5,1,7,2,2,0,1,3,1
12-15 14:06:18.892 9652 9707 D jswrapper: JS: main=200, sub=152
12-15 14:06:18.892 9652 9707 D jswrapper: JS: JACKPOT
12-15 14:06:18.892 9652 9707 D jswrapper: JS: JACKPOT:{"lJackPot":12167}
12-15 14:06:19.032 9652 9707 D jswrapper: JS: winTimes:3.75
12-15 14:06:19.034 9652 9707 D jswrapper: JS: showGameEnd
12-15 14:06:19.603 9652 9707 D jswrapper: JS: main=200, sub=152
12-15 14:06:19.603 9652 9707 D jswrapper: JS: JACKPOT
12-15 14:06:19.603 9652 9707 D jswrapper: JS: JACKPOT:{"lJackPot":12269}
12-15 14:06:19.653 9652 9707 D jswrapper: JS: main=200, sub=152
12-15 14:06:19.654 9652 9707 D jswrapper: JS: JACKPOT
12-15 14:06:19.654 9652 9707 D jswrapper: JS: JACKPOT:{"lJackPot":12279}
12-15 14:06:20.532 9652 9652 I ViewRootImpl@c90193f[AppActivity]: ViewPostIme
pointer 0
12-15 14:06:20.646 9652 9652 I ViewRootImpl@c90193f[AppActivity]: ViewPostIme
pointer 1
12-15 14:06:20.690 9652 9707 D jswrapper: JS: SendSocketData main:200 sub:113
12-15 14:06:20.741 9652 9707 D jswrapper: JS: main=3, sub=101
12-15 14:06:20.741 9652 9707 D jswrapper: JS: GameBase onEventUserScore 用户积分
12-15 14:06:20.742 9652 9707 D jswrapper: JS: main=200, sub=149
12-15 14:06:20.742 9652 9707 D jswrapper: JS: SGLB::结果
12-15 14:06:20.742 9652 9707 D jswrapper: JS: [object Object]
12-15 14:06:20.742 9652 9707 D jswrapper: JS: setRollDatas
12-15 14:06:21.286 9652 9707 D jswrapper: JS: openPrizes2
12-15 14:06:21.293 9652 9707 D jswrapper: JS: [object Object],[object Object],
[object Object],[object Object],[object Object],[object Object],[object Object],
[object Object]
12-15 14:06:21.293 9652 9707 D jswrapper: JS: [object Object]
12-15 14:06:23.599 9652 9707 D jswrapper: JS: [object Object],[object Object],
[object Object],[object Object],[object Object],[object Object],[object Object],
[object Object],[object Object],[object Object],[object Object],[object Object],
[object Object],[object Object],[object Object],[object Object],[object Object],
[object Object],[object Object],[object Object],[object Object],[object Object],
[object Object],[object Object],[object Object],[object Object],[object Object],
[object Object],[object Object],[object Object]
12-15 14:06:23.600 9652 9707 D jswrapper: JS:
0,1,2,3,4,1,2,4,0,3,0,1,2,3,4,0,2,3,1,4,0,2,1,3,4,0,1,2,3,4
12-15 14:06:23.600 9652 9707 D jswrapper: JS: 3,4,7,13,15,16,21,25
12-15 14:06:23.600 9652 9707 D jswrapper: JS: 0,1,1,5,3,0,0,5
12-15 14:06:23.800 9652 9707 D jswrapper: JS: [object Object],[object Object],
[object Object],[object Object],[object Object],[object Object],[object Object],
[object Object],[object Object]
12-15 14:06:23.801 9652 9707 D jswrapper: JS: [object Object]
12-15 14:06:26.116 9652 9707 D jswrapper: JS: [object Object],[object Object],
[object Object],[object Object],[object Object],[object Object],[object Object],
[object Object],[object Object],[object Object],[object Object],[object Object],
[object Object],[object Object],[object Object],[object Object],[object Object],
[object Object],[object Object],[object Object],[object Object],[object Object],
[object Object],[object Object],[object Object],[object Object],[object Object],
[object Object],[object Object],[object Object]
12-15 14:06:26.117 9652 9707 D jswrapper: JS:
1,4,0,2,3,1,2,4,0,3,0,1,2,3,4,0,3,2,1,4,2,4,0,1,3,0,1,2,3,4
12-15 14:06:26.118 9652 9707 D jswrapper: JS: 2,3,5,6,11,16,21,24,28
12-15 14:06:26.118 9652 9707 D jswrapper: JS: 11,8,2,1,0,2,4,1,0
12-15 14:06:26.327 9652 9707 D jswrapper: JS: [object Object],[object Object],
[object Object],[object Object],[object Object],[object Object],[object Object],
[object Object]
12-15 14:06:26.327 9652 9707 D jswrapper: JS: [object Object]
12-15 14:06:26.473 9652 9707 D jswrapper: JS: main=200, sub=152
12-15 14:06:26.473 9652 9707 D jswrapper: JS: JACKPOT
12-15 14:06:26.473 9652 9707 D jswrapper: JS: JACKPOT:{"lJackPot":12579}
12-15 14:06:27.493 9652 9707 D jswrapper: JS: main=200, sub=152
12-15 14:06:27.493 9652 9707 D jswrapper: JS: JACKPOT
12-15 14:06:27.493 9652 9707 D jswrapper: JS: JACKPOT:{"lJackPot":12620}
12-15 14:06:28.623 9652 9707 D jswrapper: JS: [object Object],[object Object],
[object Object],[object Object],[object Object],[object Object],[object Object],
[object Object],[object Object],[object Object],[object Object],[object Object],
[object Object],[object Object],[object Object],[object Object],[object Object],
[object Object],[object Object],[object Object],[object Object],[object Object],
[object Object],[object Object],[object Object],[object Object],[object Object],
[object Object],[object Object],[object Object]
12-15 14:06:28.624 9652 9707 D jswrapper: JS:
1,4,3,0,2,1,2,4,0,3,4,0,1,2,3,0,3,2,1,4,0,1,2,4,3,2,0,1,3,4
12-15 14:06:28.624 9652 9707 D jswrapper: JS: 4,6,7,10,17,18,24,26
12-15 14:06:28.624 9652 9707 D jswrapper: JS: 1,11,9,1,11,2,2,4
12-15 14:06:29.819 9652 9707 D jswrapper: JS: winTimes:1.15
12-15 14:06:29.819 9652 9707 D jswrapper: JS: showGameEnd
12-15 14:06:29.819 9652 9707 D jswrapper: JS: delayStartNextRoll
12-15 14:06:30.966 9652 9707 D jswrapper: JS: main=200, sub=152
12-15 14:06:30.966 9652 9707 D jswrapper: JS: JACKPOT
12-15 14:06:30.966 9652 9707 D jswrapper: JS: JACKPOT:{"lJackPot":12862}
12-15 14:06:31.204 9652 9652 I ViewRootImpl@c90193f[AppActivity]: ViewPostIme
pointer 0
12-15 14:06:31.276 9652 9652 I ViewRootImpl@c90193f[AppActivity]: ViewPostIme
pointer 1
