[object Object],[object Object],[object Object],[object Object],[object Object],
[object Object],[object Object],[object Object],[object Object],[object Object],
[object Object],[object Object],[object Object]
12-15 13:47:32.749 9652 9707 D jswrapper: JS:
2,4,0,1,3,0,1,3,2,4,1,2,3,4,0,4,1,3,0,2,3,0,1,2,4,2,0,3,4,1
12-15 13:47:32.749 9652 9707 D jswrapper: JS: 1,4,5,8,12,17,22,24,27
12-15 13:47:32.749 9652 9707 D jswrapper: JS: 4,9,6,0,2,1,2,0,9
12-15 13:47:33.929 9652 9707 D jswrapper: JS: winTimes:1.95
12-15 13:47:33.929 9652 9707 D jswrapper: JS: showGameEnd
12-15 13:47:33.929 9652 9707 D jswrapper: JS: delayStartNextRoll
12-15 13:47:35.082 9652 9652 I ViewRootImpl@c90193f[AppActivity]: ViewPostIme
pointer 0
12-15 13:47:35.205 9652 9652 I ViewRootImpl@c90193f[AppActivity]: ViewPostIme
pointer 1
12-15 13:47:35.228 9652 9707 D jswrapper: JS: SendSocketData main:200 sub:113
12-15 13:47:35.279 9652 9707 D jswrapper: JS: main=3, sub=101
12-15 13:47:35.280 9652 9707 D jswrapper: JS: GameBase onEventUserScore 用户积分
12-15 13:47:35.280 9652 9707 D jswrapper: JS: main=200, sub=149
12-15 13:47:35.280 9652 9707 D jswrapper: JS: SGLB::结果
12-15 13:47:35.280 9652 9707 D jswrapper: JS: [object Object]
12-15 13:47:35.280 9652 9707 D jswrapper: JS: setRollDatas
12-15 13:47:35.823 9652 9707 D jswrapper: JS: openPrizes2
12-15 13:47:35.833 9652 9707 D jswrapper: JS: [object Object],[object Object],
[object Object],[object Object],[object Object],[object Object],[object Object],
[object Object],[object Object],[object Object]
12-15 13:47:35.833 9652 9707 D jswrapper: JS: [object Object]
12-15 13:47:37.173 9652 9707 D jswrapper: JS: main=200, sub=152
12-15 13:47:37.173 9652 9707 D jswrapper: JS: JACKPOT
12-15 13:47:37.173 9652 9707 D jswrapper: JS: JACKPOT:{"lJackPot":11739}
12-15 13:47:37.699 9652 9707 D jswrapper: JS: main=200, sub=152
12-15 13:47:37.699 9652 9707 D jswrapper: JS: JACKPOT
12-15 13:47:37.700 9652 9707 D jswrapper: JS: JACKPOT:{"lJackPot":11819}
12-15 13:47:37.748 9652 9707 D debug info: Fail to play
assets/OLYMPUS/assets/native/2c/2ccb6473-2f91-440b-8cb1-7dd05db49996.mp3 cause by
limited max instance of AudioEngine
12-15 13:47:38.444 9652 9707 D jswrapper: JS: [object Object],[object Object],
[object Object],[object Object],[object Object],[object Object],[object Object],
[object Object],[object Object],[object Object],[object Object],[object Object],
[object Object],[object Object],[object Object],[object Object],[object Object],
[object Object],[object Object],[object Object],[object Object],[object Object],
[object Object],[object Object],[object Object],[object Object],[object Object],
[object Object],[object Object],[object Object]
12-15 13:47:38.444 9652 9707 D jswrapper: JS:
2,3,0,1,4,4,0,1,2,3,2,3,4,0,1,0,1,2,3,4,2,4,0,1,3,2,3,0,1,4
12-15 13:47:38.444 9652 9707 D jswrapper: JS: 12,14,16,17,18,20,23,25,26,28
12-15 13:47:38.444 9652 9707 D jswrapper: JS: 7,4,0,2,6,0,3,1,1,1
12-15 13:47:39.158 9652 9707 D jswrapper: JS: main=200, sub=152
12-15 13:47:39.158 9652 9707 D jswrapper: JS: JACKPOT
12-15 13:47:39.158 9652 9707 D jswrapper: JS: JACKPOT:{"lJackPot":12297}
12-15 13:47:41.834 9652 9707 D jswrapper: JS: winTimes:0.5
12-15 13:47:41.835 9652 9707 D jswrapper: JS: showGameEnd
12-15 13:47:41.835 9652 9707 D jswrapper: JS: delayStartNextRoll
12-15 13:47:41.995 9652 9707 D jswrapper: JS: main=200, sub=152
12-15 13:47:41.996 9652 9707 D jswrapper: JS: JACKPOT
12-15 13:47:41.996 9652 9707 D jswrapper: JS: JACKPOT:{"lJackPot":12447}
12-15 13:47:42.992 9652 9652 I ViewRootImpl@c90193f[AppActivity]: ViewPostIme
pointer 0
12-15 13:47:43.148 9652 9652 I ViewRootImpl@c90193f[AppActivity]: ViewPostIme
pointer 1
12-15 13:47:43.193 9652 9707 D jswrapper: JS: SendSocketData main:200 sub:113
12-15 13:47:43.243 9652 9707 D jswrapper: JS: main=3, sub=101
12-15 13:47:43.243 9652 9707 D jswrapper: JS: GameBase onEventUserScore 用户积分
12-15 13:47:43.243 9652 9707 D jswrapper: JS: main=200, sub=149
12-15 13:47:43.244 9652 9707 D jswrapper: JS: SGLB::结果
12-15 13:47:43.244 9652 9707 D jswrapper: JS: [object Object]
12-15 13:47:43.244 9652 9707 D jswrapper: JS: setRollDatas
12-15 13:47:43.784 9652 9707 D jswrapper: JS: openPrizes2
12-15 13:47:44.793 9652 9707 D jswrapper: JS: showGameEnd
12-15 13:47:44.793 9652 9707 D jswrapper: JS: delayStartNextRoll
12-15 13:47:46.481 9652 9652 I ViewRootImpl@c90193f[AppActivity]: ViewPostIme
pointer 0
12-15 13:47:46.620 9652 9652 I ViewRootImpl@c90193f[AppActivity]: ViewPostIme
pointer 1
12-15 13:47:46.673 9652 9707 D jswrapper: JS: SendSocketData main:200 sub:113
12-15 13:47:46.707 9652 9707 D jswrapper: JS: main=3, sub=101
12-15 13:47:46.708 9652 9707 D jswrapper: JS: GameBase onEventUserScore 用户积分
12-15 13:47:46.732 9652 9707 D jswrapper: JS: main=200, sub=149
12-15 13:47:46.733 9652 9707 D jswrapper: JS: SGLB::结果
12-15 13:47:46.733 9652 9707 D jswrapper: JS: [object Object]
12-15 13:47:46.733 9652 9707 D jswrapper: JS: setRollDatas
12-15 13:47:46.733 9652 9707 D jswrapper: JS: main=200, sub=152
12-15 13:47:46.734 9652 9707 D jswrapper: JS: JACKPOT
12-15 13:47:46.734 9652 9707 D jswrapper: JS: JACKPOT:{"lJackPot":12818}
12-15 13:47:47.273 9652 9707 D jswrapper: JS: openPrizes2
12-15 13:47:47.283 9652 9707 D jswrapper: JS: [object Object],[object Object],
[object Object],[object Object],[object Object],[object Object],[object Object],
[object Object],[object Object],[object Object],[object Object],[object Object],
[object Object]
12-15 13:47:47.283 9652 9707 D jswrapper: JS: [object Object],[object Object]
12-15 13:47:49.601 9652 9707 D debug info: Fail to play
assets/OLYMPUS/assets/native/2c/2ccb6473-2f91-440b-8cb1-7dd05db49996.mp3 cause by
limited max instance of AudioEngine
12-15 13:47:49.601 9652 9707 D debug info: Fail to play
assets/OLYMPUS/assets/native/2c/2ccb6473-2f91-440b-8cb1-7dd05db49996.mp3 cause by
limited max instance of AudioEngine
12-15 13:47:50.080 9652 9707 D jswrapper: JS: [object Object],[object Object],
[object Object],[object Object],[object Object],[object Object],[object Object],
[object Object],[object Object],[object Object],[object Object],[object Object],
[object Object],[object Object],[object Object],[object Object],[object Object],
[object Object],[object Object],[object Object],[object Object],[object Object],
[object Object],[object Object],[object Object],[object Object],[object Object],
[object Object],[object Object],[object Object]
12-15 13:47:50.081 9652 9707 D jswrapper: JS:
1,2,0,3,4,0,1,3,2,4,3,0,1,2,4,0,2,1,3,4,0,1,2,3,4,0,1,2,3,4
12-15 13:47:50.081 9652 9707 D jswrapper: JS: 1,3,5,6,7,11,12,15,17,19,20,23,29
12-15 13:47:50.082 9652 9707 D jswrapper: JS: 4,6,4,11,4,0,3,2,1,1,6,11,2
12-15 13:47:51.263 9652 9707 D jswrapper: JS: winTimes:3.4
12-15 13:47:51.267 9652 9707 D jswrapper: JS: showGameEnd
12-15 13:47:51.467 9652 9652 I ViewRootImpl@c90193f[AppActivity]: ViewPostIme
pointer 0
12-15 13:47:51.591 9652 9652 I ViewRootImpl@c90193f[AppActivity]: ViewPostIme
pointer 1
12-15 13:47:51.717 9652 9707 D jswrapper: JS: main=200, sub=152
12-15 13:47:51.717 9652 9707 D jswrapper: JS: JACKPOT
12-15 13:47:51.717 9652 9707 D jswrapper: JS: JACKPOT:{"lJackPot":13060}
12-15 13:47:52.237 9652 9707 D jswrapper: JS: main=200, sub=152
12-15 13:47:52.237 9652 9707 D jswrapper: JS: JACKPOT
12-15 13:47:52.237 9652 9707 D jswrapper: JS: JACKPOT:{"lJackPot":13080}
12-15 13:47:52.238 9652 9707 D jswrapper: JS: main=200, sub=152
12-15 13:47:52.238 9652 9707 D jswrapper: JS: JACKPOT
12-15 13:47:52.238 9652 9707 D jswrapper: JS: JACKPOT:{"lJackPot":13090}
12-15 13:47:52.436 9652 9707 D jswrapper: JS: main=200, sub=152
12-15 13:47:52.437 9652 9707 D jswrapper: JS: JACKPOT
12-15 13:47:52.437 9652 9707 D jswrapper: JS: JACKPOT:{"lJackPot":13093}
12-15 13:47:53.256 9652 9707 D jswrapper: JS: main=200, sub=152
12-15 13:47:53.257 9652 9707 D jswrapper: JS: JACKPOT
12-15 13:47:53.257 9652 9707 D jswrapper: JS: JACKPOT:{"lJackPot":11893}
12-15 13:47:53.558 9652 9707 D jswrapper: JS: main=200, sub=152
12-15 13:47:53.558 9652 9707 D jswrapper: JS: JACKPOT
12-15 13:47:53.558 9652 9707 D jswrapper: JS: JACKPOT:{"lJackPot":11911}
12-15 13:47:53.858 9652 9652 I ViewRootImpl@c90193f[AppActivity]: ViewPostIme
pointer 0
12-15 13:47:53.980 9652 9652 I ViewRootImpl@c90193f[AppActivity]: ViewPostIme
pointer 1
12-15 13:47:54.020 9652 9707 D jswrapper: JS: SendSocketData main:200 sub:113
12-15 13:47:54.072 9652 9707 D jswrapper: JS: main=3, sub=101
12-15 13:47:54.072 9652 9707 D jswrapper: JS: GameBase onEventUserScore 用户积分
12-15 13:47:54.073 9652 9707 D jswrapper: JS: main=200, sub=149
12-15 13:47:54.073 9652 9707 D jswrapper: JS: SGLB::结果
12-15 13:47:54.073 9652 9707 D jswrapper: JS: [object Object]
12-15 13:47:54.073 9652 9707 D jswrapper: JS: setRollDatas
12-15 13:47:54.619 9652 9707 D jswrapper: JS: openPrizes2
12-15 13:47:55.635 9652 9707 D jswrapper: JS: showGameEnd
12-15 13:47:55.635 9652 9707 D jswrapper: JS: delayStartNextRoll
12-15 13:47:56.255 9652 9707 D jswrapper: JS: main=3, sub=530
12-15 13:47:56.255 9652 9707 D jswrapper: JS: [object Object]
12-15 13:47:56.299 9652 9707 D jswrapper: JS: 512
12-15 13:47:56.299 9652 9707 D jswrapper: JS: SendSocketData main:100 sub:512
12-15 13:47:56.338 9652 9707 D jswrapper: JS: main=100, sub=513
12-15 13:47:56.339 9652 9707 D jswrapper: JS: 收到框架消息::513
12-15 13:47:56.339 9652 9707 D jswrapper: JS: [object Object]
12-15 13:47:56.368 9652 9707 D jswrapper: JS: main=100, sub=513
12-15 13:47:56.368 9652 9707 D jswrapper: JS: 收到框架消息::513
12-15 13:47:56.368 9652 9707 D jswrapper: JS: [object Object]
12-15 13:47:56.368 9652 9707 D jswrapper: JS: main=100, sub=513
12-15 13:47:56.369 9652 9707 D jswrapper: JS: 收到框架消息::513
12-15 13:47:56.369 9652 9707 D jswrapper: JS: [object Object]
12-15 13:47:56.369 9652 9707 D jswrapper: JS: main=100, sub=513
12-15 13:47:56.370 9652 9707 D jswrapper: JS: 收到框架消息::513
12-15 13:47:56.370 9652 9707 D jswrapper: JS: [object Object]
12-15 13:47:56.370 9652 9707 D jswrapper: JS: main=100, sub=513
12-15 13:47:56.370 9652 9707 D jswrapper: JS: 收到框架消息::513
12-15 13:47:56.370 9652 9707 D jswrapper: JS: [object Object]
12-15 13:47:56.371 9652 9707 D jswrapper: JS: main=100, sub=513
12-15 13:47:56.371 9652 9707 D jswrapper: JS: 收到框架消息::513
12-15 13:47:56.371 9652 9707 D jswrapper: JS: [object Object]
12-15 13:47:56.371 9652 9707 D jswrapper: JS: main=100, sub=513
12-15 13:47:56.371 9652 9707 D jswrapper: JS: 收到框架消息::513
12-15 13:47:56.372 9652 9707 D jswrapper: JS: [object Object]
12-15 13:47:56.372 9652 9707 D jswrapper: JS: main=100, sub=513
12-15 13:47:56.372 9652 9707 D jswrapper: JS: 收到框架消息::513
12-15 13:47:56.372 9652 9707 D jswrapper: JS: [object Object]
12-15 13:47:56.372 9652 9707 D jswrapper: JS: main=100, sub=513
12-15 13:47:56.372 9652 9707 D jswrapper: JS: 收到框架消息::513
12-15 13:47:56.373 9652 9707 D jswrapper: JS: [object Object]
12-15 13:47:56.373 9652 9707 D jswrapper: JS: main=100, sub=513
12-15 13:47:56.375 9652 9707 D jswrapper: JS: 收到框架消息::513
12-15 13:47:56.375 9652 9707 D jswrapper: JS: [object Object]
12-15 13:47:56.541 9652 9707 D jswrapper: JS: main=200, sub=152
12-15 13:47:56.541 9652 9707 D jswrapper: JS: JACKPOT
12-15 13:47:56.541 9652 9707 D jswrapper: JS: JACKPOT:{"lJackPot":12033}
12-15 13:47:56.566 9652 9707 D jswrapper: JS: main=200, sub=152
12-15 13:47:56.566 9652 9707 D jswrapper: JS: JACKPOT
12-15 13:47:56.566 9652 9707 D jswrapper: JS: JACKPOT:{"lJackPot":12042}
12-15 13:47:57.529 9652 9652 I ViewRootImpl@c90193f[AppActivity]: ViewPostIme
pointer 0
12-15 13:47:57.660 9652 9652 I ViewRootImpl@c90193f[AppActivity]: ViewPostIme
pointer 1
12-15 13:47:58.436 9652 9652 I ViewRootImpl@c90193f[AppActivity]: ViewPostIme
pointer 0
12-15 13:47:58.559 9652 9652 I ViewRootImpl@c90193f[AppActivity]: ViewPostIme
pointer 1
12-15 13:47:58.596 9652 9707 D jswrapper: JS: SendSocketData main:200 sub:113
12-15 13:47:58.646 9652 9707 D jswrapper: JS: main=3, sub=101
12-15 13:47:58.647 9652 9707 D jswrapper: JS: GameBase onEventUserScore 用户积分
12-15 13:47:58.647 9652 9707 D jswrapper: JS: main=200, sub=149
12-15 13:47:58.648 9652 9707 D jswrapper: JS: SGLB::结果
12-15 13:47:58.648 9652 9707 D jswrapper: JS: [object Object]
12-15 13:47:58.648 9652 9707 D jswrapper: JS: setRollDatas
12-15 13:47:59.193 9652 9707 D jswrapper: JS: openPrizes2
12-15 13:47:59.201 9652 9707 D jswrapper: JS: [object Object],[object Object],
[object Object],[object Object],[object Object],[object Object],[object Object],
[object Object],[object Object],[object Object],[object Object],[object Object],
[object Object],[object Object],[object Object],[object Object],[object Object],
[object Object]
12-15 13:47:59.202 9652 9707 D jswrapper: JS: [object Object],[object Object]
12-15 13:48:00.827 9652 9707 D debug info: Fail to play
assets/OLYMPUS/assets/native/2c/2ccb6473-2f91-440b-8cb1-7dd05db49996.mp3 cause by
limited max instance of AudioEngine
12-15 13:48:00.827 9652 9707 D debug info: Fail to play
assets/OLYMPUS/assets/native/2c/2ccb6473-2f91-440b-8cb1-7dd05db49996.mp3 cause by
limited max instance of AudioEngine
12-15 13:48:00.827 9652 9707 D debug info: Fail to play
assets/OLYMPUS/assets/native/2c/2ccb6473-2f91-440b-8cb1-7dd05db49996.mp3 cause by
limited max instance of AudioEngine
12-15 13:48:00.827 9652 9707 D debug info: Fail to play
assets/OLYMPUS/assets/native/2c/2ccb6473-2f91-440b-8cb1-7dd05db49996.mp3 cause by
limited max instance of AudioEngine
12-15 13:48:00.827 9652 9707 D debug info: Fail to play
assets/OLYMPUS/assets/native/2c/2ccb6473-2f91-440b-8cb1-7dd05db49996.mp3 cause by
limited max instance of AudioEngine
12-15 13:48:00.827 9652 9707 D debug info: Fail to play
assets/OLYMPUS/assets/native/2c/2ccb6473-2f91-440b-8cb1-7dd05db49996.mp3 cause by
limited max instance of AudioEngine
12-15 13:48:00.827 9652 9707 D debug info: Fail to play
assets/OLYMPUS/assets/native/2c/2ccb6473-2f91-440b-8cb1-7dd05db49996.mp3 cause by
limited max instance of AudioEngine
12-15 13:48:01.505 9652 9707 D jswrapper: JS: [object Object],[object Object],
[object Object],[object Object],[object Object],[object Object],[object Object],
[object Object],[object Object],[object Object],[object Object],[object Object],
[object Object],[object Object],[object Object],[object Object],[object Object],
[object Object],[object Object],[object Object],[object Object],[object Object],
[object Object],[object Object],[object Object],[object Object],[object Object],
[object Object],[object Object],[object Object]
12-15 13:48:01.506 9652 9707 D jswrapper: JS:
0,1,2,4,3,0,4,1,2,3,0,1,4,2,3,0,2,4,1,3,0,2,3,1,4,0,2,3,1,4
12-15 13:48:01.506 9652 9707 D jswrapper: JS:
0,1,2,3,4,5,6,8,12,15,16,17,22,23,24,25,26,27
12-15 13:48:01.506 9652 9707 D jswrapper: JS: 3,2,1,5,6,0,0,9,1,3,1,2,5,6,1,2,9,0
12-15 13:48:02.686 9652 9707 D jswrapper: JS: winTimes:0.65
12-15 13:48:02.686 9652 9707 D jswrapper: JS: showGameEnd
12-15 13:48:02.687 9652 9707 D jswrapper: JS: delayStartNextRoll
12-15 13:48:03.174 9652 9652 I ViewRootImpl@c90193f[AppActivity]: ViewPostIme
pointer 0
12-15 13:48:03.288 9652 9652 I ViewRootImpl@c90193f[AppActivity]: ViewPostIme
pointer 1
12-15 13:48:03.332 9652 9707 D jswrapper: JS: SendSocketData main:200 sub:113
12-15 13:48:03.383 9652 9707 D jswrapper: JS: main=3, sub=101
12-15 13:48:03.383 9652 9707 D jswrapper: JS: GameBase onEventUserScore 用户积分
12-15 13:48:03.383 9652 9707 D jswrapper: JS: main=200, sub=149
12-15 13:48:03.384 9652 9707 D jswrapper: JS: SGLB::结果
12-15 13:48:03.384 9652 9707 D jswrapper: JS: [object Object]
12-15 13:48:03.384 9652 9707 D jswrapper: JS: setRollDatas
12-15 13:48:03.384 9652 9707 D jswrapper: JS: main=200, sub=152
12-15 13:48:03.384 9652 9707 D jswrapper: JS: JACKPOT
12-15 13:48:03.384 9652 9707 D jswrapper: JS: JACKPOT:{"lJackPot":11255}
12-15 13:48:03.928 9652 9707 D jswrapper: JS: openPrizes2
12-15 13:48:03.939 9652 9707 D jswrapper: JS: [object Object],[object Object],
[object Object],[object Object],[object Object],[object Object],[object Object],
[object Object]
12-15 13:48:03.939 9652 9707 D jswrapper: JS: [object Object]
12-15 13:48:05.539 9652 9707 D jswrapper: JS: main=200, sub=152
12-15 13:48:05.539 9652 9707 D jswrapper: JS: JACKPOT
12-15 13:48:05.540 9652 9707 D jswrapper: JS: JACKPOT:{"lJackPot":11399}
12-15 13:48:05.702 9652 9707 D jswrapper: JS: main=200, sub=152
12-15 13:48:05.703 9652 9707 D jswrapper: JS: JACKPOT
12-15 13:48:05.703 9652 9707 D jswrapper: JS: JACKPOT:{"lJackPot":11437}
12-15 13:48:06.246 9652 9707 D jswrapper: JS: [object Object],[object Object],
[object Object],[object Object],[object Object],[object Object],[object Object],
[object Object],[object Object],[object Object],[object Object],[object Object],
[object Object],[object Object],[object Object],[object Object],[object Object],
[object Object],[object Object],[object Object],[object Object],[object Object],
[object Object],[object Object],[object Object],[object Object],[object Object],
[object Object],[object Object],[object Object]
12-15 13:48:06.247 9652 9707 D jswrapper: JS:
0,1,2,3,4,0,1,2,3,4,2,0,1,3,4,0,1,2,3,4,4,0,1,2,3,0,1,3,2,4
12-15 13:48:06.247 9652 9707 D jswrapper: JS: 3,5,9,11,14,15,23,28
12-15 13:48:06.247 9652 9707 D jswrapper: JS: 2,0,4,9,9,9,3,0
12-15 13:48:06.345 9652 9707 D jswrapper: JS: main=3, sub=530
12-15 13:48:06.346 9652 9707 D jswrapper: JS: [object Object]
12-15 13:48:06.346 9652 9707 D jswrapper: JS: 512
12-15 13:48:06.347 9652 9707 D jswrapper: JS: SendSocketData main:100 sub:512
12-15 13:48:06.370 9652 9707 D jswrapper: JS: main=100, sub=513
12-15 13:48:06.370 9652 9707 D jswrapper: JS: 收到框架消息::513
12-15 13:48:06.371 9652 9707 D jswrapper: JS: [object Object]
12-15 13:48:06.372 9652 9707 D jswrapper: JS: main=100, sub=513
12-15 13:48:06.372 9652 9707 D jswrapper: JS: 收到框架消息::513
12-15 13:48:06.372 9652 9707 D jswrapper: JS: [object Object]
12-15 13:48:06.373 9652 9707 D jswrapper: JS: main=100, sub=513
12-15 13:48:06.373 9652 9707 D jswrapper: JS: 收到框架消息::513
12-15 13:48:06.373 9652 9707 D jswrapper: JS: [object Object]
12-15 13:48:06.373 9652 9707 D jswrapper: JS: main=100, sub=513
12-15 13:48:06.373 9652 9707 D jswrapper: JS: 收到框架消息::513
12-15 13:48:06.374 9652 9707 D jswrapper: JS: [object Object]
12-15 13:48:06.374 9652 9707 D jswrapper: JS: main=100, sub=513
12-15 13:48:06.374 9652 9707 D jswrapper: JS: 收到框架消息::513
12-15 13:48:06.374 9652 9707 D jswrapper: JS: [object Object]
12-15 13:48:06.374 9652 9707 D jswrapper: JS: main=100, sub=513
12-15 13:48:06.375 9652 9707 D jswrapper: JS: 收到框架消息::513
12-15 13:48:06.375 9652 9707 D jswrapper: JS: [object Object]
12-15 13:48:06.375 9652 9707 D jswrapper: JS: main=100, sub=513
12-15 13:48:06.375 9652 9707 D jswrapper: JS: 收到框架消息::513
12-15 13:48:06.375 9652 9707 D jswrapper: JS: [object Object]
12-15 13:48:06.376 9652 9707 D jswrapper: JS: main=100, sub=513
12-15 13:48:06.376 9652 9707 D jswrapper: JS: 收到框架消息::513
12-15 13:48:06.376 9652 9707 D jswrapper: JS: [object Object]
12-15 13:48:06.378 9652 9707 D jswrapper: JS: main=100, sub=513
12-15 13:48:06.379 9652 9707 D jswrapper: JS: 收到框架消息::513
12-15 13:48:06.379 9652 9707 D jswrapper: JS: [object Object]
12-15 13:48:06.379 9652 9707 D jswrapper: JS: main=100, sub=513
12-15 13:48:06.379 9652 9707 D jswrapper: JS: 收到框架消息::513
12-15 13:48:06.379 9652 9707 D jswrapper: JS: [object Object]
12-15 13:48:06.458 9652 9707 D jswrapper: JS: [object Object],[object Object],
[object Object],[object Object],[object Object],[object Object],[object Object],
[object Object],[object Object],[object Object],[object Object],[object Object],
[object Object]
12-15 13:48:06.458 9652 9707 D jswrapper: JS: [object Object],[object Object]
12-15 13:48:08.754 9652 9707 D debug info: Fail to play
assets/OLYMPUS/assets/native/2c/2ccb6473-2f91-440b-8cb1-7dd05db49996.mp3 cause by
limited max instance of AudioEngine
12-15 13:48:08.754 9652 9707 D debug info: Fail to play
assets/OLYMPUS/assets/native/2c/2ccb6473-2f91-440b-8cb1-7dd05db49996.mp3 cause by
limited max instance of AudioEngine
12-15 13:48:09.256 9652 9707 D jswrapper: JS: [object Object],[object Object],
[object Object],[object Object],[object Object],[object Object],[object Object],
[object Object],[object Object],[object Object],[object Object],[object Object],
[object Object],[object Object],[object Object],[object Object],[object Object],
[object Object],[object Object],[object Object],[object Object],[object Object],
[object Object],[object Object],[object Object],[object Object],[object Object],
[object Object],[object Object],[object Object]
12-15 13:48:09.257 9652 9707 D jswrapper: JS:
0,2,3,1,4,3,4,0,1,2,2,3,0,1,4,2,0,1,3,4,0,3,4,1,2,1,3,4,0,2
12-15 13:48:09.258 9652 9707 D jswrapper: JS:
0,4,11,12,14,15,18,19,20,22,23,25,29
12-15 13:48:09.258 9652 9707 D jswrapper: JS: 6,3,4,5,3,4,6,2,6,9,2,0,2
12-15 13:48:10.391 9652 9652 I ViewRootImpl@c90193f[AppActivity]: ViewPostIme
pointer 0
12-15 13:48:10.408 9652 9707 D jswrapper: JS: winTimes:4.05
12-15 13:48:10.415 9652 10006 I AudioDecoderMp3: Original audio info: numChannels:
2, sampleRate: 44100, bitPerSample: 16, containerSize: 16, channelMask: 3,
endianness: 2, numFrames: 91008, duration: 2.063673, total size: 364032
12-15 13:48:10.415 9652 10006 D AudioDecoder: Decoding
(/data/user/0/com.glgame.frtslots/blackbox/data/user/0/com.aru.glgame.frtslots/
files/blackjack-remote-asset/assets/OLYMPUS/assets/native/a2/a277fd17-bf27-48b3-
af2e-70ed53731a69.mp3) to pcm data wasted 4.900000ms
12-15 13:48:10.417 9652 10006 D AudioDecoder: Resampling
(/data/user/0/com.glgame.frtslots/blackbox/data/user/0/com.aru.glgame.frtslots/
files/blackjack-remote-asset/assets/OLYMPUS/assets/native/a2/a277fd17-bf27-48b3-
af2e-70ed53731a69.mp3) wasted 1.677000ms
12-15 13:48:10.417 9652 10006 I AudioDecoder: Audio channel count is 2, no need to
interleave
12-15 13:48:10.417 9652 10006 D AudioDecoder: Interleave
(/data/user/0/com.glgame.frtslots/blackbox/data/user/0/com.aru.glgame.frtslots/
files/blackjack-remote-asset/assets/OLYMPUS/assets/native/a2/a277fd17-bf27-48b3-
af2e-70ed53731a69.mp3) wasted 0.027000ms
12-15 13:48:10.421 9652 9707 D jswrapper: JS: showGameEnd
12-15 13:48:10.514 9652 9652 I ViewRootImpl@c90193f[AppActivity]: ViewPostIme
pointer 1
12-15 13:48:11.577 9652 9707 D jswrapper: JS: main=200, sub=152
12-15 13:48:11.578 9652 9707 D jswrapper: JS: JACKPOT
12-15 13:48:11.578 9652 9707 D jswrapper: JS: JACKPOT:{"lJackPot":11692}
12-15 13:48:11.607 9652 9652 I ViewRootImpl@c90193f[AppActivity]: ViewPostIme
pointer 0
12-15 13:48:11.712 9652 9652 I ViewRootImpl@c90193f[AppActivity]: ViewPostIme
pointer 1
12-15 13:48:11.761 9652 9707 D jswrapper: JS: SendSocketData main:200 sub:113
12-15 13:48:11.811 9652 9707 D jswrapper: JS: main=3, sub=101
12-15 13:48:11.812 9652 9707 D jswrapper: JS: GameBase onEventUserScore 用户积分
12-15 13:48:11.812 9652 9707 D jswrapper: JS: main=200, sub=149
12-15 13:48:11.812 9652 9707 D jswrapper: JS: SGLB::结果
12-15 13:48:11.813 9652 9707 D jswrapper: JS: [object Object]
12-15 13:48:11.813 9652 9707 D jswrapper: JS: setRollDatas
12-15 13:48:11.813 9652 9707 D jswrapper: JS: main=3, sub=102
12-15 13:48:11.813 9652 9707 D jswrapper: JS:
OnSocketSubUserStatus::dwUserID::2727209
12-15 13:48:11.813 9652 9707 D jswrapper: JS: OnSocketSubUserStatus::UserStatus::
{"wTableID":7,"wChairID":0,"cbUserStatus":5}
12-15 13:48:11.814 9652 9707 D jswrapper: JS: UpdateUserItemStatus::以往数据::
{"wTableID":7,"wChairID":0,"cbUserStatus":2}
12-15 13:48:11.814 9652 9707 D jswrapper: JS: GameBase onEventUserStatus 用户状态
12-15 13:48:11.814 9652 9707 D jswrapper: JS: main=100, sub=401
12-15 13:48:11.814 9652 9707 D jswrapper: JS: 收到框架消息::401
12-15 13:48:11.814 9652 9707 D jswrapper: JS: 收到唯一对局码: (2111007167112288795)
12-15 13:48:11.815 9652 9707 D jswrapper: JS: main=3, sub=101
12-15 13:48:11.815 9652 9707 D jswrapper: JS: GameBase onEventUserScore 用户积分
12-15 13:48:11.815 9652 9707 D jswrapper: JS: main=3, sub=102
12-15 13:48:11.815 9652 9707 D jswrapper: JS:
OnSocketSubUserStatus::dwUserID::2727209
12-15 13:48:11.815 9652 9707 D jswrapper: JS: OnSocketSubUserStatus::UserStatus::
{"wTableID":7,"wChairID":0,"cbUserStatus":2}
12-15 13:48:11.816 9652 9707 D jswrapper: JS: UpdateUserItemStatus::以往数据::
{"wTableID":7,"wChairID":0,"cbUserStatus":5}
12-15 13:48:11.816 9652 9707 D jswrapper: JS: GameBase onEventUserStatus 用户状态
12-15 13:48:12.355 9652 9707 D jswrapper: JS: openPrizes2
12-15 13:48:12.375 9652 9707 D jswrapper: JS: [object Object],[object Object],
[object Object],[object Object],[object Object],[object Object],[object Object],
[object Object],[object Object],[object Object]
12-15 13:48:12.375 9652 9707 D jswrapper: JS: [object Object]
12-15 13:48:13.728 9652 9707 D jswrapper: JS: main=200, sub=152
12-15 13:48:13.728 9652 9707 D jswrapper: JS: JACKPOT
12-15 13:48:13.728 9652 9707 D jswrapper: JS: JACKPOT:{"lJackPot":11801}
12-15 13:48:14.455 9652 9707 D jswrapper: JS: main=200, sub=152
12-15 13:48:14.456 9652 9707 D jswrapper: JS: JACKPOT
12-15 13:48:14.456 9652 9707 D jswrapper: JS: JACKPOT:{"lJackPot":11894}
12-15 13:48:14.682 9652 9707 D jswrapper: JS: [object Object],[object Object],
[object Object],[object Object],[object Object],[object Object],[object Object],
[object Object],[object Object],[object Object],[object Object],[object Object],
[object Object],[object Object],[object Object],[object Object],[object Object],
[object Object],[object Object],[object Object],[object Object],[object Object],
[object Object],[object Object],[object Object],[object Object],[object Object],
[object Object],[object Object],[object Object]
12-15 13:48:14.683 9652 9707 D jswrapper: JS:
0,1,3,4,2,0,1,2,3,4,0,1,2,3,4,0,1,2,3,4,0,2,4,1,3,1,4,0,2,3
12-15 13:48:14.683 9652 9707 D jswrapper: JS: 0,2,4,6,11,16,18,24,28,29
12-15 13:48:14.684 9652 9707 D jswrapper: JS: 3,3,5,3,2,2,0,0,8,3
12-15 13:48:15.835 9652 9707 D jswrapper: JS: winTimes:0.25
12-15 13:48:15.835 9652 9707 D jswrapper: JS: showGameEnd
12-15 13:48:15.835 9652 9707 D jswrapper: JS: delayStartNextRoll
12-15 13:48:16.916 9652 9707 D jswrapper: JS: main=200, sub=152
12-15 13:48:16.916 9652 9707 D jswrapper: JS: JACKPOT
12-15 13:48:16.916 9652 9707 D jswrapper: JS: JACKPOT:{"lJackPot":12006}
12-15 13:48:18.349 9652 9652 I ViewRootImpl@c90193f[AppActivity]: ViewPostIme
pointer 0
12-15 13:48:18.473 9652 9652 I ViewRootImpl@c90193f[AppActivity]: ViewPostIme
pointer 1
12-15 13:48:18.499 9652 9707 D jswrapper: JS: SendSocketData main:200 sub:113
12-15 13:48:18.550 9652 9707 D jswrapper: JS: main=3, sub=101
12-15 13:48:18.551 9652 9707 D jswrapper: JS: GameBase onEventUserScore 用户积分
12-15 13:48:18.551 9652 9707 D jswrapper: JS: main=200, sub=149
12-15 13:48:18.552 9652 9707 D jswrapper: JS: SGLB::结果
12-15 13:48:18.552 9652 9707 D jswrapper: JS: [object Object]
12-15 13:48:18.552 9652 9707 D jswrapper: JS: setRollDatas
12-15 13:48:18.749 9652 9707 D jswrapper: JS: main=200, sub=152
12-15 13:48:18.749 9652 9707 D jswrapper: JS: JACKPOT
12-15 13:48:18.749 9652 9707 D jswrapper: JS: JACKPOT:{"lJackPot":10944}
12-15 13:48:19.095 9652 9707 D jswrapper: JS: openPrizes2
12-15 13:48:20.105 9652 9707 D jswrapper: JS: showGameEnd
12-15 13:48:20.105 9652 9707 D jswrapper: JS: delayStartNextRoll
12-15 13:48:20.231 9652 9652 I ViewRootImpl@c90193f[AppActivity]: ViewPostIme
pointer 0
12-15 13:48:20.329 9652 9652 I ViewRootImpl@c90193f[AppActivity]: ViewPostIme
pointer 1
12-15 13:48:21.214 9652 9652 I ViewRootImpl@c90193f[AppActivity]: ViewPostIme
pointer 0
12-15 13:48:21.336 9652 9652 I ViewRootImpl@c90193f[AppActivity]: ViewPostIme
pointer 1
12-15 13:48:21.367 9652 9707 D jswrapper: JS: SendSocketData main:200 sub:113
12-15 13:48:21.417 9652 9707 D jswrapper: JS: main=3, sub=101
12-15 13:48:21.417 9652 9707 D jswrapper: JS: GameBase onEventUserScore 用户积分
12-15 13:48:21.417 9652 9707 D jswrapper: JS: main=200, sub=149
12-15 13:48:21.418 9652 9707 D jswrapper: JS: SGLB::结果
12-15 13:48:21.418 9652 9707 D jswrapper: JS: [object Object]
12-15 13:48:21.418 9652 9707 D jswrapper: JS: setRollDatas
12-15 13:48:21.421 9652 9707 D jswrapper: JS: main=200, sub=152
12-15 13:48:21.421 9652 9707 D jswrapper: JS: JACKPOT
12-15 13:48:21.421 9652 9707 D jswrapper: JS: JACKPOT:{"lJackPot":11068}
12-15 13:48:21.960 9652 9707 D jswrapper: JS: openPrizes2
12-15 13:48:21.970 9652 9707 D jswrapper: JS: [object Object],[object Object],
[object Object],[object Object],[object Object],[object Object],[object Object],
[object Object],[object Object],[object Object],[object Object],[object Object]
12-15 13:48:21.970 9652 9707 D jswrapper: JS: [object Object]
12-15 13:48:22.133 9652 9707 D jswrapper: JS: main=200, sub=152
12-15 13:48:22.133 9652 9707 D jswrapper: JS: JACKPOT
12-15 13:48:22.133 9652 9707 D jswrapper: JS: JACKPOT:{"lJackPot":11109}
12-15 13:48:23.600 9652 9707 D debug info: Fail to play
assets/OLYMPUS/assets/native/2c/2ccb6473-2f91-440b-8cb1-7dd05db49996.mp3 cause by
limited max instance of AudioEngine
12-15 13:48:24.267 9652 9707 D jswrapper: JS: [object Object],[object Object],
[object Object],[object Object],[object Object],[object Object],[object Object],
[object Object],[object Object],[object Object],[object Object],[object Object],
[object Object],[object Object],[object Object],[object Object],[object Object],
[object Object],[object Object],[object Object],[object Object],[object Object],
[object Object],[object Object],[object Object],[object Object],[object Object],
[object Object],[object Object],[object Object]
12-15 13:48:24.268 9652 9707 D jswrapper: JS:
0,2,1,3,4,1,2,0,3,4,0,2,1,3,4,0,2,4,1,3,0,1,3,2,4,0,1,2,3,4
12-15 13:48:24.269 9652 9707 D jswrapper: JS: 0,2,3,4,7,10,12,13,14,15,22,27
12-15 13:48:24.269 9652 9707 D jswrapper: JS: 3,3,1,2,2,3,5,9,8,9,0,3
12-15 13:48:24.470 9652 9707 D jswrapper: JS: [object Object],[object Object],
[object Object],[object Object],[object Object],[object Object],[object Object],
[object Object],[object Object],[object Object]
12-15 13:48:24.471 9652 9707 D jswrapper: JS: [object Object]
12-15 13:48:25.731 9652 9707 D jswrapper: JS: main=200, sub=152
12-15 13:48:25.732 9652 9707 D jswrapper: JS: JACKPOT
12-15 13:48:25.732 9652 9707 D jswrapper: JS: JACKPOT:{"lJackPot":11403}
12-15 13:48:26.733 9652 9707 D jswrapper: JS: main=3, sub=530
12-15 13:48:26.734 9652 9707 D jswrapper: JS: [object Object]
12-15 13:48:26.775 9652 9707 D jswrapper: JS: 512
12-15 13:48:26.775 9652 9707 D jswrapper: JS: SendSocketData main:100 sub:512
12-15 13:48:26.776 9652 9707 D jswrapper: JS: [object Object],[object Object],
[object Object],[object Object],[object Object],[object Object],[object Object],
[object Object],[object Object],[object Object],[object Object],[object Object],
[object Object],[object Object],[object Object],[object Object],[object Object],
[object Object],[object Object],[object Object],[object Object],[object Object],
[object Object],[object Object],[object Object],[object Object],[object Object],
[object Object],[object Object],[object Object]
12-15 13:48:26.777 9652 9707 D jswrapper: JS:
0,1,3,2,4,1,2,0,3,4,0,3,2,1,4,4,1,0,2,3,1,0,3,2,4,2,3,0,1,4
12-15 13:48:26.777 9652 9707 D jswrapper: JS: 0,2,6,9,10,17,18,20,23,27
12-15 13:48:26.777 9652 9707 D jswrapper: JS: 5,3,3,4,0,8,3,1,0,7
12-15 13:48:26.817 9652 9707 D jswrapper: JS: main=100, sub=513
12-15 13:48:26.818 9652 9707 D jswrapper: JS: 收到框架消息::513
12-15 13:48:26.818 9652 9707 D jswrapper: JS: [object Object]
12-15 13:48:26.818 9652 9707 D jswrapper: JS: main=100, sub=513
12-15 13:48:26.818 9652 9707 D jswrapper: JS: 收到框架消息::513
12-15 13:48:26.819 9652 9707 D jswrapper: JS: [object Object]
12-15 13:48:26.819 9652 9707 D jswrapper: JS: main=100, sub=513
12-15 13:48:26.819 9652 9707 D jswrapper: JS: 收到框架消息::513
12-15 13:48:26.819 9652 9707 D jswrapper: JS: [object Object]
12-15 13:48:26.819 9652 9707 D jswrapper: JS: main=100, sub=513
12-15 13:48:26.819 9652 9707 D jswrapper: JS: 收到框架消息::513
12-15 13:48:26.822 9652 9707 D jswrapper: JS: [object Object]
12-15 13:48:26.823 9652 9707 D jswrapper: JS: main=100, sub=513
12-15 13:48:26.823 9652 9707 D jswrapper: JS: 收到框架消息::513
12-15 13:48:26.823 9652 9707 D jswrapper: JS: [object Object]
12-15 13:48:26.823 9652 9707 D jswrapper: JS: main=100, sub=513
12-15 13:48:26.823 9652 9707 D jswrapper: JS: 收到框架消息::513
12-15 13:48:26.823 9652 9707 D jswrapper: JS: [object Object]
12-15 13:48:26.824 9652 9707 D jswrapper: JS: main=100, sub=513
12-15 13:48:26.824 9652 9707 D jswrapper: JS: 收到框架消息::513
12-15 13:48:26.824 9652 9707 D jswrapper: JS: [object Object]
12-15 13:48:26.824 9652 9707 D jswrapper: JS: main=100, sub=513
12-15 13:48:26.824 9652 9707 D jswrapper: JS: 收到框架消息::513
12-15 13:48:26.825 9652 9707 D jswrapper: JS: [object Object]
12-15 13:48:26.825 9652 9707 D jswrapper: JS: main=100, sub=513
12-15 13:48:26.825 9652 9707 D jswrapper: JS: 收到框架消息::513
12-15 13:48:26.825 9652 9707 D jswrapper: JS: [object Object]
12-15 13:48:26.825 9652 9707 D jswrapper: JS: main=100, sub=513
12-15 13:48:26.825 9652 9707 D jswrapper: JS: 收到框架消息::513
12-15 13:48:26.826 9652 9707 D jswrapper: JS: [object Object]
12-15 13:48:26.826 9652 9707 D jswrapper: JS: main=200, sub=152
12-15 13:48:26.826 9652 9707 D jswrapper: JS: JACKPOT
12-15 13:48:26.826 9652 9707 D jswrapper: JS: JACKPOT:{"lJackPot":11434}
12-15 13:48:27.359 9652 9707 D jswrapper: JS: main=200, sub=152
12-15 13:48:27.359 9652 9707 D jswrapper: JS: JACKPOT
12-15 13:48:27.359 9652 9707 D jswrapper: JS: JACKPOT:{"lJackPot":11458}
12-15 13:48:27.861 9652 9707 D jswrapper: JS: main=200, sub=152
12-15 13:48:27.862 9652 9707 D jswrapper: JS: JACKPOT
12-15 13:48:27.862 9652 9707 D jswrapper: JS: JACKPOT:{"lJackPot":11500}
12-15 13:48:27.977 9652 9707 D jswrapper: JS: winTimes:1.55
12-15 13:48:27.977 9652 9707 D jswrapper: JS: showGameEnd
12-15 13:48:27.977 9652 9707 D jswrapper: JS: delayStartNextRoll
12-15 13:48:29.606 9652 9707 D jswrapper: JS: main=200, sub=152
12-15 13:48:29.607 9652 9707 D jswrapper: JS: JACKPOT
12-15 13:48:29.607 9652 9707 D jswrapper: JS: JACKPOT:{"lJackPot":11625}
12-15 13:48:31.019 9652 9652 I ViewRootImpl@c90193f[AppActivity]: ViewPostIme
pointer 0
12-15 13:48:31.115 9652 9652 W Choreographer: Frame time is 0.036073 ms in the
future! Check that graphics HAL is generating vsync timestamps using the correct
timebase.
12-15 13:48:31.134 9652 9652 I ViewRootImpl@c90193f[AppActivity]: ViewPostIme
pointer 1
12-15 13:48:31.193 9652 9707 D jswrapper: JS: SendSocketData main:200 sub:113
12-15 13:48:31.248 9652 9707 D jswrapper: JS: main=3, sub=101
12-15 13:48:31.248 9652 9707 D jswrapper: JS: GameBase onEventUserScore 用户积分
12-15 13:48:31.248 9652 9707 D jswrapper: JS: main=200, sub=149
12-15 13:48:31.249 9652 9707 D jswrapper: JS: SGLB::结果
12-15 13:48:31.249 9652 9707 D jswrapper: JS: [object Object]
12-15 13:48:31.249 9652 9707 D jswrapper: JS: setRollDatas
12-15 13:48:31.543 9652 9707 D jswrapper: JS: main=200, sub=152
12-15 13:48:31.544 9652 9707 D jswrapper: JS: JACKPOT
12-15 13:48:31.544 9652 9707 D jswrapper: JS: JACKPOT:{"lJackPot":11699}
12-15 13:48:31.791 9652 9707 D jswrapper: JS: openPrizes2
12-15 13:48:32.788 9652 9707 D jswrapper: JS: showGameEnd
12-15 13:48:32.788 9652 9707 D jswrapper: JS: delayStartNextRoll
12-15 13:48:34.639 9652 9707 D jswrapper: JS: main=200, sub=152
12-15 13:48:34.639 9652 9707 D jswrapper: JS: JACKPOT
12-15 13:48:34.639 9652 9707 D jswrapper: JS: JACKPOT:{"lJackPot":11772}
12-15 13:48:35.255 9652 9707 D jswrapper: JS: main=200, sub=152
12-15 13:48:35.256 9652 9707 D jswrapper: JS: JACKPOT
12-15 13:48:35.256 9652 9707 D jswrapper: JS: JACKPOT:{"lJackPot":11814}
12-15 13:48:35.422 9652 9652 I ViewRootImpl@c90193f[AppActivity]: ViewPostIme
pointer 0
12-15 13:48:35.537 9652 9652 I ViewRootImpl@c90193f[AppActivity]: ViewPostIme
pointer 1
12-15 13:48:35.588 9652 9707 D jswrapper: JS: SendSocketData main:200 sub:113
12-15 13:48:35.641 9652 9707 D jswrapper: JS: main=3, sub=101
12-15 13:48:35.641 9652 9707 D jswrapper: JS: GameBase onEventUserScore 用户积分
12-15 13:48:35.642 9652 9707 D jswrapper: JS: main=200, sub=149
12-15 13:48:35.642 9652 9707 D jswrapper: JS: SGLB::结果
12-15 13:48:35.642 9652 9707 D jswrapper: JS: [object Object]
12-15 13:48:35.642 9652 9707 D jswrapper: JS: setRollDatas
12-15 13:48:36.163 9652 9707 D jswrapper: JS: openPrizes2
12-15 13:48:36.172 9652 9707 D jswrapper: JS: [object Object],[object Object],
[object Object],[object Object],[object Object],[object Object],[object Object],
[object Object],[object Object]
12-15 13:48:36.173 9652 9707 D jswrapper: JS: [object Object]
12-15 13:48:37.997 9652 9707 D jswrapper: JS: main=200, sub=152
12-15 13:48:37.998 9652 9707 D jswrapper: JS: JACKPOT
12-15 13:48:37.998 9652 9707 D jswrapper: JS: JACKPOT:{"lJackPot":11963}
12-15 13:48:38.467 9652 9707 D jswrapper: JS: [object Object],[object Object],
[object Object],[object Object],[object Object],[object Object],[object Object],
[object Object],[object Object],[object Object],[object Object],[object Object],
[object Object],[object Object],[object Object],[object Object],[object Object],
[object Object],[object Object],[object Object],[object Object],[object Object],
[object Object],[object Object],[object Object],[object Object],[object Object],
[object Object],[object Object],[object Object]
12-15 13:48:38.474 9652 9707 D jswrapper: JS:
3,0,1,2,4,1,3,4,0,2,0,1,2,3,4,0,4,1,2,3,0,1,2,3,4,0,2,3,1,4
12-15 13:48:38.474 9652 9707 D jswrapper: JS: 3,5,7,17,18,19,23,25,27
12-15 13:48:38.474 9652 9707 D jswrapper: JS: 5,11,6,0,2,2,4,9,11
12-15 13:48:39.674 9652 9707 D jswrapper: JS: winTimes:0.25
12-15 13:48:39.674 9652 9707 D jswrapper: JS: showGameEnd
12-15 13:48:39.674 9652 9707 D jswrapper: JS: delayStartNextRoll
12-15 13:48:40.567 9652 9652 I ViewRootImpl@c90193f[AppActivity]: ViewPostIme
pointer 0
12-15 13:48:40.649 9652 9652 I ViewRootImpl@c90193f[AppActivity]: ViewPostIme
pointer 1
12-15 13:48:40.678 9652 9707 D jswrapper: JS: SendSocketData main:200 sub:113
12-15 13:48:40.729 9652 9707 D jswrapper: JS: main=3, sub=101
12-15 13:48:40.729 9652 9707 D jswrapper: JS: GameBase onEventUserScore 用户积分
12-15 13:48:40.729 9652 9707 D jswrapper: JS: main=200, sub=149
12-15 13:48:40.730 9652 9707 D jswrapper: JS: SGLB::结果
12-15 13:48:40.730 9652 9707 D jswrapper: JS: [object Object]
12-15 13:48:40.730 9652 9707 D jswrapper: JS: setRollDatas
12-15 13:48:41.273 9652 9707 D jswrapper: JS: openPrizes2
12-15 13:48:41.797 9652 9707 D jswrapper: JS: main=200, sub=152
12-15 13:48:41.797 9652 9707 D jswrapper: JS: JACKPOT
12-15 13:48:41.798 9652 9707 D jswrapper: JS: JACKPOT:{"lJackPot":12223}
12-15 13:48:42.242 9652 9707 D jswrapper: JS: showGameEnd
12-15 13:48:42.242 9652 9707 D jswrapper: JS: delayStartNextRoll
12-15 13:48:43.647 9652 9707 D jswrapper: JS: main=200, sub=152
12-15 13:48:43.648 9652 9707 D jswrapper: JS: JACKPOT
12-15 13:48:43.648 9652 9707 D jswrapper: JS: JACKPOT:{"lJackPot":12273}
12-15 13:48:44.924 9652 9652 I ViewRootImpl@c90193f[AppActivity]: ViewPostIme
pointer 0
12-15 13:48:45.028 9652 9652 I ViewRootImpl@c90193f[AppActivity]: ViewPostIme
pointer 1
12-15 13:48:45.064 9652 9707 D jswrapper: JS: SendSocketData main:200 sub:113
12-15 13:48:45.114 9652 9707 D jswrapper: JS: main=3, sub=101
12-15 13:48:45.115 9652 9707 D jswrapper: JS: GameBase onEventUserScore 用户积分
12-15 13:48:45.115 9652 9707 D jswrapper: JS: main=200, sub=149
12-15 13:48:45.116 9652 9707 D jswrapper: JS: SGLB::结果
12-15 13:48:45.116 9652 9707 D jswrapper: JS: [object Object]
12-15 13:48:45.116 9652 9707 D jswrapper: JS: setRollDatas
12-15 13:48:45.116 9652 9707 D jswrapper: JS: main=200, sub=152
12-15 13:48:45.116 9652 9707 D jswrapper: JS: JACKPOT
12-15 13:48:45.116 9652 9707 D jswrapper: JS: JACKPOT:{"lJackPot":12384}
12-15 13:48:45.661 9652 9707 D jswrapper: JS: openPrizes2
12-15 13:48:45.670 9652 9707 D jswrapper: JS: [object Object],[object Object],
[object Object],[object Object],[object Object],[object Object]
12-15 13:48:45.670 9652 9707 D jswrapper: JS: [object Object]
12-15 13:48:48.465 9652 9707 D jswrapper: JS: [object Object],[object Object],
[object Object],[object Object],[object Object],[object Object],[object Object],
[object Object],[object Object],[object Object],[object Object],[object Object],
[object Object],[object Object],[object Object],[object Object],[object Object],
[object Object],[object Object],[object Object],[object Object],[object Object],
[object Object],[object Object],[object Object],[object Object],[object Object],
[object Object],[object Object],[object Object]
12-15 13:48:48.465 9652 9707 D jswrapper: JS:
0,1,2,3,4,1,2,3,4,0,4,0,1,2,3,0,1,2,3,4,0,1,2,3,4,4,0,1,2,3
12-15 13:48:48.466 9652 9707 D jswrapper: JS: 7,13,19,25,26,29
12-15 13:48:48.466 9652 9707 D jswrapper: JS: 9,9,0,6,0,11
12-15 13:48:48.676 9652 9707 D jswrapper: JS: [object Object],[object Object],
[object Object],[object Object],[object Object],[object Object],[object Object],
[object Object]
12-15 13:48:48.676 9652 9707 D jswrapper: JS: [object Object]
12-15 13:48:50.984 9652 9707 D jswrapper: JS: [object Object],[object Object],
[object Object],[object Object],[object Object],[object Object],[object Object],
[object Object],[object Object],[object Object],[object Object],[object Object],
[object Object],[object Object],[object Object],[object Object],[object Object],
[object Object],[object Object],[object Object],[object Object],[object Object],
[object Object],[object Object],[object Object],[object Object],[object Object],
[object Object],[object Object],[object Object]
12-15 13:48:50.984 9652 9707 D jswrapper: JS:
2,0,1,3,4,3,1,2,4,0,4,0,3,1,2,3,0,1,2,4,2,0,1,3,4,2,4,0,1,3
12-15 13:48:50.986 9652 9707 D jswrapper: JS: 2,12,16,17,19,20,21,26
12-15 13:48:50.986 9652 9707 D jswrapper: JS: 3,1,9,0,5,2,0,2
12-15 13:48:52.175 9652 9707 D jswrapper: JS: winTimes:5.25
12-15 13:48:52.178 9652 9707 D jswrapper: JS: showGameEnd
12-15 13:48:53.264 9652 9707 D jswrapper: JS: main=200, sub=152
12-15 13:48:53.265 9652 9707 D jswrapper: JS: JACKPOT
12-15 13:48:53.265 9652 9707 D jswrapper: JS: JACKPOT:{"lJackPot":11757}
12-15 13:48:57.251 9652 9707 D jswrapper: JS: main=3, sub=530
12-15 13:48:57.252 9652 9707 D jswrapper: JS: [object Object]
12-15 13:48:57.289 9652 9707 D jswrapper: JS: 512
12-15 13:48:57.289 9652 9707 D jswrapper: JS: SendSocketData main:100 sub:512
12-15 13:48:57.304 9652 9707 D jswrapper: JS: main=200, sub=152
12-15 13:48:57.305 9652 9707 D jswrapper: JS: JACKPOT
12-15 13:48:57.305 9652 9707 D jswrapper: JS: JACKPOT:{"lJackPot":12023}
12-15 13:48:57.330 9652 9707 D jswrapper: JS: main=100, sub=513
12-15 13:48:57.330 9652 9707 D jswrapper: JS: 收到框架消息::513
12-15 13:48:57.330 9652 9707 D jswrapper: JS: [object Object]
12-15 13:48:57.357 9652 9707 D jswrapper: JS: main=100, sub=513
12-15 13:48:57.357 9652 9707 D jswrapper: JS: 收到框架消息::513
12-15 13:48:57.357 9652 9707 D jswrapper: JS: [object Object]
12-15 13:48:57.357 9652 9707 D jswrapper: JS: main=100, sub=513
12-15 13:48:57.358 9652 9707 D jswrapper: JS: 收到框架消息::513
12-15 13:48:57.358 9652 9707 D jswrapper: JS: [object Object]
12-15 13:48:57.358 9652 9707 D jswrapper: JS: main=100, sub=513
12-15 13:48:57.358 9652 9707 D jswrapper: JS: 收到框架消息::513
12-15 13:48:57.358 9652 9707 D jswrapper: JS: [object Object]
12-15 13:48:57.358 9652 9707 D jswrapper: JS: main=100, sub=513
12-15 13:48:57.359 9652 9707 D jswrapper: JS: 收到框架消息::513
12-15 13:48:57.359 9652 9707 D jswrapper: JS: [object Object]
12-15 13:48:57.359 9652 9707 D jswrapper: JS: main=100, sub=513
12-15 13:48:57.359 9652 9707 D jswrapper: JS: 收到框架消息::513
12-15 13:48:57.359 9652 9707 D jswrapper: JS: [object Object]
12-15 13:48:57.359 9652 9707 D jswrapper: JS: main=100, sub=513
12-15 13:48:57.359 9652 9707 D jswrapper: JS: 收到框架消息::513
12-15 13:48:57.360 9652 9707 D jswrapper: JS: [object Object]
12-15 13:48:57.360 9652 9707 D jswrapper: JS: main=100, sub=513
12-15 13:48:57.360 9652 9707 D jswrapper: JS: 收到框架消息::513
12-15 13:48:57.360 9652 9707 D jswrapper: JS: [object Object]
12-15 13:48:57.360 9652 9707 D jswrapper: JS: main=100, sub=513
12-15 13:48:57.360 9652 9707 D jswrapper: JS: 收到框架消息::513
12-15 13:48:57.360 9652 9707 D jswrapper: JS: [object Object]
12-15 13:48:57.361 9652 9707 D jswrapper: JS: main=100, sub=513
12-15 13:48:57.361 9652 9707 D jswrapper: JS: 收到框架消息::513
12-15 13:48:57.361 9652 9707 D jswrapper: JS: [object Object]
12-15 13:48:58.050 9652 9652 I ViewRootImpl@c90193f[AppActivity]: ViewPostIme
pointer 0
12-15 13:48:58.148 9652 9652 I ViewRootImpl@c90193f[AppActivity]: ViewPostIme
pointer 1
12-15 13:48:58.208 9652 9707 D jswrapper: JS: SendSocketData main:200 sub:113
12-15 13:48:58.259 9652 9707 D jswrapper: JS: main=3, sub=101
12-15 13:48:58.259 9652 9707 D jswrapper: JS: GameBase onEventUserScore 用户积分
12-15 13:48:58.260 9652 9707 D jswrapper: JS: main=200, sub=149
12-15 13:48:58.260 9652 9707 D jswrapper: JS: SGLB::结果
12-15 13:48:58.260 9652 9707 D jswrapper: JS: [object Object]
12-15 13:48:58.260 9652 9707 D jswrapper: JS: setRollDatas
12-15 13:48:58.261 9652 9707 D jswrapper: JS: main=200, sub=152
12-15 13:48:58.261 9652 9707 D jswrapper: JS: JACKPOT
12-15 13:48:58.261 9652 9707 D jswrapper: JS: JACKPOT:{"lJackPot":12072}
12-15 13:48:58.799 9652 9707 D jswrapper: JS: openPrizes2
12-15 13:48:58.809 9652 9707 D jswrapper: JS: [object Object],[object Object],
[object Object],[object Object],[object Object],[object Object],[object Object],
[object Object]
12-15 13:48:58.809 9652 9707 D jswrapper: JS: [object Object]
12-15 13:49:01.118 9652 9707 D jswrapper: JS: [object Object],[object Object],
[object Object],[object Object],[object Object],[object Object],[object Object],
[object Object],[object Object],[object Object],[object Object],[object Object],
[object Object],[object Object],[object Object],[object Object],[object Object],
[object Object],[object Object],[object Object],[object Object],[object Object],
[object Object],[object Object],[object Object],[object Object],[object Object],
[object Object],[object Object],[object Object]
12-15 13:49:01.118 9652 9707 D jswrapper: JS:
3,0,1,2,4,3,0,1,2,4,0,3,1,2,4,0,1,2,3,4,0,1,2,3,4,1,3,4,0,2
12-15 13:49:01.119 9652 9707 D jswrapper: JS: 2,4,11,18,19,20,23,29
12-15 13:49:01.119 9652 9707 D jswrapper: JS: 1,11,11,3,0,9,3,6
12-15 13:49:01.330 9652 9707 D jswrapper: JS: [object Object],[object Object],
[object Object],[object Object],[object Object]
12-15 13:49:01.330 9652 9707 D jswrapper: JS: [object Object]
12-15 13:49:02.139 9652 9652 I ViewRootImpl@c90193f[AppActivity]: ViewPostIme
pointer 0
12-15 13:49:02.177 9652 9652 I ViewRootImpl@c90193f[AppActivity]: ViewPostIme
pointer 1
12-15 13:49:02.186 9652 9652 I ViewRootImpl@c90193f[AppActivity]: ViewPostIme
pointer 0
12-15 13:49:02.577 9652 9707 D jswrapper: JS: main=200, sub=152
12-15 13:49:02.577 9652 9707 D jswrapper: JS: JACKPOT
12-15 13:49:02.577 9652 9707 D jswrapper: JS: JACKPOT:{"lJackPot":11115}
12-15 13:49:03.104 9652 9652 I ViewRootImpl@c90193f[AppActivity]: ViewPostIme
pointer 1
12-15 13:49:03.291 9652 9707 D jswrapper: JS: main=200, sub=152
12-15 13:49:03.291 9652 9707 D jswrapper: JS: JACKPOT
12-15 13:49:03.291 9652 9707 D jswrapper: JS: JACKPOT:{"lJackPot":11153}
12-15 13:49:04.134 9652 9707 D jswrapper: JS: [object Object],[object Object],
[object Object],[object Object],[object Object],[object Object],[object Object],
[object Object],[object Object],[object Object],[object Object],[object Object],
[object Object],[object Object],[object Object],[object Object],[object Object],
[object Object],[object Object],[object Object],[object Object],[object Object],
[object Object],[object Object],[object Object],[object Object],[object Object],
[object Object],[object Object],[object Object]
12-15 13:49:04.134 9652 9707 D jswrapper: JS:
3,0,1,2,4,4,3,0,1,2,3,0,1,2,4,2,3,0,1,4,0,1,2,3,4,2,1,3,4,0
12-15 13:49:04.135 9652 9707 D jswrapper: JS: 15,17,20,21,25
12-15 13:49:04.135 9652 9707 D jswrapper: JS: 1,7,5,4,1
12-15 13:49:04.351 9652 9707 D jswrapper: JS: [object Object],[object Object],
[object Object],[object Object],[object Object],[object Object],[object Object],
[object Object]
12-15 13:49:04.352 9652 9707 D jswrapper: JS: [object Object]
12-15 13:49:06.638 9652 9707 D jswrapper: JS: [object Object],[object Object],
[object Object],[object Object],[object Object],[object Object],[object Object],
[object Object],[object Object],[object Object],[object Object],[object Object],
[object Object],[object Object],[object Object],[object Object],[object Object],
[object Object],[object Object],[object Object],[object Object],[object Object],
[object Object],[object Object],[object Object],[object Object],[object Object],
[object Object],[object Object],[object Object]
12-15 13:49:06.638 9652 9707 D jswrapper: JS:
1,2,3,0,4,4,3,0,1,2,0,4,3,1,2,2,1,4,3,0,0,1,2,3,4,2,1,3,4,0
12-15 13:49:06.639 9652 9707 D jswrapper: JS: 2,6,9,12,15,25,26,27
12-15 13:49:06.639 9652 9707 D jswrapper: JS: 3,0,0,5,1,1,4,5
12-15 13:49:06.786 9652 9707 D jswrapper: JS: main=200, sub=152
12-15 13:49:06.786 9652 9707 D jswrapper: JS: JACKPOT
12-15 13:49:06.786 9652 9707 D jswrapper: JS: JACKPOT:{"lJackPot":11480}
12-15 13:49:06.842 9652 9707 D jswrapper: JS: [object Object],[object Object],
[object Object],[object Object],[object Object],[object Object],[object Object],
[object Object]
12-15 13:49:06.842 9652 9707 D jswrapper: JS: [object Object]
12-15 13:49:07.289 9652 9707 D jswrapper: JS: main=200, sub=152
12-15 13:49:07.289 9652 9707 D jswrapper: JS: JACKPOT
12-15 13:49:07.289 9652 9707 D jswrapper: JS: JACKPOT:{"lJackPot":11544}
12-15 13:49:07.487 9652 9707 D jswrapper: JS: main=3, sub=530
12-15 13:49:07.487 9652 9707 D jswrapper: JS: [object Object]
12-15 13:49:07.487 9652 9707 D jswrapper: JS: 512
12-15 13:49:07.487 9652 9707 D jswrapper: JS: SendSocketData main:100 sub:512
12-15 13:49:07.512 9652 9707 D jswrapper: JS: main=100, sub=513
12-15 13:49:07.512 9652 9707 D jswrapper: JS: 收到框架消息::513
12-15 13:49:07.512 9652 9707 D jswrapper: JS: [object Object]
12-15 13:49:07.513 9652 9707 D jswrapper: JS: main=100, sub=513
12-15 13:49:07.513 9652 9707 D jswrapper: JS: 收到框架消息::513
12-15 13:49:07.513 9652 9707 D jswrapper: JS: [object Object]
