12-15 13:45:56.715 9652 9707 D jswrapper: JS: 收到框架消息::401
12-15 13:45:56.715 9652 9707 D jswrapper: JS: 收到唯一对局码: (2111007167112275294)
12-15 13:45:56.716 9652 9707 D jswrapper: JS: main=3, sub=101
12-15 13:45:56.716 9652 9707 D jswrapper: JS: GameBase onEventUserScore 用户积分
12-15 13:45:56.716 9652 9707 D jswrapper: JS: main=3, sub=102
12-15 13:45:56.716 9652 9707 D jswrapper: JS:
OnSocketSubUserStatus::dwUserID::2727209
12-15 13:45:56.716 9652 9707 D jswrapper: JS: OnSocketSubUserStatus::UserStatus::
{"wTableID":7,"wChairID":0,"cbUserStatus":2}
12-15 13:45:56.716 9652 9707 D jswrapper: JS: UpdateUserItemStatus::以往数据::
{"wTableID":7,"wChairID":0,"cbUserStatus":5}
12-15 13:45:56.717 9652 9707 D jswrapper: JS: GameBase onEventUserStatus 用户状态
12-15 13:45:57.258 9652 9707 D jswrapper: JS: openPrizes2
12-15 13:45:57.270 9652 9707 D jswrapper: JS: [object Object],[object Object],
[object Object],[object Object],[object Object],[object Object],[object Object],
[object Object],[object Object]
12-15 13:45:57.270 9652 9707 D jswrapper: JS: [object Object]
12-15 13:45:59.576 9652 9707 D jswrapper: JS: [object Object],[object Object],
[object Object],[object Object],[object Object],[object Object],[object Object],
[object Object],[object Object],[object Object],[object Object],[object Object],
[object Object],[object Object],[object Object],[object Object],[object Object],
[object Object],[object Object],[object Object],[object Object],[object Object],
[object Object],[object Object],[object Object],[object Object],[object Object],
[object Object],[object Object],[object Object]
12-15 13:45:59.576 9652 9707 D jswrapper: JS:
1,2,0,3,4,2,0,1,3,4,3,0,1,2,4,1,3,0,2,4,1,0,2,3,4,0,1,2,3,4
12-15 13:45:59.577 9652 9707 D jswrapper: JS: 5,6,9,10,11,12,13,20,21
12-15 13:45:59.577 9652 9707 D jswrapper: JS: 0,1,0,0,6,1,2,1,5
12-15 13:45:59.785 9652 9707 D jswrapper: JS: [object Object],[object Object],
[object Object],[object Object],[object Object],[object Object],[object Object],
[object Object],[object Object],[object Object]
12-15 13:45:59.786 9652 9707 D jswrapper: JS: [object Object]
12-15 13:46:02.093 9652 9707 D jswrapper: JS: [object Object],[object Object],
[object Object],[object Object],[object Object],[object Object],[object Object],
[object Object],[object Object],[object Object],[object Object],[object Object],
[object Object],[object Object],[object Object],[object Object],[object Object],
[object Object],[object Object],[object Object],[object Object],[object Object],
[object Object],[object Object],[object Object],[object Object],[object Object],
[object Object],[object Object],[object Object]
12-15 13:46:02.094 9652 9707 D jswrapper: JS:
1,2,3,4,0,4,2,0,1,3,3,0,1,2,4,0,1,3,2,4,0,3,1,2,4,4,0,1,2,3
12-15 13:46:02.094 9652 9707 D jswrapper: JS: 3,4,6,12,18,20,22,24,25,29
12-15 13:46:02.094 9652 9707 D jswrapper: JS: 7,4,0,5,6,6,3,7,1,7
12-15 13:46:03.284 9652 9707 D jswrapper: JS: winTimes:0.65
12-15 13:46:03.284 9652 9707 D jswrapper: JS: showGameEnd
12-15 13:46:03.284 9652 9707 D jswrapper: JS: delayStartNextRoll
12-15 13:46:04.289 9652 9707 D jswrapper: JS: main=200, sub=152
12-15 13:46:04.289 9652 9707 D jswrapper: JS: JACKPOT
12-15 13:46:04.289 9652 9707 D jswrapper: JS: JACKPOT:{"lJackPot":11789}
12-15 13:46:04.465 9652 9707 D jswrapper: JS: main=200, sub=152
12-15 13:46:04.465 9652 9707 D jswrapper: JS: JACKPOT
12-15 13:46:04.465 9652 9707 D jswrapper: JS: JACKPOT:{"lJackPot":11797}
12-15 13:46:04.613 9652 9707 D jswrapper: JS: main=200, sub=152
12-15 13:46:04.614 9652 9707 D jswrapper: JS: JACKPOT
12-15 13:46:04.614 9652 9707 D jswrapper: JS: JACKPOT:{"lJackPot":11844}
12-15 13:46:05.223 9652 9652 I ViewRootImpl@c90193f[AppActivity]: ViewPostIme
pointer 0
12-15 13:46:05.330 9652 9652 I ViewRootImpl@c90193f[AppActivity]: ViewPostIme
pointer 1
12-15 13:46:05.367 9652 9707 D jswrapper: JS: SendSocketData main:200 sub:113
12-15 13:46:05.419 9652 9707 D jswrapper: JS: main=3, sub=101
12-15 13:46:05.419 9652 9707 D jswrapper: JS: GameBase onEventUserScore 用户积分
12-15 13:46:05.420 9652 9707 D jswrapper: JS: main=200, sub=149
12-15 13:46:05.420 9652 9707 D jswrapper: JS: SGLB::结果
12-15 13:46:05.420 9652 9707 D jswrapper: JS: [object Object]
12-15 13:46:05.420 9652 9707 D jswrapper: JS: setRollDatas
12-15 13:46:05.941 9652 9707 D jswrapper: JS: openPrizes2
12-15 13:46:05.956 9652 9707 D jswrapper: JS: [object Object],[object Object],
[object Object],[object Object],[object Object],[object Object],[object Object],
[object Object]
12-15 13:46:05.956 9652 9707 D jswrapper: JS: [object Object]
12-15 13:46:06.685 9652 9707 D jswrapper: JS: main=200, sub=152
12-15 13:46:06.690 9652 9707 D jswrapper: JS: JACKPOT
12-15 13:46:06.690 9652 9707 D jswrapper: JS: JACKPOT:{"lJackPot":11948}
12-15 13:46:08.562 9652 9707 D jswrapper: JS: [object Object],[object Object],
[object Object],[object Object],[object Object],[object Object],[object Object],
[object Object],[object Object],[object Object],[object Object],[object Object],
[object Object],[object Object],[object Object],[object Object],[object Object],
[object Object],[object Object],[object Object],[object Object],[object Object],
[object Object],[object Object],[object Object],[object Object],[object Object],
[object Object],[object Object],[object Object]
12-15 13:46:08.562 9652 9707 D jswrapper: JS:
0,3,1,2,4,1,3,0,2,4,0,1,2,3,4,0,1,2,3,4,0,2,1,3,4,0,1,2,3,4
12-15 13:46:08.563 9652 9707 D jswrapper: JS: 0,3,4,5,7,16,18,19
12-15 13:46:08.563 9652 9707 D jswrapper: JS: 2,8,2,11,11,9,9,0
12-15 13:46:11.954 9652 9707 D jswrapper: JS: winTimes:0.5
12-15 13:46:11.954 9652 9707 D jswrapper: JS: showGameEnd
12-15 13:46:11.954 9652 9707 D jswrapper: JS: delayStartNextRoll
12-15 13:46:11.975 9652 9707 D jswrapper: JS: main=200, sub=152
12-15 13:46:11.975 9652 9707 D jswrapper: JS: JACKPOT
12-15 13:46:11.975 9652 9707 D jswrapper: JS: JACKPOT:{"lJackPot":12388}
12-15 13:46:13.404 9652 9652 I ViewRootImpl@c90193f[AppActivity]: ViewPostIme
pointer 0
12-15 13:46:13.525 9652 9652 I ViewRootImpl@c90193f[AppActivity]: ViewPostIme
pointer 1
12-15 13:46:13.568 9652 9707 D jswrapper: JS: SendSocketData main:200 sub:113
12-15 13:46:13.619 9652 9707 D jswrapper: JS: main=3, sub=101
12-15 13:46:13.622 9652 9707 D jswrapper: JS: GameBase onEventUserScore 用户积分
12-15 13:46:13.622 9652 9707 D jswrapper: JS: main=200, sub=149
12-15 13:46:13.623 9652 9707 D jswrapper: JS: SGLB::结果
12-15 13:46:13.623 9652 9707 D jswrapper: JS: [object Object]
12-15 13:46:13.623 9652 9707 D jswrapper: JS: setRollDatas
12-15 13:46:13.917 9652 9707 D jswrapper: JS: main=200, sub=152
12-15 13:46:13.917 9652 9707 D jswrapper: JS: JACKPOT
12-15 13:46:13.917 9652 9707 D jswrapper: JS: JACKPOT:{"lJackPot":12463}
12-15 13:46:14.165 9652 9707 D jswrapper: JS: openPrizes2
12-15 13:46:14.178 9652 9707 D jswrapper: JS: [object Object],[object Object],
[object Object],[object Object],[object Object],[object Object],[object Object],
[object Object],[object Object],[object Object]
12-15 13:46:14.178 9652 9707 D jswrapper: JS: [object Object]
12-15 13:46:15.775 9652 9707 D jswrapper: JS: main=200, sub=152
12-15 13:46:15.776 9652 9707 D jswrapper: JS: JACKPOT
12-15 13:46:15.776 9652 9707 D jswrapper: JS: JACKPOT:{"lJackPot":12551}
12-15 13:46:16.475 9652 9707 D jswrapper: JS: [object Object],[object Object],
[object Object],[object Object],[object Object],[object Object],[object Object],
[object Object],[object Object],[object Object],[object Object],[object Object],
[object Object],[object Object],[object Object],[object Object],[object Object],
[object Object],[object Object],[object Object],[object Object],[object Object],
[object Object],[object Object],[object Object],[object Object],[object Object],
[object Object],[object Object],[object Object]
12-15 13:46:16.476 9652 9707 D jswrapper: JS:
0,1,2,3,4,1,3,0,2,4,1,4,0,2,3,0,2,1,3,4,1,3,0,2,4,0,3,1,2,4
12-15 13:46:16.476 9652 9707 D jswrapper: JS: 3,5,7,8,10,15,19,22,23,26
12-15 13:46:16.476 9652 9707 D jswrapper: JS: 9,6,7,4,9,1,9,3,3,6
12-15 13:46:16.827 9652 9652 D batteryLevel: 53
12-15 13:46:17.673 9652 9707 D jswrapper: JS: winTimes:0.4
12-15 13:46:17.673 9652 9707 D jswrapper: JS: showGameEnd
12-15 13:46:17.673 9652 9707 D jswrapper: JS: delayStartNextRoll
12-15 13:46:18.421 9652 9707 D jswrapper: JS: main=200, sub=152
12-15 13:46:18.422 9652 9707 D jswrapper: JS: JACKPOT
12-15 13:46:18.422 9652 9707 D jswrapper: JS: JACKPOT:{"lJackPot":11458}
12-15 13:46:18.423 9652 9707 D jswrapper: JS: main=200, sub=152
12-15 13:46:18.424 9652 9707 D jswrapper: JS: JACKPOT
12-15 13:46:18.424 9652 9707 D jswrapper: JS: JACKPOT:{"lJackPot":11471}
12-15 13:46:19.950 9652 9652 I ViewRootImpl@c90193f[AppActivity]: ViewPostIme
pointer 0
12-15 13:46:20.040 9652 9652 I ViewRootImpl@c90193f[AppActivity]: ViewPostIme
pointer 1
12-15 13:46:20.074 9652 9707 D jswrapper: JS: SendSocketData main:200 sub:113
12-15 13:46:20.125 9652 9707 D jswrapper: JS: main=3, sub=101
12-15 13:46:20.125 9652 9707 D jswrapper: JS: GameBase onEventUserScore 用户积分
12-15 13:46:20.126 9652 9707 D jswrapper: JS: main=200, sub=149
12-15 13:46:20.126 9652 9707 D jswrapper: JS: SGLB::结果
12-15 13:46:20.126 9652 9707 D jswrapper: JS: [object Object]
12-15 13:46:20.127 9652 9707 D jswrapper: JS: setRollDatas
12-15 13:46:20.127 9652 9707 D jswrapper: JS: main=200, sub=152
12-15 13:46:20.127 9652 9707 D jswrapper: JS: JACKPOT
12-15 13:46:20.127 9652 9707 D jswrapper: JS: JACKPOT:{"lJackPot":11521}
12-15 13:46:20.670 9652 9707 D jswrapper: JS: openPrizes2
12-15 13:46:20.684 9652 9707 D jswrapper: JS: [object Object],[object Object],
[object Object],[object Object],[object Object],[object Object],[object Object],
[object Object],[object Object],[object Object],[object Object]
12-15 13:46:20.684 9652 9707 D jswrapper: JS: [object Object]
12-15 13:46:22.610 9652 9707 D debug info: Fail to play
assets/OLYMPUS/assets/native/2c/2ccb6473-2f91-440b-8cb1-7dd05db49996.mp3 cause by
limited max instance of AudioEngine
12-15 13:46:22.611 9652 9707 D debug info: Fail to play
assets/OLYMPUS/assets/native/2c/2ccb6473-2f91-440b-8cb1-7dd05db49996.mp3 cause by
limited max instance of AudioEngine
12-15 13:46:22.832 9652 9707 D jswrapper: JS: main=200, sub=152
12-15 13:46:22.833 9652 9707 D jswrapper: JS: JACKPOT
12-15 13:46:22.833 9652 9707 D jswrapper: JS: JACKPOT:{"lJackPot":11657}
12-15 13:46:23.279 9652 9707 D jswrapper: JS: [object Object],[object Object],
[object Object],[object Object],[object Object],[object Object],[object Object],
[object Object],[object Object],[object Object],[object Object],[object Object],
[object Object],[object Object],[object Object],[object Object],[object Object],
[object Object],[object Object],[object Object],[object Object],[object Object],
[object Object],[object Object],[object Object],[object Object],[object Object],
[object Object],[object Object],[object Object]
12-15 13:46:23.280 9652 9707 D jswrapper: JS:
2,3,4,0,1,0,3,1,2,4,0,1,2,3,4,3,4,0,1,2,0,2,1,3,4,2,3,0,1,4
12-15 13:46:23.281 9652 9707 D jswrapper: JS: 1,4,12,16,17,18,19,21,23,24,27
12-15 13:46:23.281 9652 9707 D jswrapper: JS: 5,3,2,0,3,8,3,0,3,0,3
12-15 13:46:24.686 9652 9707 D jswrapper: JS: main=3, sub=530
12-15 13:46:24.688 9652 9707 D jswrapper: JS: [object Object]
12-15 13:46:24.725 9652 9707 D jswrapper: JS: 512
12-15 13:46:24.725 9652 9707 D jswrapper: JS: SendSocketData main:100 sub:512
12-15 13:46:24.764 9652 9707 D jswrapper: JS: main=100, sub=513
12-15 13:46:24.764 9652 9707 D jswrapper: JS: 收到框架消息::513
12-15 13:46:24.765 9652 9707 D jswrapper: JS: [object Object]
12-15 13:46:24.766 9652 9707 D jswrapper: JS: main=100, sub=513
12-15 13:46:24.766 9652 9707 D jswrapper: JS: 收到框架消息::513
12-15 13:46:24.766 9652 9707 D jswrapper: JS: [object Object]
12-15 13:46:24.766 9652 9707 D jswrapper: JS: main=100, sub=513
12-15 13:46:24.766 9652 9707 D jswrapper: JS: 收到框架消息::513
12-15 13:46:24.767 9652 9707 D jswrapper: JS: [object Object]
12-15 13:46:24.767 9652 9707 D jswrapper: JS: main=100, sub=513
12-15 13:46:24.767 9652 9707 D jswrapper: JS: 收到框架消息::513
12-15 13:46:24.767 9652 9707 D jswrapper: JS: [object Object]
12-15 13:46:24.768 9652 9707 D jswrapper: JS: main=100, sub=513
12-15 13:46:24.768 9652 9707 D jswrapper: JS: 收到框架消息::513
12-15 13:46:24.772 9652 9707 D jswrapper: JS: [object Object]
12-15 13:46:24.773 9652 9707 D jswrapper: JS: main=100, sub=513
12-15 13:46:24.773 9652 9707 D jswrapper: JS: 收到框架消息::513
12-15 13:46:24.773 9652 9707 D jswrapper: JS: [object Object]
12-15 13:46:24.773 9652 9707 D jswrapper: JS: main=100, sub=513
12-15 13:46:24.773 9652 9707 D jswrapper: JS: 收到框架消息::513
12-15 13:46:24.774 9652 9707 D jswrapper: JS: [object Object]
12-15 13:46:24.774 9652 9707 D jswrapper: JS: main=100, sub=513
12-15 13:46:24.774 9652 9707 D jswrapper: JS: 收到框架消息::513
12-15 13:46:24.774 9652 9707 D jswrapper: JS: [object Object]
12-15 13:46:24.775 9652 9707 D jswrapper: JS: main=100, sub=513
12-15 13:46:24.775 9652 9707 D jswrapper: JS: 收到框架消息::513
12-15 13:46:24.775 9652 9707 D jswrapper: JS: [object Object]
12-15 13:46:24.775 9652 9707 D jswrapper: JS: main=100, sub=513
12-15 13:46:24.775 9652 9707 D jswrapper: JS: 收到框架消息::513
12-15 13:46:24.775 9652 9707 D jswrapper: JS: [object Object]
12-15 13:46:26.447 9652 9707 D jswrapper: JS: main=200, sub=152
12-15 13:46:26.448 9652 9707 D jswrapper: JS: JACKPOT
12-15 13:46:26.448 9652 9707 D jswrapper: JS: JACKPOT:{"lJackPot":12012}
12-15 13:46:26.668 9652 9707 D jswrapper: JS: winTimes:2.25
12-15 13:46:26.670 9652 9707 D jswrapper: JS: showGameEnd
12-15 13:46:27.431 9652 9707 D jswrapper: JS: main=200, sub=152
12-15 13:46:27.431 9652 9707 D jswrapper: JS: JACKPOT
12-15 13:46:27.431 9652 9707 D jswrapper: JS: JACKPOT:{"lJackPot":10974}
12-15 13:46:28.052 9652 9707 D jswrapper: JS: main=200, sub=152
12-15 13:46:28.052 9652 9707 D jswrapper: JS: JACKPOT
12-15 13:46:28.052 9652 9707 D jswrapper: JS: JACKPOT:{"lJackPot":10991}
12-15 13:46:28.952 9652 9652 I ViewRootImpl@c90193f[AppActivity]: ViewPostIme
pointer 0
12-15 13:46:29.040 9652 9652 I ViewRootImpl@c90193f[AppActivity]: ViewPostIme
pointer 1
12-15 13:46:29.086 9652 9707 D jswrapper: JS: SendSocketData main:200 sub:113
12-15 13:46:29.111 9652 9707 D jswrapper: JS: main=3, sub=101
12-15 13:46:29.112 9652 9707 D jswrapper: JS: GameBase onEventUserScore 用户积分
12-15 13:46:29.112 9652 9707 D jswrapper: JS: main=200, sub=149
12-15 13:46:29.112 9652 9707 D jswrapper: JS: SGLB::结果
12-15 13:46:29.113 9652 9707 D jswrapper: JS: [object Object]
12-15 13:46:29.113 9652 9707 D jswrapper: JS: setRollDatas
12-15 13:46:29.681 9652 9707 D jswrapper: JS: openPrizes2
12-15 13:46:29.692 9652 9707 D jswrapper: JS: [object Object],[object Object],
[object Object],[object Object],[object Object],[object Object],[object Object],
[object Object],[object Object],[object Object],[object Object],[object Object]
12-15 13:46:29.692 9652 9707 D jswrapper: JS: [object Object]
12-15 13:46:31.221 9652 9707 D jswrapper: JS: main=200, sub=152
12-15 13:46:31.221 9652 9707 D jswrapper: JS: JACKPOT
12-15 13:46:31.221 9652 9707 D jswrapper: JS: JACKPOT:{"lJackPot":11102}
12-15 13:46:31.320 9652 9707 D debug info: Fail to play
assets/OLYMPUS/assets/native/2c/2ccb6473-2f91-440b-8cb1-7dd05db49996.mp3 cause by
limited max instance of AudioEngine
12-15 13:46:32.004 9652 9707 D jswrapper: JS: [object Object],[object Object],
[object Object],[object Object],[object Object],[object Object],[object Object],
[object Object],[object Object],[object Object],[object Object],[object Object],
[object Object],[object Object],[object Object],[object Object],[object Object],
[object Object],[object Object],[object Object],[object Object],[object Object],
[object Object],[object Object],[object Object],[object Object],[object Object],
[object Object],[object Object],[object Object]
12-15 13:46:32.005 9652 9707 D jswrapper: JS:
0,2,1,3,4,0,2,1,3,4,0,2,4,1,3,3,4,0,1,2,0,1,2,3,4,4,0,1,2,3
12-15 13:46:32.005 9652 9707 D jswrapper: JS: 0,1,2,4,10,12,13,14,21,26,27,29
12-15 13:46:32.006 9652 9707 D jswrapper: JS: 0,2,3,4,4,2,8,6,8,9,5,2
12-15 13:46:32.052 9652 9707 D jswrapper: JS: main=200, sub=152
12-15 13:46:32.052 9652 9707 D jswrapper: JS: JACKPOT
12-15 13:46:32.052 9652 9707 D jswrapper: JS: JACKPOT:{"lJackPot":11198}
12-15 13:46:32.660 9652 9707 D jswrapper: JS: main=200, sub=152
12-15 13:46:32.660 9652 9707 D jswrapper: JS: JACKPOT
12-15 13:46:32.660 9652 9707 D jswrapper: JS: JACKPOT:{"lJackPot":11213}
12-15 13:46:33.179 9652 9707 D jswrapper: JS: winTimes:0.75
12-15 13:46:33.179 9652 9707 D jswrapper: JS: showGameEnd
12-15 13:46:33.179 9652 9707 D jswrapper: JS: delayStartNextRoll
12-15 13:46:33.545 9652 9707 D jswrapper: JS: main=200, sub=152
12-15 13:46:33.546 9652 9707 D jswrapper: JS: JACKPOT
12-15 13:46:33.546 9652 9707 D jswrapper: JS: JACKPOT:{"lJackPot":11298}
12-15 13:46:34.815 9652 9707 D jswrapper: JS: main=3, sub=530
12-15 13:46:34.816 9652 9707 D jswrapper: JS: [object Object]
12-15 13:46:34.816 9652 9707 D jswrapper: JS: 512
12-15 13:46:34.816 9652 9707 D jswrapper: JS: SendSocketData main:100 sub:512
12-15 13:46:34.840 9652 9707 D jswrapper: JS: main=100, sub=513
12-15 13:46:34.840 9652 9707 D jswrapper: JS: 收到框架消息::513
12-15 13:46:34.840 9652 9707 D jswrapper: JS: [object Object]
12-15 13:46:34.842 9652 9707 D jswrapper: JS: main=100, sub=513
12-15 13:46:34.842 9652 9707 D jswrapper: JS: 收到框架消息::513
12-15 13:46:34.842 9652 9707 D jswrapper: JS: [object Object]
12-15 13:46:34.843 9652 9707 D jswrapper: JS: main=100, sub=513
12-15 13:46:34.843 9652 9707 D jswrapper: JS: 收到框架消息::513
12-15 13:46:34.843 9652 9707 D jswrapper: JS: [object Object]
12-15 13:46:34.844 9652 9707 D jswrapper: JS: main=100, sub=513
12-15 13:46:34.844 9652 9707 D jswrapper: JS: 收到框架消息::513
12-15 13:46:34.844 9652 9707 D jswrapper: JS: [object Object]
12-15 13:46:34.845 9652 9707 D jswrapper: JS: main=100, sub=513
12-15 13:46:34.845 9652 9707 D jswrapper: JS: 收到框架消息::513
12-15 13:46:34.845 9652 9707 D jswrapper: JS: [object Object]
12-15 13:46:34.845 9652 9707 D jswrapper: JS: main=100, sub=513
12-15 13:46:34.846 9652 9707 D jswrapper: JS: 收到框架消息::513
12-15 13:46:34.846 9652 9707 D jswrapper: JS: [object Object]
12-15 13:46:34.846 9652 9707 D jswrapper: JS: main=100, sub=513
12-15 13:46:34.852 9652 9707 D jswrapper: JS: 收到框架消息::513
12-15 13:46:34.853 9652 9707 D jswrapper: JS: [object Object]
12-15 13:46:34.853 9652 9707 D jswrapper: JS: main=100, sub=513
12-15 13:46:34.853 9652 9707 D jswrapper: JS: 收到框架消息::513
12-15 13:46:34.853 9652 9707 D jswrapper: JS: [object Object]
12-15 13:46:34.854 9652 9707 D jswrapper: JS: main=100, sub=513
12-15 13:46:34.854 9652 9707 D jswrapper: JS: 收到框架消息::513
12-15 13:46:34.854 9652 9707 D jswrapper: JS: [object Object]
12-15 13:46:34.854 9652 9707 D jswrapper: JS: main=100, sub=513
12-15 13:46:34.854 9652 9707 D jswrapper: JS: 收到框架消息::513
12-15 13:46:34.854 9652 9707 D jswrapper: JS: [object Object]
12-15 13:46:35.587 9652 9652 I ViewRootImpl@c90193f[AppActivity]: ViewPostIme
pointer 0
12-15 13:46:35.669 9652 9652 I ViewRootImpl@c90193f[AppActivity]: ViewPostIme
pointer 1
12-15 13:46:35.738 9652 9707 D jswrapper: JS: SendSocketData main:200 sub:113
12-15 13:46:35.792 9652 9707 D jswrapper: JS: main=3, sub=101
12-15 13:46:35.792 9652 9707 D jswrapper: JS: GameBase onEventUserScore 用户积分
12-15 13:46:35.793 9652 9707 D jswrapper: JS: main=200, sub=149
12-15 13:46:35.793 9652 9707 D jswrapper: JS: SGLB::结果
12-15 13:46:35.794 9652 9707 D jswrapper: JS: [object Object]
12-15 13:46:35.794 9652 9707 D jswrapper: JS: setRollDatas
12-15 13:46:35.794 9652 9707 D jswrapper: JS: main=200, sub=152
12-15 13:46:35.796 9652 9707 D jswrapper: JS: JACKPOT
12-15 13:46:35.796 9652 9707 D jswrapper: JS: JACKPOT:{"lJackPot":11418}
12-15 13:46:36.336 9652 9707 D jswrapper: JS: openPrizes2
12-15 13:46:36.346 9652 9707 D jswrapper: JS: [object Object],[object Object],
[object Object],[object Object],[object Object],[object Object],[object Object],
[object Object],[object Object]
12-15 13:46:36.346 9652 9707 D jswrapper: JS: [object Object]
12-15 13:46:38.261 9652 9707 D debug info: Fail to play
assets/OLYMPUS/assets/native/2c/2ccb6473-2f91-440b-8cb1-7dd05db49996.mp3 cause by
limited max instance of AudioEngine
12-15 13:46:38.954 9652 9707 D jswrapper: JS: [object Object],[object Object],
[object Object],[object Object],[object Object],[object Object],[object Object],
[object Object],[object Object],[object Object],[object Object],[object Object],
[object Object],[object Object],[object Object],[object Object],[object Object],
[object Object],[object Object],[object Object],[object Object],[object Object],
[object Object],[object Object],[object Object],[object Object],[object Object],
[object Object],[object Object],[object Object]
12-15 13:46:38.955 9652 9707 D jswrapper: JS:
2,3,0,1,4,3,4,0,1,2,1,2,0,3,4,0,1,2,3,4,4,0,1,2,3,2,0,1,3,4
12-15 13:46:38.956 9652 9707 D jswrapper: JS: 3,8,12,14,17,18,19,25,28
12-15 13:46:38.956 9652 9707 D jswrapper: JS: 5,2,9,1,6,6,0,4,0
12-15 13:46:43.557 9652 9707 D jswrapper: JS: winTimes:2.25
12-15 13:46:43.559 9652 9707 D jswrapper: JS: showGameEnd
12-15 13:46:45.068 9652 9707 D jswrapper: JS: main=200, sub=152
12-15 13:46:45.068 9652 9707 D jswrapper: JS: JACKPOT
12-15 13:46:45.068 9652 9707 D jswrapper: JS: JACKPOT:{"lJackPot":11973}
12-15 13:46:46.760 9652 9652 I ViewRootImpl@c90193f[AppActivity]: ViewPostIme
pointer 0
12-15 13:46:46.858 9652 9652 I ViewRootImpl@c90193f[AppActivity]: ViewPostIme
pointer 1
12-15 13:46:46.898 9652 9707 D jswrapper: JS: SendSocketData main:200 sub:113
12-15 13:46:46.948 9652 9707 D jswrapper: JS: main=3, sub=101
12-15 13:46:46.948 9652 9707 D jswrapper: JS: GameBase onEventUserScore 用户积分
12-15 13:46:46.948 9652 9707 D jswrapper: JS: main=200, sub=149
12-15 13:46:46.949 9652 9707 D jswrapper: JS: SGLB::结果
12-15 13:46:46.949 9652 9707 D jswrapper: JS: [object Object]
12-15 13:46:46.949 9652 9707 D jswrapper: JS: setRollDatas
12-15 13:46:47.492 9652 9707 D jswrapper: JS: openPrizes2
12-15 13:46:47.621 9652 9707 D jswrapper: JS: main=200, sub=152
12-15 13:46:47.621 9652 9707 D jswrapper: JS: JACKPOT
12-15 13:46:47.621 9652 9707 D jswrapper: JS: JACKPOT:{"lJackPot":12256}
12-15 13:46:48.476 9652 9707 D jswrapper: JS: showGameEnd
12-15 13:46:48.476 9652 9707 D jswrapper: JS: delayStartNextRoll
12-15 13:46:48.539 9652 9707 D jswrapper: JS: main=200, sub=152
12-15 13:46:48.539 9652 9707 D jswrapper: JS: JACKPOT
12-15 13:46:48.540 9652 9707 D jswrapper: JS: JACKPOT:{"lJackPot":12264}
12-15 13:46:49.255 9652 9707 D jswrapper: JS: main=200, sub=152
12-15 13:46:49.255 9652 9707 D jswrapper: JS: JACKPOT
12-15 13:46:49.255 9652 9707 D jswrapper: JS: JACKPOT:{"lJackPot":12302}
12-15 13:46:49.680 9652 9707 D jswrapper: JS: main=200, sub=152
12-15 13:46:49.681 9652 9707 D jswrapper: JS: JACKPOT
12-15 13:46:49.681 9652 9707 D jswrapper: JS: JACKPOT:{"lJackPot":12342}
12-15 13:46:50.696 9652 9707 D jswrapper: JS: main=200, sub=152
12-15 13:46:50.697 9652 9707 D jswrapper: JS: JACKPOT
12-15 13:46:50.697 9652 9707 D jswrapper: JS: JACKPOT:{"lJackPot":11229}
12-15 13:46:51.168 9652 9707 D jswrapper: JS: main=200, sub=152
12-15 13:46:51.168 9652 9707 D jswrapper: JS: JACKPOT
12-15 13:46:51.168 9652 9707 D jswrapper: JS: JACKPOT:{"lJackPot":11232}
12-15 13:46:52.380 9652 9652 I ViewRootImpl@c90193f[AppActivity]: ViewPostIme
pointer 0
12-15 13:46:52.478 9652 9652 I ViewRootImpl@c90193f[AppActivity]: ViewPostIme
pointer 1
12-15 13:46:52.526 9652 9707 D jswrapper: JS: SendSocketData main:200 sub:113
12-15 13:46:52.578 9652 9707 D jswrapper: JS: main=3, sub=101
12-15 13:46:52.578 9652 9707 D jswrapper: JS: GameBase onEventUserScore 用户积分
12-15 13:46:52.578 9652 9707 D jswrapper: JS: main=200, sub=149
12-15 13:46:52.585 9652 9707 D jswrapper: JS: SGLB::结果
12-15 13:46:52.585 9652 9707 D jswrapper: JS: [object Object]
12-15 13:46:52.585 9652 9707 D jswrapper: JS: setRollDatas
12-15 13:46:53.121 9652 9707 D jswrapper: JS: openPrizes2
12-15 13:46:53.134 9652 9707 D jswrapper: JS: [object Object],[object Object],
[object Object],[object Object],[object Object],[object Object],[object Object],
[object Object]
12-15 13:46:53.134 9652 9707 D jswrapper: JS: [object Object]
12-15 13:46:54.068 9652 9707 D jswrapper: JS: main=200, sub=152
12-15 13:46:54.069 9652 9707 D jswrapper: JS: JACKPOT
12-15 13:46:54.069 9652 9707 D jswrapper: JS: JACKPOT:{"lJackPot":11423}
12-15 13:46:54.269 9652 9707 D jswrapper: JS: main=200, sub=152
12-15 13:46:54.270 9652 9707 D jswrapper: JS: JACKPOT
12-15 13:46:54.270 9652 9707 D jswrapper: JS: JACKPOT:{"lJackPot":11450}
12-15 13:46:55.209 9652 9707 D jswrapper: JS: main=3, sub=530
12-15 13:46:55.211 9652 9707 D jswrapper: JS: [object Object]
12-15 13:46:55.262 9652 9707 D jswrapper: JS: 512
12-15 13:46:55.262 9652 9707 D jswrapper: JS: SendSocketData main:100 sub:512
12-15 13:46:55.296 9652 9707 D jswrapper: JS: main=100, sub=513
12-15 13:46:55.296 9652 9707 D jswrapper: JS: 收到框架消息::513
12-15 13:46:55.296 9652 9707 D jswrapper: JS: [object Object]
12-15 13:46:55.297 9652 9707 D jswrapper: JS: main=100, sub=513
12-15 13:46:55.297 9652 9707 D jswrapper: JS: 收到框架消息::513
12-15 13:46:55.297 9652 9707 D jswrapper: JS: [object Object]
12-15 13:46:55.297 9652 9707 D jswrapper: JS: main=100, sub=513
12-15 13:46:55.297 9652 9707 D jswrapper: JS: 收到框架消息::513
12-15 13:46:55.297 9652 9707 D jswrapper: JS: [object Object]
12-15 13:46:55.297 9652 9707 D jswrapper: JS: main=100, sub=513
12-15 13:46:55.297 9652 9707 D jswrapper: JS: 收到框架消息::513
12-15 13:46:55.298 9652 9707 D jswrapper: JS: [object Object]
12-15 13:46:55.298 9652 9707 D jswrapper: JS: main=100, sub=513
12-15 13:46:55.298 9652 9707 D jswrapper: JS: 收到框架消息::513
12-15 13:46:55.298 9652 9707 D jswrapper: JS: [object Object]
12-15 13:46:55.321 9652 9707 D jswrapper: JS: main=100, sub=513
12-15 13:46:55.321 9652 9707 D jswrapper: JS: 收到框架消息::513
12-15 13:46:55.321 9652 9707 D jswrapper: JS: [object Object]
12-15 13:46:55.322 9652 9707 D jswrapper: JS: main=100, sub=513
12-15 13:46:55.322 9652 9707 D jswrapper: JS: 收到框架消息::513
12-15 13:46:55.322 9652 9707 D jswrapper: JS: [object Object]
12-15 13:46:55.322 9652 9707 D jswrapper: JS: main=100, sub=513
12-15 13:46:55.322 9652 9707 D jswrapper: JS: 收到框架消息::513
12-15 13:46:55.323 9652 9707 D jswrapper: JS: [object Object]
12-15 13:46:55.323 9652 9707 D jswrapper: JS: main=100, sub=513
12-15 13:46:55.323 9652 9707 D jswrapper: JS: 收到框架消息::513
12-15 13:46:55.323 9652 9707 D jswrapper: JS: [object Object]
12-15 13:46:55.324 9652 9707 D jswrapper: JS: main=100, sub=513
12-15 13:46:55.324 9652 9707 D jswrapper: JS: 收到框架消息::513
12-15 13:46:55.324 9652 9707 D jswrapper: JS: [object Object]
12-15 13:46:55.443 9652 9707 D jswrapper: JS: [object Object],[object Object],
[object Object],[object Object],[object Object],[object Object],[object Object],
[object Object],[object Object],[object Object],[object Object],[object Object],
[object Object],[object Object],[object Object],[object Object],[object Object],
[object Object],[object Object],[object Object],[object Object],[object Object],
[object Object],[object Object],[object Object],[object Object],[object Object],
[object Object],[object Object],[object Object]
12-15 13:46:55.444 9652 9707 D jswrapper: JS:
2,0,1,3,4,0,1,2,3,4,0,1,2,3,4,0,4,1,2,3,1,2,3,0,4,1,4,0,2,3
12-15 13:46:55.444 9652 9707 D jswrapper: JS: 3,10,11,12,16,22,27,29
12-15 13:46:55.444 9652 9707 D jswrapper: JS: 7,4,5,2,3,9,2,0
12-15 13:46:56.654 9652 9707 D jswrapper: JS: winTimes:0.25
12-15 13:46:56.654 9652 9707 D jswrapper: JS: showGameEnd
12-15 13:46:56.654 9652 9707 D jswrapper: JS: delayStartNextRoll
12-15 13:46:57.028 9652 9707 D jswrapper: JS: main=200, sub=152
12-15 13:46:57.028 9652 9707 D jswrapper: JS: JACKPOT
12-15 13:46:57.028 9652 9707 D jswrapper: JS: JACKPOT:{"lJackPot":11554}
12-15 13:46:57.242 9652 9652 I ViewRootImpl@c90193f[AppActivity]: ViewPostIme
pointer 0
12-15 13:46:57.332 9652 9652 I ViewRootImpl@c90193f[AppActivity]: ViewPostIme
pointer 1
12-15 13:46:57.419 9652 9707 D jswrapper: JS: SendSocketData main:200 sub:113
12-15 13:46:57.473 9652 9707 D jswrapper: JS: main=3, sub=101
12-15 13:46:57.473 9652 9707 D jswrapper: JS: GameBase onEventUserScore 用户积分
12-15 13:46:57.473 9652 9707 D jswrapper: JS: main=200, sub=149
12-15 13:46:57.474 9652 9707 D jswrapper: JS: SGLB::结果
12-15 13:46:57.474 9652 9707 D jswrapper: JS: [object Object]
12-15 13:46:57.474 9652 9707 D jswrapper: JS: setRollDatas
12-15 13:46:58.019 9652 9707 D jswrapper: JS: openPrizes2
12-15 13:46:58.028 9652 9707 D jswrapper: JS: [object Object],[object Object],
[object Object],[object Object],[object Object],[object Object],[object Object],
[object Object],[object Object]
12-15 13:46:58.028 9652 9707 D jswrapper: JS: [object Object]
12-15 13:46:59.906 9652 9707 D jswrapper: JS: main=200, sub=152
12-15 13:46:59.907 9652 9707 D jswrapper: JS: JACKPOT
12-15 13:46:59.907 9652 9707 D jswrapper: JS: JACKPOT:{"lJackPot":11594}
12-15 13:47:00.331 9652 9707 D jswrapper: JS: [object Object],[object Object],
[object Object],[object Object],[object Object],[object Object],[object Object],
[object Object],[object Object],[object Object],[object Object],[object Object],
[object Object],[object Object],[object Object],[object Object],[object Object],
[object Object],[object Object],[object Object],[object Object],[object Object],
[object Object],[object Object],[object Object],[object Object],[object Object],
[object Object],[object Object],[object Object]
12-15 13:47:00.332 9652 9707 D jswrapper: JS:
4,0,1,2,3,2,4,0,1,3,0,1,2,3,4,0,1,2,3,4,2,4,0,1,3,2,3,4,0,1
12-15 13:47:00.333 9652 9707 D jswrapper: JS: 2,13,16,17,23,24,25,28,29
12-15 13:47:00.333 9652 9707 D jswrapper: JS: 7,2,7,8,1,6,5,1,0
12-15 13:47:01.515 9652 9707 D jswrapper: JS: winTimes:0.25
12-15 13:47:01.515 9652 9707 D jswrapper: JS: showGameEnd
12-15 13:47:01.515 9652 9707 D jswrapper: JS: delayStartNextRoll
12-15 13:47:02.280 9652 9652 I ViewRootImpl@c90193f[AppActivity]: ViewPostIme
pointer 0
12-15 13:47:02.377 9652 9652 I ViewRootImpl@c90193f[AppActivity]: ViewPostIme
pointer 1
12-15 13:47:02.416 9652 9707 D jswrapper: JS: SendSocketData main:200 sub:113
12-15 13:47:02.467 9652 9707 D jswrapper: JS: main=3, sub=101
12-15 13:47:02.468 9652 9707 D jswrapper: JS: GameBase onEventUserScore 用户积分
12-15 13:47:02.468 9652 9707 D jswrapper: JS: main=200, sub=149
12-15 13:47:02.468 9652 9707 D jswrapper: JS: SGLB::结果
12-15 13:47:02.468 9652 9707 D jswrapper: JS: [object Object]
12-15 13:47:02.468 9652 9707 D jswrapper: JS: setRollDatas
12-15 13:47:03.011 9652 9707 D jswrapper: JS: openPrizes2
12-15 13:47:03.020 9652 9707 D jswrapper: JS: [object Object],[object Object],
[object Object],[object Object],[object Object],[object Object],[object Object],
[object Object],[object Object],[object Object],[object Object]
12-15 13:47:03.021 9652 9707 D jswrapper: JS: [object Object]
12-15 13:47:05.335 9652 9707 D jswrapper: JS: [object Object],[object Object],
[object Object],[object Object],[object Object],[object Object],[object Object],
[object Object],[object Object],[object Object],[object Object],[object Object],
[object Object],[object Object],[object Object],[object Object],[object Object],
[object Object],[object Object],[object Object],[object Object],[object Object],
[object Object],[object Object],[object Object],[object Object],[object Object],
[object Object],[object Object],[object Object]
12-15 13:47:05.335 9652 9707 D jswrapper: JS:
4,0,1,2,3,2,0,1,3,4,1,0,2,3,4,0,3,4,1,2,0,2,1,3,4,0,1,3,2,4
12-15 13:47:05.336 9652 9707 D jswrapper: JS: 3,4,5,8,11,13,16,21,23,24,27
12-15 13:47:05.336 9652 9707 D jswrapper: JS: 5,4,2,3,3,0,7,4,7,5,2
12-15 13:47:05.433 9652 9707 D jswrapper: JS: main=200, sub=152
12-15 13:47:05.433 9652 9707 D jswrapper: JS: JACKPOT
12-15 13:47:05.434 9652 9707 D jswrapper: JS: JACKPOT:{"lJackPot":12141}
12-15 13:47:06.531 9652 9707 D jswrapper: JS: winTimes:0.75
12-15 13:47:06.531 9652 9707 D jswrapper: JS: showGameEnd
12-15 13:47:06.531 9652 9707 D jswrapper: JS: delayStartNextRoll
12-15 13:47:06.991 9652 9652 I ViewRootImpl@c90193f[AppActivity]: ViewPostIme
pointer 0
12-15 13:47:07.098 9652 9652 I ViewRootImpl@c90193f[AppActivity]: ViewPostIme
pointer 1
12-15 13:47:07.126 9652 9707 D jswrapper: JS: SendSocketData main:200 sub:113
12-15 13:47:07.176 9652 9707 D jswrapper: JS: main=3, sub=101
12-15 13:47:07.176 9652 9707 D jswrapper: JS: GameBase onEventUserScore 用户积分
12-15 13:47:07.176 9652 9707 D jswrapper: JS: main=200, sub=149
12-15 13:47:07.177 9652 9707 D jswrapper: JS: SGLB::结果
12-15 13:47:07.177 9652 9707 D jswrapper: JS: [object Object]
12-15 13:47:07.177 9652 9707 D jswrapper: JS: setRollDatas
12-15 13:47:07.397 9652 9707 D jswrapper: JS: main=200, sub=152
12-15 13:47:07.397 9652 9707 D jswrapper: JS: JACKPOT
12-15 13:47:07.397 9652 9707 D jswrapper: JS: JACKPOT:{"lJackPot":12218}
12-15 13:47:07.716 9652 9707 D jswrapper: JS: openPrizes2
12-15 13:47:07.725 9652 9707 D jswrapper: JS: [object Object],[object Object],
[object Object],[object Object],[object Object],[object Object],[object Object],
[object Object]
12-15 13:47:07.728 9652 9707 D jswrapper: JS: [object Object]
12-15 13:47:08.088 9652 9707 D jswrapper: JS: main=200, sub=152
12-15 13:47:08.089 9652 9707 D jswrapper: JS: JACKPOT
12-15 13:47:08.089 9652 9707 D jswrapper: JS: JACKPOT:{"lJackPot":12274}
12-15 13:47:10.030 9652 9707 D jswrapper: JS: [object Object],[object Object],
[object Object],[object Object],[object Object],[object Object],[object Object],
[object Object],[object Object],[object Object],[object Object],[object Object],
[object Object],[object Object],[object Object],[object Object],[object Object],
[object Object],[object Object],[object Object],[object Object],[object Object],
[object Object],[object Object],[object Object],[object Object],[object Object],
[object Object],[object Object],[object Object]
12-15 13:47:10.030 9652 9707 D jswrapper: JS:
2,3,0,1,4,1,0,2,3,4,0,1,2,3,4,1,2,3,0,4,0,4,1,2,3,0,1,2,3,4
12-15 13:47:10.030 9652 9707 D jswrapper: JS: 4,7,9,12,15,18,21,28
12-15 13:47:10.030 9652 9707 D jswrapper: JS: 2,11,6,4,4,8,3,4
12-15 13:47:11.203 9652 9707 D jswrapper: JS: winTimes:0.25
12-15 13:47:11.203 9652 9707 D jswrapper: JS: showGameEnd
12-15 13:47:11.203 9652 9707 D jswrapper: JS: delayStartNextRoll
12-15 13:47:11.362 9652 9652 I ViewRootImpl@c90193f[AppActivity]: ViewPostIme
pointer 0
12-15 13:47:11.477 9652 9652 I ViewRootImpl@c90193f[AppActivity]: ViewPostIme
pointer 1
12-15 13:47:12.340 9652 9652 I ViewRootImpl@c90193f[AppActivity]: ViewPostIme
pointer 0
12-15 13:47:12.437 9652 9652 I ViewRootImpl@c90193f[AppActivity]: ViewPostIme
pointer 1
12-15 13:47:12.475 9652 9707 D jswrapper: JS: SendSocketData main:200 sub:113
12-15 13:47:12.525 9652 9707 D jswrapper: JS: main=3, sub=101
12-15 13:47:12.525 9652 9707 D jswrapper: JS: GameBase onEventUserScore 用户积分
12-15 13:47:12.526 9652 9707 D jswrapper: JS: main=200, sub=149
12-15 13:47:12.526 9652 9707 D jswrapper: JS: SGLB::结果
12-15 13:47:12.529 9652 9707 D jswrapper: JS: [object Object]
12-15 13:47:12.529 9652 9707 D jswrapper: JS: setRollDatas
12-15 13:47:12.529 9652 9707 D jswrapper: JS: main=3, sub=102
12-15 13:47:12.529 9652 9707 D jswrapper: JS:
OnSocketSubUserStatus::dwUserID::2727209
12-15 13:47:12.529 9652 9707 D jswrapper: JS: OnSocketSubUserStatus::UserStatus::
{"wTableID":7,"wChairID":0,"cbUserStatus":5}
12-15 13:47:12.530 9652 9707 D jswrapper: JS: UpdateUserItemStatus::以往数据::
{"wTableID":7,"wChairID":0,"cbUserStatus":2}
12-15 13:47:12.530 9652 9707 D jswrapper: JS: GameBase onEventUserStatus 用户状态
12-15 13:47:12.530 9652 9707 D jswrapper: JS: main=100, sub=401
12-15 13:47:12.530 9652 9707 D jswrapper: JS: 收到框架消息::401
12-15 13:47:12.530 9652 9707 D jswrapper: JS: 收到唯一对局码: (2111007167112282741)
12-15 13:47:12.530 9652 9707 D jswrapper: JS: main=3, sub=101
12-15 13:47:12.531 9652 9707 D jswrapper: JS: GameBase onEventUserScore 用户积分
12-15 13:47:12.531 9652 9707 D jswrapper: JS: main=3, sub=102
12-15 13:47:12.531 9652 9707 D jswrapper: JS:
OnSocketSubUserStatus::dwUserID::2727209
12-15 13:47:12.531 9652 9707 D jswrapper: JS: OnSocketSubUserStatus::UserStatus::
{"wTableID":7,"wChairID":0,"cbUserStatus":2}
12-15 13:47:12.531 9652 9707 D jswrapper: JS: UpdateUserItemStatus::以往数据::
{"wTableID":7,"wChairID":0,"cbUserStatus":5}
12-15 13:47:12.531 9652 9707 D jswrapper: JS: GameBase onEventUserStatus 用户状态
12-15 13:47:13.071 9652 9707 D jswrapper: JS: openPrizes2
12-15 13:47:14.081 9652 9707 D jswrapper: JS: showGameEnd
12-15 13:47:14.081 9652 9707 D jswrapper: JS: delayStartNextRoll
12-15 13:47:14.384 9652 9652 I ViewRootImpl@c90193f[AppActivity]: ViewPostIme
pointer 0
12-15 13:47:14.491 9652 9652 I ViewRootImpl@c90193f[AppActivity]: ViewPostIme
pointer 1
12-15 13:47:14.521 9652 9707 D jswrapper: JS: SendSocketData main:200 sub:113
12-15 13:47:14.547 9652 9707 D jswrapper: JS: main=200, sub=152
12-15 13:47:14.548 9652 9707 D jswrapper: JS: JACKPOT
12-15 13:47:14.548 9652 9707 D jswrapper: JS: JACKPOT:{"lJackPot":12604}
12-15 13:47:14.548 9652 9707 D jswrapper: JS: main=3, sub=101
12-15 13:47:14.548 9652 9707 D jswrapper: JS: GameBase onEventUserScore 用户积分
12-15 13:47:14.572 9652 9707 D jswrapper: JS: main=200, sub=149
12-15 13:47:14.573 9652 9707 D jswrapper: JS: SGLB::结果
12-15 13:47:14.573 9652 9707 D jswrapper: JS: [object Object]
12-15 13:47:14.573 9652 9707 D jswrapper: JS: setRollDatas
12-15 13:47:15.119 9652 9707 D jswrapper: JS: openPrizes2
12-15 13:47:15.465 9652 9707 D jswrapper: JS: main=200, sub=152
12-15 13:47:15.466 9652 9707 D jswrapper: JS: JACKPOT
12-15 13:47:15.466 9652 9707 D jswrapper: JS: JACKPOT:{"lJackPot":12664}
12-15 13:47:16.132 9652 9707 D jswrapper: JS: showGameEnd
12-15 13:47:16.133 9652 9707 D jswrapper: JS: delayStartNextRoll
12-15 13:47:16.152 9652 9707 D jswrapper: JS: main=200, sub=152
12-15 13:47:16.153 9652 9707 D jswrapper: JS: JACKPOT
12-15 13:47:16.153 9652 9707 D jswrapper: JS: JACKPOT:{"lJackPot":12694}
12-15 13:47:16.325 9652 9652 I ViewRootImpl@c90193f[AppActivity]: ViewPostIme
pointer 0
12-15 13:47:16.414 9652 9652 I ViewRootImpl@c90193f[AppActivity]: ViewPostIme
pointer 1
12-15 13:47:16.572 9652 9707 D jswrapper: JS: main=200, sub=152
12-15 13:47:16.572 9652 9707 D jswrapper: JS: JACKPOT
12-15 13:47:16.572 9652 9707 D jswrapper: JS: JACKPOT:{"lJackPot":12711}
12-15 13:47:17.208 9652 9652 I ViewRootImpl@c90193f[AppActivity]: ViewPostIme
pointer 0
12-15 13:47:17.321 9652 9652 I ViewRootImpl@c90193f[AppActivity]: ViewPostIme
pointer 1
12-15 13:47:17.347 9652 9707 D jswrapper: JS: SendSocketData main:200 sub:113
12-15 13:47:17.400 9652 9707 D jswrapper: JS: main=3, sub=101
12-15 13:47:17.400 9652 9707 D jswrapper: JS: GameBase onEventUserScore 用户积分
12-15 13:47:17.400 9652 9707 D jswrapper: JS: main=200, sub=149
12-15 13:47:17.401 9652 9707 D jswrapper: JS: SGLB::结果
12-15 13:47:17.401 9652 9707 D jswrapper: JS: [object Object]
12-15 13:47:17.401 9652 9707 D jswrapper: JS: setRollDatas
12-15 13:47:17.822 9652 9707 D jswrapper: JS: main=200, sub=152
12-15 13:47:17.822 9652 9707 D jswrapper: JS: JACKPOT
12-15 13:47:17.822 9652 9707 D jswrapper: JS: JACKPOT:{"lJackPot":12783}
12-15 13:47:17.946 9652 9707 D jswrapper: JS: openPrizes2
12-15 13:47:18.922 9652 9707 D jswrapper: JS: showGameEnd
12-15 13:47:18.922 9652 9707 D jswrapper: JS: delayStartNextRoll
12-15 13:47:19.155 9652 9707 D jswrapper: JS: main=200, sub=152
12-15 13:47:19.155 9652 9707 D jswrapper: JS: JACKPOT
12-15 13:47:19.155 9652 9707 D jswrapper: JS: JACKPOT:{"lJackPot":11653}
12-15 13:47:19.186 9652 9652 I ViewRootImpl@c90193f[AppActivity]: ViewPostIme
pointer 0
12-15 13:47:19.307 9652 9652 I ViewRootImpl@c90193f[AppActivity]: ViewPostIme
pointer 1
12-15 13:47:19.327 9652 9707 D jswrapper: JS: SendSocketData main:200 sub:113
12-15 13:47:19.378 9652 9707 D jswrapper: JS: main=3, sub=101
12-15 13:47:19.378 9652 9707 D jswrapper: JS: GameBase onEventUserScore 用户积分
12-15 13:47:19.379 9652 9707 D jswrapper: JS: main=200, sub=149
12-15 13:47:19.379 9652 9707 D jswrapper: JS: SGLB::结果
12-15 13:47:19.379 9652 9707 D jswrapper: JS: [object Object]
12-15 13:47:19.379 9652 9707 D jswrapper: JS: setRollDatas
12-15 13:47:19.922 9652 9707 D jswrapper: JS: openPrizes2
12-15 13:47:19.932 9652 9707 D jswrapper: JS: [object Object],[object Object],
[object Object],[object Object],[object Object],[object Object],[object Object],
[object Object],[object Object],[object Object],[object Object],[object Object]
12-15 13:47:19.932 9652 9707 D jswrapper: JS: [object Object]
12-15 13:47:21.558 9652 9707 D debug info: Fail to play
assets/OLYMPUS/assets/native/2c/2ccb6473-2f91-440b-8cb1-7dd05db49996.mp3 cause by
limited max instance of AudioEngine
12-15 13:47:22.225 9652 9707 D jswrapper: JS: [object Object],[object Object],
[object Object],[object Object],[object Object],[object Object],[object Object],
[object Object],[object Object],[object Object],[object Object],[object Object],
[object Object],[object Object],[object Object],[object Object],[object Object],
[object Object],[object Object],[object Object],[object Object],[object Object],
[object Object],[object Object],[object Object],[object Object],[object Object],
[object Object],[object Object],[object Object]
12-15 13:47:22.226 9652 9707 D jswrapper: JS:
0,4,1,2,3,4,0,1,2,3,4,0,1,2,3,0,2,1,3,4,0,2,3,4,1,2,4,0,1,3
12-15 13:47:22.226 9652 9707 D jswrapper: JS: 0,3,4,15,16,17,22,24,25,26,28,29
12-15 13:47:22.227 9652 9707 D jswrapper: JS: 2,1,2,7,0,3,4,6,3,1,6,8
12-15 13:47:22.430 9652 9707 D jswrapper: JS: [object Object],[object Object],
[object Object],[object Object],[object Object],[object Object],[object Object],
[object Object]
12-15 13:47:22.430 9652 9707 D jswrapper: JS: [object Object]
12-15 13:47:24.522 9652 9707 D jswrapper: JS: main=200, sub=152
12-15 13:47:24.523 9652 9707 D jswrapper: JS: JACKPOT
12-15 13:47:24.523 9652 9707 D jswrapper: JS: JACKPOT:{"lJackPot":10849}
12-15 13:47:24.725 9652 9707 D jswrapper: JS: [object Object],[object Object],
[object Object],[object Object],[object Object],[object Object],[object Object],
[object Object],[object Object],[object Object],[object Object],[object Object],
[object Object],[object Object],[object Object],[object Object],[object Object],
[object Object],[object Object],[object Object],[object Object],[object Object],
[object Object],[object Object],[object Object],[object Object],[object Object],
[object Object],[object Object],[object Object]
12-15 13:47:24.725 9652 9707 D jswrapper: JS:
0,4,1,2,3,0,2,3,4,1,4,0,1,2,3,0,1,3,2,4,1,0,2,3,4,2,4,0,1,3
12-15 13:47:24.726 9652 9707 D jswrapper: JS: 1,3,9,10,13,19,21,26
12-15 13:47:24.726 9652 9707 D jswrapper: JS: 0,0,2,0,0,1,1,1
12-15 13:47:25.566 9652 9652 I ViewRootImpl@c90193f[AppActivity]: ViewPostIme
pointer 0
12-15 13:47:25.672 9652 9652 I ViewRootImpl@c90193f[AppActivity]: ViewPostIme
pointer 1
12-15 13:47:25.719 9652 9707 D jswrapper: JS: main=3, sub=530
12-15 13:47:25.720 9652 9707 D jswrapper: JS: [object Object]
12-15 13:47:25.737 9652 9707 D jswrapper: JS: 512
12-15 13:47:25.737 9652 9707 D jswrapper: JS: SendSocketData main:100 sub:512
12-15 13:47:25.768 9652 9707 D jswrapper: JS: main=100, sub=513
12-15 13:47:25.768 9652 9707 D jswrapper: JS: 收到框架消息::513
12-15 13:47:25.768 9652 9707 D jswrapper: JS: [object Object]
12-15 13:47:25.769 9652 9707 D jswrapper: JS: main=100, sub=513
12-15 13:47:25.769 9652 9707 D jswrapper: JS: 收到框架消息::513
12-15 13:47:25.769 9652 9707 D jswrapper: JS: [object Object]
12-15 13:47:25.769 9652 9707 D jswrapper: JS: main=100, sub=513
12-15 13:47:25.769 9652 9707 D jswrapper: JS: 收到框架消息::513
12-15 13:47:25.769 9652 9707 D jswrapper: JS: [object Object]
12-15 13:47:25.769 9652 9707 D jswrapper: JS: main=100, sub=513
12-15 13:47:25.769 9652 9707 D jswrapper: JS: 收到框架消息::513
12-15 13:47:25.770 9652 9707 D jswrapper: JS: [object Object]
12-15 13:47:25.770 9652 9707 D jswrapper: JS: main=100, sub=513
12-15 13:47:25.770 9652 9707 D jswrapper: JS: 收到框架消息::513
12-15 13:47:25.771 9652 9707 D jswrapper: JS: [object Object]
12-15 13:47:25.771 9652 9707 D jswrapper: JS: main=100, sub=513
12-15 13:47:25.771 9652 9707 D jswrapper: JS: 收到框架消息::513
12-15 13:47:25.771 9652 9707 D jswrapper: JS: [object Object]
12-15 13:47:25.772 9652 9707 D jswrapper: JS: main=100, sub=513
12-15 13:47:25.772 9652 9707 D jswrapper: JS: 收到框架消息::513
12-15 13:47:25.772 9652 9707 D jswrapper: JS: [object Object]
12-15 13:47:25.772 9652 9707 D jswrapper: JS: main=100, sub=513
12-15 13:47:25.772 9652 9707 D jswrapper: JS: 收到框架消息::513
12-15 13:47:25.772 9652 9707 D jswrapper: JS: [object Object]
12-15 13:47:25.772 9652 9707 D jswrapper: JS: main=100, sub=513
12-15 13:47:25.772 9652 9707 D jswrapper: JS: 收到框架消息::513
12-15 13:47:25.772 9652 9707 D jswrapper: JS: [object Object]
12-15 13:47:25.772 9652 9707 D jswrapper: JS: main=100, sub=513
12-15 13:47:25.772 9652 9707 D jswrapper: JS: 收到框架消息::513
12-15 13:47:25.773 9652 9707 D jswrapper: JS: [object Object]
12-15 13:47:25.842 9652 9707 D jswrapper: JS: main=200, sub=152
12-15 13:47:25.843 9652 9707 D jswrapper: JS: JACKPOT
12-15 13:47:25.843 9652 9707 D jswrapper: JS: JACKPOT:{"lJackPot":10935}
12-15 13:47:25.890 9652 9707 D jswrapper: JS: winTimes:1.15
12-15 13:47:25.891 9652 9707 D jswrapper: JS: showGameEnd
12-15 13:47:25.891 9652 9707 D jswrapper: JS: delayStartNextRoll
12-15 13:47:27.165 9652 9652 I ViewRootImpl@c90193f[AppActivity]: ViewPostIme
pointer 0
12-15 13:47:27.271 9652 9652 I ViewRootImpl@c90193f[AppActivity]: ViewPostIme
pointer 1
12-15 13:47:27.316 9652 9707 D jswrapper: JS: SendSocketData main:200 sub:113
12-15 13:47:27.366 9652 9707 D jswrapper: JS: main=3, sub=101
12-15 13:47:27.367 9652 9707 D jswrapper: JS: GameBase onEventUserScore 用户积分
12-15 13:47:27.367 9652 9707 D jswrapper: JS: main=200, sub=149
12-15 13:47:27.367 9652 9707 D jswrapper: JS: SGLB::结果
12-15 13:47:27.367 9652 9707 D jswrapper: JS: [object Object]
12-15 13:47:27.367 9652 9707 D jswrapper: JS: setRollDatas
12-15 13:47:27.368 9652 9707 D jswrapper: JS: main=200, sub=152
12-15 13:47:27.368 9652 9707 D jswrapper: JS: JACKPOT
12-15 13:47:27.368 9652 9707 D jswrapper: JS: JACKPOT:{"lJackPot":11090}
12-15 13:47:27.913 9652 9707 D jswrapper: JS: openPrizes2
12-15 13:47:27.927 9652 9707 D jswrapper: JS: [object Object],[object Object],
[object Object],[object Object],[object Object],[object Object],[object Object],
[object Object],[object Object],[object Object],[object Object],[object Object],
[object Object],[object Object],[object Object],[object Object],[object Object],
[object Object],[object Object]
12-15 13:47:27.927 9652 9707 D jswrapper: JS: [object Object],[object Object]
12-15 13:47:28.778 9652 9707 D jswrapper: JS: main=200, sub=152
12-15 13:47:28.778 9652 9707 D jswrapper: JS: JACKPOT
12-15 13:47:28.779 9652 9707 D jswrapper: JS: JACKPOT:{"lJackPot":11112}
12-15 13:47:29.555 9652 9707 D debug info: Fail to play
assets/OLYMPUS/assets/native/2c/2ccb6473-2f91-440b-8cb1-7dd05db49996.mp3 cause by
limited max instance of AudioEngine
12-15 13:47:29.556 9652 9707 D debug info: Fail to play
assets/OLYMPUS/assets/native/2c/2ccb6473-2f91-440b-8cb1-7dd05db49996.mp3 cause by
limited max instance of AudioEngine
12-15 13:47:29.556 9652 9707 D debug info: Fail to play
assets/OLYMPUS/assets/native/2c/2ccb6473-2f91-440b-8cb1-7dd05db49996.mp3 cause by
limited max instance of AudioEngine
12-15 13:47:29.556 9652 9707 D debug info: Fail to play
assets/OLYMPUS/assets/native/2c/2ccb6473-2f91-440b-8cb1-7dd05db49996.mp3 cause by
limited max instance of AudioEngine
12-15 13:47:29.556 9652 9707 D debug info: Fail to play
assets/OLYMPUS/assets/native/2c/2ccb6473-2f91-440b-8cb1-7dd05db49996.mp3 cause by
limited max instance of AudioEngine
12-15 13:47:29.556 9652 9707 D debug info: Fail to play
assets/OLYMPUS/assets/native/2c/2ccb6473-2f91-440b-8cb1-7dd05db49996.mp3 cause by
limited max instance of AudioEngine
12-15 13:47:29.556 9652 9707 D debug info: Fail to play
assets/OLYMPUS/assets/native/2c/2ccb6473-2f91-440b-8cb1-7dd05db49996.mp3 cause by
limited max instance of AudioEngine
12-15 13:47:29.556 9652 9707 D debug info: Fail to play
assets/OLYMPUS/assets/native/2c/2ccb6473-2f91-440b-8cb1-7dd05db49996.mp3 cause by
limited max instance of AudioEngine
12-15 13:47:30.230 9652 9707 D jswrapper: JS: [object Object],[object Object],
[object Object],[object Object],[object Object],[object Object],[object Object],
[object Object],[object Object],[object Object],[object Object],[object Object],
[object Object],[object Object],[object Object],[object Object],[object Object],
[object Object],[object Object],[object Object],[object Object],[object Object],
[object Object],[object Object],[object Object],[object Object],[object Object],
[object Object],[object Object],[object Object]
12-15 13:47:30.230 9652 9707 D jswrapper: JS:
0,1,2,3,4,1,3,0,2,4,2,3,4,0,1,1,3,4,0,2,1,2,3,0,4,2,3,4,0,1
12-15 13:47:30.231 9652 9707 D jswrapper: JS:
0,6,7,9,10,12,14,16,17,18,19,20,21,22,23,24,26,27,29
12-15 13:47:30.231 9652 9707 D jswrapper: JS:
0,8,6,2,0,3,1,6,3,7,5,1,1,3,0,3,1,3,4
12-15 13:47:30.445 9652 9707 D jswrapper: JS: [object Object],[object Object],
[object Object],[object Object],[object Object],[object Object],[object Object],
[object Object],[object Object]
12-15 13:47:30.445 9652 9707 D jswrapper: JS: [object Object]
12-15 13:47:30.737 9652 9707 D jswrapper: JS: main=200, sub=152
12-15 13:47:30.738 9652 9707 D jswrapper: JS: JACKPOT
12-15 13:47:30.738 9652 9707 D jswrapper: JS: JACKPOT:{"lJackPot":11267}
12-15 13:47:32.576 9652 9707 D jswrapper: JS: main=200, sub=152
12-15 13:47:32.577 9652 9707 D jswrapper: JS: JACKPOT
12-15 13:47:32.577 9652 9707 D jswrapper: JS: JACKPOT:{"lJackPot":11356}
12-15 13:47:32.749 9652 9707 D jswrapper: JS: [object Object],[object Object],
[object Object],[object Object],[object Object],[object Object],[object Object],
[object Object],[object Object],[object Object],[object Object],[object Object],
[object Object],[object Object],[object Object],[object Object],[object Object],
