[object Object],[object Object],[object Object],[object Object],[object Object],
[object Object],[object Object],[object Object],[object Object],[object Object],
[object Object],[object Object],[object Object],[object Object],[object Object],
[object Object],[object Object],[object Object],[object Object],[object Object],
[object Object],[object Object],[object Object]
12-15 13:52:21.680 9652 9707 D jswrapper: JS:
4,3,0,1,2,2,0,1,3,4,0,1,2,3,4,2,1,3,0,4,1,2,0,3,4,1,2,3,4,0
12-15 13:52:21.680 9652 9707 D jswrapper: JS: 2,8,9,10,11,15,21,24
12-15 13:52:21.681 9652 9707 D jswrapper: JS: 9,6,4,0,3,5,7,1
12-15 13:52:22.890 9652 9707 D jswrapper: JS: winTimes:0.65
12-15 13:52:22.890 9652 9707 D jswrapper: JS: showGameEnd
12-15 13:52:22.890 9652 9707 D jswrapper: JS: delayStartNextRoll
12-15 13:52:23.786 9652 9652 I ViewRootImpl@c90193f[AppActivity]: ViewPostIme
pointer 0
12-15 13:52:23.885 9652 9652 I ViewRootImpl@c90193f[AppActivity]: ViewPostIme
pointer 1
12-15 13:52:23.946 9652 9707 D jswrapper: JS: SendSocketData main:200 sub:113
12-15 13:52:24.011 9652 9707 D jswrapper: JS: main=3, sub=101
12-15 13:52:24.011 9652 9707 D jswrapper: JS: GameBase onEventUserScore 用户积分
12-15 13:52:24.012 9652 9707 D jswrapper: JS: main=200, sub=149
12-15 13:52:24.012 9652 9707 D jswrapper: JS: SGLB::结果
12-15 13:52:24.012 9652 9707 D jswrapper: JS: [object Object]
12-15 13:52:24.012 9652 9707 D jswrapper: JS: setRollDatas
12-15 13:52:24.533 9652 9707 D jswrapper: JS: openPrizes2
12-15 13:52:24.541 9652 9707 D jswrapper: JS: [object Object],[object Object],
[object Object],[object Object],[object Object],[object Object],[object Object],
[object Object]
12-15 13:52:24.541 9652 9707 D jswrapper: JS: [object Object]
12-15 13:52:26.836 9652 9707 D jswrapper: JS: [object Object],[object Object],
[object Object],[object Object],[object Object],[object Object],[object Object],
[object Object],[object Object],[object Object],[object Object],[object Object],
[object Object],[object Object],[object Object],[object Object],[object Object],
[object Object],[object Object],[object Object],[object Object],[object Object],
[object Object],[object Object],[object Object],[object Object],[object Object],
[object Object],[object Object],[object Object]
12-15 13:52:26.836 9652 9707 D jswrapper: JS:
1,4,0,2,3,0,2,1,3,4,2,0,1,3,4,1,2,3,0,4,0,1,2,3,4,0,1,2,3,4
12-15 13:52:26.836 9652 9707 D jswrapper: JS: 1,6,9,13,14,15,21,24
12-15 13:52:26.837 9652 9707 D jswrapper: JS: 2,6,0,3,2,2,2,6
12-15 13:52:28.041 9652 9707 D jswrapper: JS: winTimes:0.25
12-15 13:52:28.041 9652 9707 D jswrapper: JS: showGameEnd
12-15 13:52:28.041 9652 9707 D jswrapper: JS: delayStartNextRoll
12-15 13:52:28.106 9652 9707 D jswrapper: JS: main=200, sub=152
12-15 13:52:28.106 9652 9707 D jswrapper: JS: JACKPOT
12-15 13:52:28.106 9652 9707 D jswrapper: JS: JACKPOT:{"lJackPot":12428}
12-15 13:52:28.317 9652 9652 I ViewRootImpl@c90193f[AppActivity]: ViewPostIme
pointer 0
12-15 13:52:28.414 9652 9652 I ViewRootImpl@c90193f[AppActivity]: ViewPostIme
pointer 1
12-15 13:52:28.465 9652 9707 D jswrapper: JS: SendSocketData main:200 sub:113
12-15 13:52:28.515 9652 9707 D jswrapper: JS: main=3, sub=101
12-15 13:52:28.515 9652 9707 D jswrapper: JS: GameBase onEventUserScore 用户积分
12-15 13:52:28.516 9652 9707 D jswrapper: JS: main=200, sub=149
12-15 13:52:28.516 9652 9707 D jswrapper: JS: SGLB::结果
12-15 13:52:28.516 9652 9707 D jswrapper: JS: [object Object]
12-15 13:52:28.516 9652 9707 D jswrapper: JS: setRollDatas
12-15 13:52:28.516 9652 9707 D jswrapper: JS: main=3, sub=102
12-15 13:52:28.517 9652 9707 D jswrapper: JS:
OnSocketSubUserStatus::dwUserID::2727209
12-15 13:52:28.517 9652 9707 D jswrapper: JS: OnSocketSubUserStatus::UserStatus::
{"wTableID":7,"wChairID":0,"cbUserStatus":5}
12-15 13:52:28.517 9652 9707 D jswrapper: JS: UpdateUserItemStatus::以往数据::
{"wTableID":7,"wChairID":0,"cbUserStatus":2}
12-15 13:52:28.517 9652 9707 D jswrapper: JS: GameBase onEventUserStatus 用户状态
12-15 13:52:28.517 9652 9707 D jswrapper: JS: main=100, sub=401
12-15 13:52:28.517 9652 9707 D jswrapper: JS: 收到框架消息::401
12-15 13:52:28.517 9652 9707 D jswrapper: JS: 收到唯一对局码: (2111007167112314334)
12-15 13:52:28.518 9652 9707 D jswrapper: JS: main=3, sub=101
12-15 13:52:28.518 9652 9707 D jswrapper: JS: GameBase onEventUserScore 用户积分
12-15 13:52:28.518 9652 9707 D jswrapper: JS: main=3, sub=102
12-15 13:52:28.518 9652 9707 D jswrapper: JS:
OnSocketSubUserStatus::dwUserID::2727209
12-15 13:52:28.518 9652 9707 D jswrapper: JS: OnSocketSubUserStatus::UserStatus::
{"wTableID":7,"wChairID":0,"cbUserStatus":2}
12-15 13:52:28.518 9652 9707 D jswrapper: JS: UpdateUserItemStatus::以往数据::
{"wTableID":7,"wChairID":0,"cbUserStatus":5}
12-15 13:52:28.518 9652 9707 D jswrapper: JS: GameBase onEventUserStatus 用户状态
12-15 13:52:29.058 9652 9707 D jswrapper: JS: openPrizes2
12-15 13:52:29.066 9652 9707 D jswrapper: JS: [object Object],[object Object],
[object Object],[object Object],[object Object],[object Object],[object Object],
[object Object]
12-15 13:52:29.066 9652 9707 D jswrapper: JS: [object Object]
12-15 13:52:31.084 9652 9707 D jswrapper: JS: main=3, sub=530
12-15 13:52:31.085 9652 9707 D jswrapper: JS: [object Object]
12-15 13:52:31.122 9652 9707 D jswrapper: JS: 512
12-15 13:52:31.122 9652 9707 D jswrapper: JS: SendSocketData main:100 sub:512
12-15 13:52:31.165 9652 9707 D jswrapper: JS: main=100, sub=513
12-15 13:52:31.166 9652 9707 D jswrapper: JS: 收到框架消息::513
12-15 13:52:31.166 9652 9707 D jswrapper: JS: [object Object]
12-15 13:52:31.168 9652 9707 D jswrapper: JS: main=100, sub=513
12-15 13:52:31.168 9652 9707 D jswrapper: JS: 收到框架消息::513
12-15 13:52:31.169 9652 9707 D jswrapper: JS: [object Object]
12-15 13:52:31.169 9652 9707 D jswrapper: JS: main=100, sub=513
12-15 13:52:31.170 9652 9707 D jswrapper: JS: 收到框架消息::513
12-15 13:52:31.170 9652 9707 D jswrapper: JS: [object Object]
12-15 13:52:31.170 9652 9707 D jswrapper: JS: main=100, sub=513
12-15 13:52:31.171 9652 9707 D jswrapper: JS: 收到框架消息::513
12-15 13:52:31.171 9652 9707 D jswrapper: JS: [object Object]
12-15 13:52:31.172 9652 9707 D jswrapper: JS: main=100, sub=513
12-15 13:52:31.172 9652 9707 D jswrapper: JS: 收到框架消息::513
12-15 13:52:31.172 9652 9707 D jswrapper: JS: [object Object]
12-15 13:52:31.173 9652 9707 D jswrapper: JS: main=100, sub=513
12-15 13:52:31.180 9652 9707 D jswrapper: JS: 收到框架消息::513
12-15 13:52:31.180 9652 9707 D jswrapper: JS: [object Object]
12-15 13:52:31.181 9652 9707 D jswrapper: JS: main=100, sub=513
12-15 13:52:31.181 9652 9707 D jswrapper: JS: 收到框架消息::513
12-15 13:52:31.181 9652 9707 D jswrapper: JS: [object Object]
12-15 13:52:31.182 9652 9707 D jswrapper: JS: main=100, sub=513
12-15 13:52:31.182 9652 9707 D jswrapper: JS: 收到框架消息::513
12-15 13:52:31.182 9652 9707 D jswrapper: JS: [object Object]
12-15 13:52:31.183 9652 9707 D jswrapper: JS: main=100, sub=513
12-15 13:52:31.183 9652 9707 D jswrapper: JS: 收到框架消息::513
12-15 13:52:31.183 9652 9707 D jswrapper: JS: [object Object]
12-15 13:52:31.183 9652 9707 D jswrapper: JS: main=100, sub=513
12-15 13:52:31.184 9652 9707 D jswrapper: JS: 收到框架消息::513
12-15 13:52:31.184 9652 9707 D jswrapper: JS: [object Object]
12-15 13:52:31.371 9652 9707 D jswrapper: JS: [object Object],[object Object],
[object Object],[object Object],[object Object],[object Object],[object Object],
[object Object],[object Object],[object Object],[object Object],[object Object],
[object Object],[object Object],[object Object],[object Object],[object Object],
[object Object],[object Object],[object Object],[object Object],[object Object],
[object Object],[object Object],[object Object],[object Object],[object Object],
[object Object],[object Object],[object Object]
12-15 13:52:31.371 9652 9707 D jswrapper: JS:
0,4,1,2,3,0,1,2,3,4,0,3,1,2,4,4,0,1,2,3,3,4,0,1,2,0,1,2,3,4
12-15 13:52:31.371 9652 9707 D jswrapper: JS: 0,1,2,20,22,24,27,28
12-15 13:52:31.371 9652 9707 D jswrapper: JS: 11,7,1,1,2,2,9,5
12-15 13:52:32.117 9652 9707 D jswrapper: JS: main=200, sub=152
12-15 13:52:32.118 9652 9707 D jswrapper: JS: JACKPOT
12-15 13:52:32.118 9652 9707 D jswrapper: JS: JACKPOT:{"lJackPot":12593}
12-15 13:52:32.558 9652 9707 D jswrapper: JS: winTimes:0.25
12-15 13:52:32.558 9652 9707 D jswrapper: JS: showGameEnd
12-15 13:52:32.558 9652 9707 D jswrapper: JS: delayStartNextRoll
12-15 13:52:32.944 9652 9652 I ViewRootImpl@c90193f[AppActivity]: ViewPostIme
pointer 0
12-15 13:52:33.018 9652 9652 I ViewRootImpl@c90193f[AppActivity]: ViewPostIme
pointer 1
12-15 13:52:33.048 9652 9707 D jswrapper: JS: SendSocketData main:200 sub:113
12-15 13:52:33.099 9652 9707 D jswrapper: JS: main=3, sub=101
12-15 13:52:33.100 9652 9707 D jswrapper: JS: GameBase onEventUserScore 用户积分
12-15 13:52:33.100 9652 9707 D jswrapper: JS: main=200, sub=149
12-15 13:52:33.101 9652 9707 D jswrapper: JS: SGLB::结果
12-15 13:52:33.101 9652 9707 D jswrapper: JS: [object Object]
12-15 13:52:33.101 9652 9707 D jswrapper: JS: setRollDatas
12-15 13:52:33.641 9652 9707 D jswrapper: JS: openPrizes2
12-15 13:52:34.649 9652 9707 D jswrapper: JS: showGameEnd
12-15 13:52:34.650 9652 9707 D jswrapper: JS: delayStartNextRoll
12-15 13:52:34.993 9652 9652 I ViewRootImpl@c90193f[AppActivity]: ViewPostIme
pointer 0
12-15 13:52:35.092 9652 9652 I ViewRootImpl@c90193f[AppActivity]: ViewPostIme
pointer 1
12-15 13:52:35.126 9652 9707 D jswrapper: JS: SendSocketData main:200 sub:113
12-15 13:52:35.179 9652 9707 D jswrapper: JS: main=3, sub=101
12-15 13:52:35.179 9652 9707 D jswrapper: JS: GameBase onEventUserScore 用户积分
12-15 13:52:35.180 9652 9707 D jswrapper: JS: main=200, sub=149
12-15 13:52:35.180 9652 9707 D jswrapper: JS: SGLB::结果
12-15 13:52:35.180 9652 9707 D jswrapper: JS: [object Object]
12-15 13:52:35.180 9652 9707 D jswrapper: JS: setRollDatas
12-15 13:52:35.181 9652 9707 D jswrapper: JS: main=200, sub=152
12-15 13:52:35.181 9652 9707 D jswrapper: JS: JACKPOT
12-15 13:52:35.181 9652 9707 D jswrapper: JS: JACKPOT:{"lJackPot":11501}
12-15 13:52:35.722 9652 9707 D jswrapper: JS: openPrizes2
12-15 13:52:35.731 9652 9707 D jswrapper: JS: [object Object],[object Object],
[object Object],[object Object],[object Object],[object Object],[object Object],
[object Object],[object Object],[object Object],[object Object],[object Object]
12-15 13:52:35.731 9652 9707 D jswrapper: JS: [object Object]
12-15 13:52:36.216 9652 9707 D jswrapper: JS: main=200, sub=152
12-15 13:52:36.216 9652 9707 D jswrapper: JS: JACKPOT
12-15 13:52:36.217 9652 9707 D jswrapper: JS: JACKPOT:{"lJackPot":11536}
12-15 13:52:37.364 9652 9707 D debug info: Fail to play
assets/OLYMPUS/assets/native/2c/2ccb6473-2f91-440b-8cb1-7dd05db49996.mp3 cause by
limited max instance of AudioEngine
12-15 13:52:38.036 9652 9707 D jswrapper: JS: [object Object],[object Object],
[object Object],[object Object],[object Object],[object Object],[object Object],
[object Object],[object Object],[object Object],[object Object],[object Object],
[object Object],[object Object],[object Object],[object Object],[object Object],
[object Object],[object Object],[object Object],[object Object],[object Object],
[object Object],[object Object],[object Object],[object Object],[object Object],
[object Object],[object Object],[object Object]
12-15 13:52:38.037 9652 9707 D jswrapper: JS:
3,0,1,2,4,4,0,1,2,3,0,1,2,3,4,1,2,3,0,4,0,1,2,3,4,1,0,2,3,4
12-15 13:52:38.037 9652 9707 D jswrapper: JS: 2,4,8,9,10,11,14,15,16,18,21,25
12-15 13:52:38.037 9652 9707 D jswrapper: JS: 0,6,1,7,9,1,7,1,1,1,9,0
12-15 13:52:38.237 9652 9707 D jswrapper: JS: [object Object],[object Object],
[object Object],[object Object],[object Object],[object Object],[object Object],
[object Object],[object Object]
12-15 13:52:38.238 9652 9707 D jswrapper: JS: [object Object]
12-15 13:52:40.557 9652 9707 D jswrapper: JS: [object Object],[object Object],
[object Object],[object Object],[object Object],[object Object],[object Object],
[object Object],[object Object],[object Object],[object Object],[object Object],
[object Object],[object Object],[object Object],[object Object],[object Object],
[object Object],[object Object],[object Object],[object Object],[object Object],
[object Object],[object Object],[object Object],[object Object],[object Object],
[object Object],[object Object],[object Object]
12-15 13:52:40.557 9652 9707 D jswrapper: JS:
3,4,0,1,2,0,2,4,1,3,1,0,2,3,4,2,0,1,3,4,2,0,1,3,4,1,0,2,3,4
12-15 13:52:40.557 9652 9707 D jswrapper: JS: 1,3,8,11,13,15,16,18,24
12-15 13:52:40.558 9652 9707 D jswrapper: JS: 2,3,3,5,0,2,4,0,4
12-15 13:52:40.704 9652 9707 D jswrapper: JS: main=200, sub=152
12-15 13:52:40.705 9652 9707 D jswrapper: JS: JACKPOT
12-15 13:52:40.705 9652 9707 D jswrapper: JS: JACKPOT:{"lJackPot":11943}
12-15 13:52:41.321 9652 9707 D jswrapper: JS: main=3, sub=530
12-15 13:52:41.321 9652 9707 D jswrapper: JS: [object Object]
12-15 13:52:41.322 9652 9707 D jswrapper: JS: 512
12-15 13:52:41.322 9652 9707 D jswrapper: JS: SendSocketData main:100 sub:512
12-15 13:52:41.345 9652 9707 D jswrapper: JS: main=100, sub=513
12-15 13:52:41.346 9652 9707 D jswrapper: JS: 收到框架消息::513
12-15 13:52:41.346 9652 9707 D jswrapper: JS: [object Object]
12-15 13:52:41.347 9652 9707 D jswrapper: JS: main=100, sub=513
12-15 13:52:41.347 9652 9707 D jswrapper: JS: 收到框架消息::513
12-15 13:52:41.347 9652 9707 D jswrapper: JS: [object Object]
12-15 13:52:41.348 9652 9707 D jswrapper: JS: main=100, sub=513
12-15 13:52:41.348 9652 9707 D jswrapper: JS: 收到框架消息::513
12-15 13:52:41.348 9652 9707 D jswrapper: JS: [object Object]
12-15 13:52:41.348 9652 9707 D jswrapper: JS: main=100, sub=513
12-15 13:52:41.348 9652 9707 D jswrapper: JS: 收到框架消息::513
12-15 13:52:41.349 9652 9707 D jswrapper: JS: [object Object]
12-15 13:52:41.349 9652 9707 D jswrapper: JS: main=100, sub=513
12-15 13:52:41.349 9652 9707 D jswrapper: JS: 收到框架消息::513
12-15 13:52:41.349 9652 9707 D jswrapper: JS: [object Object]
12-15 13:52:41.350 9652 9707 D jswrapper: JS: main=100, sub=513
12-15 13:52:41.350 9652 9707 D jswrapper: JS: 收到框架消息::513
12-15 13:52:41.350 9652 9707 D jswrapper: JS: [object Object]
12-15 13:52:41.350 9652 9707 D jswrapper: JS: main=100, sub=513
12-15 13:52:41.351 9652 9707 D jswrapper: JS: 收到框架消息::513
12-15 13:52:41.351 9652 9707 D jswrapper: JS: [object Object]
12-15 13:52:41.351 9652 9707 D jswrapper: JS: main=100, sub=513
12-15 13:52:41.352 9652 9707 D jswrapper: JS: 收到框架消息::513
12-15 13:52:41.352 9652 9707 D jswrapper: JS: [object Object]
12-15 13:52:41.352 9652 9707 D jswrapper: JS: main=100, sub=513
12-15 13:52:41.352 9652 9707 D jswrapper: JS: 收到框架消息::513
12-15 13:52:41.352 9652 9707 D jswrapper: JS: [object Object]
12-15 13:52:41.353 9652 9707 D jswrapper: JS: main=100, sub=513
12-15 13:52:41.353 9652 9707 D jswrapper: JS: 收到框架消息::513
12-15 13:52:41.353 9652 9707 D jswrapper: JS: [object Object]
12-15 13:52:41.734 9652 9707 D jswrapper: JS: winTimes:1.15
12-15 13:52:41.734 9652 9707 D jswrapper: JS: showGameEnd
12-15 13:52:41.734 9652 9707 D jswrapper: JS: delayStartNextRoll
12-15 13:52:42.170 9652 9652 I ViewRootImpl@c90193f[AppActivity]: ViewPostIme
pointer 0
12-15 13:52:42.260 9652 9652 I ViewRootImpl@c90193f[AppActivity]: ViewPostIme
pointer 1
12-15 13:52:42.296 9652 9707 D jswrapper: JS: SendSocketData main:200 sub:113
12-15 13:52:42.346 9652 9707 D jswrapper: JS: main=3, sub=101
12-15 13:52:42.346 9652 9707 D jswrapper: JS: GameBase onEventUserScore 用户积分
12-15 13:52:42.346 9652 9707 D jswrapper: JS: main=200, sub=149
12-15 13:52:42.347 9652 9707 D jswrapper: JS: SGLB::结果
12-15 13:52:42.347 9652 9707 D jswrapper: JS: [object Object]
12-15 13:52:42.347 9652 9707 D jswrapper: JS: setRollDatas
12-15 13:52:42.888 9652 9707 D jswrapper: JS: openPrizes2
12-15 13:52:42.896 9652 9707 D jswrapper: JS: [object Object],[object Object],
[object Object],[object Object],[object Object],[object Object],[object Object],
[object Object],[object Object],[object Object]
12-15 13:52:42.896 9652 9707 D jswrapper: JS: [object Object]
12-15 13:52:44.273 9652 9707 D jswrapper: JS: main=200, sub=152
12-15 13:52:44.273 9652 9707 D jswrapper: JS: JACKPOT
12-15 13:52:44.274 9652 9707 D jswrapper: JS: JACKPOT:{"lJackPot":12115}
12-15 13:52:45.210 9652 9707 D jswrapper: JS: [object Object],[object Object],
[object Object],[object Object],[object Object],[object Object],[object Object],
[object Object],[object Object],[object Object],[object Object],[object Object],
[object Object],[object Object],[object Object],[object Object],[object Object],
[object Object],[object Object],[object Object],[object Object],[object Object],
[object Object],[object Object],[object Object],[object Object],[object Object],
[object Object],[object Object],[object Object]
12-15 13:52:45.211 9652 9707 D jswrapper: JS:
4,0,1,2,3,3,0,1,2,4,2,0,1,3,4,1,3,4,0,2,1,2,0,3,4,2,4,0,1,3
12-15 13:52:45.212 9652 9707 D jswrapper: JS: 9,10,14,16,17,19,21,24,27,29
12-15 13:52:45.212 9652 9707 D jswrapper: JS: 0,0,1,0,3,0,8,2,4,3
12-15 13:52:45.424 9652 9707 D jswrapper: JS: [object Object],[object Object],
[object Object],[object Object],[object Object],[object Object],[object Object],
[object Object]
12-15 13:52:45.424 9652 9707 D jswrapper: JS: [object Object]
12-15 13:52:45.546 9652 9707 D jswrapper: JS: main=200, sub=152
12-15 13:52:45.547 9652 9707 D jswrapper: JS: JACKPOT
12-15 13:52:45.548 9652 9707 D jswrapper: JS: JACKPOT:{"lJackPot":12198}
12-15 13:52:47.715 9652 9707 D jswrapper: JS: [object Object],[object Object],
[object Object],[object Object],[object Object],[object Object],[object Object],
[object Object],[object Object],[object Object],[object Object],[object Object],
[object Object],[object Object],[object Object],[object Object],[object Object],
[object Object],[object Object],[object Object],[object Object],[object Object],
[object Object],[object Object],[object Object],[object Object],[object Object],
[object Object],[object Object],[object Object]
12-15 13:52:47.715 9652 9707 D jswrapper: JS:
0,4,1,2,3,4,3,0,1,2,1,2,0,3,4,1,3,4,0,2,3,4,1,2,0,2,4,1,0,3
12-15 13:52:47.715 9652 9707 D jswrapper: JS: 0,8,11,17,22,25,28,29
12-15 13:52:47.716 9652 9707 D jswrapper: JS: 9,1,0,6,3,3,6,8
12-15 13:52:48.576 9652 9707 D jswrapper: JS: main=200, sub=152
12-15 13:52:48.576 9652 9707 D jswrapper: JS: JACKPOT
12-15 13:52:48.576 9652 9707 D jswrapper: JS: JACKPOT:{"lJackPot":11287}
12-15 13:52:48.889 9652 9707 D jswrapper: JS: winTimes:1.05
12-15 13:52:48.890 9652 9707 D jswrapper: JS: showGameEnd
12-15 13:52:48.890 9652 9707 D jswrapper: JS: delayStartNextRoll
12-15 13:52:49.645 9652 9652 D batteryLevel: 51
12-15 13:52:50.817 9652 9652 I ViewRootImpl@c90193f[AppActivity]: ViewPostIme
pointer 0
12-15 13:52:50.914 9652 9652 I ViewRootImpl@c90193f[AppActivity]: ViewPostIme
pointer 1
12-15 13:52:50.980 9652 9707 D jswrapper: JS: SendSocketData main:200 sub:113
12-15 13:52:51.034 9652 9707 D jswrapper: JS: main=3, sub=101
12-15 13:52:51.034 9652 9707 D jswrapper: JS: GameBase onEventUserScore 用户积分
12-15 13:52:51.035 9652 9707 D jswrapper: JS: main=200, sub=149
12-15 13:52:51.035 9652 9707 D jswrapper: JS: SGLB::结果
12-15 13:52:51.035 9652 9707 D jswrapper: JS: [object Object]
12-15 13:52:51.035 9652 9707 D jswrapper: JS: setRollDatas
12-15 13:52:51.453 9652 9707 D jswrapper: JS: main=3, sub=530
12-15 13:52:51.454 9652 9707 D jswrapper: JS: [object Object]
12-15 13:52:51.454 9652 9707 D jswrapper: JS: 512
12-15 13:52:51.454 9652 9707 D jswrapper: JS: SendSocketData main:100 sub:512
12-15 13:52:51.479 9652 9707 D jswrapper: JS: main=100, sub=513
12-15 13:52:51.479 9652 9707 D jswrapper: JS: 收到框架消息::513
12-15 13:52:51.479 9652 9707 D jswrapper: JS: [object Object]
12-15 13:52:51.480 9652 9707 D jswrapper: JS: main=100, sub=513
12-15 13:52:51.480 9652 9707 D jswrapper: JS: 收到框架消息::513
12-15 13:52:51.480 9652 9707 D jswrapper: JS: [object Object]
12-15 13:52:51.480 9652 9707 D jswrapper: JS: main=100, sub=513
12-15 13:52:51.481 9652 9707 D jswrapper: JS: 收到框架消息::513
12-15 13:52:51.481 9652 9707 D jswrapper: JS: [object Object]
12-15 13:52:51.481 9652 9707 D jswrapper: JS: main=100, sub=513
12-15 13:52:51.481 9652 9707 D jswrapper: JS: 收到框架消息::513
12-15 13:52:51.481 9652 9707 D jswrapper: JS: [object Object]
12-15 13:52:51.481 9652 9707 D jswrapper: JS: main=100, sub=513
12-15 13:52:51.482 9652 9707 D jswrapper: JS: 收到框架消息::513
12-15 13:52:51.482 9652 9707 D jswrapper: JS: [object Object]
12-15 13:52:51.482 9652 9707 D jswrapper: JS: main=100, sub=513
12-15 13:52:51.482 9652 9707 D jswrapper: JS: 收到框架消息::513
12-15 13:52:51.482 9652 9707 D jswrapper: JS: [object Object]
12-15 13:52:51.482 9652 9707 D jswrapper: JS: main=100, sub=513
12-15 13:52:51.483 9652 9707 D jswrapper: JS: 收到框架消息::513
12-15 13:52:51.483 9652 9707 D jswrapper: JS: [object Object]
12-15 13:52:51.483 9652 9707 D jswrapper: JS: main=100, sub=513
12-15 13:52:51.483 9652 9707 D jswrapper: JS: 收到框架消息::513
12-15 13:52:51.483 9652 9707 D jswrapper: JS: [object Object]
12-15 13:52:51.483 9652 9707 D jswrapper: JS: main=100, sub=513
12-15 13:52:51.484 9652 9707 D jswrapper: JS: 收到框架消息::513
12-15 13:52:51.484 9652 9707 D jswrapper: JS: [object Object]
12-15 13:52:51.484 9652 9707 D jswrapper: JS: main=100, sub=513
12-15 13:52:51.484 9652 9707 D jswrapper: JS: 收到框架消息::513
12-15 13:52:51.484 9652 9707 D jswrapper: JS: [object Object]
12-15 13:52:51.576 9652 9707 D jswrapper: JS: openPrizes2
12-15 13:52:51.589 9652 9707 D jswrapper: JS: [object Object],[object Object],
[object Object],[object Object],[object Object],[object Object],[object Object],
[object Object],[object Object],[object Object],[object Object],[object Object],
[object Object],[object Object],[object Object],[object Object]
12-15 13:52:51.589 9652 9707 D jswrapper: JS: [object Object],[object Object]
12-15 13:52:53.208 9652 9707 D debug info: Fail to play
assets/OLYMPUS/assets/native/2c/2ccb6473-2f91-440b-8cb1-7dd05db49996.mp3 cause by
limited max instance of AudioEngine
12-15 13:52:53.208 9652 9707 D debug info: Fail to play
assets/OLYMPUS/assets/native/2c/2ccb6473-2f91-440b-8cb1-7dd05db49996.mp3 cause by
limited max instance of AudioEngine
12-15 13:52:53.208 9652 9707 D debug info: Fail to play
assets/OLYMPUS/assets/native/2c/2ccb6473-2f91-440b-8cb1-7dd05db49996.mp3 cause by
limited max instance of AudioEngine
12-15 13:52:53.208 9652 9707 D debug info: Fail to play
assets/OLYMPUS/assets/native/2c/2ccb6473-2f91-440b-8cb1-7dd05db49996.mp3 cause by
limited max instance of AudioEngine
12-15 13:52:53.208 9652 9707 D debug info: Fail to play
assets/OLYMPUS/assets/native/2c/2ccb6473-2f91-440b-8cb1-7dd05db49996.mp3 cause by
limited max instance of AudioEngine
12-15 13:52:53.890 9652 9707 D jswrapper: JS: [object Object],[object Object],
[object Object],[object Object],[object Object],[object Object],[object Object],
[object Object],[object Object],[object Object],[object Object],[object Object],
[object Object],[object Object],[object Object],[object Object],[object Object],
[object Object],[object Object],[object Object],[object Object],[object Object],
[object Object],[object Object],[object Object],[object Object],[object Object],
[object Object],[object Object],[object Object]
12-15 13:52:53.890 9652 9707 D jswrapper: JS:
1,2,0,3,4,0,1,2,4,3,0,2,4,1,3,1,3,4,0,2,1,2,4,0,3,0,1,2,3,4
12-15 13:52:53.891 9652 9707 D jswrapper: JS:
1,2,5,6,7,9,10,12,13,14,16,21,25,26,27,28
12-15 13:52:53.891 9652 9707 D jswrapper: JS: 4,2,0,1,7,8,7,3,0,5,3,9,3,0,2,2
12-15 13:52:54.416 9652 9707 D jswrapper: JS: main=200, sub=152
12-15 13:52:54.416 9652 9707 D jswrapper: JS: JACKPOT
12-15 13:52:54.416 9652 9707 D jswrapper: JS: JACKPOT:{"lJackPot":11591}
12-15 13:52:55.070 9652 9707 D jswrapper: JS: winTimes:0.65
12-15 13:52:55.070 9652 9707 D jswrapper: JS: showGameEnd
12-15 13:52:55.070 9652 9707 D jswrapper: JS: delayStartNextRoll
12-15 13:52:56.164 9652 9707 D jswrapper: JS: main=200, sub=152
12-15 13:52:56.164 9652 9707 D jswrapper: JS: JACKPOT
12-15 13:52:56.164 9652 9707 D jswrapper: JS: JACKPOT:{"lJackPot":11646}
12-15 13:52:56.457 9652 9652 I ViewRootImpl@c90193f[AppActivity]: ViewPostIme
pointer 0
12-15 13:52:56.530 9652 9652 I ViewRootImpl@c90193f[AppActivity]: ViewPostIme
pointer 1
12-15 13:52:56.575 9652 9707 D jswrapper: JS: SendSocketData main:200 sub:113
12-15 13:52:56.625 9652 9707 D jswrapper: JS: main=3, sub=101
12-15 13:52:56.626 9652 9707 D jswrapper: JS: GameBase onEventUserScore 用户积分
12-15 13:52:56.629 9652 9707 D jswrapper: JS: main=200, sub=149
12-15 13:52:56.630 9652 9707 D jswrapper: JS: SGLB::结果
12-15 13:52:56.630 9652 9707 D jswrapper: JS: [object Object]
12-15 13:52:56.630 9652 9707 D jswrapper: JS: setRollDatas
12-15 13:52:57.169 9652 9707 D jswrapper: JS: openPrizes2
12-15 13:52:57.177 9652 9707 D jswrapper: JS: [object Object],[object Object],
[object Object],[object Object],[object Object],[object Object],[object Object],
[object Object],[object Object]
12-15 13:52:57.177 9652 9707 D jswrapper: JS: [object Object]
12-15 13:52:59.493 9652 9707 D jswrapper: JS: [object Object],[object Object],
[object Object],[object Object],[object Object],[object Object],[object Object],
[object Object],[object Object],[object Object],[object Object],[object Object],
[object Object],[object Object],[object Object],[object Object],[object Object],
[object Object],[object Object],[object Object],[object Object],[object Object],
[object Object],[object Object],[object Object],[object Object],[object Object],
[object Object],[object Object],[object Object]
12-15 13:52:59.494 9652 9707 D jswrapper: JS:
0,3,1,2,4,2,3,0,1,4,4,0,1,2,3,0,1,2,3,4,1,0,2,3,4,0,3,4,1,2
12-15 13:52:59.494 9652 9707 D jswrapper: JS: 0,5,10,13,18,19,23,26,29
12-15 13:52:59.494 9652 9707 D jswrapper: JS: 7,8,3,4,3,3,6,8,3
12-15 13:53:00.684 9652 9707 D jswrapper: JS: winTimes:0.25
12-15 13:53:00.685 9652 9707 D jswrapper: JS: showGameEnd
12-15 13:53:00.685 9652 9707 D jswrapper: JS: delayStartNextRoll
12-15 13:53:00.703 9652 9707 D jswrapper: JS: main=200, sub=152
12-15 13:53:00.703 9652 9707 D jswrapper: JS: JACKPOT
12-15 13:53:00.703 9652 9707 D jswrapper: JS: JACKPOT:{"lJackPot":11951}
12-15 13:53:04.232 9652 9652 I ViewRootImpl@c90193f[AppActivity]: ViewPostIme
pointer 0
12-15 13:53:04.364 9652 9652 I ViewRootImpl@c90193f[AppActivity]: ViewPostIme
pointer 1
12-15 13:53:04.401 9652 9707 D jswrapper: JS: SendSocketData main:200 sub:113
12-15 13:53:04.454 9652 9707 D jswrapper: JS: main=3, sub=101
12-15 13:53:04.454 9652 9707 D jswrapper: JS: GameBase onEventUserScore 用户积分
12-15 13:53:04.479 9652 9707 D jswrapper: JS: main=200, sub=149
12-15 13:53:04.480 9652 9707 D jswrapper: JS: SGLB::结果
12-15 13:53:04.480 9652 9707 D jswrapper: JS: [object Object]
12-15 13:53:04.480 9652 9707 D jswrapper: JS: setRollDatas
12-15 13:53:05.001 9652 9707 D jswrapper: JS: openPrizes2
12-15 13:53:06.005 9652 9707 D jswrapper: JS: showGameEnd
12-15 13:53:06.005 9652 9707 D jswrapper: JS: delayStartNextRoll
12-15 13:53:06.298 9652 9652 I ViewRootImpl@c90193f[AppActivity]: ViewPostIme
pointer 0
12-15 13:53:06.387 9652 9707 D jswrapper: JS: main=200, sub=152
12-15 13:53:06.387 9652 9707 D jswrapper: JS: JACKPOT
12-15 13:53:06.388 9652 9707 D jswrapper: JS: JACKPOT:{"lJackPot":11142}
12-15 13:53:06.396 9652 9652 I ViewRootImpl@c90193f[AppActivity]: ViewPostIme
pointer 1
12-15 13:53:06.439 9652 9707 D jswrapper: JS: SendSocketData main:200 sub:113
12-15 13:53:06.489 9652 9707 D jswrapper: JS: main=3, sub=101
12-15 13:53:06.489 9652 9707 D jswrapper: JS: GameBase onEventUserScore 用户积分
12-15 13:53:06.490 9652 9707 D jswrapper: JS: main=200, sub=149
12-15 13:53:06.490 9652 9707 D jswrapper: JS: SGLB::结果
12-15 13:53:06.490 9652 9707 D jswrapper: JS: [object Object]
12-15 13:53:06.490 9652 9707 D jswrapper: JS: setRollDatas
12-15 13:53:07.032 9652 9707 D jswrapper: JS: openPrizes2
12-15 13:53:08.037 9652 9707 D jswrapper: JS: showGameEnd
12-15 13:53:08.042 9652 9707 D jswrapper: JS: delayStartNextRoll
12-15 13:53:08.063 9652 9652 I ViewRootImpl@c90193f[AppActivity]: ViewPostIme
pointer 0
12-15 13:53:08.170 9652 9652 I ViewRootImpl@c90193f[AppActivity]: ViewPostIme
pointer 1
12-15 13:53:09.054 9652 9652 I ViewRootImpl@c90193f[AppActivity]: ViewPostIme
pointer 0
12-15 13:53:09.136 9652 9652 I ViewRootImpl@c90193f[AppActivity]: ViewPostIme
pointer 1
12-15 13:53:09.181 9652 9707 D jswrapper: JS: SendSocketData main:200 sub:113
12-15 13:53:09.231 9652 9707 D jswrapper: JS: main=3, sub=101
12-15 13:53:09.231 9652 9707 D jswrapper: JS: GameBase onEventUserScore 用户积分
12-15 13:53:09.232 9652 9707 D jswrapper: JS: main=200, sub=149
12-15 13:53:09.232 9652 9707 D jswrapper: JS: SGLB::结果
12-15 13:53:09.232 9652 9707 D jswrapper: JS: [object Object]
12-15 13:53:09.232 9652 9707 D jswrapper: JS: setRollDatas
12-15 13:53:09.772 9652 9707 D jswrapper: JS: openPrizes2
12-15 13:53:11.448 9652 9707 D jswrapper: JS: showGameEnd
12-15 13:53:11.448 9652 9707 D jswrapper: JS: delayStartNextRoll
12-15 13:53:11.826 9652 9707 D jswrapper: JS: main=3, sub=530
12-15 13:53:11.826 9652 9707 D jswrapper: JS: [object Object]
12-15 13:53:11.827 9652 9707 D jswrapper: JS: 512
12-15 13:53:11.827 9652 9707 D jswrapper: JS: SendSocketData main:100 sub:512
12-15 13:53:11.851 9652 9707 D jswrapper: JS: main=100, sub=513
12-15 13:53:11.851 9652 9707 D jswrapper: JS: 收到框架消息::513
12-15 13:53:11.852 9652 9707 D jswrapper: JS: [object Object]
12-15 13:53:11.876 9652 9707 D jswrapper: JS: main=100, sub=513
12-15 13:53:11.876 9652 9707 D jswrapper: JS: 收到框架消息::513
12-15 13:53:11.876 9652 9707 D jswrapper: JS: [object Object]
12-15 13:53:11.876 9652 9707 D jswrapper: JS: main=100, sub=513
12-15 13:53:11.881 9652 9707 D jswrapper: JS: 收到框架消息::513
12-15 13:53:11.882 9652 9707 D jswrapper: JS: [object Object]
12-15 13:53:11.882 9652 9707 D jswrapper: JS: main=100, sub=513
12-15 13:53:11.882 9652 9707 D jswrapper: JS: 收到框架消息::513
12-15 13:53:11.882 9652 9707 D jswrapper: JS: [object Object]
12-15 13:53:11.883 9652 9707 D jswrapper: JS: main=100, sub=513
12-15 13:53:11.883 9652 9707 D jswrapper: JS: 收到框架消息::513
12-15 13:53:11.883 9652 9707 D jswrapper: JS: [object Object]
12-15 13:53:11.883 9652 9707 D jswrapper: JS: main=100, sub=513
12-15 13:53:11.883 9652 9707 D jswrapper: JS: 收到框架消息::513
12-15 13:53:11.884 9652 9707 D jswrapper: JS: [object Object]
12-15 13:53:11.884 9652 9707 D jswrapper: JS: main=100, sub=513
12-15 13:53:11.884 9652 9707 D jswrapper: JS: 收到框架消息::513
12-15 13:53:11.884 9652 9707 D jswrapper: JS: [object Object]
12-15 13:53:11.884 9652 9707 D jswrapper: JS: main=100, sub=513
12-15 13:53:11.884 9652 9707 D jswrapper: JS: 收到框架消息::513
12-15 13:53:11.885 9652 9707 D jswrapper: JS: [object Object]
12-15 13:53:11.885 9652 9707 D jswrapper: JS: main=100, sub=513
12-15 13:53:11.885 9652 9707 D jswrapper: JS: 收到框架消息::513
12-15 13:53:11.885 9652 9707 D jswrapper: JS: [object Object]
12-15 13:53:11.885 9652 9707 D jswrapper: JS: main=100, sub=513
12-15 13:53:11.886 9652 9707 D jswrapper: JS: 收到框架消息::513
12-15 13:53:11.886 9652 9707 D jswrapper: JS: [object Object]
12-15 13:53:12.345 9652 9707 D jswrapper: JS: main=200, sub=152
12-15 13:53:12.345 9652 9707 D jswrapper: JS: JACKPOT
12-15 13:53:12.345 9652 9707 D jswrapper: JS: JACKPOT:{"lJackPot":11765}
12-15 13:53:12.646 9652 9707 D jswrapper: JS: main=200, sub=152
12-15 13:53:12.647 9652 9707 D jswrapper: JS: JACKPOT
12-15 13:53:12.647 9652 9707 D jswrapper: JS: JACKPOT:{"lJackPot":11787}
12-15 13:53:13.178 9652 9707 D jswrapper: JS: main=200, sub=152
12-15 13:53:13.178 9652 9707 D jswrapper: JS: JACKPOT
12-15 13:53:13.179 9652 9707 D jswrapper: JS: JACKPOT:{"lJackPot":11873}
12-15 13:53:13.893 9652 9652 I ViewRootImpl@c90193f[AppActivity]: ViewPostIme
pointer 0
12-15 13:53:14.372 9652 9652 I ViewRootImpl@c90193f[AppActivity]: ViewPostIme
pointer 1
12-15 13:53:14.419 9652 9707 D jswrapper: JS: SendSocketData main:200 sub:113
12-15 13:53:14.446 9652 9707 D jswrapper: JS: main=3, sub=101
12-15 13:53:14.446 9652 9707 D jswrapper: JS: GameBase onEventUserScore 用户积分
12-15 13:53:14.447 9652 9707 D jswrapper: JS: main=200, sub=149
12-15 13:53:14.447 9652 9707 D jswrapper: JS: SGLB::结果
12-15 13:53:14.447 9652 9707 D jswrapper: JS: [object Object]
12-15 13:53:14.447 9652 9707 D jswrapper: JS: setRollDatas
12-15 13:53:14.448 9652 9707 D jswrapper: JS: main=3, sub=102
12-15 13:53:14.448 9652 9707 D jswrapper: JS:
OnSocketSubUserStatus::dwUserID::2727209
12-15 13:53:14.448 9652 9707 D jswrapper: JS: OnSocketSubUserStatus::UserStatus::
{"wTableID":7,"wChairID":0,"cbUserStatus":5}
12-15 13:53:14.448 9652 9707 D jswrapper: JS: UpdateUserItemStatus::以往数据::
{"wTableID":7,"wChairID":0,"cbUserStatus":2}
12-15 13:53:14.448 9652 9707 D jswrapper: JS: GameBase onEventUserStatus 用户状态
12-15 13:53:14.448 9652 9707 D jswrapper: JS: main=100, sub=401
12-15 13:53:14.449 9652 9707 D jswrapper: JS: 收到框架消息::401
12-15 13:53:14.449 9652 9707 D jswrapper: JS: 收到唯一对局码: (2111007167112318960)
12-15 13:53:14.449 9652 9707 D jswrapper: JS: main=3, sub=101
12-15 13:53:14.449 9652 9707 D jswrapper: JS: GameBase onEventUserScore 用户积分
12-15 13:53:14.449 9652 9707 D jswrapper: JS: main=3, sub=102
12-15 13:53:14.449 9652 9707 D jswrapper: JS:
OnSocketSubUserStatus::dwUserID::2727209
12-15 13:53:14.449 9652 9707 D jswrapper: JS: OnSocketSubUserStatus::UserStatus::
{"wTableID":7,"wChairID":0,"cbUserStatus":2}
12-15 13:53:14.451 9652 9707 D jswrapper: JS: UpdateUserItemStatus::以往数据::
{"wTableID":7,"wChairID":0,"cbUserStatus":5}
12-15 13:53:14.451 9652 9707 D jswrapper: JS: GameBase onEventUserStatus 用户状态
12-15 13:53:15.017 9652 9707 D jswrapper: JS: openPrizes2
12-15 13:53:16.022 9652 9707 D jswrapper: JS: showGameEnd
12-15 13:53:16.022 9652 9707 D jswrapper: JS: delayStartNextRoll
12-15 13:53:16.423 9652 9652 I ViewRootImpl@c90193f[AppActivity]: ViewPostIme
pointer 0
12-15 13:53:16.522 9652 9652 I ViewRootImpl@c90193f[AppActivity]: ViewPostIme
pointer 1
12-15 13:53:16.571 9652 9707 D jswrapper: JS: SendSocketData main:200 sub:113
12-15 13:53:16.621 9652 9707 D jswrapper: JS: main=3, sub=101
12-15 13:53:16.622 9652 9707 D jswrapper: JS: GameBase onEventUserScore 用户积分
12-15 13:53:16.622 9652 9707 D jswrapper: JS: main=200, sub=149
12-15 13:53:16.622 9652 9707 D jswrapper: JS: SGLB::结果
12-15 13:53:16.622 9652 9707 D jswrapper: JS: [object Object]
12-15 13:53:16.622 9652 9707 D jswrapper: JS: setRollDatas
12-15 13:53:17.166 9652 9707 D jswrapper: JS: openPrizes2
12-15 13:53:17.174 9652 9707 D jswrapper: JS: [object Object],[object Object],
[object Object],[object Object],[object Object],[object Object],[object Object],
[object Object]
12-15 13:53:17.175 9652 9707 D jswrapper: JS: [object Object]
12-15 13:53:17.564 9652 9707 D jswrapper: JS: main=200, sub=152
12-15 13:53:17.564 9652 9707 D jswrapper: JS: JACKPOT
12-15 13:53:17.564 9652 9707 D jswrapper: JS: JACKPOT:{"lJackPot":12038}
12-15 13:53:17.860 9652 9707 D jswrapper: JS: main=200, sub=152
12-15 13:53:17.860 9652 9707 D jswrapper: JS: JACKPOT
12-15 13:53:17.861 9652 9707 D jswrapper: JS: JACKPOT:{"lJackPot":12046}
12-15 13:53:19.472 9652 9707 D jswrapper: JS: [object Object],[object Object],
[object Object],[object Object],[object Object],[object Object],[object Object],
[object Object],[object Object],[object Object],[object Object],[object Object],
[object Object],[object Object],[object Object],[object Object],[object Object],
[object Object],[object Object],[object Object],[object Object],[object Object],
[object Object],[object Object],[object Object],[object Object],[object Object],
[object Object],[object Object],[object Object]
12-15 13:53:19.472 9652 9707 D jswrapper: JS:
0,4,1,2,3,4,0,1,2,3,3,0,1,2,4,2,4,0,1,3,0,4,1,2,3,0,1,2,3,4
12-15 13:53:19.473 9652 9707 D jswrapper: JS: 0,4,15,20,24,25,27,28
12-15 13:53:19.473 9652 9707 D jswrapper: JS: 3,5,11,9,1,11,9,2
12-15 13:53:19.679 9652 9707 D jswrapper: JS: [object Object],[object Object],
[object Object],[object Object],[object Object],[object Object],[object Object],
[object Object]
12-15 13:53:19.679 9652 9707 D jswrapper: JS: [object Object]
12-15 13:53:21.992 9652 9707 D jswrapper: JS: [object Object],[object Object],
[object Object],[object Object],[object Object],[object Object],[object Object],
[object Object],[object Object],[object Object],[object Object],[object Object],
[object Object],[object Object],[object Object],[object Object],[object Object],
[object Object],[object Object],[object Object],[object Object],[object Object],
[object Object],[object Object],[object Object],[object Object],[object Object],
[object Object],[object Object],[object Object]
12-15 13:53:21.993 9652 9707 D jswrapper: JS:
4,2,0,1,3,1,4,0,2,3,3,0,1,2,4,0,2,4,1,3,1,0,4,2,3,0,1,2,3,4
12-15 13:53:21.993 9652 9707 D jswrapper: JS: 3,5,7,10,11,12,17,24
12-15 13:53:21.993 9652 9707 D jswrapper: JS: 0,2,6,4,1,11,2,0
12-15 13:53:23.165 9652 9707 D jswrapper: JS: winTimes:0.65
12-15 13:53:23.166 9652 9707 D jswrapper: JS: showGameEnd
12-15 13:53:23.166 9652 9707 D jswrapper: JS: delayStartNextRoll
12-15 13:53:24.316 9652 9652 I ViewRootImpl@c90193f[AppActivity]: ViewPostIme
pointer 0
12-15 13:53:24.406 9652 9652 I ViewRootImpl@c90193f[AppActivity]: ViewPostIme
pointer 1
12-15 13:53:24.436 9652 9707 D jswrapper: JS: SendSocketData main:200 sub:113
12-15 13:53:24.486 9652 9707 D jswrapper: JS: main=3, sub=101
12-15 13:53:24.487 9652 9707 D jswrapper: JS: GameBase onEventUserScore 用户积分
12-15 13:53:24.487 9652 9707 D jswrapper: JS: main=200, sub=149
12-15 13:53:24.488 9652 9707 D jswrapper: JS: SGLB::结果
12-15 13:53:24.488 9652 9707 D jswrapper: JS: [object Object]
12-15 13:53:24.488 9652 9707 D jswrapper: JS: setRollDatas
12-15 13:53:24.488 9652 9707 D jswrapper: JS: main=200, sub=152
12-15 13:53:24.488 9652 9707 D jswrapper: JS: JACKPOT
12-15 13:53:24.488 9652 9707 D jswrapper: JS: JACKPOT:{"lJackPot":12398}
12-15 13:53:25.033 9652 9707 D jswrapper: JS: openPrizes2
12-15 13:53:25.048 9652 9707 D jswrapper: JS: [object Object],[object Object],
[object Object],[object Object],[object Object],[object Object],[object Object],
[object Object],[object Object],[object Object],[object Object],[object Object]
12-15 13:53:25.048 9652 9707 D jswrapper: JS: [object Object]
12-15 13:53:25.749 9652 9707 D jswrapper: JS: main=200, sub=152
12-15 13:53:25.749 9652 9707 D jswrapper: JS: JACKPOT
12-15 13:53:25.749 9652 9707 D jswrapper: JS: JACKPOT:{"lJackPot":12446}
12-15 13:53:26.669 9652 9707 D debug info: Fail to play
assets/OLYMPUS/assets/native/2c/2ccb6473-2f91-440b-8cb1-7dd05db49996.mp3 cause by
limited max instance of AudioEngine
12-15 13:53:27.087 9652 9707 D jswrapper: JS: main=200, sub=152
12-15 13:53:27.087 9652 9707 D jswrapper: JS: JACKPOT
12-15 13:53:27.088 9652 9707 D jswrapper: JS: JACKPOT:{"lJackPot":12555}
12-15 13:53:27.338 9652 9707 D jswrapper: JS: [object Object],[object Object],
[object Object],[object Object],[object Object],[object Object],[object Object],
[object Object],[object Object],[object Object],[object Object],[object Object],
[object Object],[object Object],[object Object],[object Object],[object Object],
[object Object],[object Object],[object Object],[object Object],[object Object],
[object Object],[object Object],[object Object],[object Object],[object Object],
[object Object],[object Object],[object Object]
12-15 13:53:27.338 9652 9707 D jswrapper: JS:
0,4,1,2,3,1,4,0,2,3,1,3,0,2,4,3,4,0,1,2,2,4,0,1,3,2,4,0,1,3
12-15 13:53:27.339 9652 9707 D jswrapper: JS: 0,7,8,16,17,20,21,24,25,27,28,29
12-15 13:53:27.339 9652 9707 D jswrapper: JS: 9,3,2,5,11,1,2,6,3,11,5,9
12-15 13:53:27.551 9652 9707 D jswrapper: JS: [object Object],[object Object],
[object Object],[object Object],[object Object]
12-15 13:53:27.551 9652 9707 D jswrapper: JS: [object Object]
12-15 13:53:28.455 9652 9707 D jswrapper: JS: main=200, sub=152
12-15 13:53:28.456 9652 9707 D jswrapper: JS: JACKPOT
12-15 13:53:28.456 9652 9707 D jswrapper: JS: JACKPOT:{"lJackPot":12581}
12-15 13:53:29.238 9652 9707 D jswrapper: JS: main=200, sub=152
12-15 13:53:29.238 9652 9707 D jswrapper: JS: JACKPOT
12-15 13:53:29.238 9652 9707 D jswrapper: JS: JACKPOT:{"lJackPot":12655}
12-15 13:53:30.364 9652 9707 D jswrapper: JS: [object Object],[object Object],
[object Object],[object Object],[object Object],[object Object],[object Object],
[object Object],[object Object],[object Object],[object Object],[object Object],
[object Object],[object Object],[object Object],[object Object],[object Object],
[object Object],[object Object],[object Object],[object Object],[object Object],
[object Object],[object Object],[object Object],[object Object],[object Object],
[object Object],[object Object],[object Object]
12-15 13:53:30.365 9652 9707 D jswrapper: JS:
0,4,1,2,3,0,2,1,4,3,1,3,0,2,4,3,4,0,1,2,2,4,0,1,3,4,0,2,1,3
12-15 13:53:30.365 9652 9707 D jswrapper: JS: 0,1,5,13,29
12-15 13:53:30.365 9652 9707 D jswrapper: JS: 7,4,5,9,9
12-15 13:53:31.548 9652 9707 D jswrapper: JS: winTimes:3.75
12-15 13:53:31.550 9652 9707 D jswrapper: JS: showGameEnd
12-15 13:53:32.199 9652 9707 D jswrapper: JS: main=200, sub=152
12-15 13:53:32.200 9652 9707 D jswrapper: JS: JACKPOT
12-15 13:53:32.200 9652 9707 D jswrapper: JS: JACKPOT:{"lJackPot":12786}
12-15 13:53:35.098 9652 9652 I ViewRootImpl@c90193f[AppActivity]: ViewPostIme
pointer 0
12-15 13:53:35.221 9652 9652 I ViewRootImpl@c90193f[AppActivity]: ViewPostIme
pointer 1
12-15 13:53:35.284 9652 9707 D jswrapper: JS: SendSocketData main:200 sub:113
12-15 13:53:35.337 9652 9707 D jswrapper: JS: main=3, sub=101
12-15 13:53:35.337 9652 9707 D jswrapper: JS: GameBase onEventUserScore 用户积分
12-15 13:53:35.338 9652 9707 D jswrapper: JS: main=200, sub=149
12-15 13:53:35.338 9652 9707 D jswrapper: JS: SGLB::结果
12-15 13:53:35.338 9652 9707 D jswrapper: JS: [object Object]
12-15 13:53:35.338 9652 9707 D jswrapper: JS: setRollDatas
12-15 13:53:35.880 9652 9707 D jswrapper: JS: openPrizes2
12-15 13:53:36.886 9652 9707 D jswrapper: JS: showGameEnd
12-15 13:53:36.886 9652 9707 D jswrapper: JS: delayStartNextRoll
12-15 13:53:37.138 9652 9652 I ViewRootImpl@c90193f[AppActivity]: ViewPostIme
pointer 0
12-15 13:53:37.237 9652 9652 I ViewRootImpl@c90193f[AppActivity]: ViewPostIme
pointer 1
12-15 13:53:37.280 9652 9707 D jswrapper: JS: SendSocketData main:200 sub:113
12-15 13:53:37.330 9652 9707 D jswrapper: JS: main=3, sub=101
12-15 13:53:37.331 9652 9707 D jswrapper: JS: GameBase onEventUserScore 用户积分
12-15 13:53:37.331 9652 9707 D jswrapper: JS: main=200, sub=149
12-15 13:53:37.332 9652 9707 D jswrapper: JS: SGLB::结果
12-15 13:53:37.332 9652 9707 D jswrapper: JS: [object Object]
12-15 13:53:37.332 9652 9707 D jswrapper: JS: setRollDatas
12-15 13:53:37.627 9652 9707 D jswrapper: JS: main=200, sub=152
12-15 13:53:37.627 9652 9707 D jswrapper: JS: JACKPOT
12-15 13:53:37.627 9652 9707 D jswrapper: JS: JACKPOT:{"lJackPot":13105}
12-15 13:53:37.875 9652 9707 D jswrapper: JS: openPrizes2
12-15 13:53:39.585 9652 9707 D jswrapper: JS: showGameEnd
12-15 13:53:39.585 9652 9707 D jswrapper: JS: delayStartNextRoll
12-15 13:53:41.003 9652 9707 D jswrapper: JS: main=200, sub=152
12-15 13:53:41.004 9652 9707 D jswrapper: JS: JACKPOT
12-15 13:53:41.004 9652 9707 D jswrapper: JS: JACKPOT:{"lJackPot":13275}
12-15 13:53:41.010 9652 9652 I ViewRootImpl@c90193f[AppActivity]: ViewPostIme
pointer 0
12-15 13:53:41.109 9652 9652 I ViewRootImpl@c90193f[AppActivity]: ViewPostIme
pointer 1
12-15 13:53:41.167 9652 9707 D jswrapper: JS: SendSocketData main:200 sub:113
12-15 13:53:41.219 9652 9707 D jswrapper: JS: main=3, sub=101
12-15 13:53:41.219 9652 9707 D jswrapper: JS: GameBase onEventUserScore 用户积分
12-15 13:53:41.219 9652 9707 D jswrapper: JS: main=200, sub=149
12-15 13:53:41.222 9652 9707 D jswrapper: JS: SGLB::结果
12-15 13:53:41.223 9652 9707 D jswrapper: JS: [object Object]
12-15 13:53:41.223 9652 9707 D jswrapper: JS: setRollDatas
12-15 13:53:41.762 9652 9707 D jswrapper: JS: openPrizes2
12-15 13:53:41.770 9652 9707 D jswrapper: JS: [object Object],[object Object],
[object Object],[object Object],[object Object],[object Object],[object Object],
[object Object],[object Object],[object Object],[object Object],[object Object]
12-15 13:53:41.771 9652 9707 D jswrapper: JS: [object Object]
12-15 13:53:43.407 9652 9707 D debug info: Fail to play
assets/OLYMPUS/assets/native/2c/2ccb6473-2f91-440b-8cb1-7dd05db49996.mp3 cause by
limited max instance of AudioEngine
12-15 13:53:44.084 9652 9707 D jswrapper: JS: [object Object],[object Object],
[object Object],[object Object],[object Object],[object Object],[object Object],
[object Object],[object Object],[object Object],[object Object],[object Object],
[object Object],[object Object],[object Object],[object Object],[object Object],
[object Object],[object Object],[object Object],[object Object],[object Object],
[object Object],[object Object],[object Object],[object Object],[object Object],
[object Object],[object Object],[object Object]
12-15 13:53:44.085 9652 9707 D jswrapper: JS:
1,3,4,0,2,1,0,2,3,4,3,0,1,2,4,1,0,2,3,4,3,0,1,2,4,0,1,2,3,4
12-15 13:53:44.085 9652 9707 D jswrapper: JS: 5,6,7,9,11,17,18,20,22,23,24,29
12-15 13:53:44.085 9652 9707 D jswrapper: JS: 0,5,0,9,2,1,4,5,3,1,11,1
12-15 13:53:45.251 9652 9707 D jswrapper: JS: winTimes:0.75
12-15 13:53:45.252 9652 9707 D jswrapper: JS: showGameEnd
12-15 13:53:45.252 9652 9707 D jswrapper: JS: delayStartNextRoll
12-15 13:53:45.523 9652 9707 D jswrapper: JS: main=200, sub=152
12-15 13:53:45.524 9652 9707 D jswrapper: JS: JACKPOT
12-15 13:53:45.524 9652 9707 D jswrapper: JS: JACKPOT:{"lJackPot":13636}
12-15 13:53:45.706 9652 9652 I ViewRootImpl@c90193f[AppActivity]: ViewPostIme
pointer 0
12-15 13:53:45.788 9652 9652 I ViewRootImpl@c90193f[AppActivity]: ViewPostIme
pointer 1
12-15 13:53:45.843 9652 9707 D jswrapper: JS: SendSocketData main:200 sub:113
12-15 13:53:45.894 9652 9707 D jswrapper: JS: main=3, sub=101
12-15 13:53:45.894 9652 9707 D jswrapper: JS: GameBase onEventUserScore 用户积分
12-15 13:53:45.894 9652 9707 D jswrapper: JS: main=200, sub=149
12-15 13:53:45.895 9652 9707 D jswrapper: JS: SGLB::结果
12-15 13:53:45.895 9652 9707 D jswrapper: JS: [object Object]
12-15 13:53:45.895 9652 9707 D jswrapper: JS: setRollDatas
12-15 13:53:46.439 9652 9707 D jswrapper: JS: openPrizes2
12-15 13:53:47.157 9652 9707 D jswrapper: JS: main=200, sub=152
12-15 13:53:47.157 9652 9707 D jswrapper: JS: JACKPOT
12-15 13:53:47.157 9652 9707 D jswrapper: JS: JACKPOT:{"lJackPot":12522}
12-15 13:53:48.117 9652 9707 D jswrapper: JS: showGameEnd
12-15 13:53:48.117 9652 9707 D jswrapper: JS: delayStartNextRoll
12-15 13:53:49.787 9652 9652 I ViewRootImpl@c90193f[AppActivity]: ViewPostIme
pointer 0
12-15 13:53:49.901 9652 9652 I ViewRootImpl@c90193f[AppActivity]: ViewPostIme
pointer 1
12-15 13:53:49.929 9652 9707 D jswrapper: JS: SendSocketData main:200 sub:113
12-15 13:53:49.954 9652 9707 D jswrapper: JS: main=3, sub=101
12-15 13:53:49.954 9652 9707 D jswrapper: JS: GameBase onEventUserScore 用户积分
12-15 13:53:49.954 9652 9707 D jswrapper: JS: main=200, sub=149
12-15 13:53:49.954 9652 9707 D jswrapper: JS: SGLB::结果
12-15 13:53:49.954 9652 9707 D jswrapper: JS: [object Object]
12-15 13:53:49.954 9652 9707 D jswrapper: JS: setRollDatas
12-15 13:53:49.978 9652 9707 D jswrapper: JS: main=200, sub=152
12-15 13:53:49.978 9652 9707 D jswrapper: JS: JACKPOT
12-15 13:53:49.979 9652 9707 D jswrapper: JS: JACKPOT:{"lJackPot":12671}
12-15 13:53:50.524 9652 9707 D jswrapper: JS: openPrizes2
12-15 13:53:51.524 9652 9707 D jswrapper: JS: showGameEnd
12-15 13:53:51.524 9652 9707 D jswrapper: JS: delayStartNextRoll
12-15 13:53:52.385 9652 9652 I ViewRootImpl@c90193f[AppActivity]: ViewPostIme
pointer 0
12-15 13:53:52.483 9652 9652 I ViewRootImpl@c90193f[AppActivity]: ViewPostIme
pointer 1
12-15 13:53:52.520 9652 9707 D jswrapper: JS: SendSocketData main:200 sub:113
12-15 13:53:52.546 9652 9707 D jswrapper: JS: main=3, sub=530
12-15 13:53:52.547 9652 9707 D jswrapper: JS: [object Object]
12-15 13:53:52.561 9652 9707 D jswrapper: JS: 512
12-15 13:53:52.561 9652 9707 D jswrapper: JS: SendSocketData main:100 sub:512
12-15 13:53:52.571 9652 9707 D jswrapper: JS: main=3, sub=101
12-15 13:53:52.571 9652 9707 D jswrapper: JS: GameBase onEventUserScore 用户积分
12-15 13:53:52.572 9652 9707 D jswrapper: JS: main=200, sub=149
12-15 13:53:52.572 9652 9707 D jswrapper: JS: SGLB::结果
12-15 13:53:52.572 9652 9707 D jswrapper: JS: [object Object]
12-15 13:53:52.572 9652 9707 D jswrapper: JS: setRollDatas
12-15 13:53:52.596 9652 9707 D jswrapper: JS: main=100, sub=513
12-15 13:53:52.596 9652 9707 D jswrapper: JS: 收到框架消息::513
12-15 13:53:52.596 9652 9707 D jswrapper: JS: [object Object]
12-15 13:53:52.597 9652 9707 D jswrapper: JS: main=100, sub=513
12-15 13:53:52.597 9652 9707 D jswrapper: JS: 收到框架消息::513
12-15 13:53:52.598 9652 9707 D jswrapper: JS: [object Object]
12-15 13:53:52.598 9652 9707 D jswrapper: JS: main=100, sub=513
12-15 13:53:52.598 9652 9707 D jswrapper: JS: 收到框架消息::513
12-15 13:53:52.599 9652 9707 D jswrapper: JS: [object Object]
12-15 13:53:52.599 9652 9707 D jswrapper: JS: main=100, sub=513
12-15 13:53:52.599 9652 9707 D jswrapper: JS: 收到框架消息::513
12-15 13:53:52.599 9652 9707 D jswrapper: JS: [object Object]
12-15 13:53:52.600 9652 9707 D jswrapper: JS: main=100, sub=513
12-15 13:53:52.600 9652 9707 D jswrapper: JS: 收到框架消息::513
12-15 13:53:52.600 9652 9707 D jswrapper: JS: [object Object]
12-15 13:53:52.600 9652 9707 D jswrapper: JS: main=100, sub=513
12-15 13:53:52.600 9652 9707 D jswrapper: JS: 收到框架消息::513
12-15 13:53:52.600 9652 9707 D jswrapper: JS: [object Object]
12-15 13:53:52.601 9652 9707 D jswrapper: JS: main=100, sub=513
12-15 13:53:52.601 9652 9707 D jswrapper: JS: 收到框架消息::513
12-15 13:53:52.601 9652 9707 D jswrapper: JS: [object Object]
12-15 13:53:52.601 9652 9707 D jswrapper: JS: main=100, sub=513
12-15 13:53:52.601 9652 9707 D jswrapper: JS: 收到框架消息::513
12-15 13:53:52.601 9652 9707 D jswrapper: JS: [object Object]
12-15 13:53:52.601 9652 9707 D jswrapper: JS: main=100, sub=513
12-15 13:53:52.601 9652 9707 D jswrapper: JS: 收到框架消息::513
12-15 13:53:52.602 9652 9707 D jswrapper: JS: [object Object]
12-15 13:53:52.602 9652 9707 D jswrapper: JS: main=100, sub=513
