12-15 14:07:50.699 9652 9707 D jswrapper: JS: main=200, sub=152
12-15 14:07:50.699 9652 9707 D jswrapper: JS: JACKPOT
12-15 14:07:50.699 9652 9707 D jswrapper: JS: JACKPOT:{"lJackPot":12994}
12-15 14:07:51.251 9652 9707 D jswrapper: JS: winTimes:0.75
12-15 14:07:51.251 9652 9707 D jswrapper: JS: showGameEnd
12-15 14:07:51.251 9652 9707 D jswrapper: JS: delayStartNextRoll
12-15 14:07:51.364 9652 9707 D jswrapper: JS: main=200, sub=152
12-15 14:07:51.365 9652 9707 D jswrapper: JS: JACKPOT
12-15 14:07:51.365 9652 9707 D jswrapper: JS: JACKPOT:{"lJackPot":13065}
12-15 14:07:52.289 9652 9652 I ViewRootImpl@c90193f[AppActivity]: ViewPostIme
pointer 0
12-15 14:07:52.395 9652 9652 I ViewRootImpl@c90193f[AppActivity]: ViewPostIme
pointer 1
12-15 14:07:52.445 9652 9707 D jswrapper: JS: SendSocketData main:200 sub:113
12-15 14:07:52.496 9652 9707 D jswrapper: JS: main=3, sub=101
12-15 14:07:52.496 9652 9707 D jswrapper: JS: GameBase onEventUserScore 用户积分
12-15 14:07:52.496 9652 9707 D jswrapper: JS: main=200, sub=149
12-15 14:07:52.497 9652 9707 D jswrapper: JS: SGLB::结果
12-15 14:07:52.497 9652 9707 D jswrapper: JS: [object Object]
12-15 14:07:52.497 9652 9707 D jswrapper: JS: setRollDatas
12-15 14:07:53.040 9652 9707 D jswrapper: JS: openPrizes2
12-15 14:07:53.050 9652 9707 D jswrapper: JS: [object Object],[object Object],
[object Object],[object Object],[object Object],[object Object],[object Object],
[object Object],[object Object]
12-15 14:07:53.050 9652 9707 D jswrapper: JS: [object Object]
12-15 14:07:55.352 9652 9707 D jswrapper: JS: [object Object],[object Object],
[object Object],[object Object],[object Object],[object Object],[object Object],
[object Object],[object Object],[object Object],[object Object],[object Object],
[object Object],[object Object],[object Object],[object Object],[object Object],
[object Object],[object Object],[object Object],[object Object],[object Object],
[object Object],[object Object],[object Object],[object Object],[object Object],
[object Object],[object Object],[object Object]
12-15 14:07:55.353 9652 9707 D jswrapper: JS:
1,2,4,0,3,1,0,2,3,4,0,4,1,2,3,0,1,2,3,4,3,0,1,2,4,0,2,1,3,4
12-15 14:07:55.353 9652 9707 D jswrapper: JS: 2,5,6,7,12,17,22,24,26
12-15 14:07:55.353 9652 9707 D jswrapper: JS: 11,6,4,9,5,3,6,9,11
12-15 14:07:56.532 9652 9707 D jswrapper: JS: winTimes:0.25
12-15 14:07:56.532 9652 9707 D jswrapper: JS: showGameEnd
12-15 14:07:56.532 9652 9707 D jswrapper: JS: delayStartNextRoll
12-15 14:07:57.188 9652 9707 D jswrapper: JS: main=200, sub=152
12-15 14:07:57.189 9652 9707 D jswrapper: JS: JACKPOT
12-15 14:07:57.189 9652 9707 D jswrapper: JS: JACKPOT:{"lJackPot":12014}
12-15 14:07:57.533 9652 9652 I ViewRootImpl@c90193f[AppActivity]: ViewPostIme
pointer 0
12-15 14:07:57.622 9652 9652 I ViewRootImpl@c90193f[AppActivity]: ViewPostIme
pointer 1
12-15 14:07:57.663 9652 9707 D jswrapper: JS: SendSocketData main:200 sub:113
12-15 14:07:57.713 9652 9707 D jswrapper: JS: main=3, sub=101
12-15 14:07:57.713 9652 9707 D jswrapper: JS: GameBase onEventUserScore 用户积分
12-15 14:07:57.714 9652 9707 D jswrapper: JS: main=200, sub=149
12-15 14:07:57.714 9652 9707 D jswrapper: JS: SGLB::结果
12-15 14:07:57.714 9652 9707 D jswrapper: JS: [object Object]
12-15 14:07:57.714 9652 9707 D jswrapper: JS: setRollDatas
12-15 14:07:58.261 9652 9707 D jswrapper: JS: openPrizes2
12-15 14:07:59.030 9652 9707 D jswrapper: JS: main=200, sub=152
12-15 14:07:59.030 9652 9707 D jswrapper: JS: JACKPOT
12-15 14:07:59.030 9652 9707 D jswrapper: JS: JACKPOT:{"lJackPot":12128}
12-15 14:07:59.269 9652 9707 D jswrapper: JS: showGameEnd
12-15 14:07:59.269 9652 9707 D jswrapper: JS: delayStartNextRoll
12-15 14:08:00.009 9652 9652 I ViewRootImpl@c90193f[AppActivity]: ViewPostIme
pointer 0
12-15 14:08:00.078 9652 9652 I ViewRootImpl@c90193f[AppActivity]: ViewPostIme
pointer 1
12-15 14:08:00.110 9652 9707 D jswrapper: JS: SendSocketData main:200 sub:113
12-15 14:08:00.161 9652 9707 D jswrapper: JS: main=3, sub=101
12-15 14:08:00.161 9652 9707 D jswrapper: JS: GameBase onEventUserScore 用户积分
12-15 14:08:00.161 9652 9707 D jswrapper: JS: main=200, sub=149
12-15 14:08:00.162 9652 9707 D jswrapper: JS: SGLB::结果
12-15 14:08:00.162 9652 9707 D jswrapper: JS: [object Object]
12-15 14:08:00.162 9652 9707 D jswrapper: JS: setRollDatas
12-15 14:08:00.260 9652 9707 D jswrapper: JS: main=200, sub=152
12-15 14:08:00.260 9652 9707 D jswrapper: JS: JACKPOT
12-15 14:08:00.260 9652 9707 D jswrapper: JS: JACKPOT:{"lJackPot":12208}
12-15 14:08:00.581 9652 9707 D jswrapper: JS: main=3, sub=530
12-15 14:08:00.582 9652 9707 D jswrapper: JS: [object Object]
12-15 14:08:00.602 9652 9707 D jswrapper: JS: 512
12-15 14:08:00.602 9652 9707 D jswrapper: JS: SendSocketData main:100 sub:512
12-15 14:08:00.635 9652 9707 D jswrapper: JS: main=100, sub=513
12-15 14:08:00.635 9652 9707 D jswrapper: JS: 收到框架消息::513
12-15 14:08:00.635 9652 9707 D jswrapper: JS: [object Object]
12-15 14:08:00.636 9652 9707 D jswrapper: JS: main=100, sub=513
12-15 14:08:00.636 9652 9707 D jswrapper: JS: 收到框架消息::513
12-15 14:08:00.636 9652 9707 D jswrapper: JS: [object Object]
12-15 14:08:00.636 9652 9707 D jswrapper: JS: main=100, sub=513
12-15 14:08:00.636 9652 9707 D jswrapper: JS: 收到框架消息::513
12-15 14:08:00.636 9652 9707 D jswrapper: JS: [object Object]
12-15 14:08:00.636 9652 9707 D jswrapper: JS: main=100, sub=513
12-15 14:08:00.636 9652 9707 D jswrapper: JS: 收到框架消息::513
12-15 14:08:00.636 9652 9707 D jswrapper: JS: [object Object]
12-15 14:08:00.636 9652 9707 D jswrapper: JS: main=100, sub=513
12-15 14:08:00.636 9652 9707 D jswrapper: JS: 收到框架消息::513
12-15 14:08:00.637 9652 9707 D jswrapper: JS: [object Object]
12-15 14:08:00.637 9652 9707 D jswrapper: JS: main=100, sub=513
12-15 14:08:00.637 9652 9707 D jswrapper: JS: 收到框架消息::513
12-15 14:08:00.637 9652 9707 D jswrapper: JS: [object Object]
12-15 14:08:00.637 9652 9707 D jswrapper: JS: main=100, sub=513
12-15 14:08:00.637 9652 9707 D jswrapper: JS: 收到框架消息::513
12-15 14:08:00.638 9652 9707 D jswrapper: JS: [object Object]
12-15 14:08:00.638 9652 9707 D jswrapper: JS: main=100, sub=513
12-15 14:08:00.638 9652 9707 D jswrapper: JS: 收到框架消息::513
12-15 14:08:00.638 9652 9707 D jswrapper: JS: [object Object]
12-15 14:08:00.638 9652 9707 D jswrapper: JS: main=100, sub=513
12-15 14:08:00.638 9652 9707 D jswrapper: JS: 收到框架消息::513
12-15 14:08:00.638 9652 9707 D jswrapper: JS: [object Object]
12-15 14:08:00.639 9652 9707 D jswrapper: JS: main=100, sub=513
12-15 14:08:00.639 9652 9707 D jswrapper: JS: 收到框架消息::513
12-15 14:08:00.639 9652 9707 D jswrapper: JS: [object Object]
12-15 14:08:00.684 9652 9707 D jswrapper: JS: openPrizes2
12-15 14:08:00.695 9652 9707 D jswrapper: JS: [object Object],[object Object],
[object Object],[object Object],[object Object],[object Object],[object Object],
[object Object],[object Object]
12-15 14:08:00.696 9652 9707 D jswrapper: JS: [object Object]
12-15 14:08:03.004 9652 9707 D jswrapper: JS: [object Object],[object Object],
[object Object],[object Object],[object Object],[object Object],[object Object],
[object Object],[object Object],[object Object],[object Object],[object Object],
[object Object],[object Object],[object Object],[object Object],[object Object],
[object Object],[object Object],[object Object],[object Object],[object Object],
[object Object],[object Object],[object Object],[object Object],[object Object],
[object Object],[object Object],[object Object]
12-15 14:08:03.005 9652 9707 D jswrapper: JS:
0,1,2,3,4,0,1,2,3,4,1,2,0,3,4,2,4,0,1,3,2,0,1,3,4,0,1,2,3,4
12-15 14:08:03.005 9652 9707 D jswrapper: JS: 1,7,8,13,14,15,16,19,27
12-15 14:08:03.005 9652 9707 D jswrapper: JS: 5,4,4,5,8,0,9,11,3
12-15 14:08:04.177 9652 9707 D jswrapper: JS: winTimes:0.4
12-15 14:08:04.178 9652 9707 D jswrapper: JS: showGameEnd
12-15 14:08:04.178 9652 9707 D jswrapper: JS: delayStartNextRoll
12-15 14:08:04.616 9652 9652 I ViewRootImpl@c90193f[AppActivity]: ViewPostIme
pointer 0
12-15 14:08:04.723 9652 9652 I ViewRootImpl@c90193f[AppActivity]: ViewPostIme
pointer 1
12-15 14:08:04.762 9652 9707 D jswrapper: JS: SendSocketData main:200 sub:113
12-15 14:08:04.813 9652 9707 D jswrapper: JS: main=3, sub=101
12-15 14:08:04.813 9652 9707 D jswrapper: JS: GameBase onEventUserScore 用户积分
12-15 14:08:04.813 9652 9707 D jswrapper: JS: main=200, sub=149
12-15 14:08:04.814 9652 9707 D jswrapper: JS: SGLB::结果
12-15 14:08:04.814 9652 9707 D jswrapper: JS: [object Object]
12-15 14:08:04.814 9652 9707 D jswrapper: JS: setRollDatas
12-15 14:08:05.334 9652 9707 D jswrapper: JS: openPrizes2
12-15 14:08:06.275 9652 9707 D jswrapper: JS: showGameEnd
12-15 14:08:06.275 9652 9707 D jswrapper: JS: delayStartNextRoll
12-15 14:08:06.939 9652 9652 I ViewRootImpl@c90193f[AppActivity]: ViewPostIme
pointer 0
12-15 14:08:07.036 9652 9652 I ViewRootImpl@c90193f[AppActivity]: ViewPostIme
pointer 1
12-15 14:08:07.083 9652 9707 D jswrapper: JS: SendSocketData main:200 sub:113
12-15 14:08:07.134 9652 9707 D jswrapper: JS: main=3, sub=101
12-15 14:08:07.134 9652 9707 D jswrapper: JS: GameBase onEventUserScore 用户积分
12-15 14:08:07.134 9652 9707 D jswrapper: JS: main=200, sub=149
12-15 14:08:07.135 9652 9707 D jswrapper: JS: SGLB::结果
12-15 14:08:07.135 9652 9707 D jswrapper: JS: [object Object]
12-15 14:08:07.135 9652 9707 D jswrapper: JS: setRollDatas
12-15 14:08:07.135 9652 9707 D jswrapper: JS: main=200, sub=152
12-15 14:08:07.135 9652 9707 D jswrapper: JS: JACKPOT
12-15 14:08:07.135 9652 9707 D jswrapper: JS: JACKPOT:{"lJackPot":11505}
12-15 14:08:07.676 9652 9707 D jswrapper: JS: openPrizes2
12-15 14:08:07.683 9652 9707 D jswrapper: JS: [object Object],[object Object],
[object Object],[object Object],[object Object],[object Object],[object Object],
[object Object],[object Object],[object Object],[object Object],[object Object]
12-15 14:08:07.683 9652 9707 D jswrapper: JS: [object Object]
12-15 14:08:08.867 9652 9707 D jswrapper: JS: main=200, sub=152
12-15 14:08:08.867 9652 9707 D jswrapper: JS: JACKPOT
12-15 14:08:08.868 9652 9707 D jswrapper: JS: JACKPOT:{"lJackPot":11605}
12-15 14:08:09.328 9652 9707 D debug info: Fail to play
assets/OLYMPUS/assets/native/2c/2ccb6473-2f91-440b-8cb1-7dd05db49996.mp3 cause by
limited max instance of AudioEngine
12-15 14:08:09.982 9652 9707 D jswrapper: JS: [object Object],[object Object],
[object Object],[object Object],[object Object],[object Object],[object Object],
[object Object],[object Object],[object Object],[object Object],[object Object],
[object Object],[object Object],[object Object],[object Object],[object Object],
[object Object],[object Object],[object Object],[object Object],[object Object],
[object Object],[object Object],[object Object],[object Object],[object Object],
[object Object],[object Object],[object Object]
12-15 14:08:09.983 9652 9707 D jswrapper: JS:
0,1,2,3,4,1,3,0,2,4,0,1,2,3,4,0,3,1,2,4,0,1,4,2,3,0,3,1,2,4
12-15 14:08:09.983 9652 9707 D jswrapper: JS: 0,2,3,4,5,7,8,10,19,21,23,28
12-15 14:08:09.983 9652 9707 D jswrapper: JS: 0,1,8,6,0,0,6,2,4,1,2,9
12-15 14:08:10.191 9652 9707 D jswrapper: JS: [object Object],[object Object],
[object Object],[object Object],[object Object],[object Object],[object Object],
[object Object],[object Object]
12-15 14:08:10.191 9652 9707 D jswrapper: JS: [object Object]
12-15 14:08:10.394 9652 9707 D jswrapper: JS: main=200, sub=152
12-15 14:08:10.394 9652 9707 D jswrapper: JS: JACKPOT
12-15 14:08:10.394 9652 9707 D jswrapper: JS: JACKPOT:{"lJackPot":11649}
12-15 14:08:10.615 9652 9707 D jswrapper: JS: main=3, sub=530
12-15 14:08:10.616 9652 9707 D jswrapper: JS: [object Object]
12-15 14:08:10.616 9652 9707 D jswrapper: JS: 512
12-15 14:08:10.616 9652 9707 D jswrapper: JS: SendSocketData main:100 sub:512
12-15 14:08:10.640 9652 9707 D jswrapper: JS: main=200, sub=152
12-15 14:08:10.640 9652 9707 D jswrapper: JS: JACKPOT
12-15 14:08:10.640 9652 9707 D jswrapper: JS: JACKPOT:{"lJackPot":11661}
12-15 14:08:10.641 9652 9707 D jswrapper: JS: main=100, sub=513
12-15 14:08:10.643 9652 9707 D jswrapper: JS: 收到框架消息::513
12-15 14:08:10.643 9652 9707 D jswrapper: JS: [object Object]
12-15 14:08:10.644 9652 9707 D jswrapper: JS: main=100, sub=513
12-15 14:08:10.644 9652 9707 D jswrapper: JS: 收到框架消息::513
12-15 14:08:10.644 9652 9707 D jswrapper: JS: [object Object]
12-15 14:08:10.645 9652 9707 D jswrapper: JS: main=100, sub=513
12-15 14:08:10.645 9652 9707 D jswrapper: JS: 收到框架消息::513
12-15 14:08:10.645 9652 9707 D jswrapper: JS: [object Object]
12-15 14:08:10.645 9652 9707 D jswrapper: JS: main=100, sub=513
12-15 14:08:10.645 9652 9707 D jswrapper: JS: 收到框架消息::513
12-15 14:08:10.646 9652 9707 D jswrapper: JS: [object Object]
12-15 14:08:10.646 9652 9707 D jswrapper: JS: main=100, sub=513
12-15 14:08:10.646 9652 9707 D jswrapper: JS: 收到框架消息::513
12-15 14:08:10.646 9652 9707 D jswrapper: JS: [object Object]
12-15 14:08:10.646 9652 9707 D jswrapper: JS: main=100, sub=513
12-15 14:08:10.647 9652 9707 D jswrapper: JS: 收到框架消息::513
12-15 14:08:10.647 9652 9707 D jswrapper: JS: [object Object]
12-15 14:08:10.647 9652 9707 D jswrapper: JS: main=100, sub=513
12-15 14:08:10.647 9652 9707 D jswrapper: JS: 收到框架消息::513
12-15 14:08:10.647 9652 9707 D jswrapper: JS: [object Object]
12-15 14:08:10.648 9652 9707 D jswrapper: JS: main=100, sub=513
12-15 14:08:10.648 9652 9707 D jswrapper: JS: 收到框架消息::513
12-15 14:08:10.648 9652 9707 D jswrapper: JS: [object Object]
12-15 14:08:10.648 9652 9707 D jswrapper: JS: main=100, sub=513
12-15 14:08:10.648 9652 9707 D jswrapper: JS: 收到框架消息::513
12-15 14:08:10.649 9652 9707 D jswrapper: JS: [object Object]
12-15 14:08:10.649 9652 9707 D jswrapper: JS: main=100, sub=513
12-15 14:08:10.649 9652 9707 D jswrapper: JS: 收到框架消息::513
12-15 14:08:10.649 9652 9707 D jswrapper: JS: [object Object]
12-15 14:08:11.769 9652 9707 D jswrapper: JS: main=200, sub=152
12-15 14:08:11.769 9652 9707 D jswrapper: JS: JACKPOT
12-15 14:08:11.770 9652 9707 D jswrapper: JS: JACKPOT:{"lJackPot":11687}
12-15 14:08:12.501 9652 9707 D jswrapper: JS: [object Object],[object Object],
[object Object],[object Object],[object Object],[object Object],[object Object],
[object Object],[object Object],[object Object],[object Object],[object Object],
[object Object],[object Object],[object Object],[object Object],[object Object],
[object Object],[object Object],[object Object],[object Object],[object Object],
[object Object],[object Object],[object Object],[object Object],[object Object],
[object Object],[object Object],[object Object]
12-15 14:08:12.502 9652 9707 D jswrapper: JS:
0,1,2,4,3,1,0,3,2,4,4,0,1,2,3,4,0,3,1,2,0,1,4,2,3,0,3,1,2,4
12-15 14:08:12.502 9652 9707 D jswrapper: JS: 0,1,5,6,7,12,24,26,27
12-15 14:08:12.505 9652 9707 D jswrapper: JS: 1,0,5,0,2,0,7,0,1
12-15 14:08:12.855 9652 9707 D jswrapper: JS: main=200, sub=152
12-15 14:08:12.855 9652 9707 D jswrapper: JS: JACKPOT
12-15 14:08:12.855 9652 9707 D jswrapper: JS: JACKPOT:{"lJackPot":11738}
12-15 14:08:13.707 9652 9707 D jswrapper: JS: winTimes:1.45
12-15 14:08:13.708 9652 9707 D jswrapper: JS: showGameEnd
12-15 14:08:13.708 9652 9707 D jswrapper: JS: delayStartNextRoll
12-15 14:08:13.954 9652 9652 I ViewRootImpl@c90193f[AppActivity]: ViewPostIme
pointer 0
12-15 14:08:14.034 9652 9652 W Choreographer: Frame time is 0.061696 ms in the
future! Check that graphics HAL is generating vsync timestamps using the correct
timebase.
12-15 14:08:14.036 9652 9652 I ViewRootImpl@c90193f[AppActivity]: ViewPostIme
pointer 1
12-15 14:08:14.067 9652 9707 D jswrapper: JS: SendSocketData main:200 sub:113
12-15 14:08:14.120 9652 9707 D jswrapper: JS: main=3, sub=101
12-15 14:08:14.120 9652 9707 D jswrapper: JS: GameBase onEventUserScore 用户积分
12-15 14:08:14.121 9652 9707 D jswrapper: JS: main=200, sub=149
12-15 14:08:14.121 9652 9707 D jswrapper: JS: SGLB::结果
12-15 14:08:14.121 9652 9707 D jswrapper: JS: [object Object]
12-15 14:08:14.121 9652 9707 D jswrapper: JS: setRollDatas
12-15 14:08:14.122 9652 9707 D jswrapper: JS: main=200, sub=152
12-15 14:08:14.122 9652 9707 D jswrapper: JS: JACKPOT
12-15 14:08:14.122 9652 9707 D jswrapper: JS: JACKPOT:{"lJackPot":11822}
12-15 14:08:14.667 9652 9707 D jswrapper: JS: openPrizes2
12-15 14:08:14.675 9652 9707 D jswrapper: JS: [object Object],[object Object],
[object Object],[object Object],[object Object]
12-15 14:08:14.676 9652 9707 D jswrapper: JS: [object Object]
12-15 14:08:15.211 9652 9707 D jswrapper: JS: main=200, sub=152
12-15 14:08:15.212 9652 9707 D jswrapper: JS: JACKPOT
12-15 14:08:15.212 9652 9707 D jswrapper: JS: JACKPOT:{"lJackPot":11878}
12-15 14:08:17.490 9652 9707 D jswrapper: JS: [object Object],[object Object],
[object Object],[object Object],[object Object],[object Object],[object Object],
[object Object],[object Object],[object Object],[object Object],[object Object],
[object Object],[object Object],[object Object],[object Object],[object Object],
[object Object],[object Object],[object Object],[object Object],[object Object],
[object Object],[object Object],[object Object],[object Object],[object Object],
[object Object],[object Object],[object Object]
12-15 14:08:17.491 9652 9707 D jswrapper: JS:
0,1,2,3,4,0,1,2,3,4,4,0,1,2,3,2,3,0,1,4,4,0,1,2,3,0,1,2,3,4
12-15 14:08:17.491 9652 9707 D jswrapper: JS: 0,15,21,26,28
12-15 14:08:17.491 9652 9707 D jswrapper: JS: 9,4,4,2,1
12-15 14:08:18.694 9652 9707 D jswrapper: JS: winTimes:3
12-15 14:08:18.699 9652 9707 D jswrapper: JS: showGameEnd
12-15 14:08:18.795 9652 9707 D jswrapper: JS: main=200, sub=152
12-15 14:08:18.795 9652 9707 D jswrapper: JS: JACKPOT
12-15 14:08:18.799 9652 9707 D jswrapper: JS: JACKPOT:{"lJackPot":10874}
12-15 14:08:20.763 9652 9707 D jswrapper: JS: main=3, sub=530
12-15 14:08:20.764 9652 9707 D jswrapper: JS: [object Object]
12-15 14:08:20.765 9652 9707 D jswrapper: JS: 512
12-15 14:08:20.765 9652 9707 D jswrapper: JS: SendSocketData main:100 sub:512
12-15 14:08:20.839 9652 9707 D jswrapper: JS: main=100, sub=513
12-15 14:08:20.839 9652 9707 D jswrapper: JS: 收到框架消息::513
12-15 14:08:20.839 9652 9707 D jswrapper: JS: [object Object]
12-15 14:08:20.863 9652 9707 D jswrapper: JS: main=100, sub=513
12-15 14:08:20.863 9652 9707 D jswrapper: JS: 收到框架消息::513
12-15 14:08:20.864 9652 9707 D jswrapper: JS: [object Object]
12-15 14:08:20.864 9652 9707 D jswrapper: JS: main=100, sub=513
12-15 14:08:20.864 9652 9707 D jswrapper: JS: 收到框架消息::513
12-15 14:08:20.864 9652 9707 D jswrapper: JS: [object Object]
12-15 14:08:20.864 9652 9707 D jswrapper: JS: main=100, sub=513
12-15 14:08:20.865 9652 9707 D jswrapper: JS: 收到框架消息::513
12-15 14:08:20.865 9652 9707 D jswrapper: JS: [object Object]
12-15 14:08:20.865 9652 9707 D jswrapper: JS: main=100, sub=513
12-15 14:08:20.865 9652 9707 D jswrapper: JS: 收到框架消息::513
12-15 14:08:20.865 9652 9707 D jswrapper: JS: [object Object]
12-15 14:08:20.866 9652 9707 D jswrapper: JS: main=100, sub=513
12-15 14:08:20.866 9652 9707 D jswrapper: JS: 收到框架消息::513
12-15 14:08:20.866 9652 9707 D jswrapper: JS: [object Object]
12-15 14:08:20.866 9652 9707 D jswrapper: JS: main=100, sub=513
12-15 14:08:20.866 9652 9707 D jswrapper: JS: 收到框架消息::513
12-15 14:08:20.867 9652 9707 D jswrapper: JS: [object Object]
12-15 14:08:20.867 9652 9707 D jswrapper: JS: main=100, sub=513
12-15 14:08:20.871 9652 9707 D jswrapper: JS: 收到框架消息::513
12-15 14:08:20.871 9652 9707 D jswrapper: JS: [object Object]
12-15 14:08:20.872 9652 9707 D jswrapper: JS: main=100, sub=513
12-15 14:08:20.872 9652 9707 D jswrapper: JS: 收到框架消息::513
12-15 14:08:20.872 9652 9707 D jswrapper: JS: [object Object]
12-15 14:08:20.873 9652 9707 D jswrapper: JS: main=100, sub=513
12-15 14:08:20.873 9652 9707 D jswrapper: JS: 收到框架消息::513
12-15 14:08:20.873 9652 9707 D jswrapper: JS: [object Object]
12-15 14:08:20.922 9652 9652 I ViewRootImpl@c90193f[AppActivity]: ViewPostIme
pointer 0
12-15 14:08:21.004 9652 9652 I ViewRootImpl@c90193f[AppActivity]: ViewPostIme
pointer 1
12-15 14:08:21.042 9652 9707 D jswrapper: JS: SendSocketData main:200 sub:113
12-15 14:08:21.093 9652 9707 D jswrapper: JS: main=3, sub=101
12-15 14:08:21.093 9652 9707 D jswrapper: JS: GameBase onEventUserScore 用户积分
12-15 14:08:21.093 9652 9707 D jswrapper: JS: main=200, sub=149
12-15 14:08:21.094 9652 9707 D jswrapper: JS: SGLB::结果
12-15 14:08:21.094 9652 9707 D jswrapper: JS: [object Object]
12-15 14:08:21.094 9652 9707 D jswrapper: JS: setRollDatas
12-15 14:08:21.639 9652 9707 D jswrapper: JS: openPrizes2
12-15 14:08:22.573 9652 9652 I ViewRootImpl@c90193f[AppActivity]: ViewPostIme
pointer 0
12-15 14:08:22.606 9652 9707 D jswrapper: JS: showGameEnd
12-15 14:08:22.606 9652 9707 D jswrapper: JS: delayStartNextRoll
12-15 14:08:22.679 9652 9652 I ViewRootImpl@c90193f[AppActivity]: ViewPostIme
pointer 1
12-15 14:08:23.308 9652 9707 D jswrapper: JS: main=200, sub=152
12-15 14:08:23.308 9652 9707 D jswrapper: JS: JACKPOT
12-15 14:08:23.309 9652 9707 D jswrapper: JS: JACKPOT:{"lJackPot":11105}
12-15 14:08:23.420 9652 9652 I ViewRootImpl@c90193f[AppActivity]: ViewPostIme
pointer 0
12-15 14:08:23.526 9652 9652 I ViewRootImpl@c90193f[AppActivity]: ViewPostIme
pointer 1
12-15 14:08:23.565 9652 9707 D jswrapper: JS: SendSocketData main:200 sub:113
12-15 14:08:23.615 9652 9707 D jswrapper: JS: main=3, sub=101
12-15 14:08:23.615 9652 9707 D jswrapper: JS: GameBase onEventUserScore 用户积分
12-15 14:08:23.616 9652 9707 D jswrapper: JS: main=200, sub=149
12-15 14:08:23.616 9652 9707 D jswrapper: JS: SGLB::结果
12-15 14:08:23.616 9652 9707 D jswrapper: JS: [object Object]
12-15 14:08:23.616 9652 9707 D jswrapper: JS: setRollDatas
12-15 14:08:23.617 9652 9707 D jswrapper: JS: main=200, sub=152
12-15 14:08:23.617 9652 9707 D jswrapper: JS: JACKPOT
12-15 14:08:23.617 9652 9707 D jswrapper: JS: JACKPOT:{"lJackPot":11127}
12-15 14:08:24.140 9652 9707 D jswrapper: JS: openPrizes2
12-15 14:08:24.149 9652 9707 D jswrapper: JS: [object Object],[object Object],
[object Object],[object Object],[object Object],[object Object],[object Object],
[object Object],[object Object],[object Object],[object Object],[object Object],
[object Object]
12-15 14:08:24.149 9652 9707 D jswrapper: JS: [object Object]
12-15 14:08:26.092 9652 9707 D debug info: Fail to play
assets/OLYMPUS/assets/native/2c/2ccb6473-2f91-440b-8cb1-7dd05db49996.mp3 cause by
limited max instance of AudioEngine
12-15 14:08:26.092 9652 9707 D debug info: Fail to play
assets/OLYMPUS/assets/native/2c/2ccb6473-2f91-440b-8cb1-7dd05db49996.mp3 cause by
limited max instance of AudioEngine
12-15 14:08:26.092 9652 9707 D debug info: Fail to play
assets/OLYMPUS/assets/native/2c/2ccb6473-2f91-440b-8cb1-7dd05db49996.mp3 cause by
limited max instance of AudioEngine
12-15 14:08:26.092 9652 9707 D debug info: Fail to play
assets/OLYMPUS/assets/native/2c/2ccb6473-2f91-440b-8cb1-7dd05db49996.mp3 cause by
limited max instance of AudioEngine
12-15 14:08:26.696 9652 9707 D jswrapper: JS: main=200, sub=152
12-15 14:08:26.697 9652 9707 D jswrapper: JS: JACKPOT
12-15 14:08:26.697 9652 9707 D jswrapper: JS: JACKPOT:{"lJackPot":11266}
12-15 14:08:26.747 9652 9707 D jswrapper: JS: [object Object],[object Object],
[object Object],[object Object],[object Object],[object Object],[object Object],
[object Object],[object Object],[object Object],[object Object],[object Object],
[object Object],[object Object],[object Object],[object Object],[object Object],
[object Object],[object Object],[object Object],[object Object],[object Object],
[object Object],[object Object],[object Object],[object Object],[object Object],
[object Object],[object Object],[object Object]
12-15 14:08:26.748 9652 9707 D jswrapper: JS:
0,2,3,1,4,2,0,1,3,4,0,1,2,3,4,1,0,2,3,4,0,2,1,3,4,2,3,0,1,4
12-15 14:08:26.749 9652 9707 D jswrapper: JS: 0,2,4,8,9,12,13,14,16,17,18,20,23
12-15 14:08:26.749 9652 9707 D jswrapper: JS: 2,2,1,1,0,4,5,3,1,9,6,4,1
12-15 14:08:28.844 9652 9707 D jswrapper: JS: main=200, sub=152
12-15 14:08:28.844 9652 9707 D jswrapper: JS: JACKPOT
12-15 14:08:28.845 9652 9707 D jswrapper: JS: JACKPOT:{"lJackPot":11336}
12-15 14:08:30.130 9652 9707 D jswrapper: JS: winTimes:4.5
12-15 14:08:30.132 9652 9707 D jswrapper: JS: showGameEnd
12-15 14:08:31.179 9652 9707 D jswrapper: JS: main=200, sub=152
12-15 14:08:31.179 9652 9707 D jswrapper: JS: JACKPOT
12-15 14:08:31.179 9652 9707 D jswrapper: JS: JACKPOT:{"lJackPot":11576}
12-15 14:08:31.784 9652 9652 I ViewRootImpl@c90193f[AppActivity]: ViewPostIme
pointer 0
12-15 14:08:31.858 9652 9652 I ViewRootImpl@c90193f[AppActivity]: ViewPostIme
pointer 1
12-15 14:08:31.888 9652 9707 D jswrapper: JS: SendSocketData main:200 sub:113
12-15 14:08:31.939 9652 9707 D jswrapper: JS: main=3, sub=101
12-15 14:08:31.939 9652 9707 D jswrapper: JS: GameBase onEventUserScore 用户积分
12-15 14:08:31.939 9652 9707 D jswrapper: JS: main=200, sub=149
12-15 14:08:31.940 9652 9707 D jswrapper: JS: SGLB::结果
12-15 14:08:31.940 9652 9707 D jswrapper: JS: [object Object]
12-15 14:08:31.940 9652 9707 D jswrapper: JS: setRollDatas
12-15 14:08:32.482 9652 9707 D jswrapper: JS: openPrizes2
12-15 14:08:32.490 9652 9707 D jswrapper: JS: [object Object],[object Object],
[object Object],[object Object],[object Object],[object Object],[object Object],
[object Object],[object Object],[object Object],[object Object],[object Object]
12-15 14:08:32.491 9652 9707 D jswrapper: JS: [object Object]
12-15 14:08:34.122 9652 9707 D debug info: Fail to play
assets/OLYMPUS/assets/native/2c/2ccb6473-2f91-440b-8cb1-7dd05db49996.mp3 cause by
limited max instance of AudioEngine
12-15 14:08:34.802 9652 9707 D jswrapper: JS: [object Object],[object Object],
[object Object],[object Object],[object Object],[object Object],[object Object],
[object Object],[object Object],[object Object],[object Object],[object Object],
[object Object],[object Object],[object Object],[object Object],[object Object],
[object Object],[object Object],[object Object],[object Object],[object Object],
[object Object],[object Object],[object Object],[object Object],[object Object],
[object Object],[object Object],[object Object]
12-15 14:08:34.802 9652 9707 D jswrapper: JS:
1,4,0,2,3,0,2,3,1,4,1,4,0,2,3,1,4,0,2,3,3,0,1,2,4,0,1,2,3,4
12-15 14:08:34.802 9652 9707 D jswrapper: JS: 1,5,6,8,9,11,13,19,22,24,26,27
12-15 14:08:34.802 9652 9707 D jswrapper: JS: 4,3,1,3,4,8,8,6,2,5,2,1
12-15 14:08:35.913 9652 9652 I ViewRootImpl@c90193f[AppActivity]: ViewPostIme
pointer 0
12-15 14:08:35.946 9652 9707 D jswrapper: JS: winTimes:0.75
12-15 14:08:35.947 9652 9707 D jswrapper: JS: showGameEnd
12-15 14:08:35.947 9652 9707 D jswrapper: JS: delayStartNextRoll
12-15 14:08:36.012 9652 9652 I ViewRootImpl@c90193f[AppActivity]: ViewPostIme
pointer 1
12-15 14:08:37.046 9652 9652 I ViewRootImpl@c90193f[AppActivity]: ViewPostIme
pointer 0
12-15 14:08:37.177 9652 9652 I ViewRootImpl@c90193f[AppActivity]: ViewPostIme
pointer 1
12-15 14:08:37.216 9652 9707 D jswrapper: JS: SendSocketData main:200 sub:113
12-15 14:08:37.267 9652 9707 D jswrapper: JS: main=3, sub=101
12-15 14:08:37.267 9652 9707 D jswrapper: JS: GameBase onEventUserScore 用户积分
12-15 14:08:37.268 9652 9707 D jswrapper: JS: main=200, sub=149
12-15 14:08:37.268 9652 9707 D jswrapper: JS: SGLB::结果
12-15 14:08:37.268 9652 9707 D jswrapper: JS: [object Object]
12-15 14:08:37.268 9652 9707 D jswrapper: JS: setRollDatas
12-15 14:08:37.269 9652 9707 D jswrapper: JS: main=3, sub=102
12-15 14:08:37.269 9652 9707 D jswrapper: JS:
OnSocketSubUserStatus::dwUserID::2727209
12-15 14:08:37.269 9652 9707 D jswrapper: JS: OnSocketSubUserStatus::UserStatus::
{"wTableID":2,"wChairID":0,"cbUserStatus":5}
12-15 14:08:37.269 9652 9707 D jswrapper: JS: UpdateUserItemStatus::以往数据::
{"wTableID":2,"wChairID":0,"cbUserStatus":2}
12-15 14:08:37.269 9652 9707 D jswrapper: JS: GameBase onEventUserStatus 用户状态
12-15 14:08:37.269 9652 9707 D jswrapper: JS: main=100, sub=401
12-15 14:08:37.270 9652 9707 D jswrapper: JS: 收到框架消息::401
12-15 14:08:37.270 9652 9707 D jswrapper: JS: 收到唯一对局码: (2110102167112411293)
12-15 14:08:37.270 9652 9707 D jswrapper: JS: main=3, sub=101
12-15 14:08:37.270 9652 9707 D jswrapper: JS: GameBase onEventUserScore 用户积分
12-15 14:08:37.270 9652 9707 D jswrapper: JS: main=3, sub=102
12-15 14:08:37.270 9652 9707 D jswrapper: JS:
OnSocketSubUserStatus::dwUserID::2727209
12-15 14:08:37.271 9652 9707 D jswrapper: JS: OnSocketSubUserStatus::UserStatus::
{"wTableID":2,"wChairID":0,"cbUserStatus":2}
12-15 14:08:37.271 9652 9707 D jswrapper: JS: UpdateUserItemStatus::以往数据::
{"wTableID":2,"wChairID":0,"cbUserStatus":5}
12-15 14:08:37.271 9652 9707 D jswrapper: JS: GameBase onEventUserStatus 用户状态
12-15 14:08:37.815 9652 9707 D jswrapper: JS: openPrizes2
12-15 14:08:37.822 9652 9707 D jswrapper: JS: [object Object],[object Object],
[object Object],[object Object],[object Object],[object Object],[object Object],
[object Object],[object Object],[object Object],[object Object],[object Object],
[object Object],[object Object],[object Object],[object Object],[object Object],
[object Object]
12-15 14:08:37.822 9652 9707 D jswrapper: JS: [object Object],[object Object]
12-15 14:08:39.458 9652 9707 D debug info: Fail to play
assets/OLYMPUS/assets/native/2c/2ccb6473-2f91-440b-8cb1-7dd05db49996.mp3 cause by
limited max instance of AudioEngine
12-15 14:08:39.458 9652 9707 D debug info: Fail to play
assets/OLYMPUS/assets/native/2c/2ccb6473-2f91-440b-8cb1-7dd05db49996.mp3 cause by
limited max instance of AudioEngine
12-15 14:08:39.458 9652 9707 D debug info: Fail to play
assets/OLYMPUS/assets/native/2c/2ccb6473-2f91-440b-8cb1-7dd05db49996.mp3 cause by
limited max instance of AudioEngine
12-15 14:08:39.458 9652 9707 D debug info: Fail to play
assets/OLYMPUS/assets/native/2c/2ccb6473-2f91-440b-8cb1-7dd05db49996.mp3 cause by
limited max instance of AudioEngine
12-15 14:08:39.458 9652 9707 D debug info: Fail to play
assets/OLYMPUS/assets/native/2c/2ccb6473-2f91-440b-8cb1-7dd05db49996.mp3 cause by
limited max instance of AudioEngine
12-15 14:08:39.458 9652 9707 D debug info: Fail to play
assets/OLYMPUS/assets/native/2c/2ccb6473-2f91-440b-8cb1-7dd05db49996.mp3 cause by
limited max instance of AudioEngine
12-15 14:08:39.458 9652 9707 D debug info: Fail to play
assets/OLYMPUS/assets/native/2c/2ccb6473-2f91-440b-8cb1-7dd05db49996.mp3 cause by
limited max instance of AudioEngine
12-15 14:08:40.116 9652 9707 D jswrapper: JS: [object Object],[object Object],
[object Object],[object Object],[object Object],[object Object],[object Object],
[object Object],[object Object],[object Object],[object Object],[object Object],
[object Object],[object Object],[object Object],[object Object],[object Object],
[object Object],[object Object],[object Object],[object Object],[object Object],
[object Object],[object Object],[object Object],[object Object],[object Object],
[object Object],[object Object],[object Object]
12-15 14:08:40.117 9652 9707 D jswrapper: JS:
0,2,3,4,1,1,2,3,0,4,0,2,3,4,1,0,4,1,2,3,0,1,2,3,4,0,1,3,4,2
12-15 14:08:40.117 9652 9707 D jswrapper: JS:
0,2,3,4,5,7,11,12,13,14,18,19,20,23,24,26,27,29
12-15 14:08:40.117 9652 9707 D jswrapper: JS: 6,3,4,7,7,2,1,4,1,3,4,0,3,5,8,0,0,2
12-15 14:08:41.230 9652 9707 D jswrapper: JS: main=200, sub=152
12-15 14:08:41.230 9652 9707 D jswrapper: JS: JACKPOT
12-15 14:08:41.230 9652 9707 D jswrapper: JS: JACKPOT:{"lJackPot":11288}
12-15 14:08:41.231 9652 9707 D jswrapper: JS: main=3, sub=530
12-15 14:08:41.231 9652 9707 D jswrapper: JS: [object Object]
12-15 14:08:41.231 9652 9707 D jswrapper: JS: 512
12-15 14:08:41.232 9652 9707 D jswrapper: JS: SendSocketData main:100 sub:512
12-15 14:08:41.288 9652 9707 D jswrapper: JS: winTimes:0.65
12-15 14:08:41.289 9652 9707 D jswrapper: JS: showGameEnd
12-15 14:08:41.289 9652 9707 D jswrapper: JS: delayStartNextRoll
12-15 14:08:41.314 9652 9707 D jswrapper: JS: main=100, sub=513
12-15 14:08:41.314 9652 9707 D jswrapper: JS: 收到框架消息::513
12-15 14:08:41.314 9652 9707 D jswrapper: JS: [object Object]
12-15 14:08:41.315 9652 9707 D jswrapper: JS: main=100, sub=513
12-15 14:08:41.315 9652 9707 D jswrapper: JS: 收到框架消息::513
12-15 14:08:41.315 9652 9707 D jswrapper: JS: [object Object]
12-15 14:08:41.315 9652 9707 D jswrapper: JS: main=100, sub=513
12-15 14:08:41.315 9652 9707 D jswrapper: JS: 收到框架消息::513
12-15 14:08:41.316 9652 9707 D jswrapper: JS: [object Object]
12-15 14:08:41.316 9652 9707 D jswrapper: JS: main=100, sub=513
12-15 14:08:41.316 9652 9707 D jswrapper: JS: 收到框架消息::513
12-15 14:08:41.316 9652 9707 D jswrapper: JS: [object Object]
12-15 14:08:41.316 9652 9707 D jswrapper: JS: main=100, sub=513
12-15 14:08:41.316 9652 9707 D jswrapper: JS: 收到框架消息::513
12-15 14:08:41.317 9652 9707 D jswrapper: JS: [object Object]
12-15 14:08:41.317 9652 9707 D jswrapper: JS: main=100, sub=513
12-15 14:08:41.317 9652 9707 D jswrapper: JS: 收到框架消息::513
12-15 14:08:41.317 9652 9707 D jswrapper: JS: [object Object]
12-15 14:08:41.317 9652 9707 D jswrapper: JS: main=100, sub=513
12-15 14:08:41.317 9652 9707 D jswrapper: JS: 收到框架消息::513
12-15 14:08:41.317 9652 9707 D jswrapper: JS: [object Object]
12-15 14:08:41.318 9652 9707 D jswrapper: JS: main=100, sub=513
12-15 14:08:41.318 9652 9707 D jswrapper: JS: 收到框架消息::513
12-15 14:08:41.318 9652 9707 D jswrapper: JS: [object Object]
12-15 14:08:41.318 9652 9707 D jswrapper: JS: main=100, sub=513
12-15 14:08:41.318 9652 9707 D jswrapper: JS: 收到框架消息::513
12-15 14:08:41.318 9652 9707 D jswrapper: JS: [object Object]
12-15 14:08:41.319 9652 9707 D jswrapper: JS: main=100, sub=513
12-15 14:08:41.322 9652 9707 D jswrapper: JS: 收到框架消息::513
12-15 14:08:41.322 9652 9707 D jswrapper: JS: [object Object]
12-15 14:08:42.155 9652 9707 D jswrapper: JS: main=200, sub=152
12-15 14:08:42.156 9652 9707 D jswrapper: JS: JACKPOT
12-15 14:08:42.156 9652 9707 D jswrapper: JS: JACKPOT:{"lJackPot":11318}
12-15 14:08:42.256 9652 9652 I ViewRootImpl@c90193f[AppActivity]: ViewPostIme
pointer 0
12-15 14:08:42.356 9652 9652 I ViewRootImpl@c90193f[AppActivity]: ViewPostIme
pointer 1
12-15 14:08:42.399 9652 9707 D jswrapper: JS: SendSocketData main:200 sub:113
12-15 14:08:42.449 9652 9707 D jswrapper: JS: main=3, sub=101
12-15 14:08:42.449 9652 9707 D jswrapper: JS: GameBase onEventUserScore 用户积分
12-15 14:08:42.450 9652 9707 D jswrapper: JS: main=200, sub=149
12-15 14:08:42.450 9652 9707 D jswrapper: JS: SGLB::结果
12-15 14:08:42.450 9652 9707 D jswrapper: JS: [object Object]
12-15 14:08:42.450 9652 9707 D jswrapper: JS: setRollDatas
12-15 14:08:42.993 9652 9707 D jswrapper: JS: openPrizes2
12-15 14:08:43.999 9652 9707 D jswrapper: JS: showGameEnd
12-15 14:08:43.999 9652 9707 D jswrapper: JS: delayStartNextRoll
12-15 14:08:44.021 9652 9652 I ViewRootImpl@c90193f[AppActivity]: ViewPostIme
pointer 0
12-15 14:08:44.119 9652 9652 I ViewRootImpl@c90193f[AppActivity]: ViewPostIme
pointer 1
12-15 14:08:44.836 9652 9652 I ViewRootImpl@c90193f[AppActivity]: ViewPostIme
pointer 0
12-15 14:08:44.951 9652 9652 I ViewRootImpl@c90193f[AppActivity]: ViewPostIme
pointer 1
12-15 14:08:45.025 9652 9707 D jswrapper: JS: SendSocketData main:200 sub:113
12-15 14:08:45.042 9652 9707 D jswrapper: XMLHttpRequest_finalize,
0x77f0d03d10 ...
12-15 14:08:45.043 9652 9707 D jswrapper: XMLHttpRequest_finalize,
0x77f0d95b70 ...
12-15 14:08:45.095 9652 9707 D jswrapper: JS: main=3, sub=101
12-15 14:08:45.095 9652 9707 D jswrapper: JS: GameBase onEventUserScore 用户积分
12-15 14:08:45.095 9652 9707 D jswrapper: JS: main=200, sub=149
12-15 14:08:45.096 9652 9707 D jswrapper: JS: SGLB::结果
12-15 14:08:45.096 9652 9707 D jswrapper: JS: [object Object]
12-15 14:08:45.096 9652 9707 D jswrapper: JS: setRollDatas
12-15 14:08:45.641 9652 9707 D jswrapper: JS: openPrizes2
12-15 14:08:45.649 9652 9707 D jswrapper: JS: [object Object],[object Object],
[object Object],[object Object],[object Object],[object Object],[object Object],
[object Object],[object Object],[object Object]
12-15 14:08:45.649 9652 9707 D jswrapper: JS: [object Object]
12-15 14:08:47.949 9652 9707 D jswrapper: JS: [object Object],[object Object],
[object Object],[object Object],[object Object],[object Object],[object Object],
[object Object],[object Object],[object Object],[object Object],[object Object],
[object Object],[object Object],[object Object],[object Object],[object Object],
[object Object],[object Object],[object Object],[object Object],[object Object],
[object Object],[object Object],[object Object],[object Object],[object Object],
[object Object],[object Object],[object Object]
12-15 14:08:47.949 9652 9707 D jswrapper: JS:
0,1,2,3,4,3,4,0,1,2,0,3,4,1,2,0,1,2,3,4,1,0,2,3,4,2,3,0,1,4
12-15 14:08:47.950 9652 9707 D jswrapper: JS: 0,2,3,10,17,19,20,23,25,26
12-15 14:08:47.950 9652 9707 D jswrapper: JS: 1,2,2,6,2,4,0,0,5,3
12-15 14:08:48.154 9652 9707 D jswrapper: JS: [object Object],[object Object],
[object Object],[object Object],[object Object],[object Object],[object Object],
[object Object]
12-15 14:08:48.154 9652 9707 D jswrapper: JS: [object Object]
12-15 14:08:50.288 9652 9707 D jswrapper: JS: main=200, sub=152
12-15 14:08:50.289 9652 9707 D jswrapper: JS: JACKPOT
12-15 14:08:50.289 9652 9707 D jswrapper: JS: JACKPOT:{"lJackPot":11744}
12-15 14:08:50.463 9652 9707 D jswrapper: JS: [object Object],[object Object],
[object Object],[object Object],[object Object],[object Object],[object Object],
[object Object],[object Object],[object Object],[object Object],[object Object],
[object Object],[object Object],[object Object],[object Object],[object Object],
[object Object],[object Object],[object Object],[object Object],[object Object],
[object Object],[object Object],[object Object],[object Object],[object Object],
[object Object],[object Object],[object Object]
12-15 14:08:50.463 9652 9707 D jswrapper: JS:
0,3,1,2,4,0,3,4,1,2,1,0,3,4,2,4,0,1,2,3,4,1,0,2,3,0,1,2,3,4
12-15 14:08:50.464 9652 9707 D jswrapper: JS: 0,1,5,8,11,18,27,28
12-15 14:08:50.464 9652 9707 D jswrapper: JS: 6,1,8,4,7,7,6,3
12-15 14:08:51.658 9652 9707 D jswrapper: JS: winTimes:0.65
12-15 14:08:51.658 9652 9707 D jswrapper: JS: showGameEnd
12-15 14:08:51.658 9652 9707 D jswrapper: JS: delayStartNextRoll
12-15 14:08:52.420 9652 9652 I ViewRootImpl@c90193f[AppActivity]: ViewPostIme
pointer 0
12-15 14:08:52.524 9652 9652 W Choreographer: Frame time is 0.064291 ms in the
future! Check that graphics HAL is generating vsync timestamps using the correct
timebase.
12-15 14:08:52.543 9652 9652 I ViewRootImpl@c90193f[AppActivity]: ViewPostIme
pointer 1
12-15 14:08:52.571 9652 9707 D jswrapper: JS: SendSocketData main:200 sub:113
12-15 14:08:52.620 9652 9707 D jswrapper: JS: main=3, sub=101
12-15 14:08:52.620 9652 9707 D jswrapper: JS: GameBase onEventUserScore 用户积分
12-15 14:08:52.621 9652 9707 D jswrapper: JS: main=200, sub=149
12-15 14:08:52.621 9652 9707 D jswrapper: JS: SGLB::结果
12-15 14:08:52.621 9652 9707 D jswrapper: JS: [object Object]
12-15 14:08:52.621 9652 9707 D jswrapper: JS: setRollDatas
12-15 14:08:52.622 9652 9707 D jswrapper: JS: main=200, sub=152
12-15 14:08:52.622 9652 9707 D jswrapper: JS: JACKPOT
12-15 14:08:52.622 9652 9707 D jswrapper: JS: JACKPOT:{"lJackPot":11956}
12-15 14:08:53.163 9652 9707 D jswrapper: JS: openPrizes2
12-15 14:08:53.171 9652 9707 D jswrapper: JS: [object Object],[object Object],
[object Object],[object Object],[object Object],[object Object],[object Object],
[object Object]
12-15 14:08:53.171 9652 9707 D jswrapper: JS: [object Object]
12-15 14:08:53.409 9652 9707 D jswrapper: JS: main=200, sub=152
12-15 14:08:53.410 9652 9707 D jswrapper: JS: JACKPOT
12-15 14:08:53.410 9652 9707 D jswrapper: JS: JACKPOT:{"lJackPot":11988}
12-15 14:08:55.475 9652 9707 D jswrapper: JS: [object Object],[object Object],
[object Object],[object Object],[object Object],[object Object],[object Object],
[object Object],[object Object],[object Object],[object Object],[object Object],
[object Object],[object Object],[object Object],[object Object],[object Object],
[object Object],[object Object],[object Object],[object Object],[object Object],
[object Object],[object Object],[object Object],[object Object],[object Object],
[object Object],[object Object],[object Object]
12-15 14:08:55.476 9652 9707 D jswrapper: JS:
0,3,1,2,4,1,0,2,3,4,0,2,3,1,4,0,4,1,2,3,0,1,2,3,4,0,1,2,3,4
12-15 14:08:55.476 9652 9707 D jswrapper: JS: 0,2,3,7,14,18,20,27
12-15 14:08:55.476 9652 9707 D jswrapper: JS: 3,11,4,1,9,4,0,0
12-15 14:08:55.690 9652 9707 D jswrapper: JS: [object Object],[object Object],
[object Object],[object Object],[object Object]
12-15 14:08:55.690 9652 9707 D jswrapper: JS: [object Object]
12-15 14:08:56.730 9652 9652 D batteryLevel: 47
12-15 14:08:57.401 9652 9707 D jswrapper: JS: main=200, sub=152
12-15 14:08:57.401 9652 9707 D jswrapper: JS: JACKPOT
12-15 14:08:57.401 9652 9707 D jswrapper: JS: JACKPOT:{"lJackPot":11291}
12-15 14:08:58.232 9652 9707 D jswrapper: JS: main=200, sub=152
12-15 14:08:58.232 9652 9707 D jswrapper: JS: JACKPOT
12-15 14:08:58.233 9652 9707 D jswrapper: JS: JACKPOT:{"lJackPot":11339}
12-15 14:08:58.488 9652 9707 D jswrapper: JS: [object Object],[object Object],
[object Object],[object Object],[object Object],[object Object],[object Object],
[object Object],[object Object],[object Object],[object Object],[object Object],
[object Object],[object Object],[object Object],[object Object],[object Object],
[object Object],[object Object],[object Object],[object Object],[object Object],
[object Object],[object Object],[object Object],[object Object],[object Object],
[object Object],[object Object],[object Object]
12-15 14:08:58.488 9652 9707 D jswrapper: JS:
0,3,1,2,4,1,0,2,3,4,2,0,3,1,4,0,4,1,2,3,2,3,4,0,1,4,0,1,2,3
12-15 14:08:58.489 9652 9707 D jswrapper: JS: 14,16,22,28,29
12-15 14:08:58.489 9652 9707 D jswrapper: JS: 3,3,6,0,7
12-15 14:08:59.667 9652 9707 D jswrapper: JS: winTimes:3.25
12-15 14:08:59.669 9652 9707 D jswrapper: JS: showGameEnd
12-15 14:09:01.521 9652 9707 D jswrapper: JS: main=3, sub=530
12-15 14:09:01.522 9652 9707 D jswrapper: JS: [object Object]
12-15 14:09:01.557 9652 9707 D jswrapper: JS: 512
12-15 14:09:01.557 9652 9707 D jswrapper: JS: SendSocketData main:100 sub:512
12-15 14:09:01.597 9652 9707 D jswrapper: JS: main=100, sub=513
12-15 14:09:01.598 9652 9707 D jswrapper: JS: 收到框架消息::513
12-15 14:09:01.598 9652 9707 D jswrapper: JS: [object Object]
12-15 14:09:01.599 9652 9707 D jswrapper: JS: main=100, sub=513
12-15 14:09:01.599 9652 9707 D jswrapper: JS: 收到框架消息::513
12-15 14:09:01.600 9652 9707 D jswrapper: JS: [object Object]
12-15 14:09:01.601 9652 9707 D jswrapper: JS: main=100, sub=513
12-15 14:09:01.601 9652 9652 I ViewRootImpl@c90193f[AppActivity]: ViewPostIme
pointer 0
12-15 14:09:01.601 9652 9707 D jswrapper: JS: 收到框架消息::513
12-15 14:09:01.601 9652 9707 D jswrapper: JS: [object Object]
12-15 14:09:01.602 9652 9707 D jswrapper: JS: main=100, sub=513
12-15 14:09:01.602 9652 9707 D jswrapper: JS: 收到框架消息::513
12-15 14:09:01.602 9652 9707 D jswrapper: JS: [object Object]
12-15 14:09:01.602 9652 9707 D jswrapper: JS: main=100, sub=513
12-15 14:09:01.602 9652 9707 D jswrapper: JS: 收到框架消息::513
12-15 14:09:01.602 9652 9707 D jswrapper: JS: [object Object]
12-15 14:09:01.602 9652 9707 D jswrapper: JS: main=100, sub=513
12-15 14:09:01.602 9652 9707 D jswrapper: JS: 收到框架消息::513
12-15 14:09:01.602 9652 9707 D jswrapper: JS: [object Object]
12-15 14:09:01.603 9652 9707 D jswrapper: JS: main=100, sub=513
12-15 14:09:01.603 9652 9707 D jswrapper: JS: 收到框架消息::513
12-15 14:09:01.603 9652 9707 D jswrapper: JS: [object Object]
12-15 14:09:01.603 9652 9707 D jswrapper: JS: main=100, sub=513
12-15 14:09:01.603 9652 9707 D jswrapper: JS: 收到框架消息::513
12-15 14:09:01.605 9652 9707 D jswrapper: JS: [object Object]
12-15 14:09:01.606 9652 9707 D jswrapper: JS: main=100, sub=513
12-15 14:09:01.606 9652 9707 D jswrapper: JS: 收到框架消息::513
12-15 14:09:01.606 9652 9707 D jswrapper: JS: [object Object]
12-15 14:09:01.606 9652 9707 D jswrapper: JS: main=100, sub=513
12-15 14:09:01.606 9652 9707 D jswrapper: JS: 收到框架消息::513
12-15 14:09:01.606 9652 9707 D jswrapper: JS: [object Object]
12-15 14:09:01.749 9652 9652 I ViewRootImpl@c90193f[AppActivity]: ViewPostIme
pointer 1
12-15 14:09:02.716 9652 9652 I ViewRootImpl@c90193f[AppActivity]: ViewPostIme
pointer 0
12-15 14:09:02.831 9652 9652 I ViewRootImpl@c90193f[AppActivity]: ViewPostIme
pointer 1
12-15 14:09:02.877 9652 9707 D jswrapper: JS: SendSocketData main:200 sub:113
12-15 14:09:02.928 9652 9707 D jswrapper: JS: main=3, sub=101
12-15 14:09:02.928 9652 9707 D jswrapper: JS: GameBase onEventUserScore 用户积分
12-15 14:09:02.928 9652 9707 D jswrapper: JS: main=200, sub=149
12-15 14:09:02.929 9652 9707 D jswrapper: JS: SGLB::结果
12-15 14:09:02.929 9652 9707 D jswrapper: JS: [object Object]
12-15 14:09:02.929 9652 9707 D jswrapper: JS: setRollDatas
12-15 14:09:03.472 9652 9707 D jswrapper: JS: openPrizes2
12-15 14:09:03.480 9652 9707 D jswrapper: JS: [object Object],[object Object],
[object Object],[object Object],[object Object],[object Object],[object Object],
[object Object],[object Object],[object Object],[object Object],[object Object],
[object Object],[object Object],[object Object],[object Object],[object Object],
[object Object]
12-15 14:09:03.480 9652 9707 D jswrapper: JS: [object Object],[object Object]
12-15 14:09:03.649 9652 9652 I ViewRootImpl@c90193f[AppActivity]: ViewPostIme
pointer 0
12-15 14:09:03.780 9652 9652 I ViewRootImpl@c90193f[AppActivity]: ViewPostIme
pointer 1
12-15 14:09:04.997 9652 9652 I ViewRootImpl@c90193f[AppActivity]: ViewPostIme
pointer 0
12-15 14:09:05.095 9652 9652 I ViewRootImpl@c90193f[AppActivity]: ViewPostIme
pointer 1
12-15 14:09:05.109 9652 9707 D debug info: Fail to play
assets/OLYMPUS/assets/native/2c/2ccb6473-2f91-440b-8cb1-7dd05db49996.mp3 cause by
limited max instance of AudioEngine
12-15 14:09:05.109 9652 9707 D debug info: Fail to play
assets/OLYMPUS/assets/native/2c/2ccb6473-2f91-440b-8cb1-7dd05db49996.mp3 cause by
limited max instance of AudioEngine
12-15 14:09:05.109 9652 9707 D debug info: Fail to play
assets/OLYMPUS/assets/native/2c/2ccb6473-2f91-440b-8cb1-7dd05db49996.mp3 cause by
limited max instance of AudioEngine
12-15 14:09:05.109 9652 9707 D debug info: Fail to play
assets/OLYMPUS/assets/native/2c/2ccb6473-2f91-440b-8cb1-7dd05db49996.mp3 cause by
limited max instance of AudioEngine
12-15 14:09:05.109 9652 9707 D debug info: Fail to play
assets/OLYMPUS/assets/native/2c/2ccb6473-2f91-440b-8cb1-7dd05db49996.mp3 cause by
limited max instance of AudioEngine
12-15 14:09:05.109 9652 9707 D debug info: Fail to play
assets/OLYMPUS/assets/native/2c/2ccb6473-2f91-440b-8cb1-7dd05db49996.mp3 cause by
limited max instance of AudioEngine
12-15 14:09:05.109 9652 9707 D debug info: Fail to play
assets/OLYMPUS/assets/native/2c/2ccb6473-2f91-440b-8cb1-7dd05db49996.mp3 cause by
limited max instance of AudioEngine
12-15 14:09:05.780 9652 9707 D jswrapper: JS: [object Object],[object Object],
[object Object],[object Object],[object Object],[object Object],[object Object],
[object Object],[object Object],[object Object],[object Object],[object Object],
[object Object],[object Object],[object Object],[object Object],[object Object],
[object Object],[object Object],[object Object],[object Object],[object Object],
[object Object],[object Object],[object Object],[object Object],[object Object],
[object Object],[object Object],[object Object]
12-15 14:09:05.781 9652 9707 D jswrapper: JS:
0,1,2,3,4,1,2,3,0,4,1,0,2,3,4,0,3,4,1,2,1,2,0,3,4,0,1,2,3,4
12-15 14:09:05.781 9652 9707 D jswrapper: JS:
0,3,5,6,7,8,10,11,12,13,16,17,18,19,21,23,27,29
12-15 14:09:05.781 9652 9707 D jswrapper: JS: 6,1,2,0,1,0,0,1,7,8,4,4,0,9,4,0,5,1
12-15 14:09:06.967 9652 9707 D jswrapper: JS: winTimes:0.65
12-15 14:09:06.967 9652 9707 D jswrapper: JS: showGameEnd
12-15 14:09:06.967 9652 9707 D jswrapper: JS: delayStartNextRoll
12-15 14:09:07.242 9652 9707 D jswrapper: JS: main=200, sub=152
12-15 14:09:07.242 9652 9707 D jswrapper: JS: JACKPOT
12-15 14:09:07.242 9652 9707 D jswrapper: JS: JACKPOT:{"lJackPot":10894}
12-15 14:09:07.461 9652 9652 I ViewRootImpl@c90193f[AppActivity]: ViewPostIme
pointer 0
12-15 14:09:07.559 9652 9652 I ViewRootImpl@c90193f[AppActivity]: ViewPostIme
pointer 1
12-15 14:09:07.591 9652 9707 D jswrapper: JS: SendSocketData main:200 sub:113
12-15 14:09:07.641 9652 9707 D jswrapper: JS: main=3, sub=101
12-15 14:09:07.641 9652 9707 D jswrapper: JS: GameBase onEventUserScore 用户积分
12-15 14:09:07.642 9652 9707 D jswrapper: JS: main=200, sub=149
12-15 14:09:07.642 9652 9707 D jswrapper: JS: SGLB::结果
12-15 14:09:07.642 9652 9707 D jswrapper: JS: [object Object]
12-15 14:09:07.645 9652 9707 D jswrapper: JS: setRollDatas
12-15 14:09:08.184 9652 9707 D jswrapper: JS: openPrizes2
12-15 14:09:08.191 9652 9707 D jswrapper: JS: [object Object],[object Object],
[object Object],[object Object],[object Object],[object Object],[object Object],
[object Object],[object Object],[object Object]
12-15 14:09:08.192 9652 9707 D jswrapper: JS: [object Object]
12-15 14:09:10.198 9652 9707 D jswrapper: JS: main=200, sub=152
12-15 14:09:10.198 9652 9707 D jswrapper: JS: JACKPOT
12-15 14:09:10.198 9652 9707 D jswrapper: JS: JACKPOT:{"lJackPot":11063}
12-15 14:09:10.499 9652 9707 D jswrapper: JS: [object Object],[object Object],
[object Object],[object Object],[object Object],[object Object],[object Object],
[object Object],[object Object],[object Object],[object Object],[object Object],
[object Object],[object Object],[object Object],[object Object],[object Object],
[object Object],[object Object],[object Object],[object Object],[object Object],
[object Object],[object Object],[object Object],[object Object],[object Object],
[object Object],[object Object],[object Object]
12-15 14:09:10.499 9652 9707 D jswrapper: JS:
4,0,1,2,3,1,4,0,2,3,0,1,2,3,4,0,1,2,3,4,0,1,2,3,4,2,3,4,0,1
12-15 14:09:10.500 9652 9707 D jswrapper: JS: 4,7,10,16,17,22,23,24,25,29
12-15 14:09:10.500 9652 9707 D jswrapper: JS: 0,3,5,1,5,6,3,6,2,8
12-15 14:09:11.663 9652 9707 D jswrapper: JS: winTimes:0.25
12-15 14:09:11.663 9652 9707 D jswrapper: JS: showGameEnd
12-15 14:09:11.663 9652 9707 D jswrapper: JS: delayStartNextRoll
12-15 14:09:11.856 9652 9707 D jswrapper: JS: main=3, sub=530
12-15 14:09:11.856 9652 9707 D jswrapper: JS: [object Object]
