12-15 14:09:11.856 9652 9707 D jswrapper: JS: 512
12-15 14:09:11.857 9652 9707 D jswrapper: JS: SendSocketData main:100 sub:512
12-15 14:09:11.880 9652 9707 D jswrapper: JS: main=100, sub=513
12-15 14:09:11.881 9652 9707 D jswrapper: JS: 收到框架消息::513
12-15 14:09:11.881 9652 9707 D jswrapper: JS: [object Object]
12-15 14:09:11.881 9652 9707 D jswrapper: JS: main=100, sub=513
12-15 14:09:11.882 9652 9707 D jswrapper: JS: 收到框架消息::513
12-15 14:09:11.882 9652 9707 D jswrapper: JS: [object Object]
12-15 14:09:11.882 9652 9707 D jswrapper: JS: main=100, sub=513
12-15 14:09:11.882 9652 9707 D jswrapper: JS: 收到框架消息::513
12-15 14:09:11.882 9652 9707 D jswrapper: JS: [object Object]
12-15 14:09:11.883 9652 9707 D jswrapper: JS: main=100, sub=513
12-15 14:09:11.883 9652 9707 D jswrapper: JS: 收到框架消息::513
12-15 14:09:11.883 9652 9707 D jswrapper: JS: [object Object]
12-15 14:09:11.886 9652 9707 D jswrapper: JS: main=100, sub=513
12-15 14:09:11.886 9652 9707 D jswrapper: JS: 收到框架消息::513
12-15 14:09:11.886 9652 9707 D jswrapper: JS: [object Object]
12-15 14:09:11.886 9652 9707 D jswrapper: JS: main=100, sub=513
12-15 14:09:11.886 9652 9707 D jswrapper: JS: 收到框架消息::513
12-15 14:09:11.887 9652 9707 D jswrapper: JS: [object Object]
12-15 14:09:11.887 9652 9707 D jswrapper: JS: main=100, sub=513
12-15 14:09:11.887 9652 9707 D jswrapper: JS: 收到框架消息::513
12-15 14:09:11.887 9652 9707 D jswrapper: JS: [object Object]
12-15 14:09:11.887 9652 9707 D jswrapper: JS: main=100, sub=513
12-15 14:09:11.888 9652 9707 D jswrapper: JS: 收到框架消息::513
12-15 14:09:11.888 9652 9707 D jswrapper: JS: [object Object]
12-15 14:09:11.888 9652 9707 D jswrapper: JS: main=100, sub=513
12-15 14:09:11.888 9652 9707 D jswrapper: JS: 收到框架消息::513
12-15 14:09:11.888 9652 9707 D jswrapper: JS: [object Object]
12-15 14:09:11.888 9652 9707 D jswrapper: JS: main=100, sub=513
12-15 14:09:11.889 9652 9707 D jswrapper: JS: 收到框架消息::513
12-15 14:09:11.889 9652 9707 D jswrapper: JS: [object Object]
12-15 14:09:14.054 9652 9652 I ViewRootImpl@c90193f[AppActivity]: ViewPostIme
pointer 0
12-15 14:09:14.160 9652 9652 I ViewRootImpl@c90193f[AppActivity]: ViewPostIme
pointer 1
12-15 14:09:14.188 9652 9707 D jswrapper: JS: SendSocketData main:200 sub:113
12-15 14:09:14.238 9652 9707 D jswrapper: JS: main=3, sub=101
12-15 14:09:14.238 9652 9707 D jswrapper: JS: GameBase onEventUserScore 用户积分
12-15 14:09:14.239 9652 9707 D jswrapper: JS: main=200, sub=149
12-15 14:09:14.239 9652 9707 D jswrapper: JS: SGLB::结果
12-15 14:09:14.239 9652 9707 D jswrapper: JS: [object Object]
12-15 14:09:14.239 9652 9707 D jswrapper: JS: setRollDatas
12-15 14:09:14.781 9652 9707 D jswrapper: JS: openPrizes2
12-15 14:09:14.789 9652 9707 D jswrapper: JS: [object Object],[object Object],
[object Object],[object Object],[object Object],[object Object],[object Object],
[object Object]
12-15 14:09:14.789 9652 9707 D jswrapper: JS: [object Object]
12-15 14:09:17.093 9652 9707 D jswrapper: JS: [object Object],[object Object],
[object Object],[object Object],[object Object],[object Object],[object Object],
[object Object],[object Object],[object Object],[object Object],[object Object],
[object Object],[object Object],[object Object],[object Object],[object Object],
[object Object],[object Object],[object Object],[object Object],[object Object],
[object Object],[object Object],[object Object],[object Object],[object Object],
[object Object],[object Object],[object Object]
12-15 14:09:17.094 9652 9707 D jswrapper: JS:
0,4,1,2,3,4,0,1,2,3,3,0,1,2,4,3,0,1,2,4,0,1,2,3,4,0,1,2,3,4
12-15 14:09:17.094 9652 9707 D jswrapper: JS: 0,4,5,11,20,21,24,25
12-15 14:09:17.094 9652 9707 D jswrapper: JS: 2,9,4,2,2,5,5,2
12-15 14:09:18.253 9652 9707 D jswrapper: JS: winTimes:0.25
12-15 14:09:18.254 9652 9707 D jswrapper: JS: showGameEnd
12-15 14:09:18.254 9652 9707 D jswrapper: JS: delayStartNextRoll
12-15 14:09:19.656 9652 9652 I ViewRootImpl@c90193f[AppActivity]: ViewPostIme
pointer 0
12-15 14:09:19.735 9652 9707 D jswrapper: JS: main=200, sub=152
12-15 14:09:19.736 9652 9707 D jswrapper: JS: JACKPOT
12-15 14:09:19.736 9652 9707 D jswrapper: JS: JACKPOT:{"lJackPot":11741}
12-15 14:09:19.796 9652 9652 I ViewRootImpl@c90193f[AppActivity]: ViewPostIme
pointer 1
12-15 14:09:19.845 9652 9707 D jswrapper: JS: SendSocketData main:200 sub:113
12-15 14:09:19.921 9652 9707 D jswrapper: JS: main=3, sub=101
12-15 14:09:19.921 9652 9707 D jswrapper: JS: GameBase onEventUserScore 用户积分
12-15 14:09:19.922 9652 9707 D jswrapper: JS: main=200, sub=149
12-15 14:09:19.922 9652 9707 D jswrapper: JS: SGLB::结果
12-15 14:09:19.922 9652 9707 D jswrapper: JS: [object Object]
12-15 14:09:19.923 9652 9707 D jswrapper: JS: setRollDatas
12-15 14:09:20.338 9652 9707 D jswrapper: JS: main=200, sub=152
12-15 14:09:20.338 9652 9707 D jswrapper: JS: JACKPOT
12-15 14:09:20.338 9652 9707 D jswrapper: JS: JACKPOT:{"lJackPot":11758}
12-15 14:09:20.436 9652 9707 D jswrapper: JS: openPrizes2
12-15 14:09:20.443 9652 9707 D jswrapper: JS: [object Object],[object Object],
[object Object],[object Object],[object Object],[object Object],[object Object],
[object Object]
12-15 14:09:20.443 9652 9707 D jswrapper: JS: [object Object]
12-15 14:09:21.256 9652 9707 D jswrapper: JS: main=200, sub=152
12-15 14:09:21.256 9652 9707 D jswrapper: JS: JACKPOT
12-15 14:09:21.256 9652 9707 D jswrapper: JS: JACKPOT:{"lJackPot":11792}
12-15 14:09:22.744 9652 9707 D jswrapper: JS: [object Object],[object Object],
[object Object],[object Object],[object Object],[object Object],[object Object],
[object Object],[object Object],[object Object],[object Object],[object Object],
[object Object],[object Object],[object Object],[object Object],[object Object],
[object Object],[object Object],[object Object],[object Object],[object Object],
[object Object],[object Object],[object Object],[object Object],[object Object],
[object Object],[object Object],[object Object]
12-15 14:09:22.745 9652 9707 D jswrapper: JS:
3,0,1,2,4,2,3,0,1,4,1,0,2,3,4,4,0,1,2,3,0,1,2,3,4,1,2,4,0,3
12-15 14:09:22.745 9652 9707 D jswrapper: JS: 8,11,13,17,18,19,27,29
12-15 14:09:22.745 9652 9707 D jswrapper: JS: 1,3,2,6,1,1,4,4
12-15 14:09:22.892 9652 9707 D jswrapper: JS: main=200, sub=152
12-15 14:09:22.893 9652 9707 D jswrapper: JS: JACKPOT
12-15 14:09:22.893 9652 9707 D jswrapper: JS: JACKPOT:{"lJackPot":11867}
12-15 14:09:22.951 9652 9707 D jswrapper: JS: [object Object],[object Object],
[object Object],[object Object],[object Object],[object Object],[object Object],
[object Object],[object Object],[object Object]
12-15 14:09:22.951 9652 9707 D jswrapper: JS: [object Object]
12-15 14:09:23.352 9652 9652 I ViewRootImpl@c90193f[AppActivity]: ViewPostIme
pointer 0
12-15 14:09:23.466 9652 9652 I ViewRootImpl@c90193f[AppActivity]: ViewPostIme
pointer 1
12-15 14:09:24.365 9652 9707 D jswrapper: JS: main=200, sub=152
12-15 14:09:24.365 9652 9707 D jswrapper: JS: JACKPOT
12-15 14:09:24.365 9652 9707 D jswrapper: JS: JACKPOT:{"lJackPot":10830}
12-15 14:09:25.266 9652 9707 D jswrapper: JS: [object Object],[object Object],
[object Object],[object Object],[object Object],[object Object],[object Object],
[object Object],[object Object],[object Object],[object Object],[object Object],
[object Object],[object Object],[object Object],[object Object],[object Object],
[object Object],[object Object],[object Object],[object Object],[object Object],
[object Object],[object Object],[object Object],[object Object],[object Object],
[object Object],[object Object],[object Object]
12-15 14:09:25.267 9652 9707 D jswrapper: JS:
3,0,2,1,4,3,2,0,1,4,1,3,0,2,4,0,2,3,4,1,1,0,2,3,4,1,2,4,0,3
12-15 14:09:25.267 9652 9707 D jswrapper: JS: 0,3,8,10,12,15,18,19,20,21
12-15 14:09:25.267 9652 9707 D jswrapper: JS: 9,0,5,3,0,0,8,1,4,3
12-15 14:09:25.467 9652 9707 D jswrapper: JS: main=200, sub=152
12-15 14:09:25.468 9652 9707 D jswrapper: JS: JACKPOT
12-15 14:09:25.468 9652 9707 D jswrapper: JS: JACKPOT:{"lJackPot":10902}
12-15 14:09:26.448 9652 9707 D jswrapper: JS: winTimes:0.65
12-15 14:09:26.448 9652 9707 D jswrapper: JS: showGameEnd
12-15 14:09:26.448 9652 9707 D jswrapper: JS: delayStartNextRoll
12-15 14:09:26.707 9652 9652 I ViewRootImpl@c90193f[AppActivity]: ViewPostIme
pointer 0
12-15 14:09:26.813 9652 9652 I ViewRootImpl@c90193f[AppActivity]: ViewPostIme
pointer 1
12-15 14:09:26.860 9652 9707 D jswrapper: JS: SendSocketData main:200 sub:113
12-15 14:09:26.911 9652 9707 D jswrapper: JS: main=3, sub=101
12-15 14:09:26.911 9652 9707 D jswrapper: JS: GameBase onEventUserScore 用户积分
12-15 14:09:26.912 9652 9707 D jswrapper: JS: main=200, sub=149
12-15 14:09:26.912 9652 9707 D jswrapper: JS: SGLB::结果
12-15 14:09:26.912 9652 9707 D jswrapper: JS: [object Object]
12-15 14:09:26.912 9652 9707 D jswrapper: JS: setRollDatas
12-15 14:09:27.436 9652 9707 D jswrapper: JS: openPrizes2
12-15 14:09:27.445 9652 9707 D jswrapper: JS: [object Object],[object Object],
[object Object],[object Object],[object Object],[object Object],[object Object],
[object Object],[object Object],[object Object]
12-15 14:09:27.445 9652 9707 D jswrapper: JS: [object Object]
12-15 14:09:27.511 9652 9707 D jswrapper: JS: main=200, sub=152
12-15 14:09:27.511 9652 9707 D jswrapper: JS: JACKPOT
12-15 14:09:27.511 9652 9707 D jswrapper: JS: JACKPOT:{"lJackPot":11079}
12-15 14:09:27.708 9652 9707 D jswrapper: JS: main=200, sub=152
12-15 14:09:27.709 9652 9707 D jswrapper: JS: JACKPOT
12-15 14:09:27.709 9652 9707 D jswrapper: JS: JACKPOT:{"lJackPot":11112}
12-15 14:09:28.522 9652 9707 D jswrapper: JS: main=200, sub=152
12-15 14:09:28.523 9652 9707 D jswrapper: JS: JACKPOT
12-15 14:09:28.523 9652 9707 D jswrapper: JS: JACKPOT:{"lJackPot":11206}
12-15 14:09:29.754 9652 9707 D jswrapper: JS: [object Object],[object Object],
[object Object],[object Object],[object Object],[object Object],[object Object],
[object Object],[object Object],[object Object],[object Object],[object Object],
[object Object],[object Object],[object Object],[object Object],[object Object],
[object Object],[object Object],[object Object],[object Object],[object Object],
[object Object],[object Object],[object Object],[object Object],[object Object],
[object Object],[object Object],[object Object]
12-15 14:09:29.755 9652 9707 D jswrapper: JS:
2,4,0,1,3,0,1,2,3,4,0,1,3,2,4,4,0,1,2,3,1,3,0,2,4,0,1,2,3,4
12-15 14:09:29.755 9652 9707 D jswrapper: JS: 1,2,5,8,10,12,20,22,24,27
12-15 14:09:29.755 9652 9707 D jswrapper: JS: 4,6,5,0,5,1,1,2,0,8
12-15 14:09:29.965 9652 9707 D jswrapper: JS: [object Object],[object Object],
[object Object],[object Object],[object Object],[object Object],[object Object],
[object Object]
12-15 14:09:29.966 9652 9707 D jswrapper: JS: [object Object]
12-15 14:09:30.691 9652 9707 D jswrapper: JS: main=200, sub=152
12-15 14:09:30.691 9652 9707 D jswrapper: JS: JACKPOT
12-15 14:09:30.692 9652 9707 D jswrapper: JS: JACKPOT:{"lJackPot":11470}
12-15 14:09:31.517 9652 9707 D jswrapper: JS: main=200, sub=152
12-15 14:09:31.518 9652 9707 D jswrapper: JS: JACKPOT
12-15 14:09:31.518 9652 9707 D jswrapper: JS: JACKPOT:{"lJackPot":11472}
12-15 14:09:32.117 9652 9707 D jswrapper: JS: main=3, sub=530
12-15 14:09:32.118 9652 9707 D jswrapper: JS: [object Object]
12-15 14:09:32.155 9652 9707 D jswrapper: JS: 512
12-15 14:09:32.155 9652 9707 D jswrapper: JS: SendSocketData main:100 sub:512
12-15 14:09:32.193 9652 9707 D jswrapper: JS: main=100, sub=513
12-15 14:09:32.193 9652 9707 D jswrapper: JS: 收到框架消息::513
12-15 14:09:32.194 9652 9707 D jswrapper: JS: [object Object]
12-15 14:09:32.194 9652 9707 D jswrapper: JS: main=100, sub=513
12-15 14:09:32.195 9652 9707 D jswrapper: JS: 收到框架消息::513
12-15 14:09:32.195 9652 9707 D jswrapper: JS: [object Object]
12-15 14:09:32.195 9652 9707 D jswrapper: JS: main=100, sub=513
12-15 14:09:32.195 9652 9707 D jswrapper: JS: 收到框架消息::513
12-15 14:09:32.196 9652 9707 D jswrapper: JS: [object Object]
12-15 14:09:32.196 9652 9707 D jswrapper: JS: main=100, sub=513
12-15 14:09:32.196 9652 9707 D jswrapper: JS: 收到框架消息::513
12-15 14:09:32.196 9652 9707 D jswrapper: JS: [object Object]
12-15 14:09:32.197 9652 9707 D jswrapper: JS: main=100, sub=513
12-15 14:09:32.197 9652 9707 D jswrapper: JS: 收到框架消息::513
12-15 14:09:32.197 9652 9707 D jswrapper: JS: [object Object]
12-15 14:09:32.197 9652 9707 D jswrapper: JS: main=100, sub=513
12-15 14:09:32.197 9652 9707 D jswrapper: JS: 收到框架消息::513
12-15 14:09:32.198 9652 9707 D jswrapper: JS: [object Object]
12-15 14:09:32.198 9652 9707 D jswrapper: JS: main=100, sub=513
12-15 14:09:32.198 9652 9707 D jswrapper: JS: 收到框架消息::513
12-15 14:09:32.198 9652 9707 D jswrapper: JS: [object Object]
12-15 14:09:32.198 9652 9707 D jswrapper: JS: main=100, sub=513
12-15 14:09:32.198 9652 9707 D jswrapper: JS: 收到框架消息::513
12-15 14:09:32.199 9652 9707 D jswrapper: JS: [object Object]
12-15 14:09:32.199 9652 9707 D jswrapper: JS: main=100, sub=513
12-15 14:09:32.199 9652 9707 D jswrapper: JS: 收到框架消息::513
12-15 14:09:32.199 9652 9707 D jswrapper: JS: [object Object]
12-15 14:09:32.199 9652 9707 D jswrapper: JS: main=100, sub=513
12-15 14:09:32.199 9652 9707 D jswrapper: JS: 收到框架消息::513
12-15 14:09:32.200 9652 9707 D jswrapper: JS: [object Object]
12-15 14:09:32.268 9652 9707 D jswrapper: JS: [object Object],[object Object],
[object Object],[object Object],[object Object],[object Object],[object Object],
[object Object],[object Object],[object Object],[object Object],[object Object],
[object Object],[object Object],[object Object],[object Object],[object Object],
[object Object],[object Object],[object Object],[object Object],[object Object],
[object Object],[object Object],[object Object],[object Object],[object Object],
[object Object],[object Object],[object Object]
12-15 14:09:32.269 9652 9707 D jswrapper: JS:
4,0,3,2,1,0,1,2,3,4,1,0,3,2,4,1,4,0,2,3,0,1,3,2,4,2,4,0,1,3
12-15 14:09:32.269 9652 9707 D jswrapper: JS: 0,4,8,9,17,18,24,29
12-15 14:09:32.269 9652 9707 D jswrapper: JS: 6,4,2,2,7,4,9,0
12-15 14:09:33.453 9652 9707 D jswrapper: JS: winTimes:0.65
12-15 14:09:33.453 9652 9707 D jswrapper: JS: showGameEnd
12-15 14:09:33.453 9652 9707 D jswrapper: JS: delayStartNextRoll
12-15 14:09:33.961 9652 9707 D jswrapper: JS: main=200, sub=152
12-15 14:09:33.961 9652 9707 D jswrapper: JS: JACKPOT
12-15 14:09:33.961 9652 9707 D jswrapper: JS: JACKPOT:{"lJackPot":11588}
12-15 14:09:34.589 9652 9707 D jswrapper: JS: main=200, sub=152
12-15 14:09:34.590 9652 9707 D jswrapper: JS: JACKPOT
12-15 14:09:34.590 9652 9707 D jswrapper: JS: JACKPOT:{"lJackPot":11595}
12-15 14:09:36.555 9652 9652 I ViewRootImpl@c90193f[AppActivity]: ViewPostIme
pointer 0
12-15 14:09:36.651 9652 9652 I ViewRootImpl@c90193f[AppActivity]: ViewPostIme
pointer 1
12-15 14:09:36.683 9652 9707 D jswrapper: JS: SendSocketData main:200 sub:113
12-15 14:09:36.734 9652 9707 D jswrapper: JS: main=3, sub=101
12-15 14:09:36.734 9652 9707 D jswrapper: JS: GameBase onEventUserScore 用户积分
12-15 14:09:36.734 9652 9707 D jswrapper: JS: main=200, sub=149
12-15 14:09:36.734 9652 9707 D jswrapper: JS: SGLB::结果
12-15 14:09:36.734 9652 9707 D jswrapper: JS: [object Object]
12-15 14:09:36.734 9652 9707 D jswrapper: JS: setRollDatas
12-15 14:09:36.735 9652 9707 D jswrapper: JS: main=200, sub=152
12-15 14:09:36.735 9652 9707 D jswrapper: JS: JACKPOT
12-15 14:09:36.735 9652 9707 D jswrapper: JS: JACKPOT:{"lJackPot":11714}
12-15 14:09:37.279 9652 9707 D jswrapper: JS: openPrizes2
12-15 14:09:37.290 9652 9707 D jswrapper: JS: [object Object],[object Object],
[object Object],[object Object],[object Object],[object Object],[object Object],
[object Object],[object Object],[object Object]
12-15 14:09:37.290 9652 9707 D jswrapper: JS: [object Object]
12-15 14:09:39.598 9652 9707 D jswrapper: JS: [object Object],[object Object],
[object Object],[object Object],[object Object],[object Object],[object Object],
[object Object],[object Object],[object Object],[object Object],[object Object],
[object Object],[object Object],[object Object],[object Object],[object Object],
[object Object],[object Object],[object Object],[object Object],[object Object],
[object Object],[object Object],[object Object],[object Object],[object Object],
[object Object],[object Object],[object Object]
12-15 14:09:39.599 9652 9707 D jswrapper: JS:
3,0,1,2,4,0,1,2,3,4,0,2,3,4,1,3,0,1,2,4,1,3,4,0,2,4,0,1,2,3
12-15 14:09:39.599 9652 9707 D jswrapper: JS: 2,10,14,18,20,21,22,26,28,29
12-15 14:09:39.599 9652 9707 D jswrapper: JS: 3,0,9,3,4,5,3,3,4,9
12-15 14:09:39.803 9652 9707 D jswrapper: JS: [object Object],[object Object],
[object Object],[object Object],[object Object]
12-15 14:09:39.803 9652 9707 D jswrapper: JS: [object Object]
12-15 14:09:42.570 9652 9707 D jswrapper: JS: main=200, sub=152
12-15 14:09:42.578 9652 9707 D jswrapper: JS: JACKPOT
12-15 14:09:42.579 9652 9707 D jswrapper: JS: JACKPOT:{"lJackPot":11931}
12-15 14:09:42.600 9652 9707 D jswrapper: JS: [object Object],[object Object],
[object Object],[object Object],[object Object],[object Object],[object Object],
[object Object],[object Object],[object Object],[object Object],[object Object],
[object Object],[object Object],[object Object],[object Object],[object Object],
[object Object],[object Object],[object Object],[object Object],[object Object],
[object Object],[object Object],[object Object],[object Object],[object Object],
[object Object],[object Object],[object Object]
12-15 14:09:42.601 9652 9707 D jswrapper: JS:
0,3,1,2,4,0,1,2,3,4,2,0,3,4,1,0,3,1,2,4,1,3,4,0,2,4,0,1,2,3
12-15 14:09:42.601 9652 9707 D jswrapper: JS: 0,1,3,14,29
12-15 14:09:42.601 9652 9707 D jswrapper: JS: 4,1,9,6,3
12-15 14:09:43.778 9652 9707 D jswrapper: JS: winTimes:3.25
12-15 14:09:43.779 9652 9707 D jswrapper: JS: showGameEnd
12-15 14:09:44.909 9652 9707 D jswrapper: JS: main=200, sub=152
12-15 14:09:44.910 9652 9707 D jswrapper: JS: JACKPOT
12-15 14:09:44.910 9652 9707 D jswrapper: JS: JACKPOT:{"lJackPot":11993}
12-15 14:09:45.641 9652 9707 D jswrapper: JS: main=200, sub=152
12-15 14:09:45.642 9652 9707 D jswrapper: JS: JACKPOT
12-15 14:09:45.642 9652 9707 D jswrapper: JS: JACKPOT:{"lJackPot":12038}
12-15 14:09:46.233 9652 9652 I ViewRootImpl@c90193f[AppActivity]: ViewPostIme
pointer 0
12-15 14:09:46.332 9652 9652 I ViewRootImpl@c90193f[AppActivity]: ViewPostIme
pointer 1
12-15 14:09:46.377 9652 9707 D jswrapper: JS: SendSocketData main:200 sub:113
12-15 14:09:46.428 9652 9707 D jswrapper: JS: main=3, sub=101
12-15 14:09:46.429 9652 9707 D jswrapper: JS: GameBase onEventUserScore 用户积分
12-15 14:09:46.429 9652 9707 D jswrapper: JS: main=200, sub=149
12-15 14:09:46.429 9652 9707 D jswrapper: JS: SGLB::结果
12-15 14:09:46.429 9652 9707 D jswrapper: JS: [object Object]
12-15 14:09:46.430 9652 9707 D jswrapper: JS: setRollDatas
12-15 14:09:46.974 9652 9707 D jswrapper: JS: openPrizes2
12-15 14:09:47.979 9652 9707 D jswrapper: JS: showGameEnd
12-15 14:09:47.979 9652 9707 D jswrapper: JS: delayStartNextRoll
12-15 14:09:51.104 9652 9652 I ViewRootImpl@c90193f[AppActivity]: ViewPostIme
pointer 0
12-15 14:09:51.217 9652 9652 I ViewRootImpl@c90193f[AppActivity]: ViewPostIme
pointer 1
12-15 14:09:51.264 9652 9707 D jswrapper: JS: SendSocketData main:200 sub:113
12-15 14:09:51.315 9652 9707 D jswrapper: JS: main=3, sub=101
12-15 14:09:51.316 9652 9707 D jswrapper: JS: GameBase onEventUserScore 用户积分
12-15 14:09:51.316 9652 9707 D jswrapper: JS: main=200, sub=149
12-15 14:09:51.316 9652 9707 D jswrapper: JS: SGLB::结果
12-15 14:09:51.316 9652 9707 D jswrapper: JS: [object Object]
12-15 14:09:51.317 9652 9707 D jswrapper: JS: setRollDatas
12-15 14:09:51.317 9652 9707 D jswrapper: JS: main=3, sub=102
12-15 14:09:51.317 9652 9707 D jswrapper: JS:
OnSocketSubUserStatus::dwUserID::2727209
12-15 14:09:51.317 9652 9707 D jswrapper: JS: OnSocketSubUserStatus::UserStatus::
{"wTableID":2,"wChairID":0,"cbUserStatus":5}
12-15 14:09:51.317 9652 9707 D jswrapper: JS: UpdateUserItemStatus::以往数据::
{"wTableID":2,"wChairID":0,"cbUserStatus":2}
12-15 14:09:51.317 9652 9707 D jswrapper: JS: GameBase onEventUserStatus 用户状态
12-15 14:09:51.318 9652 9707 D jswrapper: JS: main=100, sub=401
12-15 14:09:51.318 9652 9707 D jswrapper: JS: 收到框架消息::401
12-15 14:09:51.318 9652 9707 D jswrapper: JS: 收到唯一对局码: (2110102167112418680)
12-15 14:09:51.318 9652 9707 D jswrapper: JS: main=3, sub=101
12-15 14:09:51.318 9652 9707 D jswrapper: JS: GameBase onEventUserScore 用户积分
12-15 14:09:51.318 9652 9707 D jswrapper: JS: main=3, sub=102
12-15 14:09:51.318 9652 9707 D jswrapper: JS:
OnSocketSubUserStatus::dwUserID::2727209
12-15 14:09:51.319 9652 9707 D jswrapper: JS: OnSocketSubUserStatus::UserStatus::
{"wTableID":2,"wChairID":0,"cbUserStatus":2}
12-15 14:09:51.319 9652 9707 D jswrapper: JS: UpdateUserItemStatus::以往数据::
{"wTableID":2,"wChairID":0,"cbUserStatus":5}
12-15 14:09:51.319 9652 9707 D jswrapper: JS: GameBase onEventUserStatus 用户状态
12-15 14:09:51.837 9652 9707 D jswrapper: JS: openPrizes2
12-15 14:09:52.835 9652 9707 D jswrapper: JS: showGameEnd
12-15 14:09:52.835 9652 9707 D jswrapper: JS: delayStartNextRoll
12-15 14:09:53.100 9652 9707 D jswrapper: JS: main=200, sub=152
12-15 14:09:53.101 9652 9707 D jswrapper: JS: JACKPOT
12-15 14:09:53.101 9652 9707 D jswrapper: JS: JACKPOT:{"lJackPot":12345}
12-15 14:09:53.325 9652 9652 I ViewRootImpl@c90193f[AppActivity]: ViewPostIme
pointer 0
12-15 14:09:53.398 9652 9652 I ViewRootImpl@c90193f[AppActivity]: ViewPostIme
pointer 1
12-15 14:09:53.429 9652 9707 D jswrapper: JS: SendSocketData main:200 sub:113
12-15 14:09:53.480 9652 9707 D jswrapper: JS: main=3, sub=101
12-15 14:09:53.480 9652 9707 D jswrapper: JS: GameBase onEventUserScore 用户积分
12-15 14:09:53.481 9652 9707 D jswrapper: JS: main=200, sub=149
12-15 14:09:53.481 9652 9707 D jswrapper: JS: SGLB::结果
12-15 14:09:53.481 9652 9707 D jswrapper: JS: [object Object]
12-15 14:09:53.481 9652 9707 D jswrapper: JS: setRollDatas
12-15 14:09:54.025 9652 9707 D jswrapper: JS: openPrizes2
12-15 14:09:54.033 9652 9707 D jswrapper: JS: [object Object],[object Object],
[object Object],[object Object],[object Object],[object Object],[object Object],
[object Object],[object Object]
12-15 14:09:54.033 9652 9707 D jswrapper: JS: [object Object]
12-15 14:09:54.371 9652 9707 D jswrapper: JS: main=200, sub=152
12-15 14:09:54.371 9652 9707 D jswrapper: JS: JACKPOT
12-15 14:09:54.371 9652 9707 D jswrapper: JS: JACKPOT:{"lJackPot":12558}
12-15 14:09:56.640 9652 9707 D jswrapper: JS: [object Object],[object Object],
[object Object],[object Object],[object Object],[object Object],[object Object],
[object Object],[object Object],[object Object],[object Object],[object Object],
[object Object],[object Object],[object Object],[object Object],[object Object],
[object Object],[object Object],[object Object],[object Object],[object Object],
[object Object],[object Object],[object Object],[object Object],[object Object],
[object Object],[object Object],[object Object]
12-15 14:09:56.640 9652 9707 D jswrapper: JS:
0,1,2,3,4,0,1,2,3,4,2,0,1,3,4,2,3,4,0,1,0,3,4,1,2,3,0,1,2,4
12-15 14:09:56.641 9652 9707 D jswrapper: JS: 1,4,14,15,21,22,23,27,28
12-15 14:09:56.641 9652 9707 D jswrapper: JS: 3,1,8,0,7,3,9,1,0
12-15 14:09:57.522 9652 9707 D jswrapper: JS: main=200, sub=152
12-15 14:09:57.523 9652 9707 D jswrapper: JS: JACKPOT
12-15 14:09:57.523 9652 9707 D jswrapper: JS: JACKPOT:{"lJackPot":12748}
12-15 14:10:00.025 9652 9707 D jswrapper: JS: winTimes:0.75
12-15 14:10:00.025 9652 9707 D jswrapper: JS: showGameEnd
12-15 14:10:00.025 9652 9707 D jswrapper: JS: delayStartNextRoll
12-15 14:10:00.066 9652 9707 D jswrapper: JS: main=200, sub=152
12-15 14:10:00.066 9652 9707 D jswrapper: JS: JACKPOT
12-15 14:10:00.066 9652 9707 D jswrapper: JS: JACKPOT:{"lJackPot":12982}
12-15 14:10:01.191 9652 9707 D jswrapper: JS: main=200, sub=152
12-15 14:10:01.192 9652 9707 D jswrapper: JS: JACKPOT
12-15 14:10:01.192 9652 9707 D jswrapper: JS: JACKPOT:{"lJackPot":13151}
12-15 14:10:01.516 9652 9707 D jswrapper: JS: main=200, sub=152
12-15 14:10:01.516 9652 9707 D jswrapper: JS: JACKPOT
12-15 14:10:01.517 9652 9707 D jswrapper: JS: JACKPOT:{"lJackPot":13154}
12-15 14:10:01.634 9652 9652 I ViewRootImpl@c90193f[AppActivity]: ViewPostIme
pointer 0
12-15 14:10:01.731 9652 9652 I ViewRootImpl@c90193f[AppActivity]: ViewPostIme
pointer 1
12-15 14:10:01.774 9652 9707 D jswrapper: JS: SendSocketData main:200 sub:113
12-15 14:10:01.826 9652 9707 D jswrapper: JS: main=3, sub=101
12-15 14:10:01.827 9652 9707 D jswrapper: JS: GameBase onEventUserScore 用户积分
12-15 14:10:01.827 9652 9707 D jswrapper: JS: main=200, sub=149
12-15 14:10:01.827 9652 9707 D jswrapper: JS: SGLB::结果
12-15 14:10:01.827 9652 9707 D jswrapper: JS: [object Object]
12-15 14:10:01.828 9652 9707 D jswrapper: JS: setRollDatas
12-15 14:10:01.828 9652 9707 D jswrapper: JS: main=200, sub=152
12-15 14:10:01.828 9652 9707 D jswrapper: JS: JACKPOT
12-15 14:10:01.828 9652 9707 D jswrapper: JS: JACKPOT:{"lJackPot":13165}
12-15 14:10:02.369 9652 9707 D jswrapper: JS: openPrizes2
12-15 14:10:02.379 9652 9707 D jswrapper: JS: [object Object],[object Object],
[object Object],[object Object],[object Object],[object Object],[object Object],
[object Object],[object Object],[object Object],[object Object],[object Object]
12-15 14:10:02.379 9652 9707 D jswrapper: JS: [object Object]
12-15 14:10:03.857 9652 9707 D jswrapper: JS: main=200, sub=152
12-15 14:10:03.858 9652 9707 D jswrapper: JS: JACKPOT
12-15 14:10:03.858 9652 9707 D jswrapper: JS: JACKPOT:{"lJackPot":13263}
12-15 14:10:04.296 9652 9707 D debug info: Fail to play
assets/OLYMPUS/assets/native/2c/2ccb6473-2f91-440b-8cb1-7dd05db49996.mp3 cause by
limited max instance of AudioEngine
12-15 14:10:04.296 9652 9707 D debug info: Fail to play
assets/OLYMPUS/assets/native/2c/2ccb6473-2f91-440b-8cb1-7dd05db49996.mp3 cause by
limited max instance of AudioEngine
12-15 14:10:04.296 9652 9707 D debug info: Fail to play
assets/OLYMPUS/assets/native/2c/2ccb6473-2f91-440b-8cb1-7dd05db49996.mp3 cause by
limited max instance of AudioEngine
12-15 14:10:04.972 9652 9707 D jswrapper: JS: [object Object],[object Object],
[object Object],[object Object],[object Object],[object Object],[object Object],
[object Object],[object Object],[object Object],[object Object],[object Object],
[object Object],[object Object],[object Object],[object Object],[object Object],
[object Object],[object Object],[object Object],[object Object],[object Object],
[object Object],[object Object],[object Object],[object Object],[object Object],
[object Object],[object Object],[object Object]
12-15 14:10:04.973 9652 9707 D jswrapper: JS:
0,3,4,1,2,1,0,2,3,4,0,1,2,3,4,3,0,1,2,4,2,0,1,3,4,0,1,3,4,2
12-15 14:10:04.973 9652 9707 D jswrapper: JS: 0,2,5,7,8,11,16,18,21,23,24,29
12-15 14:10:04.974 9652 9707 D jswrapper: JS: 2,4,9,11,4,2,2,1,9,2,6,11
12-15 14:10:08.370 9652 9707 D jswrapper: JS: winTimes:2.25
12-15 14:10:08.373 9652 9707 D jswrapper: JS: showGameEnd
12-15 14:10:12.598 9652 9652 I ViewRootImpl@c90193f[AppActivity]: ViewPostIme
pointer 0
12-15 14:10:12.671 9652 9707 D jswrapper: JS: main=200, sub=152
12-15 14:10:12.671 9652 9707 D jswrapper: JS: JACKPOT
12-15 14:10:12.671 9652 9707 D jswrapper: JS: JACKPOT:{"lJackPot":12417}
12-15 14:10:12.712 9652 9652 I ViewRootImpl@c90193f[AppActivity]: ViewPostIme
pointer 1
12-15 14:10:12.869 9652 9707 D jswrapper: JS: main=3, sub=530
12-15 14:10:12.869 9652 9707 D jswrapper: JS: [object Object]
12-15 14:10:12.885 9652 9707 D jswrapper: JS: 512
12-15 14:10:12.885 9652 9707 D jswrapper: JS: SendSocketData main:100 sub:512
12-15 14:10:12.918 9652 9707 D jswrapper: JS: main=100, sub=513
12-15 14:10:12.919 9652 9707 D jswrapper: JS: 收到框架消息::513
12-15 14:10:12.919 9652 9707 D jswrapper: JS: [object Object]
12-15 14:10:12.919 9652 9707 D jswrapper: JS: main=100, sub=513
12-15 14:10:12.919 9652 9707 D jswrapper: JS: 收到框架消息::513
12-15 14:10:12.920 9652 9707 D jswrapper: JS: [object Object]
12-15 14:10:12.920 9652 9707 D jswrapper: JS: main=100, sub=513
12-15 14:10:12.920 9652 9707 D jswrapper: JS: 收到框架消息::513
12-15 14:10:12.920 9652 9707 D jswrapper: JS: [object Object]
12-15 14:10:12.921 9652 9707 D jswrapper: JS: main=100, sub=513
12-15 14:10:12.921 9652 9707 D jswrapper: JS: 收到框架消息::513
12-15 14:10:12.921 9652 9707 D jswrapper: JS: [object Object]
12-15 14:10:12.921 9652 9707 D jswrapper: JS: main=100, sub=513
12-15 14:10:12.924 9652 9707 D jswrapper: JS: 收到框架消息::513
12-15 14:10:12.924 9652 9707 D jswrapper: JS: [object Object]
12-15 14:10:12.924 9652 9707 D jswrapper: JS: main=100, sub=513
12-15 14:10:12.924 9652 9707 D jswrapper: JS: 收到框架消息::513
12-15 14:10:12.924 9652 9707 D jswrapper: JS: [object Object]
12-15 14:10:12.925 9652 9707 D jswrapper: JS: main=100, sub=513
12-15 14:10:12.925 9652 9707 D jswrapper: JS: 收到框架消息::513
12-15 14:10:12.925 9652 9707 D jswrapper: JS: [object Object]
12-15 14:10:12.925 9652 9707 D jswrapper: JS: main=100, sub=513
12-15 14:10:12.925 9652 9707 D jswrapper: JS: 收到框架消息::513
12-15 14:10:12.925 9652 9707 D jswrapper: JS: [object Object]
12-15 14:10:12.925 9652 9707 D jswrapper: JS: main=100, sub=513
12-15 14:10:12.925 9652 9707 D jswrapper: JS: 收到框架消息::513
12-15 14:10:12.926 9652 9707 D jswrapper: JS: [object Object]
12-15 14:10:12.926 9652 9707 D jswrapper: JS: main=100, sub=513
12-15 14:10:12.926 9652 9707 D jswrapper: JS: 收到框架消息::513
12-15 14:10:12.926 9652 9707 D jswrapper: JS: [object Object]
12-15 14:10:13.389 9652 9707 D jswrapper: JS: main=200, sub=152
12-15 14:10:13.389 9652 9707 D jswrapper: JS: JACKPOT
12-15 14:10:13.390 9652 9707 D jswrapper: JS: JACKPOT:{"lJackPot":12459}
12-15 14:10:13.873 9652 9652 I ViewRootImpl@c90193f[AppActivity]: ViewPostIme
pointer 0
12-15 14:10:13.969 9652 9652 I ViewRootImpl@c90193f[AppActivity]: ViewPostIme
pointer 1
12-15 14:10:14.015 9652 9707 D jswrapper: JS: SendSocketData main:200 sub:113
12-15 14:10:14.066 9652 9707 D jswrapper: JS: main=3, sub=101
12-15 14:10:14.066 9652 9707 D jswrapper: JS: GameBase onEventUserScore 用户积分
12-15 14:10:14.069 9652 9707 D jswrapper: JS: main=200, sub=149
12-15 14:10:14.069 9652 9707 D jswrapper: JS: SGLB::结果
12-15 14:10:14.069 9652 9707 D jswrapper: JS: [object Object]
12-15 14:10:14.069 9652 9707 D jswrapper: JS: setRollDatas
12-15 14:10:14.070 9652 9707 D jswrapper: JS: main=200, sub=152
12-15 14:10:14.070 9652 9707 D jswrapper: JS: JACKPOT
12-15 14:10:14.070 9652 9707 D jswrapper: JS: JACKPOT:{"lJackPot":11308}
12-15 14:10:14.609 9652 9707 D jswrapper: JS: openPrizes2
12-15 14:10:14.617 9652 9707 D jswrapper: JS: [object Object],[object Object],
[object Object],[object Object],[object Object],[object Object],[object Object],
[object Object],[object Object],[object Object],[object Object],[object Object],
[object Object],[object Object],[object Object],[object Object],[object Object]
12-15 14:10:14.617 9652 9707 D jswrapper: JS: [object Object],[object Object]
12-15 14:10:16.230 9652 9707 D debug info: Fail to play
assets/OLYMPUS/assets/native/2c/2ccb6473-2f91-440b-8cb1-7dd05db49996.mp3 cause by
limited max instance of AudioEngine
12-15 14:10:16.231 9652 9707 D debug info: Fail to play
assets/OLYMPUS/assets/native/2c/2ccb6473-2f91-440b-8cb1-7dd05db49996.mp3 cause by
limited max instance of AudioEngine
12-15 14:10:16.231 9652 9707 D debug info: Fail to play
assets/OLYMPUS/assets/native/2c/2ccb6473-2f91-440b-8cb1-7dd05db49996.mp3 cause by
limited max instance of AudioEngine
12-15 14:10:16.231 9652 9707 D debug info: Fail to play
assets/OLYMPUS/assets/native/2c/2ccb6473-2f91-440b-8cb1-7dd05db49996.mp3 cause by
limited max instance of AudioEngine
12-15 14:10:16.231 9652 9707 D debug info: Fail to play
assets/OLYMPUS/assets/native/2c/2ccb6473-2f91-440b-8cb1-7dd05db49996.mp3 cause by
limited max instance of AudioEngine
12-15 14:10:16.231 9652 9707 D debug info: Fail to play
assets/OLYMPUS/assets/native/2c/2ccb6473-2f91-440b-8cb1-7dd05db49996.mp3 cause by
limited max instance of AudioEngine
12-15 14:10:16.912 9652 9707 D jswrapper: JS: [object Object],[object Object],
[object Object],[object Object],[object Object],[object Object],[object Object],
[object Object],[object Object],[object Object],[object Object],[object Object],
[object Object],[object Object],[object Object],[object Object],[object Object],
[object Object],[object Object],[object Object],[object Object],[object Object],
[object Object],[object Object],[object Object],[object Object],[object Object],
[object Object],[object Object],[object Object]
12-15 14:10:16.912 9652 9707 D jswrapper: JS:
1,2,3,0,4,1,2,0,3,4,0,3,4,1,2,0,1,2,4,3,1,4,0,2,3,0,1,4,2,3
12-15 14:10:16.912 9652 9707 D jswrapper: JS:
2,3,5,6,7,9,10,11,12,13,15,18,20,26,27,28,29
12-15 14:10:16.913 9652 9707 D jswrapper: JS: 3,0,1,1,0,1,4,4,5,6,6,7,3,5,2,7,1
12-15 14:10:17.133 9652 9707 D jswrapper: JS: [object Object],[object Object],
[object Object],[object Object],[object Object],[object Object],[object Object],
[object Object]
12-15 14:10:17.133 9652 9707 D jswrapper: JS: [object Object]
12-15 14:10:17.273 9652 9707 D jswrapper: JS: main=200, sub=152
12-15 14:10:17.273 9652 9707 D jswrapper: JS: JACKPOT
12-15 14:10:17.274 9652 9707 D jswrapper: JS: JACKPOT:{"lJackPot":11707}
12-15 14:10:18.718 9652 9707 D jswrapper: JS: main=200, sub=152
12-15 14:10:18.718 9652 9707 D jswrapper: JS: JACKPOT
12-15 14:10:18.719 9652 9707 D jswrapper: JS: JACKPOT:{"lJackPot":11829}
12-15 14:10:18.719 9652 9707 D jswrapper: JS: main=200, sub=152
12-15 14:10:18.719 9652 9707 D jswrapper: JS: JACKPOT
12-15 14:10:18.720 9652 9707 D jswrapper: JS: JACKPOT:{"lJackPot":11847}
12-15 14:10:19.415 9652 9707 D jswrapper: JS: [object Object],[object Object],
[object Object],[object Object],[object Object],[object Object],[object Object],
[object Object],[object Object],[object Object],[object Object],[object Object],
[object Object],[object Object],[object Object],[object Object],[object Object],
[object Object],[object Object],[object Object],[object Object],[object Object],
[object Object],[object Object],[object Object],[object Object],[object Object],
[object Object],[object Object],[object Object]
12-15 14:10:19.416 9652 9707 D jswrapper: JS:
0,4,1,2,3,0,3,1,2,4,2,0,3,4,1,0,1,2,4,3,1,0,4,2,3,1,0,4,2,3
12-15 14:10:19.416 9652 9707 D jswrapper: JS: 0,1,4,10,11,14,19,24
12-15 14:10:19.416 9652 9707 D jswrapper: JS: 1,9,1,4,5,5,4,8
12-15 14:10:20.596 9652 9707 D jswrapper: JS: winTimes:1.65
12-15 14:10:20.596 9652 9707 D jswrapper: JS: showGameEnd
12-15 14:10:20.596 9652 9707 D jswrapper: JS: delayStartNextRoll
12-15 14:10:20.815 9652 9652 I ViewRootImpl@c90193f[AppActivity]: ViewPostIme
pointer 0
12-15 14:10:20.938 9652 9652 I ViewRootImpl@c90193f[AppActivity]: ViewPostIme
pointer 1
12-15 14:10:20.944 9652 9652 W Choreographer: Frame time is 0.116169 ms in the
future! Check that graphics HAL is generating vsync timestamps using the correct
timebase.
12-15 14:10:21.756 9652 9652 I ViewRootImpl@c90193f[AppActivity]: ViewPostIme
pointer 0
12-15 14:10:21.845 9652 9652 I ViewRootImpl@c90193f[AppActivity]: ViewPostIme
pointer 1
12-15 14:10:21.890 9652 9707 D jswrapper: JS: SendSocketData main:200 sub:113
12-15 14:10:21.941 9652 9707 D jswrapper: JS: main=3, sub=101
12-15 14:10:21.941 9652 9707 D jswrapper: JS: GameBase onEventUserScore 用户积分
12-15 14:10:21.942 9652 9707 D jswrapper: JS: main=200, sub=149
12-15 14:10:21.942 9652 9707 D jswrapper: JS: SGLB::结果
12-15 14:10:21.945 9652 9707 D jswrapper: JS: [object Object]
12-15 14:10:21.945 9652 9707 D jswrapper: JS: setRollDatas
12-15 14:10:22.487 9652 9707 D jswrapper: JS: openPrizes2
12-15 14:10:23.110 9652 9707 D jswrapper: JS: main=3, sub=530
12-15 14:10:23.110 9652 9707 D jswrapper: JS: [object Object]
12-15 14:10:23.110 9652 9707 D jswrapper: JS: 512
12-15 14:10:23.111 9652 9707 D jswrapper: JS: SendSocketData main:100 sub:512
12-15 14:10:23.135 9652 9707 D jswrapper: JS: main=100, sub=513
12-15 14:10:23.135 9652 9707 D jswrapper: JS: 收到框架消息::513
12-15 14:10:23.135 9652 9707 D jswrapper: JS: [object Object]
12-15 14:10:23.136 9652 9707 D jswrapper: JS: main=100, sub=513
12-15 14:10:23.136 9652 9707 D jswrapper: JS: 收到框架消息::513
12-15 14:10:23.136 9652 9707 D jswrapper: JS: [object Object]
12-15 14:10:23.136 9652 9707 D jswrapper: JS: main=100, sub=513
12-15 14:10:23.137 9652 9707 D jswrapper: JS: 收到框架消息::513
12-15 14:10:23.137 9652 9707 D jswrapper: JS: [object Object]
12-15 14:10:23.142 9652 9707 D jswrapper: JS: main=100, sub=513
12-15 14:10:23.142 9652 9707 D jswrapper: JS: 收到框架消息::513
12-15 14:10:23.142 9652 9707 D jswrapper: JS: [object Object]
12-15 14:10:23.143 9652 9707 D jswrapper: JS: main=100, sub=513
12-15 14:10:23.143 9652 9707 D jswrapper: JS: 收到框架消息::513
12-15 14:10:23.143 9652 9707 D jswrapper: JS: [object Object]
12-15 14:10:23.143 9652 9707 D jswrapper: JS: main=100, sub=513
12-15 14:10:23.143 9652 9707 D jswrapper: JS: 收到框架消息::513
12-15 14:10:23.144 9652 9707 D jswrapper: JS: [object Object]
12-15 14:10:23.144 9652 9707 D jswrapper: JS: main=100, sub=513
12-15 14:10:23.144 9652 9707 D jswrapper: JS: 收到框架消息::513
12-15 14:10:23.144 9652 9707 D jswrapper: JS: [object Object]
12-15 14:10:23.145 9652 9707 D jswrapper: JS: main=100, sub=513
12-15 14:10:23.145 9652 9707 D jswrapper: JS: 收到框架消息::513
12-15 14:10:23.145 9652 9707 D jswrapper: JS: [object Object]
12-15 14:10:23.145 9652 9707 D jswrapper: JS: main=100, sub=513
12-15 14:10:23.145 9652 9707 D jswrapper: JS: 收到框架消息::513
12-15 14:10:23.146 9652 9707 D jswrapper: JS: [object Object]
12-15 14:10:23.146 9652 9707 D jswrapper: JS: main=100, sub=513
12-15 14:10:23.146 9652 9707 D jswrapper: JS: 收到框架消息::513
12-15 14:10:23.146 9652 9707 D jswrapper: JS: [object Object]
12-15 14:10:24.193 9652 9707 D jswrapper: JS: showGameEnd
12-15 14:10:24.193 9652 9707 D jswrapper: JS: delayStartNextRoll
12-15 14:10:24.236 9652 9707 D jswrapper: JS: main=200, sub=152
12-15 14:10:24.236 9652 9707 D jswrapper: JS: JACKPOT
12-15 14:10:24.236 9652 9707 D jswrapper: JS: JACKPOT:{"lJackPot":10866}
12-15 14:10:25.244 9652 9652 I ViewRootImpl@c90193f[AppActivity]: ViewPostIme
pointer 0
12-15 14:10:25.350 9652 9652 I ViewRootImpl@c90193f[AppActivity]: ViewPostIme
pointer 1
12-15 14:10:25.891 9652 9707 D jswrapper: JS: main=200, sub=152
12-15 14:10:25.892 9652 9707 D jswrapper: JS: JACKPOT
12-15 14:10:25.892 9652 9707 D jswrapper: JS: JACKPOT:{"lJackPot":10954}
12-15 14:10:26.026 9652 9652 I ViewRootImpl@c90193f[AppActivity]: ViewPostIme
pointer 0
12-15 14:10:26.126 9652 9652 I ViewRootImpl@c90193f[AppActivity]: ViewPostIme
pointer 1
12-15 14:10:26.172 9652 9707 D jswrapper: JS: SendSocketData main:200 sub:113
12-15 14:10:26.223 9652 9707 D jswrapper: JS: main=3, sub=101
12-15 14:10:26.223 9652 9707 D jswrapper: JS: GameBase onEventUserScore 用户积分
12-15 14:10:26.224 9652 9707 D jswrapper: JS: main=200, sub=149
12-15 14:10:26.224 9652 9707 D jswrapper: JS: SGLB::结果
12-15 14:10:26.225 9652 9707 D jswrapper: JS: [object Object]
12-15 14:10:26.225 9652 9707 D jswrapper: JS: setRollDatas
12-15 14:10:26.423 9652 9707 D jswrapper: JS: main=200, sub=152
12-15 14:10:26.424 9652 9707 D jswrapper: JS: JACKPOT
12-15 14:10:26.424 9652 9707 D jswrapper: JS: JACKPOT:{"lJackPot":10974}
12-15 14:10:26.771 9652 9707 D jswrapper: JS: openPrizes2
12-15 14:10:26.779 9652 9707 D jswrapper: JS: [object Object],[object Object],
[object Object],[object Object],[object Object],[object Object],[object Object],
[object Object],[object Object]
12-15 14:10:26.779 9652 9707 D jswrapper: JS: [object Object]
12-15 14:10:29.072 9652 9707 D jswrapper: JS: [object Object],[object Object],
[object Object],[object Object],[object Object],[object Object],[object Object],
[object Object],[object Object],[object Object],[object Object],[object Object],
[object Object],[object Object],[object Object],[object Object],[object Object],
[object Object],[object Object],[object Object],[object Object],[object Object],
[object Object],[object Object],[object Object],[object Object],[object Object],
[object Object],[object Object],[object Object]
12-15 14:10:29.073 9652 9707 D jswrapper: JS:
4,0,1,2,3,0,1,2,3,4,0,1,2,3,4,2,0,1,3,4,0,1,2,3,4,0,2,4,1,3
12-15 14:10:29.073 9652 9707 D jswrapper: JS: 4,5,10,15,16,17,22,24,29
12-15 14:10:29.073 9652 9707 D jswrapper: JS: 0,8,3,3,9,8,1,7,5
12-15 14:10:29.440 9652 9652 I ViewRootImpl@c90193f[AppActivity]: ViewPostIme
pointer 0
12-15 14:10:29.513 9652 9652 I ViewRootImpl@c90193f[AppActivity]: ViewPostIme
pointer 1
12-15 14:10:30.241 9652 9707 D jswrapper: JS: winTimes:0.25
12-15 14:10:30.241 9652 9707 D jswrapper: JS: showGameEnd
12-15 14:10:30.241 9652 9707 D jswrapper: JS: delayStartNextRoll
12-15 14:10:30.406 9652 9652 I ViewRootImpl@c90193f[AppActivity]: ViewPostIme
pointer 0
12-15 14:10:30.512 9652 9652 I ViewRootImpl@c90193f[AppActivity]: ViewPostIme
pointer 1
12-15 14:10:31.271 9652 9652 I ViewRootImpl@c90193f[AppActivity]: ViewPostIme
pointer 0
12-15 14:10:31.344 9652 9652 I ViewRootImpl@c90193f[AppActivity]: ViewPostIme
pointer 1
12-15 14:10:31.373 9652 9707 D jswrapper: JS: SendSocketData main:200 sub:113
12-15 14:10:31.474 9652 9707 D jswrapper: JS: main=3, sub=101
12-15 14:10:31.474 9652 9707 D jswrapper: JS: GameBase onEventUserScore 用户积分
12-15 14:10:31.477 9652 9707 D jswrapper: JS: main=200, sub=149
12-15 14:10:31.478 9652 9707 D jswrapper: JS: SGLB::结果
12-15 14:10:31.478 9652 9707 D jswrapper: JS: [object Object]
12-15 14:10:31.478 9652 9707 D jswrapper: JS: setRollDatas
12-15 14:10:31.972 9652 9707 D jswrapper: JS: openPrizes2
12-15 14:10:31.981 9652 9707 D jswrapper: JS: [object Object],[object Object],
[object Object],[object Object],[object Object],[object Object],[object Object],
[object Object],[object Object],[object Object]
12-15 14:10:31.981 9652 9707 D jswrapper: JS: [object Object]
12-15 14:10:32.841 9652 9707 D jswrapper: JS: main=200, sub=152
12-15 14:10:32.841 9652 9707 D jswrapper: JS: JACKPOT
12-15 14:10:32.842 9652 9707 D jswrapper: JS: JACKPOT:{"lJackPot":11234}
12-15 14:10:32.842 9652 9707 D jswrapper: JS: main=200, sub=152
12-15 14:10:32.842 9652 9707 D jswrapper: JS: JACKPOT
12-15 14:10:32.842 9652 9707 D jswrapper: JS: JACKPOT:{"lJackPot":11247}
12-15 14:10:33.263 9652 9707 D jswrapper: JS: main=3, sub=530
12-15 14:10:33.263 9652 9707 D jswrapper: JS: [object Object]
12-15 14:10:33.264 9652 9707 D jswrapper: JS: 512
12-15 14:10:33.264 9652 9707 D jswrapper: JS: SendSocketData main:100 sub:512
12-15 14:10:33.288 9652 9707 D jswrapper: JS: main=100, sub=513
12-15 14:10:33.293 9652 9707 D jswrapper: JS: 收到框架消息::513
12-15 14:10:33.294 9652 9707 D jswrapper: JS: [object Object]
12-15 14:10:33.294 9652 9707 D jswrapper: JS: main=100, sub=513
12-15 14:10:33.294 9652 9707 D jswrapper: JS: 收到框架消息::513
12-15 14:10:33.294 9652 9707 D jswrapper: JS: [object Object]
12-15 14:10:33.295 9652 9707 D jswrapper: JS: main=100, sub=513
12-15 14:10:33.295 9652 9707 D jswrapper: JS: 收到框架消息::513
12-15 14:10:33.295 9652 9707 D jswrapper: JS: [object Object]
12-15 14:10:33.295 9652 9707 D jswrapper: JS: main=100, sub=513
12-15 14:10:33.295 9652 9707 D jswrapper: JS: 收到框架消息::513
12-15 14:10:33.295 9652 9707 D jswrapper: JS: [object Object]
12-15 14:10:33.295 9652 9707 D jswrapper: JS: main=100, sub=513
12-15 14:10:33.295 9652 9707 D jswrapper: JS: 收到框架消息::513
12-15 14:10:33.296 9652 9707 D jswrapper: JS: [object Object]
12-15 14:10:33.296 9652 9707 D jswrapper: JS: main=100, sub=513
12-15 14:10:33.296 9652 9707 D jswrapper: JS: 收到框架消息::513
12-15 14:10:33.296 9652 9707 D jswrapper: JS: [object Object]
12-15 14:10:33.296 9652 9707 D jswrapper: JS: main=100, sub=513
12-15 14:10:33.296 9652 9707 D jswrapper: JS: 收到框架消息::513
12-15 14:10:33.297 9652 9707 D jswrapper: JS: [object Object]
12-15 14:10:33.297 9652 9707 D jswrapper: JS: main=100, sub=513
12-15 14:10:33.297 9652 9707 D jswrapper: JS: 收到框架消息::513
12-15 14:10:33.297 9652 9707 D jswrapper: JS: [object Object]
12-15 14:10:33.297 9652 9707 D jswrapper: JS: main=100, sub=513
12-15 14:10:33.297 9652 9707 D jswrapper: JS: 收到框架消息::513
12-15 14:10:33.297 9652 9707 D jswrapper: JS: [object Object]
12-15 14:10:33.297 9652 9707 D jswrapper: JS: main=100, sub=513
12-15 14:10:33.298 9652 9707 D jswrapper: JS: 收到框架消息::513
12-15 14:10:33.298 9652 9707 D jswrapper: JS: [object Object]
12-15 14:10:34.277 9652 9707 D jswrapper: JS: [object Object],[object Object],
[object Object],[object Object],[object Object],[object Object],[object Object],
[object Object],[object Object],[object Object],[object Object],[object Object],
[object Object],[object Object],[object Object],[object Object],[object Object],
[object Object],[object Object],[object Object],[object Object],[object Object],
[object Object],[object Object],[object Object],[object Object],[object Object],
[object Object],[object Object],[object Object]
12-15 14:10:34.277 9652 9707 D jswrapper: JS:
0,1,2,3,4,1,0,2,3,4,0,1,2,3,4,2,0,1,3,4,0,3,4,1,2,1,3,0,2,4
12-15 14:10:34.278 9652 9707 D jswrapper: JS: 0,4,6,7,11,12,15,22,23,28
12-15 14:10:34.278 9652 9707 D jswrapper: JS: 0,2,2,9,2,0,1,2,2,7
12-15 14:10:35.439 9652 9707 D jswrapper: JS: winTimes:0.25
12-15 14:10:35.439 9652 9707 D jswrapper: JS: showGameEnd
12-15 14:10:35.439 9652 9707 D jswrapper: JS: delayStartNextRoll
12-15 14:10:36.299 9652 9652 I ViewRootImpl@c90193f[AppActivity]: ViewPostIme
pointer 0
12-15 14:10:36.424 9652 9652 I ViewRootImpl@c90193f[AppActivity]: ViewPostIme
pointer 1
12-15 14:10:36.450 9652 9707 D jswrapper: JS: SendSocketData main:200 sub:113
12-15 14:10:36.500 9652 9707 D jswrapper: JS: main=3, sub=101
12-15 14:10:36.500 9652 9707 D jswrapper: JS: GameBase onEventUserScore 用户积分
12-15 14:10:36.500 9652 9707 D jswrapper: JS: main=200, sub=149
12-15 14:10:36.501 9652 9707 D jswrapper: JS: SGLB::结果
12-15 14:10:36.501 9652 9707 D jswrapper: JS: [object Object]
12-15 14:10:36.501 9652 9707 D jswrapper: JS: setRollDatas
12-15 14:10:36.501 9652 9707 D jswrapper: JS: main=200, sub=152
12-15 14:10:36.501 9652 9707 D jswrapper: JS: JACKPOT
12-15 14:10:36.501 9652 9707 D jswrapper: JS: JACKPOT:{"lJackPot":11588}
12-15 14:10:37.045 9652 9707 D jswrapper: JS: openPrizes2
12-15 14:10:37.053 9652 9707 D jswrapper: JS: [object Object],[object Object],
[object Object],[object Object],[object Object],[object Object]
12-15 14:10:37.054 9652 9707 D jswrapper: JS: [object Object]
12-15 14:10:37.957 9652 9707 D jswrapper: JS: main=200, sub=152
12-15 14:10:37.958 9652 9707 D jswrapper: JS: JACKPOT
12-15 14:10:37.958 9652 9707 D jswrapper: JS: JACKPOT:{"lJackPot":11831}
12-15 14:10:39.611 9652 9707 D jswrapper: JS: main=200, sub=152
12-15 14:10:39.611 9652 9707 D jswrapper: JS: JACKPOT
12-15 14:10:39.611 9652 9707 D jswrapper: JS: JACKPOT:{"lJackPot":11934}
12-15 14:10:39.862 9652 9707 D jswrapper: JS: [object Object],[object Object],
[object Object],[object Object],[object Object],[object Object],[object Object],
[object Object],[object Object],[object Object],[object Object],[object Object],
[object Object],[object Object],[object Object],[object Object],[object Object],
[object Object],[object Object],[object Object],[object Object],[object Object],
[object Object],[object Object],[object Object],[object Object],[object Object],
[object Object],[object Object],[object Object]
12-15 14:10:39.863 9652 9707 D jswrapper: JS:
3,4,0,1,2,0,1,2,3,4,0,2,1,3,4,4,0,1,2,3,3,0,1,2,4,0,1,2,3,4
12-15 14:10:39.863 9652 9707 D jswrapper: JS: 2,14,18,22,24,27
12-15 14:10:39.864 9652 9707 D jswrapper: JS: 1,9,6,1,1,3
12-15 14:10:40.069 9652 9707 D jswrapper: JS: [object Object],[object Object],
[object Object],[object Object],[object Object],[object Object],[object Object],
[object Object]
12-15 14:10:40.069 9652 9707 D jswrapper: JS: [object Object]
12-15 14:10:42.060 9652 9707 D jswrapper: JS: main=200, sub=152
12-15 14:10:42.061 9652 9707 D jswrapper: JS: JACKPOT
12-15 14:10:42.061 9652 9707 D jswrapper: JS: JACKPOT:{"lJackPot":11990}
12-15 14:10:42.384 9652 9707 D jswrapper: JS: [object Object],[object Object],
[object Object],[object Object],[object Object],[object Object],[object Object],
[object Object],[object Object],[object Object],[object Object],[object Object],
[object Object],[object Object],[object Object],[object Object],[object Object],
[object Object],[object Object],[object Object],[object Object],[object Object],
[object Object],[object Object],[object Object],[object Object],[object Object],
[object Object],[object Object],[object Object]
12-15 14:10:42.385 9652 9707 D jswrapper: JS:
4,3,0,1,2,0,1,2,3,4,0,2,1,3,4,0,1,4,2,3,3,0,1,2,4,0,3,4,1,2
12-15 14:10:42.385 9652 9707 D jswrapper: JS: 2,3,5,9,22,23,24,29
12-15 14:10:42.386 9652 9707 D jswrapper: JS: 2,2,0,9,2,9,2,5
12-15 14:10:42.458 9652 9707 D jswrapper: JS: main=200, sub=152
12-15 14:10:42.459 9652 9707 D jswrapper: JS: JACKPOT
12-15 14:10:42.464 9652 9707 D jswrapper: JS: JACKPOT:{"lJackPot":12015}
12-15 14:10:43.498 9652 9707 D jswrapper: JS: main=3, sub=530
12-15 14:10:43.498 9652 9707 D jswrapper: JS: [object Object]
12-15 14:10:43.499 9652 9707 D jswrapper: JS: 512
12-15 14:10:43.499 9652 9707 D jswrapper: JS: SendSocketData main:100 sub:512
12-15 14:10:43.522 9652 9707 D jswrapper: JS: main=100, sub=513
12-15 14:10:43.523 9652 9707 D jswrapper: JS: 收到框架消息::513
12-15 14:10:43.523 9652 9707 D jswrapper: JS: [object Object]
12-15 14:10:43.524 9652 9707 D jswrapper: JS: main=100, sub=513
12-15 14:10:43.524 9652 9707 D jswrapper: JS: 收到框架消息::513
12-15 14:10:43.525 9652 9707 D jswrapper: JS: [object Object]
12-15 14:10:43.525 9652 9707 D jswrapper: JS: main=100, sub=513
12-15 14:10:43.525 9652 9707 D jswrapper: JS: 收到框架消息::513
12-15 14:10:43.525 9652 9707 D jswrapper: JS: [object Object]
12-15 14:10:43.526 9652 9707 D jswrapper: JS: main=100, sub=513
12-15 14:10:43.526 9652 9707 D jswrapper: JS: 收到框架消息::513
12-15 14:10:43.526 9652 9707 D jswrapper: JS: [object Object]
12-15 14:10:43.526 9652 9707 D jswrapper: JS: main=100, sub=513
12-15 14:10:43.526 9652 9707 D jswrapper: JS: 收到框架消息::513
12-15 14:10:43.526 9652 9707 D jswrapper: JS: [object Object]
12-15 14:10:43.527 9652 9707 D jswrapper: JS: main=100, sub=513
12-15 14:10:43.527 9652 9707 D jswrapper: JS: 收到框架消息::513
12-15 14:10:43.527 9652 9707 D jswrapper: JS: [object Object]
