12-15 13:53:52.602 9652 9707 D jswrapper: JS: 收到框架消息::513
12-15 13:53:52.602 9652 9707 D jswrapper: JS: [object Object]
12-15 13:53:53.115 9652 9707 D jswrapper: JS: openPrizes2
12-15 13:53:53.127 9652 9707 D jswrapper: JS: [object Object],[object Object],
[object Object],[object Object],[object Object],[object Object],[object Object],
[object Object],[object Object],[object Object]
12-15 13:53:53.127 9652 9707 D jswrapper: JS: [object Object]
12-15 13:53:53.906 9652 9707 D jswrapper: JS: main=200, sub=152
12-15 13:53:53.907 9652 9707 D jswrapper: JS: JACKPOT
12-15 13:53:53.907 9652 9707 D jswrapper: JS: JACKPOT:{"lJackPot":11597}
12-15 13:53:54.690 9652 9652 I ViewRootImpl@c90193f[AppActivity]: ViewPostIme
pointer 0
12-15 13:53:54.781 9652 9652 I ViewRootImpl@c90193f[AppActivity]: ViewPostIme
pointer 1
12-15 13:53:55.419 9652 9707 D jswrapper: JS: [object Object],[object Object],
[object Object],[object Object],[object Object],[object Object],[object Object],
[object Object],[object Object],[object Object],[object Object],[object Object],
[object Object],[object Object],[object Object],[object Object],[object Object],
[object Object],[object Object],[object Object],[object Object],[object Object],
[object Object],[object Object],[object Object],[object Object],[object Object],
[object Object],[object Object],[object Object]
12-15 13:53:55.419 9652 9707 D jswrapper: JS:
0,2,4,1,3,4,0,1,2,3,3,4,0,1,2,0,1,2,3,4,1,0,2,3,4,3,0,1,2,4
12-15 13:53:55.419 9652 9707 D jswrapper: JS: 0,3,9,10,12,20,23,24,25,26
12-15 13:53:55.419 9652 9707 D jswrapper: JS: 9,2,2,4,5,6,4,11,2,11
12-15 13:53:56.585 9652 9707 D jswrapper: JS: winTimes:0.25
12-15 13:53:56.586 9652 9707 D jswrapper: JS: showGameEnd
12-15 13:53:56.587 9652 9707 D jswrapper: JS: delayStartNextRoll
12-15 13:53:56.680 9652 9652 I ViewRootImpl@c90193f[AppActivity]: ViewPostIme
pointer 0
12-15 13:53:56.820 9652 9652 I ViewRootImpl@c90193f[AppActivity]: ViewPostIme
pointer 1
12-15 13:54:01.695 9652 9707 D jswrapper: JS: main=200, sub=152
12-15 13:54:01.696 9652 9707 D jswrapper: JS: JACKPOT
12-15 13:54:01.696 9652 9707 D jswrapper: JS: JACKPOT:{"lJackPot":12406}
12-15 13:54:01.893 9652 9652 I ViewRootImpl@c90193f[AppActivity]: ViewPostIme
pointer 0
12-15 13:54:01.999 9652 9652 I ViewRootImpl@c90193f[AppActivity]: ViewPostIme
pointer 1
12-15 13:54:02.047 9652 9707 D jswrapper: JS: SendSocketData main:200 sub:113
12-15 13:54:02.097 9652 9707 D jswrapper: JS: main=3, sub=101
12-15 13:54:02.097 9652 9707 D jswrapper: JS: GameBase onEventUserScore 用户积分
12-15 13:54:02.098 9652 9707 D jswrapper: JS: main=200, sub=149
12-15 13:54:02.098 9652 9707 D jswrapper: JS: SGLB::结果
12-15 13:54:02.098 9652 9707 D jswrapper: JS: [object Object]
12-15 13:54:02.098 9652 9707 D jswrapper: JS: setRollDatas
12-15 13:54:02.642 9652 9707 D jswrapper: JS: openPrizes2
12-15 13:54:02.650 9652 9707 D jswrapper: JS: [object Object],[object Object],
[object Object],[object Object],[object Object],[object Object],[object Object],
[object Object]
12-15 13:54:02.651 9652 9707 D jswrapper: JS: [object Object]
12-15 13:54:02.717 9652 9707 D jswrapper: JS: main=200, sub=152
12-15 13:54:02.717 9652 9707 D jswrapper: JS: JACKPOT
12-15 13:54:02.717 9652 9707 D jswrapper: JS: JACKPOT:{"lJackPot":12429}
12-15 13:54:02.718 9652 9707 D jswrapper: JS: main=3, sub=530
12-15 13:54:02.718 9652 9707 D jswrapper: JS: [object Object]
12-15 13:54:02.718 9652 9707 D jswrapper: JS: 512
12-15 13:54:02.718 9652 9707 D jswrapper: JS: SendSocketData main:100 sub:512
12-15 13:54:02.741 9652 9707 D jswrapper: JS: main=100, sub=513
12-15 13:54:02.742 9652 9707 D jswrapper: JS: 收到框架消息::513
12-15 13:54:02.742 9652 9707 D jswrapper: JS: [object Object]
12-15 13:54:02.742 9652 9707 D jswrapper: JS: main=100, sub=513
12-15 13:54:02.746 9652 9707 D jswrapper: JS: 收到框架消息::513
12-15 13:54:02.746 9652 9707 D jswrapper: JS: [object Object]
12-15 13:54:02.747 9652 9707 D jswrapper: JS: main=100, sub=513
12-15 13:54:02.747 9652 9707 D jswrapper: JS: 收到框架消息::513
12-15 13:54:02.747 9652 9707 D jswrapper: JS: [object Object]
12-15 13:54:02.747 9652 9707 D jswrapper: JS: main=100, sub=513
12-15 13:54:02.747 9652 9707 D jswrapper: JS: 收到框架消息::513
12-15 13:54:02.747 9652 9707 D jswrapper: JS: [object Object]
12-15 13:54:02.748 9652 9707 D jswrapper: JS: main=100, sub=513
12-15 13:54:02.748 9652 9707 D jswrapper: JS: 收到框架消息::513
12-15 13:54:02.748 9652 9707 D jswrapper: JS: [object Object]
12-15 13:54:02.748 9652 9707 D jswrapper: JS: main=100, sub=513
12-15 13:54:02.748 9652 9707 D jswrapper: JS: 收到框架消息::513
12-15 13:54:02.749 9652 9707 D jswrapper: JS: [object Object]
12-15 13:54:02.749 9652 9707 D jswrapper: JS: main=100, sub=513
12-15 13:54:02.749 9652 9707 D jswrapper: JS: 收到框架消息::513
12-15 13:54:02.749 9652 9707 D jswrapper: JS: [object Object]
12-15 13:54:02.749 9652 9707 D jswrapper: JS: main=100, sub=513
12-15 13:54:02.750 9652 9707 D jswrapper: JS: 收到框架消息::513
12-15 13:54:02.750 9652 9707 D jswrapper: JS: [object Object]
12-15 13:54:02.750 9652 9707 D jswrapper: JS: main=100, sub=513
12-15 13:54:02.750 9652 9707 D jswrapper: JS: 收到框架消息::513
12-15 13:54:02.750 9652 9707 D jswrapper: JS: [object Object]
12-15 13:54:02.750 9652 9707 D jswrapper: JS: main=100, sub=513
12-15 13:54:02.751 9652 9707 D jswrapper: JS: 收到框架消息::513
12-15 13:54:02.751 9652 9707 D jswrapper: JS: [object Object]
12-15 13:54:04.944 9652 9707 D jswrapper: JS: [object Object],[object Object],
[object Object],[object Object],[object Object],[object Object],[object Object],
[object Object],[object Object],[object Object],[object Object],[object Object],
[object Object],[object Object],[object Object],[object Object],[object Object],
[object Object],[object Object],[object Object],[object Object],[object Object],
[object Object],[object Object],[object Object],[object Object],[object Object],
[object Object],[object Object],[object Object]
12-15 13:54:04.945 9652 9707 D jswrapper: JS:
2,0,1,3,4,2,4,0,1,3,1,0,2,3,4,2,4,0,1,3,4,0,1,2,3,0,1,2,3,4
12-15 13:54:04.945 9652 9707 D jswrapper: JS: 5,8,12,13,15,25,27,28
12-15 13:54:04.945 9652 9707 D jswrapper: JS: 7,3,1,1,5,1,0,11
12-15 13:54:06.145 9652 9707 D jswrapper: JS: winTimes:0.25
12-15 13:54:06.145 9652 9707 D jswrapper: JS: showGameEnd
12-15 13:54:06.145 9652 9707 D jswrapper: JS: delayStartNextRoll
12-15 13:54:08.866 9652 9707 D jswrapper: JS: main=200, sub=152
12-15 13:54:08.866 9652 9707 D jswrapper: JS: JACKPOT
12-15 13:54:08.867 9652 9707 D jswrapper: JS: JACKPOT:{"lJackPot":12933}
12-15 13:54:09.952 9652 9652 I ViewRootImpl@c90193f[AppActivity]: ViewPostIme
pointer 0
12-15 13:54:10.041 9652 9652 I ViewRootImpl@c90193f[AppActivity]: ViewPostIme
pointer 1
12-15 13:54:10.077 9652 9707 D jswrapper: JS: SendSocketData main:200 sub:113
12-15 13:54:10.128 9652 9707 D jswrapper: JS: main=3, sub=101
12-15 13:54:10.128 9652 9707 D jswrapper: JS: GameBase onEventUserScore 用户积分
12-15 13:54:10.129 9652 9707 D jswrapper: JS: main=200, sub=149
12-15 13:54:10.129 9652 9707 D jswrapper: JS: SGLB::结果
12-15 13:54:10.129 9652 9707 D jswrapper: JS: [object Object]
12-15 13:54:10.129 9652 9707 D jswrapper: JS: setRollDatas
12-15 13:54:10.671 9652 9707 D jswrapper: JS: openPrizes2
12-15 13:54:11.657 9652 9707 D jswrapper: JS: showGameEnd
12-15 13:54:11.657 9652 9707 D jswrapper: JS: delayStartNextRoll
12-15 13:54:12.258 9652 9652 I ViewRootImpl@c90193f[AppActivity]: ViewPostIme
pointer 0
12-15 13:54:12.357 9652 9652 I ViewRootImpl@c90193f[AppActivity]: ViewPostIme
pointer 1
12-15 13:54:12.392 9652 9707 D jswrapper: JS: SendSocketData main:200 sub:113
12-15 13:54:12.442 9652 9707 D jswrapper: JS: main=3, sub=101
12-15 13:54:12.442 9652 9707 D jswrapper: JS: GameBase onEventUserScore 用户积分
12-15 13:54:12.444 9652 9707 D jswrapper: JS: main=200, sub=149
12-15 13:54:12.444 9652 9707 D jswrapper: JS: SGLB::结果
12-15 13:54:12.444 9652 9707 D jswrapper: JS: [object Object]
12-15 13:54:12.444 9652 9707 D jswrapper: JS: setRollDatas
12-15 13:54:12.445 9652 9707 D jswrapper: JS: main=3, sub=102
12-15 13:54:12.445 9652 9707 D jswrapper: JS:
OnSocketSubUserStatus::dwUserID::2727209
12-15 13:54:12.445 9652 9707 D jswrapper: JS: OnSocketSubUserStatus::UserStatus::
{"wTableID":7,"wChairID":0,"cbUserStatus":5}
12-15 13:54:12.445 9652 9707 D jswrapper: JS: UpdateUserItemStatus::以往数据::
{"wTableID":7,"wChairID":0,"cbUserStatus":2}
12-15 13:54:12.445 9652 9707 D jswrapper: JS: GameBase onEventUserStatus 用户状态
12-15 13:54:12.445 9652 9707 D jswrapper: JS: main=100, sub=401
12-15 13:54:12.445 9652 9707 D jswrapper: JS: 收到框架消息::401
12-15 13:54:12.445 9652 9707 D jswrapper: JS: 收到唯一对局码: (2111007167112324747)
12-15 13:54:12.445 9652 9707 D jswrapper: JS: main=3, sub=101
12-15 13:54:12.445 9652 9707 D jswrapper: JS: GameBase onEventUserScore 用户积分
12-15 13:54:12.445 9652 9707 D jswrapper: JS: main=3, sub=102
12-15 13:54:12.445 9652 9707 D jswrapper: JS:
OnSocketSubUserStatus::dwUserID::2727209
12-15 13:54:12.445 9652 9707 D jswrapper: JS: OnSocketSubUserStatus::UserStatus::
{"wTableID":7,"wChairID":0,"cbUserStatus":2}
12-15 13:54:12.445 9652 9707 D jswrapper: JS: UpdateUserItemStatus::以往数据::
{"wTableID":7,"wChairID":0,"cbUserStatus":5}
12-15 13:54:12.446 9652 9707 D jswrapper: JS: GameBase onEventUserStatus 用户状态
12-15 13:54:12.962 9652 9707 D jswrapper: JS: main=3, sub=530
12-15 13:54:12.963 9652 9707 D jswrapper: JS: [object Object]
12-15 13:54:12.963 9652 9707 D jswrapper: JS: 512
12-15 13:54:12.963 9652 9707 D jswrapper: JS: SendSocketData main:100 sub:512
12-15 13:54:12.965 9652 9707 D jswrapper: JS: openPrizes2
12-15 13:54:12.987 9652 9707 D jswrapper: JS: main=100, sub=513
12-15 13:54:12.987 9652 9707 D jswrapper: JS: 收到框架消息::513
12-15 13:54:12.991 9652 9707 D jswrapper: JS: [object Object]
12-15 13:54:12.991 9652 9707 D jswrapper: JS: main=100, sub=513
12-15 13:54:12.991 9652 9707 D jswrapper: JS: 收到框架消息::513
12-15 13:54:12.992 9652 9707 D jswrapper: JS: [object Object]
12-15 13:54:12.992 9652 9707 D jswrapper: JS: main=100, sub=513
12-15 13:54:12.992 9652 9707 D jswrapper: JS: 收到框架消息::513
12-15 13:54:12.992 9652 9707 D jswrapper: JS: [object Object]
12-15 13:54:12.993 9652 9707 D jswrapper: JS: main=100, sub=513
12-15 13:54:12.993 9652 9707 D jswrapper: JS: 收到框架消息::513
12-15 13:54:12.993 9652 9707 D jswrapper: JS: [object Object]
12-15 13:54:12.993 9652 9707 D jswrapper: JS: main=100, sub=513
12-15 13:54:12.993 9652 9707 D jswrapper: JS: 收到框架消息::513
12-15 13:54:12.993 9652 9707 D jswrapper: JS: [object Object]
12-15 13:54:12.994 9652 9707 D jswrapper: JS: main=100, sub=513
12-15 13:54:12.994 9652 9707 D jswrapper: JS: 收到框架消息::513
12-15 13:54:12.994 9652 9707 D jswrapper: JS: [object Object]
12-15 13:54:12.994 9652 9707 D jswrapper: JS: main=100, sub=513
12-15 13:54:12.996 9652 9707 D jswrapper: JS: 收到框架消息::513
12-15 13:54:12.996 9652 9707 D jswrapper: JS: [object Object]
12-15 13:54:12.997 9652 9707 D jswrapper: JS: main=100, sub=513
12-15 13:54:12.997 9652 9707 D jswrapper: JS: 收到框架消息::513
12-15 13:54:12.998 9652 9707 D jswrapper: JS: [object Object]
12-15 13:54:12.998 9652 9707 D jswrapper: JS: main=100, sub=513
12-15 13:54:12.998 9652 9707 D jswrapper: JS: 收到框架消息::513
12-15 13:54:12.998 9652 9707 D jswrapper: JS: [object Object]
12-15 13:54:12.999 9652 9707 D jswrapper: JS: main=100, sub=513
12-15 13:54:12.999 9652 9707 D jswrapper: JS: 收到框架消息::513
12-15 13:54:12.999 9652 9707 D jswrapper: JS: [object Object]
12-15 13:54:13.980 9652 9707 D jswrapper: JS: showGameEnd
12-15 13:54:13.981 9652 9707 D jswrapper: JS: delayStartNextRoll
12-15 13:54:14.256 9652 9652 I ViewRootImpl@c90193f[AppActivity]: ViewPostIme
pointer 0
12-15 13:54:14.354 9652 9652 I ViewRootImpl@c90193f[AppActivity]: ViewPostIme
pointer 1
12-15 13:54:14.440 9652 9707 D jswrapper: JS: SendSocketData main:200 sub:113
12-15 13:54:14.466 9652 9707 D jswrapper: JS: main=200, sub=152
12-15 13:54:14.466 9652 9707 D jswrapper: JS: JACKPOT
12-15 13:54:14.466 9652 9707 D jswrapper: JS: JACKPOT:{"lJackPot":11965}
12-15 13:54:14.466 9652 9707 D jswrapper: JS: main=3, sub=101
12-15 13:54:14.466 9652 9707 D jswrapper: JS: GameBase onEventUserScore 用户积分
12-15 13:54:14.515 9652 9707 D jswrapper: JS: main=200, sub=149
12-15 13:54:14.516 9652 9707 D jswrapper: JS: SGLB::结果
12-15 13:54:14.516 9652 9707 D jswrapper: JS: [object Object]
12-15 13:54:14.516 9652 9707 D jswrapper: JS: setRollDatas
12-15 13:54:15.035 9652 9707 D jswrapper: JS: openPrizes2
12-15 13:54:15.042 9652 9707 D jswrapper: JS: [object Object],[object Object],
[object Object],[object Object],[object Object],[object Object],[object Object],
[object Object],[object Object],[object Object]
12-15 13:54:15.043 9652 9707 D jswrapper: JS: [object Object]
12-15 13:54:17.346 9652 9707 D jswrapper: JS: [object Object],[object Object],
[object Object],[object Object],[object Object],[object Object],[object Object],
[object Object],[object Object],[object Object],[object Object],[object Object],
[object Object],[object Object],[object Object],[object Object],[object Object],
[object Object],[object Object],[object Object],[object Object],[object Object],
[object Object],[object Object],[object Object],[object Object],[object Object],
[object Object],[object Object],[object Object]
12-15 13:54:17.347 9652 9707 D jswrapper: JS:
1,2,0,3,4,0,4,1,2,3,0,1,2,3,4,2,0,1,3,4,0,1,2,3,4,0,3,1,2,4
12-15 13:54:17.347 9652 9707 D jswrapper: JS: 1,4,5,6,10,12,15,16,23,25
12-15 13:54:17.347 9652 9707 D jswrapper: JS: 3,11,9,1,7,4,5,7,0,4
12-15 13:54:18.070 9652 9707 D jswrapper: JS: main=200, sub=152
12-15 13:54:18.071 9652 9707 D jswrapper: JS: JACKPOT
12-15 13:54:18.071 9652 9707 D jswrapper: JS: JACKPOT:{"lJackPot":12153}
12-15 13:54:18.525 9652 9707 D jswrapper: JS: winTimes:0.25
12-15 13:54:18.525 9652 9707 D jswrapper: JS: showGameEnd
12-15 13:54:18.527 9652 9707 D jswrapper: JS: delayStartNextRoll
12-15 13:54:19.966 9652 9652 I ViewRootImpl@c90193f[AppActivity]: ViewPostIme
pointer 0
12-15 13:54:20.073 9652 9652 I ViewRootImpl@c90193f[AppActivity]: ViewPostIme
pointer 1
12-15 13:54:20.424 9652 9707 D jswrapper: JS: main=200, sub=152
12-15 13:54:20.424 9652 9707 D jswrapper: JS: JACKPOT
12-15 13:54:20.424 9652 9707 D jswrapper: JS: JACKPOT:{"lJackPot":12442}
12-15 13:54:20.449 9652 9652 I ViewRootImpl@c90193f[AppActivity]: ViewPostIme
pointer 0
12-15 13:54:20.581 9652 9652 I ViewRootImpl@c90193f[AppActivity]: ViewPostIme
pointer 1
12-15 13:54:20.974 9652 9652 I ViewRootImpl@c90193f[AppActivity]: ViewPostIme
pointer 0
12-15 13:54:21.088 9652 9652 I ViewRootImpl@c90193f[AppActivity]: ViewPostIme
pointer 1
12-15 13:54:21.981 9652 9652 I ViewRootImpl@c90193f[AppActivity]: ViewPostIme
pointer 0
12-15 13:54:22.105 9652 9652 I ViewRootImpl@c90193f[AppActivity]: ViewPostIme
pointer 1
12-15 13:54:22.164 9652 9707 D jswrapper: JS: SendSocketData main:200 sub:113
12-15 13:54:22.215 9652 9707 D jswrapper: JS: main=3, sub=101
12-15 13:54:22.216 9652 9707 D jswrapper: JS: GameBase onEventUserScore 用户积分
12-15 13:54:22.216 9652 9707 D jswrapper: JS: main=200, sub=149
12-15 13:54:22.219 9652 9707 D jswrapper: JS: SGLB::结果
12-15 13:54:22.219 9652 9707 D jswrapper: JS: [object Object]
12-15 13:54:22.219 9652 9707 D jswrapper: JS: setRollDatas
12-15 13:54:22.739 9652 9707 D jswrapper: JS: openPrizes2
12-15 13:54:23.410 9652 9707 D jswrapper: JS: main=200, sub=152
12-15 13:54:23.410 9652 9707 D jswrapper: JS: JACKPOT
12-15 13:54:23.410 9652 9707 D jswrapper: JS: JACKPOT:{"lJackPot":12722}
12-15 13:54:24.457 9652 9707 D jswrapper: JS: showGameEnd
12-15 13:54:24.457 9652 9707 D jswrapper: JS: delayStartNextRoll
12-15 13:54:26.160 9652 9652 I ViewRootImpl@c90193f[AppActivity]: ViewPostIme
pointer 0
12-15 13:54:26.233 9652 9652 I ViewRootImpl@c90193f[AppActivity]: ViewPostIme
pointer 1
12-15 13:54:26.293 9652 9707 D jswrapper: JS: SendSocketData main:200 sub:113
12-15 13:54:26.347 9652 9707 D jswrapper: JS: main=3, sub=101
12-15 13:54:26.347 9652 9707 D jswrapper: JS: GameBase onEventUserScore 用户积分
12-15 13:54:26.347 9652 9707 D jswrapper: JS: main=200, sub=149
12-15 13:54:26.348 9652 9707 D jswrapper: JS: SGLB::结果
12-15 13:54:26.348 9652 9707 D jswrapper: JS: [object Object]
12-15 13:54:26.348 9652 9707 D jswrapper: JS: setRollDatas
12-15 13:54:26.353 9652 9707 D jswrapper: JS: main=200, sub=152
12-15 13:54:26.353 9652 9707 D jswrapper: JS: JACKPOT
12-15 13:54:26.353 9652 9707 D jswrapper: JS: JACKPOT:{"lJackPot":12887}
12-15 13:54:26.891 9652 9707 D jswrapper: JS: openPrizes2
12-15 13:54:26.900 9652 9707 D jswrapper: JS: [object Object],[object Object],
[object Object],[object Object],[object Object],[object Object],[object Object],
[object Object],[object Object],[object Object],[object Object],[object Object],
[object Object]
12-15 13:54:26.900 9652 9707 D jswrapper: JS: [object Object],[object Object]
12-15 13:54:27.713 9652 9707 D jswrapper: JS: main=200, sub=152
12-15 13:54:27.714 9652 9707 D jswrapper: JS: JACKPOT
12-15 13:54:27.714 9652 9707 D jswrapper: JS: JACKPOT:{"lJackPot":12940}
12-15 13:54:29.515 9652 9707 D debug info: Fail to play
assets/OLYMPUS/assets/native/2c/2ccb6473-2f91-440b-8cb1-7dd05db49996.mp3 cause by
limited max instance of AudioEngine
12-15 13:54:29.515 9652 9707 D debug info: Fail to play
assets/OLYMPUS/assets/native/2c/2ccb6473-2f91-440b-8cb1-7dd05db49996.mp3 cause by
limited max instance of AudioEngine
12-15 13:54:29.515 9652 9707 D debug info: Fail to play
assets/OLYMPUS/assets/native/2c/2ccb6473-2f91-440b-8cb1-7dd05db49996.mp3 cause by
limited max instance of AudioEngine
12-15 13:54:30.007 9652 9707 D jswrapper: JS: [object Object],[object Object],
[object Object],[object Object],[object Object],[object Object],[object Object],
[object Object],[object Object],[object Object],[object Object],[object Object],
[object Object],[object Object],[object Object],[object Object],[object Object],
[object Object],[object Object],[object Object],[object Object],[object Object],
[object Object],[object Object],[object Object],[object Object],[object Object],
[object Object],[object Object],[object Object]
12-15 13:54:30.008 9652 9707 D jswrapper: JS:
4,0,1,2,3,0,1,4,2,3,2,4,0,1,3,0,1,3,2,4,0,2,3,1,4,3,0,1,2,4
12-15 13:54:30.008 9652 9707 D jswrapper: JS: 1,3,4,7,9,14,16,21,22,23,24,25,26
12-15 13:54:30.008 9652 9707 D jswrapper: JS: 1,4,2,3,1,6,4,1,3,3,0,9,11
12-15 13:54:32.408 9652 9707 D jswrapper: JS: main=200, sub=152
12-15 13:54:32.408 9652 9707 D jswrapper: JS: JACKPOT
12-15 13:54:32.409 9652 9707 D jswrapper: JS: JACKPOT:{"lJackPot":11945}
12-15 13:54:33.417 9652 9707 D jswrapper: JS: winTimes:17
12-15 13:54:33.432 9652 10006 I AudioDecoderMp3: Original audio info: numChannels:
2, sampleRate: 44100, bitPerSample: 16, containerSize: 16, channelMask: 3,
endianness: 2, numFrames: 96768, duration: 2.194286, total size: 387072
12-15 13:54:33.432 9652 10006 D AudioDecoder: Decoding
(/data/user/0/com.glgame.frtslots/blackbox/data/user/0/com.aru.glgame.frtslots/
files/blackjack-remote-asset/assets/OLYMPUS/assets/native/29/29c0cdd1-d37e-45ba-
8767-7e4b0a46626e.mp3) to pcm data wasted 12.342000ms
12-15 13:54:33.437 9652 10006 D AudioDecoder: Resampling
(/data/user/0/com.glgame.frtslots/blackbox/data/user/0/com.aru.glgame.frtslots/
files/blackjack-remote-asset/assets/OLYMPUS/assets/native/29/29c0cdd1-d37e-45ba-
8767-7e4b0a46626e.mp3) wasted 4.434000ms
12-15 13:54:33.437 9652 10006 I AudioDecoder: Audio channel count is 2, no need to
interleave
12-15 13:54:33.437 9652 10006 D AudioDecoder: Interleave
(/data/user/0/com.glgame.frtslots/blackbox/data/user/0/com.aru.glgame.frtslots/
files/blackjack-remote-asset/assets/OLYMPUS/assets/native/29/29c0cdd1-d37e-45ba-
8767-7e4b0a46626e.mp3) wasted 0.075000ms
12-15 13:54:33.449 9652 9707 D jswrapper: JS: showGameEnd
12-15 13:54:33.480 9652 9707 D jswrapper: JS: main=3, sub=530
12-15 13:54:33.480 9652 9707 D jswrapper: JS: [object Object]
12-15 13:54:33.481 9652 9707 D jswrapper: JS: 512
12-15 13:54:33.481 9652 9707 D jswrapper: JS: SendSocketData main:100 sub:512
12-15 13:54:33.504 9652 9707 D jswrapper: JS: main=100, sub=513
12-15 13:54:33.505 9652 9707 D jswrapper: JS: 收到框架消息::513
12-15 13:54:33.505 9652 9707 D jswrapper: JS: [object Object]
12-15 13:54:33.505 9652 9707 D jswrapper: JS: main=100, sub=513
12-15 13:54:33.505 9652 9707 D jswrapper: JS: 收到框架消息::513
12-15 13:54:33.505 9652 9707 D jswrapper: JS: [object Object]
12-15 13:54:33.506 9652 9707 D jswrapper: JS: main=100, sub=513
12-15 13:54:33.506 9652 9707 D jswrapper: JS: 收到框架消息::513
12-15 13:54:33.506 9652 9707 D jswrapper: JS: [object Object]
12-15 13:54:33.506 9652 9707 D jswrapper: JS: main=100, sub=513
12-15 13:54:33.506 9652 9707 D jswrapper: JS: 收到框架消息::513
12-15 13:54:33.506 9652 9707 D jswrapper: JS: [object Object]
12-15 13:54:33.506 9652 9707 D jswrapper: JS: main=100, sub=513
12-15 13:54:33.506 9652 9707 D jswrapper: JS: 收到框架消息::513
12-15 13:54:33.507 9652 9707 D jswrapper: JS: [object Object]
12-15 13:54:33.507 9652 9707 D jswrapper: JS: main=100, sub=513
12-15 13:54:33.507 9652 9707 D jswrapper: JS: 收到框架消息::513
12-15 13:54:33.507 9652 9707 D jswrapper: JS: [object Object]
12-15 13:54:33.507 9652 9707 D jswrapper: JS: main=100, sub=513
12-15 13:54:33.507 9652 9707 D jswrapper: JS: 收到框架消息::513
12-15 13:54:33.508 9652 9707 D jswrapper: JS: [object Object]
12-15 13:54:33.508 9652 9707 D jswrapper: JS: main=100, sub=513
12-15 13:54:33.508 9652 9707 D jswrapper: JS: 收到框架消息::513
12-15 13:54:33.508 9652 9707 D jswrapper: JS: [object Object]
12-15 13:54:33.508 9652 9707 D jswrapper: JS: main=100, sub=513
12-15 13:54:33.508 9652 9707 D jswrapper: JS: 收到框架消息::513
12-15 13:54:33.509 9652 9707 D jswrapper: JS: [object Object]
12-15 13:54:33.509 9652 9707 D jswrapper: JS: main=100, sub=513
12-15 13:54:33.509 9652 9707 D jswrapper: JS: 收到框架消息::513
12-15 13:54:33.509 9652 9707 D jswrapper: JS: [object Object]
12-15 13:54:34.573 9652 9707 D jswrapper: JS: main=200, sub=152
12-15 13:54:34.573 9652 9707 D jswrapper: JS: JACKPOT
12-15 13:54:34.573 9652 9707 D jswrapper: JS: JACKPOT:{"lJackPot":12043}
12-15 13:54:37.736 9652 9707 D jswrapper: JS: main=200, sub=152
12-15 13:54:37.736 9652 9707 D jswrapper: JS: JACKPOT
12-15 13:54:37.736 9652 9707 D jswrapper: JS: JACKPOT:{"lJackPot":12255}
12-15 13:54:38.875 9652 9707 D jswrapper: JS: main=200, sub=152
12-15 13:54:38.875 9652 9707 D jswrapper: JS: JACKPOT
12-15 13:54:38.876 9652 9707 D jswrapper: JS: JACKPOT:{"lJackPot":12320}
12-15 13:54:40.349 9652 9652 I ViewRootImpl@c90193f[AppActivity]: ViewPostIme
pointer 0
12-15 13:54:40.479 9652 9652 I ViewRootImpl@c90193f[AppActivity]: ViewPostIme
pointer 1
12-15 13:54:41.623 9652 9707 D jswrapper: JS: main=200, sub=152
12-15 13:54:41.623 9652 9707 D jswrapper: JS: JACKPOT
12-15 13:54:41.623 9652 9707 D jswrapper: JS: JACKPOT:{"lJackPot":12542}
12-15 13:54:42.340 9652 9707 D jswrapper: JS: main=200, sub=152
12-15 13:54:42.340 9652 9707 D jswrapper: JS: JACKPOT
12-15 13:54:42.340 9652 9707 D jswrapper: JS: JACKPOT:{"lJackPot":12594}
12-15 13:54:42.365 9652 9652 I ViewRootImpl@c90193f[AppActivity]: ViewPostIme
pointer 0
12-15 13:54:42.429 9652 9652 I ViewRootImpl@c90193f[AppActivity]: ViewPostIme
pointer 1
12-15 13:54:42.468 9652 9707 D jswrapper: JS: SendSocketData main:200 sub:113
12-15 13:54:42.518 9652 9707 D jswrapper: JS: main=3, sub=101
12-15 13:54:42.518 9652 9707 D jswrapper: JS: GameBase onEventUserScore 用户积分
12-15 13:54:42.519 9652 9707 D jswrapper: JS: main=200, sub=149
12-15 13:54:42.519 9652 9707 D jswrapper: JS: SGLB::结果
12-15 13:54:42.519 9652 9707 D jswrapper: JS: [object Object]
12-15 13:54:42.519 9652 9707 D jswrapper: JS: setRollDatas
12-15 13:54:42.520 9652 9707 D jswrapper: JS: main=200, sub=152
12-15 13:54:42.520 9652 9707 D jswrapper: JS: JACKPOT
12-15 13:54:42.520 9652 9707 D jswrapper: JS: JACKPOT:{"lJackPot":12624}
12-15 13:54:42.768 9652 9707 D jswrapper: JS: main=200, sub=152
12-15 13:54:42.768 9652 9707 D jswrapper: JS: JACKPOT
12-15 13:54:42.768 9652 9707 D jswrapper: JS: JACKPOT:{"lJackPot":12627}
12-15 13:54:43.069 9652 9707 D jswrapper: JS: openPrizes2
12-15 13:54:43.073 9652 9707 D jswrapper: JS: [object Object],[object Object],
[object Object],[object Object],[object Object],[object Object]
12-15 13:54:43.073 9652 9707 D jswrapper: JS: [object Object]
12-15 13:54:45.896 9652 9707 D jswrapper: JS: [object Object],[object Object],
[object Object],[object Object],[object Object],[object Object],[object Object],
[object Object],[object Object],[object Object],[object Object],[object Object],
[object Object],[object Object],[object Object],[object Object],[object Object],
[object Object],[object Object],[object Object],[object Object],[object Object],
[object Object],[object Object],[object Object],[object Object],[object Object],
[object Object],[object Object],[object Object]
12-15 13:54:45.897 9652 9707 D jswrapper: JS:
1,0,2,3,4,0,1,2,3,4,0,1,2,3,4,2,3,4,0,1,0,1,2,3,4,1,4,0,2,3
12-15 13:54:45.897 9652 9707 D jswrapper: JS: 6,11,15,21,27,29
12-15 13:54:45.897 9652 9707 D jswrapper: JS: 2,0,3,0,1,9
12-15 13:54:46.080 9652 9707 D jswrapper: JS: [object Object],[object Object],
[object Object],[object Object],[object Object],[object Object],[object Object],
[object Object]
12-15 13:54:46.080 9652 9707 D jswrapper: JS: [object Object]
12-15 13:54:46.155 9652 9707 D jswrapper: JS: main=200, sub=152
12-15 13:54:46.156 9652 9707 D jswrapper: JS: JACKPOT
12-15 13:54:46.156 9652 9707 D jswrapper: JS: JACKPOT:{"lJackPot":12778}
12-15 13:54:48.190 9652 9707 D jswrapper: JS: main=200, sub=152
12-15 13:54:48.191 9652 9707 D jswrapper: JS: JACKPOT
12-15 13:54:48.191 9652 9707 D jswrapper: JS: JACKPOT:{"lJackPot":11775}
12-15 13:54:48.396 9652 9707 D jswrapper: JS: [object Object],[object Object],
[object Object],[object Object],[object Object],[object Object],[object Object],
[object Object],[object Object],[object Object],[object Object],[object Object],
[object Object],[object Object],[object Object],[object Object],[object Object],
[object Object],[object Object],[object Object],[object Object],[object Object],
[object Object],[object Object],[object Object],[object Object],[object Object],
[object Object],[object Object],[object Object]
12-15 13:54:48.397 9652 9707 D jswrapper: JS:
1,0,2,3,4,0,1,2,3,4,0,2,1,3,4,3,0,2,4,1,0,2,1,3,4,1,3,4,0,2
12-15 13:54:48.397 9652 9707 D jswrapper: JS: 2,3,4,11,14,16,21,23
12-15 13:54:48.397 9652 9707 D jswrapper: JS: 5,7,2,6,3,11,11,5
12-15 13:54:49.549 9652 9707 D jswrapper: JS: winTimes:5.25
12-15 13:54:49.551 9652 9707 D jswrapper: JS: showGameEnd
12-15 13:54:50.443 9652 9707 D jswrapper: JS: main=200, sub=152
12-15 13:54:50.443 9652 9707 D jswrapper: JS: JACKPOT
12-15 13:54:50.443 9652 9707 D jswrapper: JS: JACKPOT:{"lJackPot":12116}
12-15 13:54:51.370 9652 9707 D jswrapper: JS: main=200, sub=152
12-15 13:54:51.370 9652 9707 D jswrapper: JS: JACKPOT
12-15 13:54:51.371 9652 9707 D jswrapper: JS: JACKPOT:{"lJackPot":10993}
12-15 13:54:51.394 9652 9652 I ViewRootImpl@c90193f[AppActivity]: ViewPostIme
pointer 0
12-15 13:54:51.459 9652 9652 I ViewRootImpl@c90193f[AppActivity]: ViewPostIme
pointer 1
12-15 13:54:51.498 9652 9707 D jswrapper: JS: SendSocketData main:200 sub:113
12-15 13:54:51.548 9652 9707 D jswrapper: JS: main=3, sub=101
12-15 13:54:51.548 9652 9707 D jswrapper: JS: GameBase onEventUserScore 用户积分
12-15 13:54:51.549 9652 9707 D jswrapper: JS: main=200, sub=149
12-15 13:54:51.549 9652 9707 D jswrapper: JS: SGLB::结果
12-15 13:54:51.549 9652 9707 D jswrapper: JS: [object Object]
12-15 13:54:51.549 9652 9707 D jswrapper: JS: setRollDatas
12-15 13:54:51.550 9652 9707 D jswrapper: JS: main=200, sub=152
12-15 13:54:51.550 9652 9707 D jswrapper: JS: JACKPOT
12-15 13:54:51.550 9652 9707 D jswrapper: JS: JACKPOT:{"lJackPot":11011}
12-15 13:54:51.771 9652 9707 D jswrapper: JS: main=200, sub=152
12-15 13:54:51.771 9652 9707 D jswrapper: JS: JACKPOT
12-15 13:54:51.771 9652 9707 D jswrapper: JS: JACKPOT:{"lJackPot":11052}
12-15 13:54:52.093 9652 9707 D jswrapper: JS: openPrizes2
12-15 13:54:52.101 9652 9707 D jswrapper: JS: [object Object],[object Object],
[object Object],[object Object],[object Object],[object Object],[object Object],
[object Object]
12-15 13:54:52.101 9652 9707 D jswrapper: JS: [object Object]
12-15 13:54:52.588 9652 9707 D jswrapper: JS: main=200, sub=152
12-15 13:54:52.588 9652 9707 D jswrapper: JS: JACKPOT
12-15 13:54:52.588 9652 9707 D jswrapper: JS: JACKPOT:{"lJackPot":11266}
12-15 13:54:53.301 9652 9652 I ViewRootImpl@c90193f[AppActivity]: ViewPostIme
pointer 0
12-15 13:54:53.383 9652 9652 I ViewRootImpl@c90193f[AppActivity]: ViewPostIme
pointer 1
12-15 13:54:53.509 9652 9707 D jswrapper: JS: main=200, sub=152
12-15 13:54:53.510 9652 9707 D jswrapper: JS: JACKPOT
12-15 13:54:53.510 9652 9707 D jswrapper: JS: JACKPOT:{"lJackPot":11458}
12-15 13:54:53.833 9652 9707 D jswrapper: JS: main=3, sub=530
12-15 13:54:53.833 9652 9707 D jswrapper: JS: [object Object]
12-15 13:54:53.848 9652 9707 D jswrapper: JS: 512
12-15 13:54:53.848 9652 9707 D jswrapper: JS: SendSocketData main:100 sub:512
12-15 13:54:53.882 9652 9707 D jswrapper: JS: main=100, sub=513
12-15 13:54:53.882 9652 9707 D jswrapper: JS: 收到框架消息::513
12-15 13:54:53.882 9652 9707 D jswrapper: JS: [object Object]
12-15 13:54:53.882 9652 9707 D jswrapper: JS: main=100, sub=513
12-15 13:54:53.882 9652 9707 D jswrapper: JS: 收到框架消息::513
12-15 13:54:53.882 9652 9707 D jswrapper: JS: [object Object]
12-15 13:54:53.883 9652 9707 D jswrapper: JS: main=100, sub=513
12-15 13:54:53.883 9652 9707 D jswrapper: JS: 收到框架消息::513
12-15 13:54:53.883 9652 9707 D jswrapper: JS: [object Object]
12-15 13:54:53.883 9652 9707 D jswrapper: JS: main=100, sub=513
12-15 13:54:53.883 9652 9707 D jswrapper: JS: 收到框架消息::513
12-15 13:54:53.883 9652 9707 D jswrapper: JS: [object Object]
12-15 13:54:53.883 9652 9707 D jswrapper: JS: main=100, sub=513
12-15 13:54:53.883 9652 9707 D jswrapper: JS: 收到框架消息::513
12-15 13:54:53.883 9652 9707 D jswrapper: JS: [object Object]
12-15 13:54:53.884 9652 9707 D jswrapper: JS: main=100, sub=513
12-15 13:54:53.884 9652 9707 D jswrapper: JS: 收到框架消息::513
12-15 13:54:53.884 9652 9707 D jswrapper: JS: [object Object]
12-15 13:54:53.884 9652 9707 D jswrapper: JS: main=100, sub=513
12-15 13:54:53.884 9652 9707 D jswrapper: JS: 收到框架消息::513
12-15 13:54:53.884 9652 9707 D jswrapper: JS: [object Object]
12-15 13:54:53.884 9652 9707 D jswrapper: JS: main=100, sub=513
12-15 13:54:53.884 9652 9707 D jswrapper: JS: 收到框架消息::513
12-15 13:54:53.884 9652 9707 D jswrapper: JS: [object Object]
12-15 13:54:53.884 9652 9707 D jswrapper: JS: main=100, sub=513
12-15 13:54:53.884 9652 9707 D jswrapper: JS: 收到框架消息::513
12-15 13:54:53.885 9652 9707 D jswrapper: JS: [object Object]
12-15 13:54:53.885 9652 9707 D jswrapper: JS: main=100, sub=513
12-15 13:54:53.885 9652 9707 D jswrapper: JS: 收到框架消息::513
12-15 13:54:53.885 9652 9707 D jswrapper: JS: [object Object]
12-15 13:54:54.401 9652 9707 D jswrapper: JS: [object Object],[object Object],
[object Object],[object Object],[object Object],[object Object],[object Object],
[object Object],[object Object],[object Object],[object Object],[object Object],
[object Object],[object Object],[object Object],[object Object],[object Object],
[object Object],[object Object],[object Object],[object Object],[object Object],
[object Object],[object Object],[object Object],[object Object],[object Object],
[object Object],[object Object],[object Object]
12-15 13:54:54.401 9652 9707 D jswrapper: JS:
1,0,2,3,4,0,2,1,3,4,1,2,0,3,4,0,1,2,3,4,0,2,1,3,4,4,0,1,2,3
12-15 13:54:54.402 9652 9707 D jswrapper: JS: 1,4,6,8,13,14,16,29
12-15 13:54:54.402 9652 9707 D jswrapper: JS: 1,1,2,1,1,9,2,5
12-15 13:54:54.604 9652 9707 D jswrapper: JS: [object Object],[object Object],
[object Object],[object Object],[object Object],[object Object],[object Object],
[object Object],[object Object],[object Object],[object Object]
12-15 13:54:54.604 9652 9707 D jswrapper: JS: [object Object]
12-15 13:54:56.922 9652 9707 D jswrapper: JS: [object Object],[object Object],
[object Object],[object Object],[object Object],[object Object],[object Object],
[object Object],[object Object],[object Object],[object Object],[object Object],
[object Object],[object Object],[object Object],[object Object],[object Object],
[object Object],[object Object],[object Object],[object Object],[object Object],
[object Object],[object Object],[object Object],[object Object],[object Object],
[object Object],[object Object],[object Object]
12-15 13:54:56.922 9652 9707 D jswrapper: JS:
2,1,0,3,4,0,2,1,3,4,1,0,3,2,4,0,4,1,2,3,0,3,2,1,4,3,4,0,1,2
12-15 13:54:56.922 9652 9707 D jswrapper: JS: 1,2,3,4,8,12,13,20,22,23,27
12-15 13:54:56.922 9652 9707 D jswrapper: JS: 6,9,0,0,4,1,1,7,7,9,0
12-15 13:54:57.125 9652 9707 D jswrapper: JS: [object Object],[object Object],
[object Object],[object Object],[object Object],[object Object],[object Object],
[object Object],[object Object],[object Object]
12-15 13:54:57.125 9652 9707 D jswrapper: JS: [object Object]
12-15 13:54:58.731 9652 9707 D jswrapper: JS: main=200, sub=152
12-15 13:54:58.731 9652 9707 D jswrapper: JS: JACKPOT
12-15 13:54:58.732 9652 9707 D jswrapper: JS: JACKPOT:{"lJackPot":11799}
12-15 13:54:59.030 9652 9707 D jswrapper: JS: main=200, sub=152
12-15 13:54:59.030 9652 9707 D jswrapper: JS: JACKPOT
12-15 13:54:59.031 9652 9707 D jswrapper: JS: JACKPOT:{"lJackPot":11800}
12-15 13:54:59.432 9652 9707 D jswrapper: JS: [object Object],[object Object],
[object Object],[object Object],[object Object],[object Object],[object Object],
[object Object],[object Object],[object Object],[object Object],[object Object],
[object Object],[object Object],[object Object],[object Object],[object Object],
[object Object],[object Object],[object Object],[object Object],[object Object],
[object Object],[object Object],[object Object],[object Object],[object Object],
[object Object],[object Object],[object Object]
12-15 13:54:59.432 9652 9707 D jswrapper: JS:
2,1,0,3,4,1,3,0,2,4,1,0,3,2,4,0,4,1,2,3,0,3,2,1,4,0,1,2,3,4
12-15 13:54:59.433 9652 9707 D jswrapper: JS: 3,4,5,7,9,11,15,17,19,27
12-15 13:54:59.437 9652 9707 D jswrapper: JS: 8,6,9,3,9,9,3,7,6,1
12-15 13:54:59.648 9652 9707 D jswrapper: JS: [object Object],[object Object],
[object Object],[object Object],[object Object],[object Object]
12-15 13:54:59.648 9652 9707 D jswrapper: JS: [object Object]
12-15 13:54:59.872 9652 9707 D jswrapper: JS: main=200, sub=152
12-15 13:54:59.872 9652 9707 D jswrapper: JS: JACKPOT
12-15 13:54:59.872 9652 9707 D jswrapper: JS: JACKPOT:{"lJackPot":10778}
12-15 13:55:02.462 9652 9707 D jswrapper: JS: [object Object],[object Object],
[object Object],[object Object],[object Object],[object Object],[object Object],
[object Object],[object Object],[object Object],[object Object],[object Object],
[object Object],[object Object],[object Object],[object Object],[object Object],
[object Object],[object Object],[object Object],[object Object],[object Object],
[object Object],[object Object],[object Object],[object Object],[object Object],
[object Object],[object Object],[object Object]
12-15 13:55:02.463 9652 9707 D jswrapper: JS:
2,1,0,3,4,1,3,0,2,4,0,2,1,3,4,1,0,4,2,3,0,3,2,1,4,0,1,3,2,4
12-15 13:55:02.463 9652 9707 D jswrapper: JS: 2,5,9,11,14,23
12-15 13:55:02.464 9652 9707 D jswrapper: JS: 0,4,4,9,5,9
12-15 13:55:03.612 9652 9707 D jswrapper: JS: winTimes:7.25
12-15 13:55:03.613 9652 9707 D jswrapper: JS: showGameEnd
12-15 13:55:03.955 9652 9707 D jswrapper: JS: main=3, sub=530
12-15 13:55:03.955 9652 9707 D jswrapper: JS: [object Object]
12-15 13:55:03.956 9652 9707 D jswrapper: JS: 512
12-15 13:55:03.956 9652 9707 D jswrapper: JS: SendSocketData main:100 sub:512
12-15 13:55:03.980 9652 9707 D jswrapper: JS: main=100, sub=513
12-15 13:55:03.980 9652 9707 D jswrapper: JS: 收到框架消息::513
12-15 13:55:03.980 9652 9707 D jswrapper: JS: [object Object]
12-15 13:55:03.981 9652 9707 D jswrapper: JS: main=100, sub=513
12-15 13:55:03.981 9652 9707 D jswrapper: JS: 收到框架消息::513
12-15 13:55:03.982 9652 9707 D jswrapper: JS: [object Object]
12-15 13:55:03.982 9652 9707 D jswrapper: JS: main=100, sub=513
12-15 13:55:03.983 9652 9707 D jswrapper: JS: 收到框架消息::513
12-15 13:55:03.983 9652 9707 D jswrapper: JS: [object Object]
12-15 13:55:03.983 9652 9707 D jswrapper: JS: main=100, sub=513
12-15 13:55:03.983 9652 9707 D jswrapper: JS: 收到框架消息::513
12-15 13:55:03.983 9652 9707 D jswrapper: JS: [object Object]
12-15 13:55:03.984 9652 9707 D jswrapper: JS: main=100, sub=513
12-15 13:55:03.984 9652 9707 D jswrapper: JS: 收到框架消息::513
12-15 13:55:03.984 9652 9707 D jswrapper: JS: [object Object]
12-15 13:55:03.984 9652 9707 D jswrapper: JS: main=100, sub=513
12-15 13:55:03.984 9652 9707 D jswrapper: JS: 收到框架消息::513
12-15 13:55:03.985 9652 9707 D jswrapper: JS: [object Object]
12-15 13:55:03.985 9652 9707 D jswrapper: JS: main=100, sub=513
12-15 13:55:03.985 9652 9707 D jswrapper: JS: 收到框架消息::513
12-15 13:55:03.985 9652 9707 D jswrapper: JS: [object Object]
12-15 13:55:03.985 9652 9707 D jswrapper: JS: main=100, sub=513
12-15 13:55:03.988 9652 9707 D jswrapper: JS: 收到框架消息::513
12-15 13:55:03.988 9652 9707 D jswrapper: JS: [object Object]
12-15 13:55:03.989 9652 9707 D jswrapper: JS: main=100, sub=513
12-15 13:55:03.989 9652 9707 D jswrapper: JS: 收到框架消息::513
12-15 13:55:03.989 9652 9707 D jswrapper: JS: [object Object]
12-15 13:55:03.989 9652 9707 D jswrapper: JS: main=100, sub=513
12-15 13:55:03.989 9652 9707 D jswrapper: JS: 收到框架消息::513
12-15 13:55:03.990 9652 9707 D jswrapper: JS: [object Object]
12-15 13:55:06.640 9652 9652 I ViewRootImpl@c90193f[AppActivity]: ViewPostIme
pointer 0
12-15 13:55:06.730 9652 9652 I ViewRootImpl@c90193f[AppActivity]: ViewPostIme
pointer 1
12-15 13:55:06.756 9652 9707 D jswrapper: JS: SendSocketData main:200 sub:113
12-15 13:55:06.831 9652 9707 D jswrapper: JS: main=3, sub=101
12-15 13:55:06.831 9652 9707 D jswrapper: JS: GameBase onEventUserScore 用户积分
12-15 13:55:06.832 9652 9707 D jswrapper: JS: main=200, sub=149
12-15 13:55:06.832 9652 9707 D jswrapper: JS: SGLB::结果
12-15 13:55:06.832 9652 9707 D jswrapper: JS: [object Object]
12-15 13:55:06.832 9652 9707 D jswrapper: JS: setRollDatas
12-15 13:55:07.227 9652 9707 D jswrapper: JS: main=200, sub=152
12-15 13:55:07.227 9652 9707 D jswrapper: JS: JACKPOT
12-15 13:55:07.227 9652 9707 D jswrapper: JS: JACKPOT:{"lJackPot":11153}
12-15 13:55:07.350 9652 9707 D jswrapper: JS: openPrizes2
12-15 13:55:07.358 9652 9707 D jswrapper: JS: [object Object],[object Object],
[object Object],[object Object],[object Object],[object Object],[object Object],
[object Object],[object Object],[object Object],[object Object]
12-15 13:55:07.358 9652 9707 D jswrapper: JS: [object Object]
12-15 13:55:07.646 9652 9707 D jswrapper: JS: main=200, sub=152
12-15 13:55:07.646 9652 9707 D jswrapper: JS: JACKPOT
12-15 13:55:07.646 9652 9707 D jswrapper: JS: JACKPOT:{"lJackPot":11161}
12-15 13:55:09.595 9652 9707 D jswrapper: JS: main=200, sub=152
12-15 13:55:09.595 9652 9707 D jswrapper: JS: JACKPOT
12-15 13:55:09.595 9652 9707 D jswrapper: JS: JACKPOT:{"lJackPot":11470}
12-15 13:55:09.670 9652 9707 D jswrapper: JS: [object Object],[object Object],
[object Object],[object Object],[object Object],[object Object],[object Object],
[object Object],[object Object],[object Object],[object Object],[object Object],
[object Object],[object Object],[object Object],[object Object],[object Object],
[object Object],[object Object],[object Object],[object Object],[object Object],
[object Object],[object Object],[object Object],[object Object],[object Object],
[object Object],[object Object],[object Object]
12-15 13:55:09.671 9652 9707 D jswrapper: JS:
0,1,2,3,4,3,0,1,2,4,0,2,1,3,4,1,2,0,3,4,1,2,3,0,4,3,0,1,2,4
12-15 13:55:09.671 9652 9707 D jswrapper: JS: 0,2,6,9,10,14,15,16,19,22,23
12-15 13:55:09.672 9652 9707 D jswrapper: JS: 4,7,0,1,2,5,0,3,4,6,2
12-15 13:55:10.875 9652 9707 D jswrapper: JS: winTimes:0.75
12-15 13:55:10.876 9652 9707 D jswrapper: JS: showGameEnd
12-15 13:55:10.876 9652 9707 D jswrapper: JS: delayStartNextRoll
12-15 13:55:11.383 9652 9652 I ViewRootImpl@c90193f[AppActivity]: ViewPostIme
pointer 0
12-15 13:55:11.496 9652 9652 I ViewRootImpl@c90193f[AppActivity]: ViewPostIme
pointer 1
12-15 13:55:11.532 9652 9707 D jswrapper: JS: SendSocketData main:200 sub:113
12-15 13:55:11.585 9652 9707 D jswrapper: JS: main=3, sub=101
12-15 13:55:11.585 9652 9707 D jswrapper: JS: GameBase onEventUserScore 用户积分
12-15 13:55:11.586 9652 9707 D jswrapper: JS: main=200, sub=149
12-15 13:55:11.586 9652 9707 D jswrapper: JS: SGLB::结果
12-15 13:55:11.586 9652 9707 D jswrapper: JS: [object Object]
12-15 13:55:11.586 9652 9707 D jswrapper: JS: setRollDatas
12-15 13:55:12.130 9652 9707 D jswrapper: JS: openPrizes2
12-15 13:55:13.116 9652 9707 D jswrapper: JS: showGameEnd
12-15 13:55:13.116 9652 9707 D jswrapper: JS: delayStartNextRoll
12-15 13:55:13.366 9652 9652 I ViewRootImpl@c90193f[AppActivity]: ViewPostIme
pointer 0
12-15 13:55:13.454 9652 9652 I ViewRootImpl@c90193f[AppActivity]: ViewPostIme
pointer 1
12-15 13:55:13.507 9652 9707 D jswrapper: JS: SendSocketData main:200 sub:113
12-15 13:55:13.559 9652 9707 D jswrapper: JS: main=3, sub=101
12-15 13:55:13.560 9652 9707 D jswrapper: JS: GameBase onEventUserScore 用户积分
12-15 13:55:13.560 9652 9707 D jswrapper: JS: main=200, sub=149
12-15 13:55:13.560 9652 9707 D jswrapper: JS: SGLB::结果
12-15 13:55:13.560 9652 9707 D jswrapper: JS: [object Object]
12-15 13:55:13.560 9652 9707 D jswrapper: JS: setRollDatas
12-15 13:55:14.081 9652 9707 D jswrapper: JS: openPrizes2
12-15 13:55:14.089 9652 9707 D jswrapper: JS: [object Object],[object Object],
[object Object],[object Object],[object Object],[object Object],[object Object],
[object Object]
12-15 13:55:14.092 9652 9707 D jswrapper: JS: [object Object]
12-15 13:55:16.387 9652 9707 D jswrapper: JS: [object Object],[object Object],
[object Object],[object Object],[object Object],[object Object],[object Object],
[object Object],[object Object],[object Object],[object Object],[object Object],
[object Object],[object Object],[object Object],[object Object],[object Object],
[object Object],[object Object],[object Object],[object Object],[object Object],
[object Object],[object Object],[object Object],[object Object],[object Object],
[object Object],[object Object],[object Object]
12-15 13:55:16.388 9652 9707 D jswrapper: JS:
1,4,0,2,3,2,0,1,3,4,3,0,1,2,4,3,0,1,2,4,1,3,0,2,4,4,0,1,2,3
12-15 13:55:16.388 9652 9707 D jswrapper: JS: 6,10,13,20,21,22,24,29
12-15 13:55:16.388 9652 9707 D jswrapper: JS: 2,3,9,7,1,1,2,5
12-15 13:55:17.560 9652 9707 D jswrapper: JS: winTimes:0.25
12-15 13:55:17.560 9652 9707 D jswrapper: JS: showGameEnd
12-15 13:55:17.560 9652 9707 D jswrapper: JS: delayStartNextRoll
12-15 13:55:18.323 9652 9652 I ViewRootImpl@c90193f[AppActivity]: ViewPostIme
pointer 0
12-15 13:55:18.420 9652 9652 I ViewRootImpl@c90193f[AppActivity]: ViewPostIme
pointer 1
12-15 13:55:18.452 9652 9707 D jswrapper: JS: SendSocketData main:200 sub:113
12-15 13:55:18.502 9652 9707 D jswrapper: JS: main=3, sub=101
12-15 13:55:18.502 9652 9707 D jswrapper: JS: GameBase onEventUserScore 用户积分
12-15 13:55:18.502 9652 9707 D jswrapper: JS: main=200, sub=149
12-15 13:55:18.503 9652 9707 D jswrapper: JS: SGLB::结果
12-15 13:55:18.503 9652 9707 D jswrapper: JS: [object Object]
12-15 13:55:18.503 9652 9707 D jswrapper: JS: setRollDatas
12-15 13:55:19.047 9652 9707 D jswrapper: JS: openPrizes2
12-15 13:55:19.059 9652 9707 D jswrapper: JS: [object Object],[object Object],
[object Object],[object Object],[object Object],[object Object],[object Object],
[object Object],[object Object]
12-15 13:55:19.059 9652 9707 D jswrapper: JS: [object Object]
12-15 13:55:21.350 9652 9707 D jswrapper: JS: [object Object],[object Object],
[object Object],[object Object],[object Object],[object Object],[object Object],
[object Object],[object Object],[object Object],[object Object],[object Object],
[object Object],[object Object],[object Object],[object Object],[object Object],
[object Object],[object Object],[object Object],[object Object],[object Object],
[object Object],[object Object],[object Object],[object Object],[object Object],
[object Object],[object Object],[object Object]
12-15 13:55:21.350 9652 9707 D jswrapper: JS:
4,0,1,2,3,1,3,4,0,2,0,1,2,3,4,0,3,1,2,4,1,4,0,2,3,1,0,2,3,4
12-15 13:55:21.351 9652 9707 D jswrapper: JS: 3,7,10,11,19,21,24,25,28
12-15 13:55:21.351 9652 9707 D jswrapper: JS: 11,11,8,11,11,4,2,1,11
12-15 13:55:21.558 9652 9707 D jswrapper: JS: [object Object],[object Object],
[object Object],[object Object],[object Object],[object Object],[object Object],
[object Object]
12-15 13:55:21.558 9652 9707 D jswrapper: JS: [object Object]
12-15 13:55:22.175 9652 9707 D jswrapper: JS: main=200, sub=152
12-15 13:55:22.175 9652 9707 D jswrapper: JS: JACKPOT
12-15 13:55:22.176 9652 9707 D jswrapper: JS: JACKPOT:{"lJackPot":10912}
12-15 13:55:22.224 9652 9707 D jswrapper: JS: main=200, sub=152
12-15 13:55:22.225 9652 9707 D jswrapper: JS: JACKPOT
12-15 13:55:22.230 9652 9707 D jswrapper: JS: JACKPOT:{"lJackPot":10928}
12-15 13:55:23.116 9652 9707 D jswrapper: JS: main=200, sub=152
12-15 13:55:23.117 9652 9707 D jswrapper: JS: JACKPOT
12-15 13:55:23.117 9652 9707 D jswrapper: JS: JACKPOT:{"lJackPot":11085}
12-15 13:55:23.858 9652 9707 D jswrapper: JS: [object Object],[object Object],
[object Object],[object Object],[object Object],[object Object],[object Object],
[object Object],[object Object],[object Object],[object Object],[object Object],
[object Object],[object Object],[object Object],[object Object],[object Object],
[object Object],[object Object],[object Object],[object Object],[object Object],
[object Object],[object Object],[object Object],[object Object],[object Object],
[object Object],[object Object],[object Object]
12-15 13:55:23.858 9652 9707 D jswrapper: JS:
4,0,1,2,3,4,1,3,0,2,2,0,1,3,4,1,0,3,2,4,0,3,1,4,2,0,3,4,1,2
12-15 13:55:23.858 9652 9707 D jswrapper: JS: 4,5,9,14,22,23,25,29
12-15 13:55:23.858 9652 9707 D jswrapper: JS: 1,4,9,0,5,3,4,5
12-15 13:55:24.437 9652 9707 D jswrapper: JS: main=3, sub=530
12-15 13:55:24.437 9652 9707 D jswrapper: JS: [object Object]
12-15 13:55:24.477 9652 9707 D jswrapper: JS: 512
12-15 13:55:24.478 9652 9707 D jswrapper: JS: SendSocketData main:100 sub:512
12-15 13:55:24.518 9652 9707 D jswrapper: JS: main=100, sub=513
12-15 13:55:24.518 9652 9707 D jswrapper: JS: 收到框架消息::513
12-15 13:55:24.518 9652 9707 D jswrapper: JS: [object Object]
12-15 13:55:24.519 9652 9707 D jswrapper: JS: main=100, sub=513
12-15 13:55:24.519 9652 9707 D jswrapper: JS: 收到框架消息::513
12-15 13:55:24.519 9652 9707 D jswrapper: JS: [object Object]
12-15 13:55:24.520 9652 9707 D jswrapper: JS: main=100, sub=513
12-15 13:55:24.520 9652 9707 D jswrapper: JS: 收到框架消息::513
12-15 13:55:24.520 9652 9707 D jswrapper: JS: [object Object]
12-15 13:55:24.520 9652 9707 D jswrapper: JS: main=100, sub=513
12-15 13:55:24.520 9652 9707 D jswrapper: JS: 收到框架消息::513
12-15 13:55:24.521 9652 9707 D jswrapper: JS: [object Object]
12-15 13:55:24.525 9652 9707 D jswrapper: JS: main=100, sub=513
12-15 13:55:24.525 9652 9707 D jswrapper: JS: 收到框架消息::513
12-15 13:55:24.525 9652 9707 D jswrapper: JS: [object Object]
12-15 13:55:24.526 9652 9707 D jswrapper: JS: main=100, sub=513
12-15 13:55:24.526 9652 9707 D jswrapper: JS: 收到框架消息::513
12-15 13:55:24.526 9652 9707 D jswrapper: JS: [object Object]
12-15 13:55:24.527 9652 9707 D jswrapper: JS: main=100, sub=513
12-15 13:55:24.527 9652 9707 D jswrapper: JS: 收到框架消息::513
12-15 13:55:24.528 9652 9707 D jswrapper: JS: [object Object]
12-15 13:55:24.528 9652 9707 D jswrapper: JS: main=100, sub=513
12-15 13:55:24.528 9652 9707 D jswrapper: JS: 收到框架消息::513
12-15 13:55:24.529 9652 9707 D jswrapper: JS: [object Object]
12-15 13:55:24.530 9652 9707 D jswrapper: JS: main=100, sub=513
12-15 13:55:24.530 9652 9707 D jswrapper: JS: 收到框架消息::513
12-15 13:55:24.530 9652 9707 D jswrapper: JS: [object Object]
12-15 13:55:24.531 9652 9707 D jswrapper: JS: main=100, sub=513
12-15 13:55:24.531 9652 9707 D jswrapper: JS: 收到框架消息::513
12-15 13:55:24.531 9652 9707 D jswrapper: JS: [object Object]
12-15 13:55:25.035 9652 9707 D jswrapper: JS: winTimes:0.65
12-15 13:55:25.036 9652 9707 D jswrapper: JS: showGameEnd
12-15 13:55:25.036 9652 9707 D jswrapper: JS: delayStartNextRoll
12-15 13:55:26.073 9652 9707 D jswrapper: JS: main=200, sub=152
12-15 13:55:26.073 9652 9707 D jswrapper: JS: JACKPOT
12-15 13:55:26.073 9652 9707 D jswrapper: JS: JACKPOT:{"lJackPot":11254}
12-15 13:55:27.938 9652 9652 I ViewRootImpl@c90193f[AppActivity]: ViewPostIme
pointer 0
12-15 13:55:28.054 9652 9652 I ViewRootImpl@c90193f[AppActivity]: ViewPostIme
pointer 1
12-15 13:55:28.093 9652 9707 D jswrapper: JS: SendSocketData main:200 sub:113
12-15 13:55:28.143 9652 9707 D jswrapper: JS: main=3, sub=101
12-15 13:55:28.143 9652 9707 D jswrapper: JS: GameBase onEventUserScore 用户积分
12-15 13:55:28.144 9652 9707 D jswrapper: JS: main=200, sub=149
12-15 13:55:28.144 9652 9707 D jswrapper: JS: SGLB::结果
12-15 13:55:28.144 9652 9707 D jswrapper: JS: [object Object]
12-15 13:55:28.144 9652 9707 D jswrapper: JS: setRollDatas
12-15 13:55:28.144 9652 9707 D jswrapper: JS: main=3, sub=102
12-15 13:55:28.144 9652 9707 D jswrapper: JS:
OnSocketSubUserStatus::dwUserID::2727209
12-15 13:55:28.145 9652 9707 D jswrapper: JS: OnSocketSubUserStatus::UserStatus::
{"wTableID":7,"wChairID":0,"cbUserStatus":5}
12-15 13:55:28.145 9652 9707 D jswrapper: JS: UpdateUserItemStatus::以往数据::
{"wTableID":7,"wChairID":0,"cbUserStatus":2}
12-15 13:55:28.145 9652 9707 D jswrapper: JS: GameBase onEventUserStatus 用户状态
12-15 13:55:28.145 9652 9707 D jswrapper: JS: main=100, sub=401
12-15 13:55:28.145 9652 9707 D jswrapper: JS: 收到框架消息::401
12-15 13:55:28.145 9652 9707 D jswrapper: JS: 收到唯一对局码: (2111007167112332379)
12-15 13:55:28.145 9652 9707 D jswrapper: JS: main=3, sub=101
12-15 13:55:28.145 9652 9707 D jswrapper: JS: GameBase onEventUserScore 用户积分
12-15 13:55:28.148 9652 9707 D jswrapper: JS: main=3, sub=102
12-15 13:55:28.148 9652 9707 D jswrapper: JS:
OnSocketSubUserStatus::dwUserID::2727209
