12-15 14:01:51.177 9652 9684 D OpenGLRenderer: eglCreateWindowSurface
12-15 14:01:51.178 9652 9684 I BufferQueueProducer:
[ViewRootImpl@c90193f[AppActivity]#4(BLAST Consumer)4]
(id:25b400000004,api:1,p:9652,c:9652) queueBuffer: queued for the first time.
12-15 14:01:51.183 9652 9707 D jswrapper: JS: 512
12-15 14:01:51.183 9652 9707 D jswrapper: JS: SendSocketData main:100 sub:512
12-15 14:01:51.200 9652 9707 D jswrapper: JS: main=100, sub=100
12-15 14:01:51.200 9652 9707 D jswrapper: JS: 收到框架消息::100
12-15 14:01:51.200 9652 9707 D jswrapper: JS: main=3, sub=100
12-15 14:01:51.200 9652 9707 D jswrapper: JS: 增加用户:: dwUserID = 2727209
12-15 14:01:51.200 9652 9707 D jswrapper: JS: mIClientKernelSink onEventUserEnter
12-15 14:01:51.200 9652 9707 D jswrapper: JS: GameBase onEventUserEnter 用户进入
TableID = 8
12-15 14:01:51.201 9652 9707 D jswrapper: JS: main=3, sub=100
12-15 14:01:51.201 9652 9707 D jswrapper: JS: 增加用户:: dwUserID = 2727209
12-15 14:01:51.201 9652 9707 D jswrapper: JS: mIClientKernelSink onEventUserEnter
12-15 14:01:51.201 9652 9707 D jswrapper: JS: GameBase onEventUserEnter 用户进入
TableID = 8
12-15 14:01:51.201 9652 9707 D jswrapper: JS: main=100, sub=101
12-15 14:01:51.201 9652 9707 D jswrapper: JS: 收到框架消息::101
12-15 14:01:51.201 9652 9707 D jswrapper: JS: GameSence onEventSceneMessage 场景消

12-15 14:01:51.201 9652 9707 D jswrapper: JS: [object Object]
12-15 14:01:51.201 9652 9707 D jswrapper: JS: JACKPOT:{"nJetton":
[60,120,180,240,300],"lJackPot":13727}
12-15 14:01:51.202 9652 9707 D jswrapper: JS: main=100, sub=401
12-15 14:01:51.202 9652 9707 D jswrapper: JS: 收到框架消息::401
12-15 14:01:51.202 9652 9707 D jswrapper: JS: 收到唯一对局码: (2111008167112364526)
12-15 14:01:51.202 9652 9707 D jswrapper: JS: main=100, sub=513
12-15 14:01:51.202 9652 9707 D jswrapper: JS: 收到框架消息::513
12-15 14:01:51.204 9652 9707 D jswrapper: JS: [object Object]
12-15 14:01:51.207 9652 9707 D jswrapper: JS: main=100, sub=513
12-15 14:01:51.207 9652 9707 D jswrapper: JS: 收到框架消息::513
12-15 14:01:51.207 9652 9707 D jswrapper: JS: [object Object]
12-15 14:01:51.209 9652 9707 D jswrapper: JS: main=100, sub=513
12-15 14:01:51.209 9652 9707 D jswrapper: JS: 收到框架消息::513
12-15 14:01:51.209 9652 9707 D jswrapper: JS: [object Object]
12-15 14:01:51.209 9652 9707 D jswrapper: JS: main=100, sub=513
12-15 14:01:51.209 9652 9707 D jswrapper: JS: 收到框架消息::513
12-15 14:01:51.209 9652 9707 D jswrapper: JS: [object Object]
12-15 14:01:51.209 9652 9707 D jswrapper: JS: main=100, sub=513
12-15 14:01:51.209 9652 9707 D jswrapper: JS: 收到框架消息::513
12-15 14:01:51.209 9652 9707 D jswrapper: JS: [object Object]
12-15 14:01:51.209 9652 9707 D jswrapper: JS: main=100, sub=513
12-15 14:01:51.209 9652 9707 D jswrapper: JS: 收到框架消息::513
12-15 14:01:51.209 9652 9707 D jswrapper: JS: [object Object]
12-15 14:01:51.209 9652 9707 D jswrapper: JS: main=100, sub=513
12-15 14:01:51.209 9652 9707 D jswrapper: JS: 收到框架消息::513
12-15 14:01:51.209 9652 9707 D jswrapper: JS: [object Object]
12-15 14:01:51.209 9652 9707 D jswrapper: JS: main=100, sub=513
12-15 14:01:51.209 9652 9707 D jswrapper: JS: 收到框架消息::513
12-15 14:01:51.209 9652 9707 D jswrapper: JS: [object Object]
12-15 14:01:51.209 9652 9707 D jswrapper: JS: main=100, sub=513
12-15 14:01:51.209 9652 9707 D jswrapper: JS: 收到框架消息::513
12-15 14:01:51.210 9652 9707 D jswrapper: JS: [object Object]
12-15 14:01:51.210 9652 9707 D jswrapper: JS: main=100, sub=513
12-15 14:01:51.210 9652 9707 D jswrapper: JS: 收到框架消息::513
12-15 14:01:51.210 9652 9707 D jswrapper: JS: [object Object]
12-15 14:01:51.210 9652 9707 D ame.frtslots:p: PlayerBase::PlayerBase()
12-15 14:01:51.211 9652 9707 D ame.frtslots:p: TrackPlayerBase::TrackPlayerBase()
12-15 14:01:52.267 9652 9652 I ViewRootImpl@c90193f[AppActivity]: ViewPostIme
pointer 0
12-15 14:01:52.315 9652 9652 I ViewRootImpl@c90193f[AppActivity]: ViewPostIme
pointer 1
12-15 14:01:52.360 9652 9707 D jswrapper: JS: SendSocketData main:200 sub:113
12-15 14:01:52.411 9652 9707 D jswrapper: JS: main=3, sub=101
12-15 14:01:52.412 9652 9707 D jswrapper: JS: GameBase onEventUserScore 用户积分
12-15 14:01:52.461 9652 9707 D jswrapper: JS: main=200, sub=149
12-15 14:01:52.462 9652 9707 D jswrapper: JS: SGLB::结果
12-15 14:01:52.462 9652 9707 D jswrapper: JS: [object Object]
12-15 14:01:52.462 9652 9707 D jswrapper: JS: setRollDatas
12-15 14:01:52.463 9652 9707 D jswrapper: JS: main=200, sub=152
12-15 14:01:52.463 9652 9707 D jswrapper: JS: JACKPOT
12-15 14:01:52.463 9652 9707 D jswrapper: JS: JACKPOT:{"lJackPot":13853}
12-15 14:01:52.955 9652 9707 D jswrapper: JS: openPrizes2
12-15 14:01:53.928 9652 9707 D jswrapper: JS: showGameEnd
12-15 14:01:53.928 9652 9707 D jswrapper: JS: delayStartNextRoll
12-15 14:01:55.308 9652 9652 I ViewRootImpl@c90193f[AppActivity]: ViewPostIme
pointer 0
12-15 14:01:55.381 9652 9652 I ViewRootImpl@c90193f[AppActivity]: ViewPostIme
pointer 1
12-15 14:01:55.408 9652 9707 D jswrapper: JS: SendSocketData main:200 sub:113
12-15 14:01:55.434 9652 9707 D jswrapper: JS: main=3, sub=101
12-15 14:01:55.434 9652 9707 D jswrapper: JS: GameBase onEventUserScore 用户积分
12-15 14:01:55.435 9652 9707 D jswrapper: JS: main=200, sub=149
12-15 14:01:55.435 9652 9707 D jswrapper: JS: SGLB::结果
12-15 14:01:55.435 9652 9707 D jswrapper: JS: [object Object]
12-15 14:01:55.435 9652 9707 D jswrapper: JS: setRollDatas
12-15 14:01:56.001 9652 9707 D jswrapper: JS: openPrizes2
12-15 14:01:56.004 9652 9707 D jswrapper: JS: [object Object],[object Object],
[object Object],[object Object],[object Object],[object Object],[object Object],
[object Object],[object Object]
12-15 14:01:56.005 9652 9707 D jswrapper: JS: [object Object]
12-15 14:01:58.319 9652 9707 D jswrapper: JS: [object Object],[object Object],
[object Object],[object Object],[object Object],[object Object],[object Object],
[object Object],[object Object],[object Object],[object Object],[object Object],
[object Object],[object Object],[object Object],[object Object],[object Object],
[object Object],[object Object],[object Object],[object Object],[object Object],
[object Object],[object Object],[object Object],[object Object],[object Object],
[object Object],[object Object],[object Object]
12-15 14:01:58.320 9652 9707 D jswrapper: JS:
3,0,1,2,4,2,0,1,3,4,0,1,2,3,4,2,0,1,3,4,1,3,4,0,2,0,1,3,2,4
12-15 14:01:58.321 9652 9707 D jswrapper: JS: 5,10,11,13,15,18,22,23,28
12-15 14:01:58.321 9652 9707 D jswrapper: JS: 2,11,1,2,0,1,9,0,5
12-15 14:01:58.538 9652 9707 D jswrapper: JS: [object Object],[object Object],
[object Object],[object Object],[object Object],[object Object],[object Object],
[object Object]
12-15 14:01:58.538 9652 9707 D jswrapper: JS: [object Object]
12-15 14:02:00.106 9652 9707 D jswrapper: JS: main=200, sub=152
12-15 14:02:00.107 9652 9707 D jswrapper: JS: JACKPOT
12-15 14:02:00.107 9652 9707 D jswrapper: JS: JACKPOT:{"lJackPot":12905}
12-15 14:02:00.823 9652 9707 D jswrapper: JS: [object Object],[object Object],
[object Object],[object Object],[object Object],[object Object],[object Object],
[object Object],[object Object],[object Object],[object Object],[object Object],
[object Object],[object Object],[object Object],[object Object],[object Object],
[object Object],[object Object],[object Object],[object Object],[object Object],
[object Object],[object Object],[object Object],[object Object],[object Object],
[object Object],[object Object],[object Object]
12-15 14:02:00.824 9652 9707 D jswrapper: JS:
3,2,0,1,4,0,3,2,1,4,3,0,1,2,4,2,0,1,3,4,2,1,3,4,0,1,2,0,3,4
12-15 14:02:00.824 9652 9707 D jswrapper: JS: 1,11,12,16,17,18,19,20
12-15 14:02:00.824 9652 9707 D jswrapper: JS: 0,2,9,2,1,2,0,6
12-15 14:02:01.562 9652 9707 D jswrapper: JS: main=3, sub=530
12-15 14:02:01.563 9652 9707 D jswrapper: JS: [object Object]
12-15 14:02:01.596 9652 9707 D jswrapper: JS: 512
12-15 14:02:01.596 9652 9707 D jswrapper: JS: SendSocketData main:100 sub:512
12-15 14:02:01.639 9652 9707 D jswrapper: JS: main=100, sub=513
12-15 14:02:01.640 9652 9707 D jswrapper: JS: 收到框架消息::513
12-15 14:02:01.640 9652 9707 D jswrapper: JS: [object Object]
12-15 14:02:01.640 9652 9707 D jswrapper: JS: main=100, sub=513
12-15 14:02:01.644 9652 9707 D jswrapper: JS: 收到框架消息::513
12-15 14:02:01.644 9652 9707 D jswrapper: JS: [object Object]
12-15 14:02:01.644 9652 9707 D jswrapper: JS: main=100, sub=513
12-15 14:02:01.644 9652 9707 D jswrapper: JS: 收到框架消息::513
12-15 14:02:01.644 9652 9707 D jswrapper: JS: [object Object]
12-15 14:02:01.644 9652 9707 D jswrapper: JS: main=100, sub=513
12-15 14:02:01.645 9652 9707 D jswrapper: JS: 收到框架消息::513
12-15 14:02:01.645 9652 9707 D jswrapper: JS: [object Object]
12-15 14:02:01.645 9652 9707 D jswrapper: JS: main=100, sub=513
12-15 14:02:01.645 9652 9707 D jswrapper: JS: 收到框架消息::513
12-15 14:02:01.645 9652 9707 D jswrapper: JS: [object Object]
12-15 14:02:01.645 9652 9707 D jswrapper: JS: main=100, sub=513
12-15 14:02:01.645 9652 9707 D jswrapper: JS: 收到框架消息::513
12-15 14:02:01.645 9652 9707 D jswrapper: JS: [object Object]
12-15 14:02:01.645 9652 9707 D jswrapper: JS: main=100, sub=513
12-15 14:02:01.646 9652 9707 D jswrapper: JS: 收到框架消息::513
12-15 14:02:01.646 9652 9707 D jswrapper: JS: [object Object]
12-15 14:02:01.646 9652 9707 D jswrapper: JS: main=100, sub=513
12-15 14:02:01.646 9652 9707 D jswrapper: JS: 收到框架消息::513
12-15 14:02:01.646 9652 9707 D jswrapper: JS: [object Object]
12-15 14:02:01.646 9652 9707 D jswrapper: JS: main=100, sub=513
12-15 14:02:01.646 9652 9707 D jswrapper: JS: 收到框架消息::513
12-15 14:02:01.646 9652 9707 D jswrapper: JS: [object Object]
12-15 14:02:01.647 9652 9707 D jswrapper: JS: main=100, sub=513
12-15 14:02:01.647 9652 9707 D jswrapper: JS: 收到框架消息::513
12-15 14:02:01.647 9652 9707 D jswrapper: JS: [object Object]
12-15 14:02:02.003 9652 9707 D jswrapper: JS: winTimes:0.65
12-15 14:02:02.003 9652 9707 D jswrapper: JS: showGameEnd
12-15 14:02:02.003 9652 9707 D jswrapper: JS: delayStartNextRoll
12-15 14:02:04.689 9652 9652 I ViewRootImpl@c90193f[AppActivity]: ViewPostIme
pointer 0
12-15 14:02:04.770 9652 9652 I ViewRootImpl@c90193f[AppActivity]: ViewPostIme
pointer 1
12-15 14:02:04.804 9652 9707 D jswrapper: JS: SendSocketData main:200 sub:113
12-15 14:02:04.854 9652 9707 D jswrapper: JS: main=3, sub=101
12-15 14:02:04.854 9652 9707 D jswrapper: JS: GameBase onEventUserScore 用户积分
12-15 14:02:04.855 9652 9707 D jswrapper: JS: main=200, sub=149
12-15 14:02:04.855 9652 9707 D jswrapper: JS: SGLB::结果
12-15 14:02:04.855 9652 9707 D jswrapper: JS: [object Object]
12-15 14:02:04.855 9652 9707 D jswrapper: JS: setRollDatas
12-15 14:02:04.856 9652 9707 D jswrapper: JS: main=200, sub=152
12-15 14:02:04.858 9652 9707 D jswrapper: JS: JACKPOT
12-15 14:02:04.858 9652 9707 D jswrapper: JS: JACKPOT:{"lJackPot":12009}
12-15 14:02:05.125 9652 9707 D jswrapper: JS: main=200, sub=152
12-15 14:02:05.125 9652 9707 D jswrapper: JS: JACKPOT
12-15 14:02:05.125 9652 9707 D jswrapper: JS: JACKPOT:{"lJackPot":10903}
12-15 14:02:05.395 9652 9707 D jswrapper: JS: openPrizes2
12-15 14:02:05.405 9652 9707 D jswrapper: JS: [object Object],[object Object],
[object Object],[object Object],[object Object],[object Object]
12-15 14:02:05.406 9652 9707 D jswrapper: JS: [object Object]
12-15 14:02:08.220 9652 9707 D jswrapper: JS: [object Object],[object Object],
[object Object],[object Object],[object Object],[object Object],[object Object],
[object Object],[object Object],[object Object],[object Object],[object Object],
[object Object],[object Object],[object Object],[object Object],[object Object],
[object Object],[object Object],[object Object],[object Object],[object Object],
[object Object],[object Object],[object Object],[object Object],[object Object],
[object Object],[object Object],[object Object]
12-15 14:02:08.220 9652 9707 D jswrapper: JS:
0,1,2,3,4,0,1,2,3,4,0,1,2,3,4,0,2,1,3,4,3,4,0,1,2,3,0,1,2,4
12-15 14:02:08.220 9652 9707 D jswrapper: JS: 0,3,15,22,23,28
12-15 14:02:08.220 9652 9707 D jswrapper: JS: 11,8,1,0,5,4
12-15 14:02:09.383 9652 9707 D jswrapper: JS: winTimes:5
12-15 14:02:09.386 9652 9707 D jswrapper: JS: showGameEnd
12-15 14:02:10.042 9652 9707 D jswrapper: JS: main=200, sub=152
12-15 14:02:10.042 9652 9707 D jswrapper: JS: JACKPOT
12-15 14:02:10.042 9652 9707 D jswrapper: JS: JACKPOT:{"lJackPot":11097}
12-15 14:02:10.662 9652 9707 D jswrapper: JS: main=200, sub=152
12-15 14:02:10.666 9652 9707 D jswrapper: JS: JACKPOT
12-15 14:02:10.666 9652 9707 D jswrapper: JS: JACKPOT:{"lJackPot":11105}
12-15 14:02:11.282 9652 9707 D jswrapper: JS: main=200, sub=152
12-15 14:02:11.282 9652 9707 D jswrapper: JS: JACKPOT
12-15 14:02:11.283 9652 9707 D jswrapper: JS: JACKPOT:{"lJackPot":11113}
12-15 14:02:11.459 9652 9652 I ViewRootImpl@c90193f[AppActivity]: ViewPostIme
pointer 0
12-15 14:02:11.523 9652 9652 I ViewRootImpl@c90193f[AppActivity]: ViewPostIme
pointer 1
12-15 14:02:11.561 9652 9707 D jswrapper: JS: SendSocketData main:200 sub:113
12-15 14:02:11.613 9652 9707 D jswrapper: JS: main=3, sub=101
12-15 14:02:11.613 9652 9707 D jswrapper: JS: GameBase onEventUserScore 用户积分
12-15 14:02:11.613 9652 9707 D jswrapper: JS: main=200, sub=149
12-15 14:02:11.614 9652 9707 D jswrapper: JS: SGLB::结果
12-15 14:02:11.614 9652 9707 D jswrapper: JS: [object Object]
12-15 14:02:11.614 9652 9707 D jswrapper: JS: setRollDatas
12-15 14:02:11.787 9652 9707 D jswrapper: JS: main=3, sub=530
12-15 14:02:11.790 9652 9707 D jswrapper: JS: [object Object]
12-15 14:02:11.790 9652 9707 D jswrapper: JS: 512
12-15 14:02:11.791 9652 9707 D jswrapper: JS: SendSocketData main:100 sub:512
12-15 14:02:11.812 9652 9707 D jswrapper: JS: main=100, sub=513
12-15 14:02:11.812 9652 9707 D jswrapper: JS: 收到框架消息::513
12-15 14:02:11.812 9652 9707 D jswrapper: JS: [object Object]
12-15 14:02:11.813 9652 9707 D jswrapper: JS: main=100, sub=513
12-15 14:02:11.813 9652 9707 D jswrapper: JS: 收到框架消息::513
12-15 14:02:11.813 9652 9707 D jswrapper: JS: [object Object]
12-15 14:02:11.813 9652 9707 D jswrapper: JS: main=100, sub=513
12-15 14:02:11.813 9652 9707 D jswrapper: JS: 收到框架消息::513
12-15 14:02:11.813 9652 9707 D jswrapper: JS: [object Object]
12-15 14:02:11.814 9652 9707 D jswrapper: JS: main=100, sub=513
12-15 14:02:11.814 9652 9707 D jswrapper: JS: 收到框架消息::513
12-15 14:02:11.814 9652 9707 D jswrapper: JS: [object Object]
12-15 14:02:11.814 9652 9707 D jswrapper: JS: main=100, sub=513
12-15 14:02:11.814 9652 9707 D jswrapper: JS: 收到框架消息::513
12-15 14:02:11.814 9652 9707 D jswrapper: JS: [object Object]
12-15 14:02:11.814 9652 9707 D jswrapper: JS: main=100, sub=513
12-15 14:02:11.815 9652 9707 D jswrapper: JS: 收到框架消息::513
12-15 14:02:11.815 9652 9707 D jswrapper: JS: [object Object]
12-15 14:02:11.815 9652 9707 D jswrapper: JS: main=100, sub=513
12-15 14:02:11.815 9652 9707 D jswrapper: JS: 收到框架消息::513
12-15 14:02:11.815 9652 9707 D jswrapper: JS: [object Object]
12-15 14:02:11.815 9652 9707 D jswrapper: JS: main=100, sub=513
12-15 14:02:11.815 9652 9707 D jswrapper: JS: 收到框架消息::513
12-15 14:02:11.815 9652 9707 D jswrapper: JS: [object Object]
12-15 14:02:11.816 9652 9707 D jswrapper: JS: main=100, sub=513
12-15 14:02:11.816 9652 9707 D jswrapper: JS: 收到框架消息::513
12-15 14:02:11.816 9652 9707 D jswrapper: JS: [object Object]
12-15 14:02:11.816 9652 9707 D jswrapper: JS: main=100, sub=513
12-15 14:02:11.816 9652 9707 D jswrapper: JS: 收到框架消息::513
12-15 14:02:11.816 9652 9707 D jswrapper: JS: [object Object]
12-15 14:02:12.158 9652 9707 D jswrapper: JS: openPrizes2
12-15 14:02:12.206 9652 9707 D jswrapper: JS: main=200, sub=152
12-15 14:02:12.207 9652 9707 D jswrapper: JS: JACKPOT
12-15 14:02:12.207 9652 9707 D jswrapper: JS: JACKPOT:{"lJackPot":11143}
12-15 14:02:13.169 9652 9707 D jswrapper: JS: showGameEnd
12-15 14:02:13.170 9652 9707 D jswrapper: JS: delayStartNextRoll
12-15 14:02:13.341 9652 9652 I ViewRootImpl@c90193f[AppActivity]: ViewPostIme
pointer 0
12-15 14:02:13.405 9652 9652 I ViewRootImpl@c90193f[AppActivity]: ViewPostIme
pointer 1
12-15 14:02:14.440 9652 9652 I ViewRootImpl@c90193f[AppActivity]: ViewPostIme
pointer 0
12-15 14:02:14.504 9652 9652 I ViewRootImpl@c90193f[AppActivity]: ViewPostIme
pointer 1
12-15 14:02:14.555 9652 9707 D jswrapper: JS: SendSocketData main:200 sub:113
12-15 14:02:14.582 9652 9707 D jswrapper: JS: main=3, sub=101
12-15 14:02:14.582 9652 9707 D jswrapper: JS: GameBase onEventUserScore 用户积分
12-15 14:02:14.583 9652 9707 D jswrapper: JS: main=200, sub=149
12-15 14:02:14.583 9652 9707 D jswrapper: JS: SGLB::结果
12-15 14:02:14.583 9652 9707 D jswrapper: JS: [object Object]
12-15 14:02:14.583 9652 9707 D jswrapper: JS: setRollDatas
12-15 14:02:15.148 9652 9707 D jswrapper: JS: openPrizes2
12-15 14:02:15.158 9652 9707 D jswrapper: JS: [object Object],[object Object],
[object Object],[object Object],[object Object],[object Object],[object Object],
[object Object],[object Object]
12-15 14:02:15.158 9652 9707 D jswrapper: JS: [object Object]
12-15 14:02:15.468 9652 9707 D jswrapper: JS: main=200, sub=152
12-15 14:02:15.468 9652 9707 D jswrapper: JS: JACKPOT
12-15 14:02:15.472 9652 9707 D jswrapper: JS: JACKPOT:{"lJackPot":11277}
12-15 14:02:17.471 9652 9707 D jswrapper: JS: [object Object],[object Object],
[object Object],[object Object],[object Object],[object Object],[object Object],
[object Object],[object Object],[object Object],[object Object],[object Object],
[object Object],[object Object],[object Object],[object Object],[object Object],
[object Object],[object Object],[object Object],[object Object],[object Object],
[object Object],[object Object],[object Object],[object Object],[object Object],
[object Object],[object Object],[object Object]
12-15 14:02:17.471 9652 9707 D jswrapper: JS:
1,0,2,3,4,0,1,2,3,4,0,4,1,2,3,0,1,2,3,4,3,0,1,2,4,1,0,2,3,4
12-15 14:02:17.472 9652 9707 D jswrapper: JS: 1,2,3,6,7,9,11,22,26
12-15 14:02:17.472 9652 9707 D jswrapper: JS: 2,3,1,9,0,1,0,3,0
12-15 14:02:17.683 9652 9707 D jswrapper: JS: [object Object],[object Object],
[object Object],[object Object],[object Object],[object Object],[object Object],
[object Object],[object Object]
12-15 14:02:17.683 9652 9707 D jswrapper: JS: [object Object]
12-15 14:02:19.995 9652 9707 D jswrapper: JS: [object Object],[object Object],
[object Object],[object Object],[object Object],[object Object],[object Object],
[object Object],[object Object],[object Object],[object Object],[object Object],
[object Object],[object Object],[object Object],[object Object],[object Object],
[object Object],[object Object],[object Object],[object Object],[object Object],
[object Object],[object Object],[object Object],[object Object],[object Object],
[object Object],[object Object],[object Object]
12-15 14:02:20.002 9652 9707 D jswrapper: JS:
3,1,0,2,4,2,4,0,1,3,2,3,0,4,1,0,1,3,2,4,3,0,1,2,4,2,1,0,3,4
12-15 14:02:20.002 9652 9707 D jswrapper: JS: 3,9,13,14,17,18,20,21,25
12-15 14:02:20.002 9652 9707 D jswrapper: JS: 3,2,7,9,3,1,6,2,5
12-15 14:02:20.198 9652 9707 D jswrapper: JS: [object Object],[object Object],
[object Object],[object Object],[object Object],[object Object],[object Object],
[object Object]
12-15 14:02:20.198 9652 9707 D jswrapper: JS: [object Object]
12-15 14:02:21.731 9652 9707 D jswrapper: JS: main=200, sub=152
12-15 14:02:21.732 9652 9707 D jswrapper: JS: JACKPOT
12-15 14:02:21.732 9652 9707 D jswrapper: JS: JACKPOT:{"lJackPot":11580}
12-15 14:02:22.515 9652 9707 D jswrapper: JS: [object Object],[object Object],
[object Object],[object Object],[object Object],[object Object],[object Object],
[object Object],[object Object],[object Object],[object Object],[object Object],
[object Object],[object Object],[object Object],[object Object],[object Object],
[object Object],[object Object],[object Object],[object Object],[object Object],
[object Object],[object Object],[object Object],[object Object],[object Object],
[object Object],[object Object],[object Object]
12-15 14:02:22.515 9652 9707 D jswrapper: JS:
4,3,1,0,2,0,2,4,1,3,1,2,3,0,4,1,3,4,0,2,2,3,0,1,4,4,2,1,0,3
12-15 14:02:22.515 9652 9707 D jswrapper: JS: 1,8,9,16,21,24,27,29
12-15 14:02:22.515 9652 9707 D jswrapper: JS: 1,8,9,1,1,8,8,6
12-15 14:02:23.686 9652 9707 D jswrapper: JS: winTimes:1.15
12-15 14:02:23.686 9652 9707 D jswrapper: JS: showGameEnd
12-15 14:02:23.686 9652 9707 D jswrapper: JS: delayStartNextRoll
12-15 14:02:23.965 9652 9652 D batteryLevel: 49
12-15 14:02:24.014 9652 9652 I ViewRootImpl@c90193f[AppActivity]: ViewPostIme
pointer 0
12-15 14:02:24.161 9652 9652 I ViewRootImpl@c90193f[AppActivity]: ViewPostIme
pointer 1
12-15 14:02:24.200 9652 9707 D jswrapper: JS: SendSocketData main:200 sub:113
12-15 14:02:24.226 9652 9707 D jswrapper: JS: main=200, sub=152
12-15 14:02:24.226 9652 9707 D jswrapper: JS: JACKPOT
12-15 14:02:24.226 9652 9707 D jswrapper: JS: JACKPOT:{"lJackPot":11647}
12-15 14:02:24.251 9652 9707 D jswrapper: JS: main=3, sub=101
12-15 14:02:24.254 9652 9707 D jswrapper: JS: GameBase onEventUserScore 用户积分
12-15 14:02:24.254 9652 9707 D jswrapper: JS: main=200, sub=149
12-15 14:02:24.255 9652 9707 D jswrapper: JS: SGLB::结果
12-15 14:02:24.255 9652 9707 D jswrapper: JS: [object Object]
12-15 14:02:24.255 9652 9707 D jswrapper: JS: setRollDatas
12-15 14:02:24.503 9652 9707 D jswrapper: JS: main=200, sub=152
12-15 14:02:24.503 9652 9707 D jswrapper: JS: JACKPOT
12-15 14:02:24.503 9652 9707 D jswrapper: JS: JACKPOT:{"lJackPot":11687}
12-15 14:02:24.793 9652 9707 D jswrapper: JS: openPrizes2
12-15 14:02:24.803 9652 9707 D jswrapper: JS: [object Object],[object Object],
[object Object],[object Object],[object Object],[object Object],[object Object],
[object Object],[object Object],[object Object],[object Object],[object Object]
12-15 14:02:24.803 9652 9707 D jswrapper: JS: [object Object]
12-15 14:02:26.009 9652 9707 D jswrapper: JS: main=200, sub=152
12-15 14:02:26.009 9652 9707 D jswrapper: JS: JACKPOT
12-15 14:02:26.009 9652 9707 D jswrapper: JS: JACKPOT:{"lJackPot":11780}
12-15 14:02:26.431 9652 9707 D debug info: Fail to play
assets/OLYMPUS/assets/native/2c/2ccb6473-2f91-440b-8cb1-7dd05db49996.mp3 cause by
limited max instance of AudioEngine
12-15 14:02:27.109 9652 9707 D jswrapper: JS: [object Object],[object Object],
[object Object],[object Object],[object Object],[object Object],[object Object],
[object Object],[object Object],[object Object],[object Object],[object Object],
[object Object],[object Object],[object Object],[object Object],[object Object],
[object Object],[object Object],[object Object],[object Object],[object Object],
[object Object],[object Object],[object Object],[object Object],[object Object],
[object Object],[object Object],[object Object]
12-15 14:02:27.110 9652 9707 D jswrapper: JS:
1,4,0,2,3,1,2,4,0,3,2,4,0,1,3,0,2,1,3,4,1,2,0,3,4,4,0,1,2,3
12-15 14:02:27.110 9652 9707 D jswrapper: JS: 3,6,7,10,13,14,15,16,24,25,26,29
12-15 14:02:27.110 9652 9707 D jswrapper: JS: 9,7,4,0,0,2,4,6,7,0,4,2
12-15 14:02:28.290 9652 9707 D jswrapper: JS: winTimes:0.75
12-15 14:02:28.290 9652 9707 D jswrapper: JS: showGameEnd
12-15 14:02:28.290 9652 9707 D jswrapper: JS: delayStartNextRoll
12-15 14:02:31.141 9652 9707 D jswrapper: JS: main=200, sub=152
12-15 14:02:31.141 9652 9707 D jswrapper: JS: JACKPOT
12-15 14:02:31.141 9652 9707 D jswrapper: JS: JACKPOT:{"lJackPot":10850}
12-15 14:02:32.175 9652 9707 D jswrapper: JS: main=3, sub=530
12-15 14:02:32.175 9652 9707 D jswrapper: JS: [object Object]
12-15 14:02:32.213 9652 9707 D jswrapper: JS: 512
12-15 14:02:32.213 9652 9707 D jswrapper: JS: SendSocketData main:100 sub:512
12-15 14:02:32.253 9652 9707 D jswrapper: JS: main=100, sub=513
12-15 14:02:32.254 9652 9707 D jswrapper: JS: 收到框架消息::513
12-15 14:02:32.254 9652 9707 D jswrapper: JS: [object Object]
12-15 14:02:32.255 9652 9707 D jswrapper: JS: main=100, sub=513
12-15 14:02:32.256 9652 9707 D jswrapper: JS: 收到框架消息::513
12-15 14:02:32.256 9652 9707 D jswrapper: JS: [object Object]
12-15 14:02:32.256 9652 9707 D jswrapper: JS: main=100, sub=513
12-15 14:02:32.257 9652 9707 D jswrapper: JS: 收到框架消息::513
12-15 14:02:32.257 9652 9707 D jswrapper: JS: [object Object]
12-15 14:02:32.257 9652 9707 D jswrapper: JS: main=100, sub=513
12-15 14:02:32.257 9652 9707 D jswrapper: JS: 收到框架消息::513
12-15 14:02:32.258 9652 9707 D jswrapper: JS: [object Object]
12-15 14:02:32.258 9652 9707 D jswrapper: JS: main=100, sub=513
12-15 14:02:32.258 9652 9707 D jswrapper: JS: 收到框架消息::513
12-15 14:02:32.258 9652 9707 D jswrapper: JS: [object Object]
12-15 14:02:32.259 9652 9707 D jswrapper: JS: main=100, sub=513
12-15 14:02:32.259 9652 9707 D jswrapper: JS: 收到框架消息::513
12-15 14:02:32.259 9652 9707 D jswrapper: JS: [object Object]
12-15 14:02:32.259 9652 9707 D jswrapper: JS: main=100, sub=513
12-15 14:02:32.259 9652 9707 D jswrapper: JS: 收到框架消息::513
12-15 14:02:32.260 9652 9707 D jswrapper: JS: [object Object]
12-15 14:02:32.260 9652 9707 D jswrapper: JS: main=100, sub=513
12-15 14:02:32.260 9652 9707 D jswrapper: JS: 收到框架消息::513
12-15 14:02:32.265 9652 9707 D jswrapper: JS: [object Object]
12-15 14:02:32.266 9652 9707 D jswrapper: JS: main=100, sub=513
12-15 14:02:32.266 9652 9707 D jswrapper: JS: 收到框架消息::513
12-15 14:02:32.266 9652 9707 D jswrapper: JS: [object Object]
12-15 14:02:32.267 9652 9707 D jswrapper: JS: main=100, sub=513
12-15 14:02:32.267 9652 9707 D jswrapper: JS: 收到框架消息::513
12-15 14:02:32.267 9652 9707 D jswrapper: JS: [object Object]
12-15 14:02:35.644 9652 9707 D jswrapper: JS: main=200, sub=152
12-15 14:02:35.645 9652 9707 D jswrapper: JS: JACKPOT
12-15 14:02:35.645 9652 9707 D jswrapper: JS: JACKPOT:{"lJackPot":11098}
12-15 14:02:38.206 9652 9707 D jswrapper: JS: main=200, sub=152
12-15 14:02:38.206 9652 9707 D jswrapper: JS: JACKPOT
12-15 14:02:38.206 9652 9707 D jswrapper: JS: JACKPOT:{"lJackPot":11205}
12-15 14:02:41.703 9652 9707 D jswrapper: JS: main=200, sub=152
12-15 14:02:41.708 9652 9707 D jswrapper: JS: JACKPOT
12-15 14:02:41.708 9652 9707 D jswrapper: JS: JACKPOT:{"lJackPot":11297}
12-15 14:02:45.791 9652 9707 D jswrapper: JS: main=200, sub=152
12-15 14:02:45.792 9652 9707 D jswrapper: JS: JACKPOT
12-15 14:02:45.792 9652 9707 D jswrapper: JS: JACKPOT:{"lJackPot":11539}
12-15 14:02:46.791 9652 9652 I ViewRootImpl@c90193f[AppActivity]: ViewPostIme
pointer 0
12-15 14:02:46.881 9652 9652 I ViewRootImpl@c90193f[AppActivity]: ViewPostIme
pointer 1
12-15 14:02:46.909 9652 9707 D jswrapper: JS: SendSocketData main:200 sub:113
12-15 14:02:46.959 9652 9707 D jswrapper: JS: main=3, sub=101
12-15 14:02:46.960 9652 9707 D jswrapper: JS: GameBase onEventUserScore 用户积分
12-15 14:02:46.960 9652 9707 D jswrapper: JS: main=200, sub=149
12-15 14:02:46.960 9652 9707 D jswrapper: JS: SGLB::结果
12-15 14:02:46.962 9652 9707 D jswrapper: JS: [object Object]
12-15 14:02:46.962 9652 9707 D jswrapper: JS: setRollDatas
12-15 14:02:47.502 9652 9707 D jswrapper: JS: openPrizes2
12-15 14:02:49.198 9652 9707 D jswrapper: JS: showGameEnd
12-15 14:02:49.199 9652 9707 D jswrapper: JS: delayStartNextRoll
12-15 14:02:49.690 9652 9707 D jswrapper: JS: main=200, sub=152
12-15 14:02:49.691 9652 9707 D jswrapper: JS: JACKPOT
12-15 14:02:49.691 9652 9707 D jswrapper: JS: JACKPOT:{"lJackPot":11765}
12-15 14:02:50.912 9652 9652 I ViewRootImpl@c90193f[AppActivity]: ViewPostIme
pointer 0
12-15 14:02:51.010 9652 9652 I ViewRootImpl@c90193f[AppActivity]: ViewPostIme
pointer 1
12-15 14:02:51.047 9652 9707 D jswrapper: JS: SendSocketData main:200 sub:113
12-15 14:02:51.100 9652 9707 D jswrapper: JS: main=3, sub=101
12-15 14:02:51.100 9652 9707 D jswrapper: JS: GameBase onEventUserScore 用户积分
12-15 14:02:51.101 9652 9707 D jswrapper: JS: main=200, sub=149
12-15 14:02:51.101 9652 9707 D jswrapper: JS: SGLB::结果
12-15 14:02:51.101 9652 9707 D jswrapper: JS: [object Object]
12-15 14:02:51.101 9652 9707 D jswrapper: JS: setRollDatas
12-15 14:02:51.646 9652 9707 D jswrapper: JS: openPrizes2
12-15 14:02:52.559 9652 9707 D jswrapper: JS: main=200, sub=152
12-15 14:02:52.559 9652 9707 D jswrapper: JS: JACKPOT
12-15 14:02:52.559 9652 9707 D jswrapper: JS: JACKPOT:{"lJackPot":11934}
12-15 14:02:53.342 9652 9707 D jswrapper: JS: showGameEnd
12-15 14:02:53.342 9652 9707 D jswrapper: JS: delayStartNextRoll
12-15 14:02:53.925 9652 9652 I ViewRootImpl@c90193f[AppActivity]: ViewPostIme
pointer 0
12-15 14:02:54.024 9652 9652 I ViewRootImpl@c90193f[AppActivity]: ViewPostIme
pointer 1
12-15 14:02:54.064 9652 9707 D jswrapper: JS: SendSocketData main:200 sub:113
12-15 14:02:54.116 9652 9707 D jswrapper: JS: main=3, sub=101
12-15 14:02:54.116 9652 9707 D jswrapper: JS: GameBase onEventUserScore 用户积分
12-15 14:02:54.117 9652 9707 D jswrapper: JS: main=200, sub=149
12-15 14:02:54.117 9652 9707 D jswrapper: JS: SGLB::结果
12-15 14:02:54.117 9652 9707 D jswrapper: JS: [object Object]
12-15 14:02:54.117 9652 9707 D jswrapper: JS: setRollDatas
12-15 14:02:54.658 9652 9707 D jswrapper: JS: openPrizes2
12-15 14:02:54.669 9652 9707 D jswrapper: JS: [object Object],[object Object],
[object Object],[object Object],[object Object],[object Object],[object Object],
[object Object],[object Object]
12-15 14:02:54.669 9652 9707 D jswrapper: JS: [object Object]
12-15 14:02:57.054 9652 9707 D jswrapper: JS: main=200, sub=152
12-15 14:02:57.054 9652 9707 D jswrapper: JS: JACKPOT
12-15 14:02:57.054 9652 9707 D jswrapper: JS: JACKPOT:{"lJackPot":11129}
12-15 14:02:57.279 9652 9707 D jswrapper: JS: [object Object],[object Object],
[object Object],[object Object],[object Object],[object Object],[object Object],
[object Object],[object Object],[object Object],[object Object],[object Object],
[object Object],[object Object],[object Object],[object Object],[object Object],
[object Object],[object Object],[object Object],[object Object],[object Object],
[object Object],[object Object],[object Object],[object Object],[object Object],
[object Object],[object Object],[object Object]
12-15 14:02:57.280 9652 9707 D jswrapper: JS:
3,0,1,2,4,2,4,0,1,3,2,3,0,1,4,3,0,1,2,4,2,0,1,3,4,2,4,0,1,3
12-15 14:02:57.280 9652 9707 D jswrapper: JS: 13,14,16,17,18,20,21,25,29
12-15 14:02:57.280 9652 9707 D jswrapper: JS: 11,11,0,4,11,3,9,1,8
12-15 14:03:00.628 9652 9707 D jswrapper: JS: winTimes:0.75
12-15 14:03:00.629 9652 9707 D jswrapper: JS: showGameEnd
12-15 14:03:00.629 9652 9707 D jswrapper: JS: delayStartNextRoll
12-15 14:03:02.167 9652 9652 I ViewRootImpl@c90193f[AppActivity]: ViewPostIme
pointer 0
12-15 14:03:02.265 9652 9652 I ViewRootImpl@c90193f[AppActivity]: ViewPostIme
pointer 1
12-15 14:03:02.305 9652 9707 D jswrapper: JS: SendSocketData main:200 sub:113
12-15 14:03:02.333 9652 9707 D jswrapper: JS: main=3, sub=101
12-15 14:03:02.333 9652 9707 D jswrapper: JS: GameBase onEventUserScore 用户积分
12-15 14:03:02.333 9652 9707 D jswrapper: JS: main=200, sub=149
12-15 14:03:02.333 9652 9707 D jswrapper: JS: SGLB::结果
12-15 14:03:02.334 9652 9707 D jswrapper: JS: [object Object]
12-15 14:03:02.334 9652 9707 D jswrapper: JS: setRollDatas
12-15 14:03:02.680 9652 9707 D jswrapper: JS: main=3, sub=530
12-15 14:03:02.680 9652 9707 D jswrapper: JS: [object Object]
12-15 14:03:02.703 9652 9707 D jswrapper: JS: 512
12-15 14:03:02.703 9652 9707 D jswrapper: JS: SendSocketData main:100 sub:512
12-15 14:03:02.734 9652 9707 D jswrapper: JS: main=100, sub=513
12-15 14:03:02.734 9652 9707 D jswrapper: JS: 收到框架消息::513
12-15 14:03:02.734 9652 9707 D jswrapper: JS: [object Object]
12-15 14:03:02.735 9652 9707 D jswrapper: JS: main=100, sub=513
12-15 14:03:02.735 9652 9707 D jswrapper: JS: 收到框架消息::513
12-15 14:03:02.735 9652 9707 D jswrapper: JS: [object Object]
12-15 14:03:02.735 9652 9707 D jswrapper: JS: main=100, sub=513
12-15 14:03:02.735 9652 9707 D jswrapper: JS: 收到框架消息::513
12-15 14:03:02.736 9652 9707 D jswrapper: JS: [object Object]
12-15 14:03:02.736 9652 9707 D jswrapper: JS: main=100, sub=513
12-15 14:03:02.736 9652 9707 D jswrapper: JS: 收到框架消息::513
12-15 14:03:02.736 9652 9707 D jswrapper: JS: [object Object]
12-15 14:03:02.736 9652 9707 D jswrapper: JS: main=100, sub=513
12-15 14:03:02.736 9652 9707 D jswrapper: JS: 收到框架消息::513
12-15 14:03:02.737 9652 9707 D jswrapper: JS: [object Object]
12-15 14:03:02.737 9652 9707 D jswrapper: JS: main=100, sub=513
12-15 14:03:02.737 9652 9707 D jswrapper: JS: 收到框架消息::513
12-15 14:03:02.737 9652 9707 D jswrapper: JS: [object Object]
12-15 14:03:02.737 9652 9707 D jswrapper: JS: main=100, sub=513
12-15 14:03:02.738 9652 9707 D jswrapper: JS: 收到框架消息::513
12-15 14:03:02.738 9652 9707 D jswrapper: JS: [object Object]
12-15 14:03:02.738 9652 9707 D jswrapper: JS: main=100, sub=513
12-15 14:03:02.738 9652 9707 D jswrapper: JS: 收到框架消息::513
12-15 14:03:02.738 9652 9707 D jswrapper: JS: [object Object]
12-15 14:03:02.739 9652 9707 D jswrapper: JS: main=100, sub=513
12-15 14:03:02.739 9652 9707 D jswrapper: JS: 收到框架消息::513
12-15 14:03:02.741 9652 9707 D jswrapper: JS: [object Object]
12-15 14:03:02.742 9652 9707 D jswrapper: JS: main=100, sub=513
12-15 14:03:02.742 9652 9707 D jswrapper: JS: 收到框架消息::513
12-15 14:03:02.742 9652 9707 D jswrapper: JS: [object Object]
12-15 14:03:02.907 9652 9707 D jswrapper: JS: openPrizes2
12-15 14:03:03.907 9652 9707 D jswrapper: JS: showGameEnd
12-15 14:03:03.907 9652 9707 D jswrapper: JS: delayStartNextRoll
12-15 14:03:05.527 9652 9652 I ViewRootImpl@c90193f[AppActivity]: ViewPostIme
pointer 0
12-15 14:03:05.641 9652 9652 I ViewRootImpl@c90193f[AppActivity]: ViewPostIme
pointer 1
12-15 14:03:05.688 9652 9707 D jswrapper: JS: SendSocketData main:200 sub:113
12-15 14:03:05.714 9652 9707 D jswrapper: JS: main=3, sub=101
12-15 14:03:05.714 9652 9707 D jswrapper: JS: GameBase onEventUserScore 用户积分
12-15 14:03:05.714 9652 9707 D jswrapper: JS: main=200, sub=149
12-15 14:03:05.714 9652 9707 D jswrapper: JS: SGLB::结果
12-15 14:03:05.714 9652 9707 D jswrapper: JS: [object Object]
12-15 14:03:05.715 9652 9707 D jswrapper: JS: setRollDatas
12-15 14:03:05.715 9652 9707 D jswrapper: JS: main=3, sub=102
12-15 14:03:05.715 9652 9707 D jswrapper: JS:
OnSocketSubUserStatus::dwUserID::2727209
12-15 14:03:05.715 9652 9707 D jswrapper: JS: OnSocketSubUserStatus::UserStatus::
{"wTableID":8,"wChairID":0,"cbUserStatus":5}
12-15 14:03:05.715 9652 9707 D jswrapper: JS: UpdateUserItemStatus::以往数据::
{"wTableID":8,"wChairID":0,"cbUserStatus":2}
12-15 14:03:05.715 9652 9707 D jswrapper: JS: GameBase onEventUserStatus 用户状态
12-15 14:03:05.715 9652 9707 D jswrapper: JS: main=100, sub=401
12-15 14:03:05.715 9652 9707 D jswrapper: JS: 收到框架消息::401
12-15 14:03:05.716 9652 9707 D jswrapper: JS: 收到唯一对局码: (2111008167112378109)
12-15 14:03:05.716 9652 9707 D jswrapper: JS: main=3, sub=101
12-15 14:03:05.716 9652 9707 D jswrapper: JS: GameBase onEventUserScore 用户积分
12-15 14:03:05.716 9652 9707 D jswrapper: JS: main=3, sub=102
12-15 14:03:05.716 9652 9707 D jswrapper: JS:
OnSocketSubUserStatus::dwUserID::2727209
12-15 14:03:05.716 9652 9707 D jswrapper: JS: OnSocketSubUserStatus::UserStatus::
{"wTableID":8,"wChairID":0,"cbUserStatus":2}
12-15 14:03:05.716 9652 9707 D jswrapper: JS: UpdateUserItemStatus::以往数据::
{"wTableID":8,"wChairID":0,"cbUserStatus":5}
12-15 14:03:05.716 9652 9707 D jswrapper: JS: GameBase onEventUserStatus 用户状态
12-15 14:03:06.284 9652 9707 D jswrapper: JS: openPrizes2
12-15 14:03:07.195 9652 9652 I ViewRootImpl@c90193f[AppActivity]: ViewPostIme
pointer 0
12-15 14:03:07.248 9652 9707 D jswrapper: JS: showGameEnd
12-15 14:03:07.248 9652 9707 D jswrapper: JS: delayStartNextRoll
12-15 14:03:07.269 9652 9652 I ViewRootImpl@c90193f[AppActivity]: ViewPostIme
pointer 1
12-15 14:03:07.610 9652 9652 I ViewRootImpl@c90193f[AppActivity]: ViewPostIme
pointer 0
12-15 14:03:07.744 9652 9652 I ViewRootImpl@c90193f[AppActivity]: ViewPostIme
pointer 1
12-15 14:03:07.784 9652 9707 D jswrapper: JS: SendSocketData main:200 sub:113
12-15 14:03:07.835 9652 9707 D jswrapper: JS: main=3, sub=101
12-15 14:03:07.835 9652 9707 D jswrapper: JS: GameBase onEventUserScore 用户积分
12-15 14:03:07.836 9652 9707 D jswrapper: JS: main=200, sub=149
12-15 14:03:07.836 9652 9707 D jswrapper: JS: SGLB::结果
12-15 14:03:07.837 9652 9707 D jswrapper: JS: [object Object]
12-15 14:03:07.837 9652 9707 D jswrapper: JS: setRollDatas
12-15 14:03:08.383 9652 9707 D jswrapper: JS: openPrizes2
12-15 14:03:08.793 9652 9652 I ViewRootImpl@c90193f[AppActivity]: ViewPostIme
pointer 0
12-15 14:03:09.216 9652 9652 I ViewRootImpl@c90193f[AppActivity]: ViewPostIme
pointer 1
12-15 14:03:09.353 9652 9707 D jswrapper: JS: showGameEnd
12-15 14:03:09.353 9652 9707 D jswrapper: JS: delayStartNextRoll
12-15 14:03:09.508 9652 9652 I ViewRootImpl@c90193f[AppActivity]: ViewPostIme
pointer 0
12-15 14:03:09.624 9652 9652 I ViewRootImpl@c90193f[AppActivity]: ViewPostIme
pointer 1
12-15 14:03:09.681 9652 9707 D jswrapper: JS: main=200, sub=152
12-15 14:03:09.681 9652 9707 D jswrapper: JS: JACKPOT
12-15 14:03:09.681 9652 9707 D jswrapper: JS: JACKPOT:{"lJackPot":11669}
12-15 14:03:10.658 9652 9652 I ViewRootImpl@c90193f[AppActivity]: ViewPostIme
pointer 0
12-15 14:03:10.907 9652 9652 I ViewRootImpl@c90193f[AppActivity]: ViewPostIme
pointer 1
12-15 14:03:10.943 9652 9707 D jswrapper: JS: SendSocketData main:200 sub:113
12-15 14:03:10.991 9652 9652 I ViewRootImpl@c90193f[AppActivity]: ViewPostIme
pointer 0
12-15 14:03:10.995 9652 9707 D jswrapper: JS: main=3, sub=101
12-15 14:03:10.995 9652 9707 D jswrapper: JS: GameBase onEventUserScore 用户积分
12-15 14:03:10.996 9652 9707 D jswrapper: JS: main=200, sub=149
12-15 14:03:10.996 9652 9707 D jswrapper: JS: SGLB::结果
12-15 14:03:10.996 9652 9707 D jswrapper: JS: [object Object]
12-15 14:03:10.997 9652 9707 D jswrapper: JS: setRollDatas
12-15 14:03:11.023 9652 9652 I ViewRootImpl@c90193f[AppActivity]: ViewPostIme
pointer 1
12-15 14:03:11.540 9652 9707 D jswrapper: JS: openPrizes2
12-15 14:03:12.525 9652 9707 D jswrapper: JS: showGameEnd
12-15 14:03:12.525 9652 9707 D jswrapper: JS: delayStartNextRoll
12-15 14:03:13.688 9652 9652 I ViewRootImpl@c90193f[AppActivity]: ViewPostIme
pointer 0
12-15 14:03:13.762 9652 9652 I ViewRootImpl@c90193f[AppActivity]: ViewPostIme
pointer 1
12-15 14:03:13.789 9652 9707 D jswrapper: JS: SendSocketData main:200 sub:113
12-15 14:03:13.840 9652 9707 D jswrapper: JS: main=3, sub=101
12-15 14:03:13.840 9652 9707 D jswrapper: JS: GameBase onEventUserScore 用户积分
12-15 14:03:13.841 9652 9707 D jswrapper: JS: main=200, sub=149
12-15 14:03:13.841 9652 9707 D jswrapper: JS: SGLB::结果
12-15 14:03:13.841 9652 9707 D jswrapper: JS: [object Object]
12-15 14:03:13.841 9652 9707 D jswrapper: JS: setRollDatas
12-15 14:03:14.384 9652 9707 D jswrapper: JS: openPrizes2
12-15 14:03:15.385 9652 9707 D jswrapper: JS: showGameEnd
12-15 14:03:15.385 9652 9707 D jswrapper: JS: delayStartNextRoll
12-15 14:03:15.911 9652 9707 D jswrapper: JS: main=200, sub=152
12-15 14:03:15.912 9652 9707 D jswrapper: JS: JACKPOT
12-15 14:03:15.912 9652 9707 D jswrapper: JS: JACKPOT:{"lJackPot":12171}
12-15 14:03:15.928 9652 9652 I ViewRootImpl@c90193f[AppActivity]: ViewPostIme
pointer 0
12-15 14:03:16.009 9652 9652 I ViewRootImpl@c90193f[AppActivity]: ViewPostIme
pointer 1
12-15 14:03:16.049 9652 9707 D jswrapper: JS: SendSocketData main:200 sub:113
12-15 14:03:16.100 9652 9707 D jswrapper: JS: main=3, sub=101
12-15 14:03:16.101 9652 9707 D jswrapper: JS: GameBase onEventUserScore 用户积分
12-15 14:03:16.101 9652 9707 D jswrapper: JS: main=200, sub=149
12-15 14:03:16.102 9652 9707 D jswrapper: JS: SGLB::结果
12-15 14:03:16.102 9652 9707 D jswrapper: JS: [object Object]
12-15 14:03:16.102 9652 9707 D jswrapper: JS: setRollDatas
12-15 14:03:16.647 9652 9707 D jswrapper: JS: openPrizes2
12-15 14:03:16.820 9652 9707 D jswrapper: JS: main=200, sub=152
12-15 14:03:16.821 9652 9707 D jswrapper: JS: JACKPOT
12-15 14:03:16.821 9652 9707 D jswrapper: JS: JACKPOT:{"lJackPot":12311}
12-15 14:03:17.617 9652 9652 I ViewRootImpl@c90193f[AppActivity]: ViewPostIme
pointer 0
12-15 14:03:17.633 9652 9707 D jswrapper: JS: showGameEnd
12-15 14:03:17.633 9652 9707 D jswrapper: JS: delayStartNextRoll
12-15 14:03:17.707 9652 9652 I ViewRootImpl@c90193f[AppActivity]: ViewPostIme
pointer 1
12-15 14:03:17.841 9652 9707 D jswrapper: JS: main=200, sub=152
12-15 14:03:17.841 9652 9707 D jswrapper: JS: JACKPOT
12-15 14:03:17.841 9652 9707 D jswrapper: JS: JACKPOT:{"lJackPot":12414}
12-15 14:03:18.410 9652 9652 I ViewRootImpl@c90193f[AppActivity]: ViewPostIme
pointer 0
12-15 14:03:18.523 9652 9652 I ViewRootImpl@c90193f[AppActivity]: ViewPostIme
pointer 1
12-15 14:03:18.576 9652 9707 D jswrapper: JS: SendSocketData main:200 sub:113
12-15 14:03:18.627 9652 9707 D jswrapper: JS: main=3, sub=101
12-15 14:03:18.627 9652 9707 D jswrapper: JS: GameBase onEventUserScore 用户积分
12-15 14:03:18.627 9652 9707 D jswrapper: JS: main=200, sub=149
12-15 14:03:18.628 9652 9707 D jswrapper: JS: SGLB::结果
12-15 14:03:18.628 9652 9707 D jswrapper: JS: [object Object]
12-15 14:03:18.628 9652 9707 D jswrapper: JS: setRollDatas
12-15 14:03:19.172 9652 9707 D jswrapper: JS: openPrizes2
12-15 14:03:19.181 9652 9707 D jswrapper: JS: [object Object],[object Object],
[object Object],[object Object],[object Object],[object Object],[object Object],
[object Object],[object Object],[object Object],[object Object]
12-15 14:03:19.181 9652 9707 D jswrapper: JS: [object Object]
12-15 14:03:20.087 9652 9707 D jswrapper: JS: main=200, sub=152
12-15 14:03:20.087 9652 9707 D jswrapper: JS: JACKPOT
12-15 14:03:20.096 9652 9707 D jswrapper: JS: JACKPOT:{"lJackPot":11369}
12-15 14:03:21.488 9652 9707 D jswrapper: JS: [object Object],[object Object],
[object Object],[object Object],[object Object],[object Object],[object Object],
[object Object],[object Object],[object Object],[object Object],[object Object],
[object Object],[object Object],[object Object],[object Object],[object Object],
[object Object],[object Object],[object Object],[object Object],[object Object],
[object Object],[object Object],[object Object],[object Object],[object Object],
[object Object],[object Object],[object Object]
12-15 14:03:21.488 9652 9707 D jswrapper: JS:
1,0,2,3,4,1,3,0,2,4,1,3,4,0,2,0,2,1,3,4,2,4,0,1,3,2,0,1,3,4
12-15 14:03:21.489 9652 9707 D jswrapper: JS: 3,6,7,8,15,16,17,19,20,26,28
12-15 14:03:21.489 9652 9707 D jswrapper: JS: 2,3,1,4,7,0,3,0,0,11,5
12-15 14:03:21.767 9652 9652 I ViewRootImpl@c90193f[AppActivity]: ViewPostIme
pointer 0
12-15 14:03:21.947 9652 9652 I ViewRootImpl@c90193f[AppActivity]: ViewPostIme
pointer 1
12-15 14:03:22.040 9652 9707 D jswrapper: JS: main=200, sub=152
12-15 14:03:22.040 9652 9707 D jswrapper: JS: JACKPOT
12-15 14:03:22.040 9652 9707 D jswrapper: JS: JACKPOT:{"lJackPot":11439}
12-15 14:03:22.645 9652 9707 D jswrapper: JS: winTimes:0.75
12-15 14:03:22.645 9652 9707 D jswrapper: JS: showGameEnd
12-15 14:03:22.645 9652 9707 D jswrapper: JS: delayStartNextRoll
12-15 14:03:22.954 9652 9707 D jswrapper: JS: main=3, sub=530
12-15 14:03:22.955 9652 9707 D jswrapper: JS: [object Object]
12-15 14:03:22.984 9652 9707 D jswrapper: JS: 512
12-15 14:03:22.984 9652 9707 D jswrapper: JS: SendSocketData main:100 sub:512
12-15 14:03:23.039 9652 9707 D jswrapper: JS: main=100, sub=513
12-15 14:03:23.040 9652 9707 D jswrapper: JS: 收到框架消息::513
12-15 14:03:23.040 9652 9707 D jswrapper: JS: [object Object]
12-15 14:03:23.041 9652 9707 D jswrapper: JS: main=100, sub=513
12-15 14:03:23.041 9652 9707 D jswrapper: JS: 收到框架消息::513
12-15 14:03:23.041 9652 9707 D jswrapper: JS: [object Object]
12-15 14:03:23.041 9652 9707 D jswrapper: JS: main=100, sub=513
12-15 14:03:23.041 9652 9707 D jswrapper: JS: 收到框架消息::513
12-15 14:03:23.041 9652 9707 D jswrapper: JS: [object Object]
12-15 14:03:23.042 9652 9707 D jswrapper: JS: main=100, sub=513
12-15 14:03:23.042 9652 9707 D jswrapper: JS: 收到框架消息::513
12-15 14:03:23.042 9652 9707 D jswrapper: JS: [object Object]
12-15 14:03:23.042 9652 9707 D jswrapper: JS: main=100, sub=513
12-15 14:03:23.042 9652 9707 D jswrapper: JS: 收到框架消息::513
12-15 14:03:23.042 9652 9707 D jswrapper: JS: [object Object]
12-15 14:03:23.042 9652 9707 D jswrapper: JS: main=100, sub=513
12-15 14:03:23.042 9652 9707 D jswrapper: JS: 收到框架消息::513
12-15 14:03:23.042 9652 9707 D jswrapper: JS: [object Object]
12-15 14:03:23.043 9652 9707 D jswrapper: JS: main=100, sub=513
12-15 14:03:23.043 9652 9707 D jswrapper: JS: 收到框架消息::513
12-15 14:03:23.043 9652 9707 D jswrapper: JS: [object Object]
12-15 14:03:23.043 9652 9707 D jswrapper: JS: main=100, sub=513
12-15 14:03:23.043 9652 9707 D jswrapper: JS: 收到框架消息::513
12-15 14:03:23.043 9652 9707 D jswrapper: JS: [object Object]
12-15 14:03:23.043 9652 9707 D jswrapper: JS: main=100, sub=513
12-15 14:03:23.043 9652 9707 D jswrapper: JS: 收到框架消息::513
12-15 14:03:23.044 9652 9707 D jswrapper: JS: [object Object]
12-15 14:03:23.044 9652 9707 D jswrapper: JS: main=100, sub=513
12-15 14:03:23.044 9652 9707 D jswrapper: JS: 收到框架消息::513
12-15 14:03:23.044 9652 9707 D jswrapper: JS: [object Object]
12-15 14:03:23.150 9652 9652 I ViewRootImpl@c90193f[AppActivity]: ViewPostIme
pointer 0
12-15 14:03:23.230 9652 9652 I ViewRootImpl@c90193f[AppActivity]: ViewPostIme
pointer 1
12-15 14:03:23.274 9652 9707 D jswrapper: JS: SendSocketData main:200 sub:113
12-15 14:03:23.326 9652 9707 D jswrapper: JS: main=3, sub=101
12-15 14:03:23.326 9652 9707 D jswrapper: JS: GameBase onEventUserScore 用户积分
12-15 14:03:23.326 9652 9707 D jswrapper: JS: main=200, sub=149
12-15 14:03:23.327 9652 9707 D jswrapper: JS: SGLB::结果
12-15 14:03:23.327 9652 9707 D jswrapper: JS: [object Object]
12-15 14:03:23.327 9652 9707 D jswrapper: JS: setRollDatas
12-15 14:03:23.872 9652 9707 D jswrapper: JS: openPrizes2
12-15 14:03:23.881 9652 9707 D jswrapper: JS: [object Object],[object Object],
[object Object],[object Object],[object Object],[object Object],[object Object],
[object Object]
12-15 14:03:23.882 9652 9707 D jswrapper: JS: [object Object]
12-15 14:03:26.193 9652 9707 D jswrapper: JS: [object Object],[object Object],
[object Object],[object Object],[object Object],[object Object],[object Object],
[object Object],[object Object],[object Object],[object Object],[object Object],
[object Object],[object Object],[object Object],[object Object],[object Object],
[object Object],[object Object],[object Object],[object Object],[object Object],
[object Object],[object Object],[object Object],[object Object],[object Object],
[object Object],[object Object],[object Object]
12-15 14:03:26.193 9652 9707 D jswrapper: JS:
4,0,1,2,3,3,0,1,2,4,2,3,0,1,4,0,4,1,2,3,0,1,2,3,4,0,1,2,3,4
12-15 14:03:26.194 9652 9707 D jswrapper: JS: 3,4,5,14,19,20,24,27
12-15 14:03:26.194 9652 9707 D jswrapper: JS: 1,9,0,2,2,3,6,8
12-15 14:03:26.401 9652 9707 D jswrapper: JS: [object Object],[object Object],
[object Object],[object Object],[object Object],[object Object],[object Object],
[object Object],[object Object]
12-15 14:03:26.402 9652 9707 D jswrapper: JS: [object Object]
12-15 14:03:26.897 9652 9707 D jswrapper: JS: main=200, sub=152
12-15 14:03:26.898 9652 9707 D jswrapper: JS: JACKPOT
12-15 14:03:26.898 9652 9707 D jswrapper: JS: JACKPOT:{"lJackPot":11758}
12-15 14:03:28.705 9652 9707 D jswrapper: JS: [object Object],[object Object],
[object Object],[object Object],[object Object],[object Object],[object Object],
[object Object],[object Object],[object Object],[object Object],[object Object],
[object Object],[object Object],[object Object],[object Object],[object Object],
[object Object],[object Object],[object Object],[object Object],[object Object],
[object Object],[object Object],[object Object],[object Object],[object Object],
[object Object],[object Object],[object Object]
12-15 14:03:28.706 9652 9707 D jswrapper: JS:
3,4,0,1,2,3,4,0,1,2,2,0,1,3,4,1,2,3,0,4,0,1,2,3,4,0,1,2,3,4
12-15 14:03:28.706 9652 9707 D jswrapper: JS: 2,8,9,14,15,18,19,21,25
12-15 14:03:28.707 9652 9707 D jswrapper: JS: 8,3,7,3,0,7,2,2,6
12-15 14:03:28.934 9652 9707 D jswrapper: JS: [object Object],[object Object],
[object Object],[object Object],[object Object],[object Object],[object Object],
[object Object]
12-15 14:03:28.934 9652 9707 D jswrapper: JS: [object Object]
12-15 14:03:30.960 9652 9707 D jswrapper: JS: main=200, sub=152
12-15 14:03:30.961 9652 9707 D jswrapper: JS: JACKPOT
12-15 14:03:30.961 9652 9707 D jswrapper: JS: JACKPOT:{"lJackPot":10789}
12-15 14:03:31.209 9652 9707 D jswrapper: JS: [object Object],[object Object],
[object Object],[object Object],[object Object],[object Object],[object Object],
[object Object],[object Object],[object Object],[object Object],[object Object],
[object Object],[object Object],[object Object],[object Object],[object Object],
[object Object],[object Object],[object Object],[object Object],[object Object],
[object Object],[object Object],[object Object],[object Object],[object Object],
[object Object],[object Object],[object Object]
12-15 14:03:31.210 9652 9707 D jswrapper: JS:
1,3,4,0,2,0,1,3,4,2,2,0,1,3,4,2,1,3,0,4,4,0,1,2,3,0,2,4,1,3
12-15 14:03:31.210 9652 9707 D jswrapper: JS: 1,5,6,7,15,17,28,29
12-15 14:03:31.210 9652 9707 D jswrapper: JS: 7,5,6,3,1,3,7,6
12-15 14:03:31.972 9652 9707 D jswrapper: JS: main=200, sub=152
12-15 14:03:31.972 9652 9707 D jswrapper: JS: JACKPOT
12-15 14:03:31.972 9652 9707 D jswrapper: JS: JACKPOT:{"lJackPot":10808}
12-15 14:03:32.394 9652 9707 D jswrapper: JS: winTimes:1.15
12-15 14:03:32.395 9652 9707 D jswrapper: JS: showGameEnd
12-15 14:03:32.395 9652 9707 D jswrapper: JS: delayStartNextRoll
12-15 14:03:32.678 9652 9652 I ViewRootImpl@c90193f[AppActivity]: ViewPostIme
pointer 0
12-15 14:03:32.800 9652 9652 I ViewRootImpl@c90193f[AppActivity]: ViewPostIme
pointer 1
12-15 14:03:32.838 9652 9707 D jswrapper: JS: SendSocketData main:200 sub:113
12-15 14:03:32.889 9652 9707 D jswrapper: JS: main=3, sub=101
12-15 14:03:32.889 9652 9707 D jswrapper: JS: GameBase onEventUserScore 用户积分
12-15 14:03:32.890 9652 9707 D jswrapper: JS: main=200, sub=149
12-15 14:03:32.890 9652 9707 D jswrapper: JS: SGLB::结果
12-15 14:03:32.890 9652 9707 D jswrapper: JS: [object Object]
12-15 14:03:32.890 9652 9707 D jswrapper: JS: setRollDatas
12-15 14:03:33.308 9652 9707 D jswrapper: JS: main=3, sub=530
12-15 14:03:33.309 9652 9707 D jswrapper: JS: [object Object]
12-15 14:03:33.309 9652 9707 D jswrapper: JS: 512
12-15 14:03:33.312 9652 9707 D jswrapper: JS: SendSocketData main:100 sub:512
