12-15 16:26:44.754 18425 18759 D AudioDecoder: Decoding
(/data/user/0/com.glgame.frtslots/blackbox/data/user/0/com.aru.glgame.frtslots/
files/blackjack-remote-asset/assets/TREASURE/assets/native/42/428df612-37b2-4f32-
b584-7b520f64ea52.mp3) to pcm data wasted 17.306000ms
12-15 16:26:44.758 18425 18759 D AudioDecoder: Resampling
(/data/user/0/com.glgame.frtslots/blackbox/data/user/0/com.aru.glgame.frtslots/
files/blackjack-remote-asset/assets/TREASURE/assets/native/42/428df612-37b2-4f32-
b584-7b520f64ea52.mp3) wasted 3.868000ms
12-15 16:26:44.758 18425 18759 I AudioDecoder: Audio channel count is 2, no need to
interleave
12-15 16:26:44.758 18425 18759 D AudioDecoder: Interleave
(/data/user/0/com.glgame.frtslots/blackbox/data/user/0/com.aru.glgame.frtslots/
files/blackjack-remote-asset/assets/TREASURE/assets/native/42/428df612-37b2-4f32-
b584-7b520f64ea52.mp3) wasted 0.049000ms
12-15 16:26:48.058 18425 18547 D jswrapper: JS: main=3, sub=530
12-15 16:26:48.058 18425 18547 D jswrapper: JS: [object Object]
12-15 16:26:48.059 18425 18547 D jswrapper: JS: 512
12-15 16:26:48.059 18425 18547 D jswrapper: JS: SendSocketData main:100 sub:512
12-15 16:26:48.083 18425 18547 D jswrapper: JS: main=100, sub=513
12-15 16:26:48.083 18425 18547 D jswrapper: JS: 收到框架消息::513
12-15 16:26:48.084 18425 18547 D jswrapper: JS: [object Object]
12-15 16:26:48.084 18425 18547 D jswrapper: JS: main=100, sub=513
12-15 16:26:48.084 18425 18547 D jswrapper: JS: 收到框架消息::513
12-15 16:26:48.085 18425 18547 D jswrapper: JS: [object Object]
12-15 16:26:48.088 18425 18547 D jswrapper: JS: main=100, sub=513
12-15 16:26:48.088 18425 18547 D jswrapper: JS: 收到框架消息::513
12-15 16:26:48.089 18425 18547 D jswrapper: JS: [object Object]
12-15 16:26:48.089 18425 18547 D jswrapper: JS: main=100, sub=513
12-15 16:26:48.089 18425 18547 D jswrapper: JS: 收到框架消息::513
12-15 16:26:48.089 18425 18547 D jswrapper: JS: [object Object]
12-15 16:26:48.089 18425 18547 D jswrapper: JS: main=100, sub=513
12-15 16:26:48.089 18425 18547 D jswrapper: JS: 收到框架消息::513
12-15 16:26:48.089 18425 18547 D jswrapper: JS: [object Object]
12-15 16:26:48.089 18425 18547 D jswrapper: JS: main=100, sub=513
12-15 16:26:48.089 18425 18547 D jswrapper: JS: 收到框架消息::513
12-15 16:26:48.089 18425 18547 D jswrapper: JS: [object Object]
12-15 16:26:48.090 18425 18547 D jswrapper: JS: main=100, sub=513
12-15 16:26:48.090 18425 18547 D jswrapper: JS: 收到框架消息::513
12-15 16:26:48.090 18425 18547 D jswrapper: JS: [object Object]
12-15 16:26:48.090 18425 18547 D jswrapper: JS: main=100, sub=513
12-15 16:26:48.090 18425 18547 D jswrapper: JS: 收到框架消息::513
12-15 16:26:48.090 18425 18547 D jswrapper: JS: [object Object]
12-15 16:26:48.090 18425 18547 D jswrapper: JS: main=100, sub=513
12-15 16:26:48.090 18425 18547 D jswrapper: JS: 收到框架消息::513
12-15 16:26:48.090 18425 18547 D jswrapper: JS: [object Object]
12-15 16:26:48.090 18425 18547 D jswrapper: JS: main=100, sub=513
12-15 16:26:48.091 18425 18547 D jswrapper: JS: 收到框架消息::513
12-15 16:26:48.091 18425 18547 D jswrapper: JS: [object Object]
12-15 16:26:48.973 18425 18547 D jswrapper: JS: main=200, sub=152
12-15 16:26:48.973 18425 18547 D jswrapper: JS: JACKPOT:{"lJackPot":
[8465,13822,4614,96754,43555]}
12-15 16:26:52.439 18425 18547 D jswrapper: JS: winTimes:1
12-15 16:26:55.970 18425 18425 I ViewRootImpl@17bc549[AppActivity]: ViewPostIme
pointer 0
12-15 16:26:56.085 18425 18425 I ViewRootImpl@17bc549[AppActivity]: ViewPostIme
pointer 1
12-15 16:26:56.132 18425 18547 D jswrapper: JS: SendSocketData main:200 sub:113
12-15 16:26:56.189 18425 18547 D jswrapper: JS: main=3, sub=101
12-15 16:26:56.189 18425 18547 D jswrapper: JS: GameBase onEventUserScore 用户积分
12-15 16:26:56.190 18425 18547 D jswrapper: JS: main=200, sub=149
12-15 16:26:56.190 18425 18547 D jswrapper: JS: SGLB::结果
12-15 16:26:56.190 18425 18547 D jswrapper: JS: [object Object]
12-15 16:26:56.190 18425 18547 D jswrapper: JS: 0
12-15 16:26:56.190 18425 18547 D jswrapper: JS: this._nFreeCount<=0?????
12-15 16:26:56.195 18425 18547 D jswrapper: JS:
5,1,0,5,5,15,3,2,1,15,3,2,1,4,7,4,5,15,3,2,1,4,10,3,8,4,15,0,12,3,3,6,7,5,10,0,0,4,
15,0,12,3,10,15,0,4,10,0,17,0,4,0,2,8,9,0,0,2,10,0,17,0,4,14,7,3,1,14,2,0,5,14,6,5,
9,14,2,0,5,14,2,0,5,14,3,13,12,2,3,1,0,2,2,3,1,0,2,2,0,1,3,1,0,2,2
12-15 16:26:56.195 18425 18547 D jswrapper: JS: 1,10,15,7,13,0,3,0,3,12,5,8,4,1,2
12-15 16:26:58.307 18425 18547 D jswrapper: JS: main=3, sub=530
12-15 16:26:58.307 18425 18547 D jswrapper: JS: [object Object]
12-15 16:26:58.307 18425 18547 D jswrapper: JS: 512
12-15 16:26:58.307 18425 18547 D jswrapper: JS: SendSocketData main:100 sub:512
12-15 16:26:58.333 18425 18547 D jswrapper: JS: showGameWinScore:0
12-15 16:26:58.357 18425 18547 D jswrapper: JS: main=100, sub=513
12-15 16:26:58.358 18425 18547 D jswrapper: JS: 收到框架消息::513
12-15 16:26:58.358 18425 18547 D jswrapper: JS: [object Object]
12-15 16:26:58.359 18425 18547 D jswrapper: JS: main=100, sub=513
12-15 16:26:58.359 18425 18547 D jswrapper: JS: 收到框架消息::513
12-15 16:26:58.359 18425 18547 D jswrapper: JS: [object Object]
12-15 16:26:58.359 18425 18547 D jswrapper: JS: main=100, sub=513
12-15 16:26:58.359 18425 18547 D jswrapper: JS: 收到框架消息::513
12-15 16:26:58.359 18425 18547 D jswrapper: JS: [object Object]
12-15 16:26:58.360 18425 18547 D jswrapper: JS: main=100, sub=513
12-15 16:26:58.360 18425 18547 D jswrapper: JS: 收到框架消息::513
12-15 16:26:58.360 18425 18547 D jswrapper: JS: [object Object]
12-15 16:26:58.360 18425 18547 D jswrapper: JS: main=100, sub=513
12-15 16:26:58.360 18425 18547 D jswrapper: JS: 收到框架消息::513
12-15 16:26:58.361 18425 18547 D jswrapper: JS: [object Object]
12-15 16:26:58.361 18425 18547 D jswrapper: JS: main=100, sub=513
12-15 16:26:58.361 18425 18547 D jswrapper: JS: 收到框架消息::513
12-15 16:26:58.361 18425 18547 D jswrapper: JS: [object Object]
12-15 16:26:58.361 18425 18547 D jswrapper: JS: main=100, sub=513
12-15 16:26:58.361 18425 18547 D jswrapper: JS: 收到框架消息::513
12-15 16:26:58.362 18425 18547 D jswrapper: JS: [object Object]
12-15 16:26:58.362 18425 18547 D jswrapper: JS: main=100, sub=513
12-15 16:26:58.362 18425 18547 D jswrapper: JS: 收到框架消息::513
12-15 16:26:58.364 18425 18547 D jswrapper: JS: [object Object]
12-15 16:26:58.365 18425 18547 D jswrapper: JS: main=100, sub=513
12-15 16:26:58.365 18425 18547 D jswrapper: JS: 收到框架消息::513
12-15 16:26:58.365 18425 18547 D jswrapper: JS: [object Object]
12-15 16:26:58.365 18425 18547 D jswrapper: JS: main=100, sub=513
12-15 16:26:58.365 18425 18547 D jswrapper: JS: 收到框架消息::513
12-15 16:26:58.365 18425 18547 D jswrapper: JS: [object Object]
12-15 16:26:58.631 18425 18547 D jswrapper: JS: showGameEnd
12-15 16:26:59.059 18425 18425 I ViewRootImpl@17bc549[AppActivity]: ViewPostIme
pointer 0
12-15 16:26:59.183 18425 18425 I ViewRootImpl@17bc549[AppActivity]: ViewPostIme
pointer 1
12-15 16:26:59.217 18425 18547 D jswrapper: JS: SendSocketData main:200 sub:113
12-15 16:26:59.273 18425 18547 D jswrapper: JS: main=3, sub=101
12-15 16:26:59.273 18425 18547 D jswrapper: JS: GameBase onEventUserScore 用户积分
12-15 16:26:59.274 18425 18547 D jswrapper: JS: main=200, sub=149
12-15 16:26:59.274 18425 18547 D jswrapper: JS: SGLB::结果
12-15 16:26:59.275 18425 18547 D jswrapper: JS: [object Object]
12-15 16:26:59.275 18425 18547 D jswrapper: JS: 0
12-15 16:26:59.275 18425 18547 D jswrapper: JS: this._nFreeCount<=0?????
12-15 16:26:59.280 18425 18547 D jswrapper: JS:
5,7,1,13,5,1,0,5,1,1,0,5,1,4,7,4,5,1,0,5,1,4,0,5,12,4,10,3,8,3,3,6,7,5,10,0,0,4,10,
3,8,3,10,10,3,4,10,15,0,4,17,0,2,8,9,0,0,2,10,15,0,4,17,14,0,0,7,14,7,3,1,0,1,6,14,
7,3,1,0,14,7,3,1,0,3,0,13,5,3,13,12,2,9,13,12,2,9,10,3,1,3,13,12,2,9
12-15 16:26:59.282 18425 18547 D jswrapper: JS: 7,0,10,0,0,1,5,3,0,13,13,12,4,7,5
12-15 16:27:01.436 18425 18547 D jswrapper: JS: showGameWinScore:0
12-15 16:27:01.732 18425 18547 D jswrapper: JS: showGameEnd
12-15 16:27:01.765 18425 18425 I ViewRootImpl@17bc549[AppActivity]: ViewPostIme
pointer 0
12-15 16:27:01.881 18425 18425 I ViewRootImpl@17bc549[AppActivity]: ViewPostIme
pointer 1
12-15 16:27:01.917 18425 18547 D jswrapper: JS: SendSocketData main:200 sub:113
12-15 16:27:01.948 18425 18547 D jswrapper: JS: main=200, sub=152
12-15 16:27:01.948 18425 18547 D jswrapper: JS: JACKPOT:{"lJackPot":
[7036,14017,4809,96805,43673]}
12-15 16:27:01.973 18425 18547 D jswrapper: JS: main=3, sub=101
12-15 16:27:01.974 18425 18547 D jswrapper: JS: GameBase onEventUserScore 用户积分
12-15 16:27:02.023 18425 18547 D jswrapper: JS: main=200, sub=149
12-15 16:27:02.023 18425 18547 D jswrapper: JS: SGLB::结果
12-15 16:27:02.023 18425 18547 D jswrapper: JS: [object Object]
12-15 16:27:02.024 18425 18547 D jswrapper: JS: 0
12-15 16:27:02.024 18425 18547 D jswrapper: JS: this._nFreeCount<=0?????
12-15 16:27:02.029 18425 18547 D jswrapper: JS:
5,5,7,5,5,7,1,13,1,7,1,13,1,4,7,4,5,7,1,13,1,4,14,12,4,4,0,5,12,3,3,6,7,5,10,0,0,4,
0,5,12,3,10,0,3,2,10,10,3,4,0,0,2,8,9,0,0,2,10,10,3,4,0,14,3,0,1,14,0,0,7,7,3,1,14,
0,0,7,7,14,0,0,7,7,3,0,2,0,3,0,13,5,10,0,13,5,10,7,1,9,3,0,13,5,10
12-15 16:27:02.029 18425 18547 D jswrapper: JS: 5,14,0,3,0,7,12,3,0,2,5,4,2,1,0
12-15 16:27:03.872 18425 18425 I ViewRootImpl@17bc549[AppActivity]: ViewPostIme
pointer 0
12-15 16:27:04.013 18425 18425 I ViewRootImpl@17bc549[AppActivity]: ViewPostIme
pointer 1
12-15 16:27:04.135 18425 18547 D jswrapper: JS: showGameWinScore:0
12-15 16:27:04.433 18425 18547 D jswrapper: JS: showGameEnd
12-15 16:27:04.729 18425 18425 I ViewRootImpl@17bc549[AppActivity]: ViewPostIme
pointer 0
12-15 16:27:04.828 18425 18425 I ViewRootImpl@17bc549[AppActivity]: ViewPostIme
pointer 1
12-15 16:27:04.876 18425 18547 D jswrapper: JS: SendSocketData main:200 sub:113
12-15 16:27:04.932 18425 18547 D jswrapper: JS: main=3, sub=101
12-15 16:27:04.933 18425 18547 D jswrapper: JS: GameBase onEventUserScore 用户积分
12-15 16:27:04.933 18425 18547 D jswrapper: JS: main=200, sub=149
12-15 16:27:04.933 18425 18547 D jswrapper: JS: SGLB::结果
12-15 16:27:04.933 18425 18547 D jswrapper: JS: [object Object]
12-15 16:27:04.934 18425 18547 D jswrapper: JS: 0
12-15 16:27:04.934 18425 18547 D jswrapper: JS: this._nFreeCount<=0?????
12-15 16:27:04.939 18425 18547 D jswrapper: JS:
5,13,4,8,5,5,7,5,1,5,7,5,1,4,7,4,5,5,7,5,1,4,12,1,3,4,14,12,4,3,3,6,7,5,10,0,0,4,14
,12,4,3,10,0,12,8,10,0,3,2,3,0,2,8,9,0,0,2,10,0,3,2,3,14,9,5,9,14,3,0,1,2,6,1,14,3,
0,1,2,14,3,0,1,2,3,0,1,3,3,0,2,0,1,0,2,0,1,5,7,10,3,0,2,0,1
12-15 16:27:04.939 18425 18547 D jswrapper: JS: 13,12,0,9,0,4,1,12,5,1,8,3,8,9,3
12-15 16:27:07.104 18425 18547 D jswrapper: JS: showGameWinScore:530
12-15 16:27:07.270 18425 18425 I ViewRootImpl@17bc549[AppActivity]: ViewPostIme
pointer 0
12-15 16:27:07.402 18425 18425 I ViewRootImpl@17bc549[AppActivity]: ViewPostIme
pointer 1
12-15 16:27:07.410 18425 18547 D jswrapper: JS: showGameEnd
12-15 16:27:07.410 18425 18547 D jswrapper: JS: winTimes:79
12-15 16:27:07.420 18425 18759 I AudioDecoderMp3: Original audio info: numChannels:
2, sampleRate: 44100, bitPerSample: 16, containerSize: 16, channelMask: 3,
endianness: 2, numFrames: 96768, duration: 2.194286, total size: 387072
12-15 16:27:07.420 18425 18759 D AudioDecoder: Decoding
(/data/user/0/com.glgame.frtslots/blackbox/data/user/0/com.aru.glgame.frtslots/
files/blackjack-remote-asset/assets/TREASURE/assets/native/e6/e6455618-d7c4-4744-
bffa-57a687003a09.mp3) to pcm data wasted 7.831000ms
12-15 16:27:07.423 18425 18759 D AudioDecoder: Resampling
(/data/user/0/com.glgame.frtslots/blackbox/data/user/0/com.aru.glgame.frtslots/
files/blackjack-remote-asset/assets/TREASURE/assets/native/e6/e6455618-d7c4-4744-
bffa-57a687003a09.mp3) wasted 2.593000ms
12-15 16:27:07.423 18425 18759 I AudioDecoder: Audio channel count is 2, no need to
interleave
12-15 16:27:07.423 18425 18759 D AudioDecoder: Interleave
(/data/user/0/com.glgame.frtslots/blackbox/data/user/0/com.aru.glgame.frtslots/
files/blackjack-remote-asset/assets/TREASURE/assets/native/e6/e6455618-d7c4-4744-
bffa-57a687003a09.mp3) wasted 0.046000ms
12-15 16:27:12.353 18425 18425 I ViewRootImpl@17bc549[AppActivity]: ViewPostIme
pointer 0
12-15 16:27:12.467 18425 18425 I ViewRootImpl@17bc549[AppActivity]: ViewPostIme
pointer 1
12-15 16:27:12.499 18425 18547 D jswrapper: JS: SendSocketData main:200 sub:113
12-15 16:27:12.557 18425 18547 D jswrapper: JS: main=3, sub=101
12-15 16:27:12.557 18425 18547 D jswrapper: JS: GameBase onEventUserScore 用户积分
12-15 16:27:12.557 18425 18547 D jswrapper: JS: main=200, sub=149
12-15 16:27:12.558 18425 18547 D jswrapper: JS: SGLB::结果
12-15 16:27:12.558 18425 18547 D jswrapper: JS: [object Object]
12-15 16:27:12.558 18425 18547 D jswrapper: JS: 0
12-15 16:27:12.558 18425 18547 D jswrapper: JS: this._nFreeCount<=0?????
12-15 16:27:12.563 18425 18547 D jswrapper: JS:
5,4,0,0,5,13,4,8,1,13,4,8,1,4,7,4,5,13,4,8,1,4,3,6,2,4,12,1,3,3,3,6,7,5,10,0,0,4,12
,1,3,3,10,1,1,0,10,0,12,8,3,0,2,8,9,0,0,2,10,0,12,8,3,14,5,1,10,14,9,5,9,15,9,4,14,
9,5,9,15,14,9,5,9,15,3,3,6,16,3,0,1,3,3,0,1,3,3,7,2,5,3,0,1,3,3
12-15 16:27:12.563 18425 18547 D jswrapper: JS: 4,3,1,5,3,0,6,1,1,6,0,2,0,10,16
12-15 16:27:12.568 18425 18547 D jswrapper: JS: main=3, sub=102
12-15 16:27:12.568 18425 18547 D jswrapper: JS:
OnSocketSubUserStatus::dwUserID::2727209
12-15 16:27:12.568 18425 18547 D jswrapper: JS: OnSocketSubUserStatus::UserStatus::
{"wTableID":5,"wChairID":0,"cbUserStatus":5}
12-15 16:27:12.568 18425 18547 D jswrapper: JS: UpdateUserItemStatus::以往数据::
{"wTableID":5,"wChairID":0,"cbUserStatus":2}
12-15 16:27:12.568 18425 18547 D jswrapper: JS: GameBase onEventUserStatus 用户状态
12-15 16:27:12.568 18425 18547 D jswrapper: JS: main=100, sub=401
12-15 16:27:12.568 18425 18547 D jswrapper: JS: 收到框架消息::401
12-15 16:27:12.568 18425 18547 D jswrapper: JS: 收到唯一对局码: (2311005167113242777)
12-15 16:27:12.569 18425 18547 D jswrapper: JS: main=3, sub=101
12-15 16:27:12.569 18425 18547 D jswrapper: JS: GameBase onEventUserScore 用户积分
12-15 16:27:12.569 18425 18547 D jswrapper: JS: main=3, sub=102
12-15 16:27:12.569 18425 18547 D jswrapper: JS:
OnSocketSubUserStatus::dwUserID::2727209
12-15 16:27:12.569 18425 18547 D jswrapper: JS: OnSocketSubUserStatus::UserStatus::
{"wTableID":5,"wChairID":0,"cbUserStatus":2}
12-15 16:27:12.569 18425 18547 D jswrapper: JS: UpdateUserItemStatus::以往数据::
{"wTableID":5,"wChairID":0,"cbUserStatus":5}
12-15 16:27:12.569 18425 18547 D jswrapper: JS: GameBase onEventUserStatus 用户状态
12-15 16:27:14.735 18425 18547 D jswrapper: JS: showGameWinScore:0
12-15 16:27:15.032 18425 18547 D jswrapper: JS: showGameEnd
12-15 16:27:15.280 18425 18425 I ViewRootImpl@17bc549[AppActivity]: ViewPostIme
pointer 0
12-15 16:27:15.403 18425 18425 I ViewRootImpl@17bc549[AppActivity]: ViewPostIme
pointer 1
12-15 16:27:15.434 18425 18547 D jswrapper: JS: SendSocketData main:200 sub:113
12-15 16:27:15.490 18425 18547 D jswrapper: JS: main=3, sub=101
12-15 16:27:15.490 18425 18547 D jswrapper: JS: GameBase onEventUserScore 用户积分
12-15 16:27:15.491 18425 18547 D jswrapper: JS: main=200, sub=149
12-15 16:27:15.491 18425 18547 D jswrapper: JS: SGLB::结果
12-15 16:27:15.491 18425 18547 D jswrapper: JS: [object Object]
12-15 16:27:15.491 18425 18547 D jswrapper: JS: 0
12-15 16:27:15.491 18425 18547 D jswrapper: JS: this._nFreeCount<=0?????
12-15 16:27:15.496 18425 18547 D jswrapper: JS:
5,3,0,5,5,4,0,0,1,4,0,0,1,4,7,4,5,4,0,0,1,4,0,4,12,4,3,6,2,3,3,6,7,5,10,0,0,4,3,6,2
,3,10,9,1,2,10,1,1,0,12,0,2,8,9,0,0,2,10,1,1,0,12,14,13,0,3,14,5,1,10,6,9,7,14,5,1,
10,6,14,5,1,10,6,3,2,0,13,3,3,6,16,2,3,6,16,2,4,1,10,3,3,6,16,2
12-15 16:27:15.496 18425 18547 D jswrapper: JS: 3,0,9,13,2,0,4,1,0,0,5,12,2,3,13
12-15 16:27:17.651 18425 18547 D jswrapper: JS: showGameWinScore:0
12-15 16:27:17.861 18425 18425 I ViewRootImpl@17bc549[AppActivity]: ViewPostIme
pointer 0
12-15 16:27:17.948 18425 18547 D jswrapper: JS: showGameEnd
12-15 16:27:17.984 18425 18425 I ViewRootImpl@17bc549[AppActivity]: ViewPostIme
pointer 1
12-15 16:27:18.760 18425 18425 I ViewRootImpl@17bc549[AppActivity]: ViewPostIme
pointer 0
12-15 16:27:18.875 18425 18425 I ViewRootImpl@17bc549[AppActivity]: ViewPostIme
pointer 1
12-15 16:27:18.906 18425 18547 D jswrapper: JS: SendSocketData main:200 sub:113
12-15 16:27:18.963 18425 18547 D jswrapper: JS: main=3, sub=101
12-15 16:27:18.963 18425 18547 D jswrapper: JS: GameBase onEventUserScore 用户积分
12-15 16:27:18.963 18425 18547 D jswrapper: JS: main=200, sub=149
12-15 16:27:18.963 18425 18547 D jswrapper: JS: SGLB::结果
12-15 16:27:18.963 18425 18547 D jswrapper: JS: [object Object]
12-15 16:27:18.964 18425 18547 D jswrapper: JS: 0
12-15 16:27:18.964 18425 18547 D jswrapper: JS: this._nFreeCount<=0?????
12-15 16:27:18.968 18425 18547 D jswrapper: JS:
5,9,14,4,5,3,0,5,1,3,0,5,1,4,7,4,5,3,0,5,1,4,5,0,12,4,0,4,12,3,3,6,7,5,10,0,0,4,0,4
,12,3,10,0,3,1,10,9,1,2,1,0,2,8,9,0,0,2,10,9,1,2,1,14,2,1,2,14,13,0,3,0,10,3,14,13,
0,3,0,14,13,0,3,0,3,15,3,1,3,2,0,13,10,2,0,13,10,6,7,6,3,2,0,13,10
12-15 16:27:18.969 18425 18547 D jswrapper: JS: 9,5,0,2,15,14,0,3,1,3,4,12,1,2,1
12-15 16:27:20.832 18425 18425 I ViewRootImpl@17bc549[AppActivity]: ViewPostIme
pointer 0
12-15 16:27:20.973 18425 18425 I ViewRootImpl@17bc549[AppActivity]: ViewPostIme
pointer 1
12-15 16:27:21.129 18425 18547 D jswrapper: JS: showGameWinScore:0
12-15 16:27:21.427 18425 18547 D jswrapper: JS: showGameEnd
12-15 16:27:21.533 18425 18425 I ViewRootImpl@17bc549[AppActivity]: ViewPostIme
pointer 0
12-15 16:27:21.622 18425 18425 I ViewRootImpl@17bc549[AppActivity]: ViewPostIme
pointer 1
12-15 16:27:21.665 18425 18547 D jswrapper: JS: SendSocketData main:200 sub:113
12-15 16:27:21.721 18425 18547 D jswrapper: JS: main=3, sub=101
12-15 16:27:21.721 18425 18547 D jswrapper: JS: GameBase onEventUserScore 用户积分
12-15 16:27:21.722 18425 18547 D jswrapper: JS: main=200, sub=149
12-15 16:27:21.722 18425 18547 D jswrapper: JS: SGLB::结果
12-15 16:27:21.723 18425 18547 D jswrapper: JS: [object Object]
12-15 16:27:21.723 18425 18547 D jswrapper: JS: 0
12-15 16:27:21.723 18425 18547 D jswrapper: JS: this._nFreeCount<=0?????
12-15 16:27:21.727 18425 18547 D jswrapper: JS:
5,0,1,0,5,9,14,4,1,9,14,4,1,4,7,4,5,9,14,4,1,4,4,0,13,4,5,0,12,3,3,6,7,5,10,0,0,4,5
,0,12,3,10,13,1,3,10,0,3,1,1,0,2,8,9,0,0,2,10,0,3,1,1,14,13,16,0,14,2,1,2,9,3,8,14,
2,1,2,9,14,2,1,2,9,3,10,4,13,3,15,3,1,2,15,3,1,2,6,4,5,3,15,3,1,2
12-15 16:27:21.728 18425 18547 D jswrapper: JS: 0,4,13,13,10,1,0,1,16,4,0,13,3,0,13
12-15 16:27:23.871 18425 18547 D jswrapper: JS: showGameWinScore:300
12-15 16:27:24.168 18425 18547 D jswrapper: JS: showGameEnd
12-15 16:27:24.168 18425 18547 D jswrapper: JS: winTimes:45
12-15 16:27:24.184 18425 18759 I AudioDecoderMp3: Original audio info: numChannels:
2, sampleRate: 44100, bitPerSample: 16, containerSize: 16, channelMask: 3,
endianness: 2, numFrames: 91008, duration: 2.063673, total size: 364032
12-15 16:27:24.184 18425 18759 D AudioDecoder: Decoding
(/data/user/0/com.glgame.frtslots/blackbox/data/user/0/com.aru.glgame.frtslots/
files/blackjack-remote-asset/assets/TREASURE/assets/native/21/217d9d2f-d4c4-4f72-
96c2-c508e995c977.mp3) to pcm data wasted 12.598000ms
12-15 16:27:24.190 18425 18759 D AudioDecoder: Resampling
(/data/user/0/com.glgame.frtslots/blackbox/data/user/0/com.aru.glgame.frtslots/
files/blackjack-remote-asset/assets/TREASURE/assets/native/21/217d9d2f-d4c4-4f72-
96c2-c508e995c977.mp3) wasted 5.142000ms
12-15 16:27:24.190 18425 18759 I AudioDecoder: Audio channel count is 2, no need to
interleave
12-15 16:27:24.190 18425 18759 D AudioDecoder: Interleave
(/data/user/0/com.glgame.frtslots/blackbox/data/user/0/com.aru.glgame.frtslots/
files/blackjack-remote-asset/assets/TREASURE/assets/native/21/217d9d2f-d4c4-4f72-
96c2-c508e995c977.mp3) wasted 0.083000ms
12-15 16:27:26.655 18425 18547 D jswrapper: JS: main=200, sub=152
12-15 16:27:26.655 18425 18547 D jswrapper: JS: JACKPOT:{"lJackPot":
[7495,14476,5268,96918,43966]}
12-15 16:27:31.066 18425 18425 I ViewRootImpl@17bc549[AppActivity]: ViewPostIme
pointer 0
12-15 16:27:31.214 18425 18425 I ViewRootImpl@17bc549[AppActivity]: ViewPostIme
pointer 1
12-15 16:27:31.242 18425 18547 D jswrapper: JS: SendSocketData main:200 sub:113
12-15 16:27:31.298 18425 18547 D jswrapper: JS: main=3, sub=101
12-15 16:27:31.298 18425 18547 D jswrapper: JS: GameBase onEventUserScore 用户积分
12-15 16:27:31.303 18425 18547 D jswrapper: JS: main=200, sub=149
12-15 16:27:31.303 18425 18547 D jswrapper: JS: SGLB::结果
12-15 16:27:31.303 18425 18547 D jswrapper: JS: [object Object]
12-15 16:27:31.303 18425 18547 D jswrapper: JS: 0
12-15 16:27:31.303 18425 18547 D jswrapper: JS: this._nFreeCount<=0?????
12-15 16:27:31.306 18425 18547 D jswrapper: JS:
5,6,1,2,5,0,1,0,1,0,1,0,1,4,7,4,5,0,1,0,1,4,4,5,3,4,4,0,13,3,3,6,7,5,10,0,0,4,4,0,1
3,3,10,10,0,2,10,13,1,3,3,0,2,8,9,0,0,2,10,13,1,3,3,14,1,2,0,14,13,16,0,1,0,7,14,13
,16,0,1,14,13,16,0,1,3,2,16,0,3,10,4,13,2,10,4,13,2,8,9,0,3,10,4,13,2
12-15 16:27:31.307 18425 18547 D jswrapper: JS: 6,4,10,1,2,1,5,0,2,16,2,3,2,0,0
12-15 16:27:33.181 18425 18425 I ViewRootImpl@17bc549[AppActivity]: ViewPostIme
pointer 0
12-15 16:27:33.304 18425 18425 I ViewRootImpl@17bc549[AppActivity]: ViewPostIme
pointer 1
12-15 16:27:33.471 18425 18547 D jswrapper: JS: showGameWinScore:0
12-15 16:27:33.768 18425 18547 D jswrapper: JS: showGameEnd
12-15 16:27:33.831 18425 18425 I ViewRootImpl@17bc549[AppActivity]: ViewPostIme
pointer 0
12-15 16:27:33.954 18425 18425 I ViewRootImpl@17bc549[AppActivity]: ViewPostIme
pointer 1
12-15 16:27:33.981 18425 18547 D jswrapper: JS: SendSocketData main:200 sub:113
12-15 16:27:34.039 18425 18547 D jswrapper: JS: main=3, sub=101
12-15 16:27:34.039 18425 18547 D jswrapper: JS: GameBase onEventUserScore 用户积分
12-15 16:27:34.041 18425 18547 D jswrapper: JS: main=200, sub=149
12-15 16:27:34.042 18425 18547 D jswrapper: JS: SGLB::结果
12-15 16:27:34.042 18425 18547 D jswrapper: JS: [object Object]
12-15 16:27:34.042 18425 18547 D jswrapper: JS: 0
12-15 16:27:34.042 18425 18547 D jswrapper: JS: this._nFreeCount<=0?????
12-15 16:27:34.046 18425 18547 D jswrapper: JS:
5,0,5,1,5,6,1,2,1,6,1,2,1,4,7,4,5,6,1,2,1,4,12,1,12,4,4,5,3,3,3,6,7,5,10,0,0,4,4,5,
3,3,10,3,3,3,10,10,0,2,1,0,2,8,9,0,0,2,10,10,0,2,1,14,9,1,2,14,1,2,0,3,0,1,14,1,2,0
,3,14,1,2,0,3,3,1,3,12,3,2,16,0,3,2,16,0,3,0,5,2,3,2,16,0,3
12-15 16:27:34.047 18425 18547 D jswrapper: JS: 0,12,3,9,1,5,1,3,1,3,1,12,3,2,12
12-15 16:27:36.193 18425 18547 D jswrapper: JS: showGameWinScore:0
12-15 16:27:36.492 18425 18547 D jswrapper: JS: showGameEnd
12-15 16:27:36.619 18425 18425 I ViewRootImpl@17bc549[AppActivity]: ViewPostIme
pointer 0
12-15 16:27:36.717 18425 18425 I ViewRootImpl@17bc549[AppActivity]: ViewPostIme
pointer 1
12-15 16:27:36.758 18425 18547 D jswrapper: JS: SendSocketData main:200 sub:113
12-15 16:27:36.814 18425 18547 D jswrapper: JS: main=3, sub=101
12-15 16:27:36.814 18425 18547 D jswrapper: JS: GameBase onEventUserScore 用户积分
12-15 16:27:36.814 18425 18547 D jswrapper: JS: main=200, sub=149
12-15 16:27:36.815 18425 18547 D jswrapper: JS: SGLB::结果
12-15 16:27:36.815 18425 18547 D jswrapper: JS: [object Object]
12-15 16:27:36.815 18425 18547 D jswrapper: JS: 0
12-15 16:27:36.815 18425 18547 D jswrapper: JS: this._nFreeCount<=0?????
12-15 16:27:36.820 18425 18547 D jswrapper: JS:
5,8,6,6,5,0,5,1,1,0,5,1,1,4,7,4,5,0,5,1,1,4,1,12,3,4,12,1,12,3,3,6,7,5,10,0,0,4,12,
1,12,3,10,4,12,9,10,3,3,3,0,0,2,8,9,0,0,2,10,3,3,3,0,14,1,6,1,14,9,1,2,7,10,7,14,9,
1,2,7,14,9,1,2,7,3,13,10,9,3,1,3,12,10,1,3,12,10,9,15,6,3,1,3,12,10
12-15 16:27:36.820 18425 18547 D jswrapper: JS: 8,1,4,1,13,6,12,12,6,10,6,3,9,1,9
12-15 16:27:36.825 18425 18547 D jswrapper: JS: main=200, sub=152
12-15 16:27:36.825 18425 18547 D jswrapper: JS: JACKPOT:{"lJackPot":
[7027,14757,5549,96993,44145]}
12-15 16:27:38.993 18425 18547 D jswrapper: JS: showGameWinScore:560
12-15 16:27:39.047 18425 18547 D jswrapper: JS: main=3, sub=530
12-15 16:27:39.048 18425 18547 D jswrapper: JS: [object Object]
12-15 16:27:39.048 18425 18547 D jswrapper: JS: 512
12-15 16:27:39.049 18425 18547 D jswrapper: JS: SendSocketData main:100 sub:512
12-15 16:27:39.071 18425 18547 D jswrapper: JS: main=100, sub=513
12-15 16:27:39.072 18425 18547 D jswrapper: JS: 收到框架消息::513
12-15 16:27:39.072 18425 18547 D jswrapper: JS: [object Object]
12-15 16:27:39.073 18425 18547 D jswrapper: JS: main=100, sub=513
12-15 16:27:39.073 18425 18547 D jswrapper: JS: 收到框架消息::513
12-15 16:27:39.073 18425 18547 D jswrapper: JS: [object Object]
12-15 16:27:39.073 18425 18547 D jswrapper: JS: main=100, sub=513
12-15 16:27:39.073 18425 18547 D jswrapper: JS: 收到框架消息::513
12-15 16:27:39.073 18425 18547 D jswrapper: JS: [object Object]
12-15 16:27:39.073 18425 18547 D jswrapper: JS: main=100, sub=513
12-15 16:27:39.078 18425 18547 D jswrapper: JS: 收到框架消息::513
12-15 16:27:39.078 18425 18547 D jswrapper: JS: [object Object]
12-15 16:27:39.079 18425 18547 D jswrapper: JS: main=100, sub=513
12-15 16:27:39.079 18425 18547 D jswrapper: JS: 收到框架消息::513
12-15 16:27:39.079 18425 18547 D jswrapper: JS: [object Object]
12-15 16:27:39.079 18425 18547 D jswrapper: JS: main=100, sub=513
12-15 16:27:39.079 18425 18547 D jswrapper: JS: 收到框架消息::513
12-15 16:27:39.079 18425 18547 D jswrapper: JS: [object Object]
12-15 16:27:39.080 18425 18547 D jswrapper: JS: main=100, sub=513
12-15 16:27:39.080 18425 18547 D jswrapper: JS: 收到框架消息::513
12-15 16:27:39.080 18425 18547 D jswrapper: JS: [object Object]
12-15 16:27:39.080 18425 18547 D jswrapper: JS: main=100, sub=513
12-15 16:27:39.080 18425 18547 D jswrapper: JS: 收到框架消息::513
12-15 16:27:39.080 18425 18547 D jswrapper: JS: [object Object]
12-15 16:27:39.081 18425 18547 D jswrapper: JS: main=100, sub=513
12-15 16:27:39.081 18425 18547 D jswrapper: JS: 收到框架消息::513
12-15 16:27:39.081 18425 18547 D jswrapper: JS: [object Object]
12-15 16:27:39.081 18425 18547 D jswrapper: JS: main=100, sub=513
12-15 16:27:39.081 18425 18547 D jswrapper: JS: 收到框架消息::513
12-15 16:27:39.081 18425 18547 D jswrapper: JS: [object Object]
12-15 16:27:39.272 18425 18547 D jswrapper: JS: showGameEnd
12-15 16:27:39.273 18425 18547 D jswrapper: JS: winTimes:84
12-15 16:27:43.295 18425 18425 I ViewRootImpl@17bc549[AppActivity]: ViewPostIme
pointer 0
12-15 16:27:43.383 18425 18425 W Choreographer: Frame time is 0.223171 ms in the
future! Check that graphics HAL is generating vsync timestamps using the correct
timebase.
12-15 16:27:43.386 18425 18425 I ViewRootImpl@17bc549[AppActivity]: ViewPostIme
pointer 1
12-15 16:27:43.414 18425 18547 D jswrapper: JS: SendSocketData main:200 sub:113
12-15 16:27:43.471 18425 18547 D jswrapper: JS: main=3, sub=101
12-15 16:27:43.472 18425 18547 D jswrapper: JS: GameBase onEventUserScore 用户积分
12-15 16:27:43.472 18425 18547 D jswrapper: JS: main=200, sub=149
12-15 16:27:43.472 18425 18547 D jswrapper: JS: SGLB::结果
12-15 16:27:43.472 18425 18547 D jswrapper: JS: [object Object]
12-15 16:27:43.473 18425 18547 D jswrapper: JS: 0
12-15 16:27:43.473 18425 18547 D jswrapper: JS: this._nFreeCount<=0?????
12-15 16:27:43.477 18425 18547 D jswrapper: JS:
5,0,0,5,5,8,6,6,1,8,6,6,1,4,7,4,5,8,6,6,1,4,14,1,7,4,1,12,3,3,3,6,7,5,10,0,0,4,1,12
,3,3,10,3,0,2,10,4,12,9,3,0,2,8,9,0,0,2,10,4,12,9,3,14,2,14,0,14,1,6,1,7,2,3,14,1,6
,1,7,14,1,6,1,7,3,3,4,0,3,13,10,9,17,13,10,9,17,8,15,5,3,13,10,9,17
12-15 16:27:43.478 18425 18547 D jswrapper: JS: 0,14,3,2,3,0,1,0,14,4,5,7,2,0,0
12-15 16:27:45.327 18425 18425 I ViewRootImpl@17bc549[AppActivity]: ViewPostIme
pointer 0
12-15 16:27:45.451 18425 18425 I ViewRootImpl@17bc549[AppActivity]: ViewPostIme
pointer 1
12-15 16:27:45.630 18425 18547 D jswrapper: JS: showGameWinScore:0
12-15 16:27:45.926 18425 18547 D jswrapper: JS: showGameEnd
12-15 16:27:46.002 18425 18425 I ViewRootImpl@17bc549[AppActivity]: ViewPostIme
pointer 0
12-15 16:27:46.091 18425 18425 I ViewRootImpl@17bc549[AppActivity]: ViewPostIme
pointer 1
12-15 16:27:46.121 18425 18547 D jswrapper: JS: SendSocketData main:200 sub:113
12-15 16:27:46.152 18425 18547 D jswrapper: JS: main=3, sub=101
12-15 16:27:46.152 18425 18547 D jswrapper: JS: GameBase onEventUserScore 用户积分
12-15 16:27:46.152 18425 18547 D jswrapper: JS: main=200, sub=149
12-15 16:27:46.155 18425 18547 D jswrapper: JS: SGLB::结果
12-15 16:27:46.155 18425 18547 D jswrapper: JS: [object Object]
12-15 16:27:46.155 18425 18547 D jswrapper: JS: 0
12-15 16:27:46.155 18425 18547 D jswrapper: JS: this._nFreeCount<=0?????
12-15 16:27:46.157 18425 18547 D jswrapper: JS:
5,4,0,3,5,0,0,5,1,0,0,5,1,4,7,4,5,0,0,5,1,4,12,0,0,4,14,1,7,3,3,6,7,5,10,0,0,4,14,1
,7,3,10,0,0,8,10,3,0,2,12,0,2,8,9,0,0,2,10,3,0,2,12,14,16,1,1,14,2,14,0,9,6,3,14,2,
14,0,9,14,2,14,0,9,3,8,10,0,3,3,4,0,6,3,4,0,6,2,7,13,3,3,4,0,6
12-15 16:27:46.157 18425 18547 D jswrapper: JS: 4,12,0,16,8,0,0,0,1,10,3,0,8,1,0
12-15 16:27:48.337 18425 18547 D jswrapper: JS: showGameWinScore:60
12-15 16:27:48.390 18425 18425 I ViewRootImpl@17bc549[AppActivity]: ViewPostIme
pointer 0
12-15 16:27:48.505 18425 18425 I ViewRootImpl@17bc549[AppActivity]: ViewPostIme
pointer 1
12-15 16:27:48.658 18425 18547 D jswrapper: JS: showGameEnd
12-15 16:27:48.658 18425 18547 D jswrapper: JS: winTimes:9
12-15 16:27:50.531 18425 18425 I ViewRootImpl@17bc549[AppActivity]: ViewPostIme
pointer 0
12-15 16:27:50.721 18425 18425 I ViewRootImpl@17bc549[AppActivity]: ViewPostIme
pointer 1
12-15 16:27:50.754 18425 18547 D jswrapper: JS: SendSocketData main:200 sub:113
12-15 16:27:50.810 18425 18547 D jswrapper: JS: main=3, sub=101
12-15 16:27:50.810 18425 18547 D jswrapper: JS: GameBase onEventUserScore 用户积分
12-15 16:27:50.810 18425 18547 D jswrapper: JS: main=200, sub=149
12-15 16:27:50.811 18425 18547 D jswrapper: JS: SGLB::结果
12-15 16:27:50.812 18425 18547 D jswrapper: JS: [object Object]
12-15 16:27:50.812 18425 18547 D jswrapper: JS: 0
12-15 16:27:50.812 18425 18547 D jswrapper: JS: this._nFreeCount<=0?????
12-15 16:27:50.818 18425 18547 D jswrapper: JS:
5,8,6,0,5,4,0,3,1,4,0,3,1,4,7,4,5,4,0,3,1,4,14,6,8,4,12,0,0,3,3,6,7,5,10,0,0,4,12,0
,0,3,10,12,13,2,10,0,0,8,0,0,2,8,9,0,0,2,10,0,0,8,0,14,5,13,12,14,16,1,1,5,10,7,14,
16,1,1,5,14,16,1,1,5,3,8,1,3,3,8,10,0,12,8,10,0,12,3,1,4,3,8,10,0,12
12-15 16:27:50.818 18425 18547 D jswrapper: JS: 8,14,12,5,8,6,6,13,13,1,0,8,2,12,3
12-15 16:27:50.821 18425 18547 D jswrapper: JS: main=3, sub=102
12-15 16:27:50.821 18425 18547 D jswrapper: JS:
OnSocketSubUserStatus::dwUserID::2727209
12-15 16:27:50.821 18425 18547 D jswrapper: JS: OnSocketSubUserStatus::UserStatus::
{"wTableID":5,"wChairID":0,"cbUserStatus":5}
12-15 16:27:50.822 18425 18547 D jswrapper: JS: UpdateUserItemStatus::以往数据::
{"wTableID":5,"wChairID":0,"cbUserStatus":2}
12-15 16:27:50.822 18425 18547 D jswrapper: JS: GameBase onEventUserStatus 用户状态
12-15 16:27:50.822 18425 18547 D jswrapper: JS: main=100, sub=401
12-15 16:27:50.822 18425 18547 D jswrapper: JS: 收到框架消息::401
12-15 16:27:50.822 18425 18547 D jswrapper: JS: 收到唯一对局码: (2311005167113246637)
12-15 16:27:50.822 18425 18547 D jswrapper: JS: main=3, sub=101
12-15 16:27:50.822 18425 18547 D jswrapper: JS: GameBase onEventUserScore 用户积分
12-15 16:27:50.822 18425 18547 D jswrapper: JS: main=3, sub=102
12-15 16:27:50.822 18425 18547 D jswrapper: JS:
OnSocketSubUserStatus::dwUserID::2727209
12-15 16:27:50.822 18425 18547 D jswrapper: JS: OnSocketSubUserStatus::UserStatus::
{"wTableID":5,"wChairID":0,"cbUserStatus":2}
12-15 16:27:50.822 18425 18547 D jswrapper: JS: UpdateUserItemStatus::以往数据::
{"wTableID":5,"wChairID":0,"cbUserStatus":5}
12-15 16:27:50.822 18425 18547 D jswrapper: JS: GameBase onEventUserStatus 用户状态
12-15 16:27:52.969 18425 18547 D jswrapper: JS: showGameWinScore:1700
12-15 16:27:53.266 18425 18547 D jswrapper: JS: showGameEnd
12-15 16:27:53.266 18425 18547 D jswrapper: JS: winTimes:255
12-15 16:27:53.281 18425 18759 I AudioDecoderMp3: Original audio info: numChannels:
2, sampleRate: 44100, bitPerSample: 16, containerSize: 16, channelMask: 3,
endianness: 2, numFrames: 96768, duration: 2.194286, total size: 387072
12-15 16:27:53.281 18425 18759 D AudioDecoder: Decoding
(/data/user/0/com.glgame.frtslots/blackbox/data/user/0/com.aru.glgame.frtslots/
files/blackjack-remote-asset/assets/TREASURE/assets/native/ff/ffe39112-9462-43f9-
8290-a922531d6f3b.mp3) to pcm data wasted 10.075000ms
12-15 16:27:53.284 18425 18759 D AudioDecoder: Resampling
(/data/user/0/com.glgame.frtslots/blackbox/data/user/0/com.aru.glgame.frtslots/
files/blackjack-remote-asset/assets/TREASURE/assets/native/ff/ffe39112-9462-43f9-
8290-a922531d6f3b.mp3) wasted 3.503000ms
12-15 16:27:53.284 18425 18759 I AudioDecoder: Audio channel count is 2, no need to
interleave
12-15 16:27:53.284 18425 18759 D AudioDecoder: Interleave
(/data/user/0/com.glgame.frtslots/blackbox/data/user/0/com.aru.glgame.frtslots/
files/blackjack-remote-asset/assets/TREASURE/assets/native/ff/ffe39112-9462-43f9-
8290-a922531d6f3b.mp3) wasted 0.057000ms
12-15 16:27:54.322 18425 18547 D jswrapper: JS: main=200, sub=152
12-15 16:27:54.322 18425 18547 D jswrapper: JS: JACKPOT:{"lJackPot":
[7497,15227,6019,97113,44447]}
12-15 16:27:54.741 18425 18425 I ViewRootImpl@17bc549[AppActivity]: ViewPostIme key
0
12-15 16:27:54.991 18425 18425 I ViewRootImpl@17bc549[AppActivity]: ViewPostIme key
0
12-15 16:27:55.042 18425 18425 I ViewRootImpl@17bc549[AppActivity]: ViewPostIme key
0
12-15 16:27:55.090 18425 18425 I ViewRootImpl@17bc549[AppActivity]: ViewPostIme key
0
12-15 16:27:55.142 18425 18425 I ViewRootImpl@17bc549[AppActivity]: ViewPostIme key
0
12-15 16:27:55.194 18425 18425 I ViewRootImpl@17bc549[AppActivity]: ViewPostIme key
0
12-15 16:27:55.244 18425 18425 I ViewRootImpl@17bc549[AppActivity]: ViewPostIme key
0
12-15 16:27:55.295 18425 18425 I ViewRootImpl@17bc549[AppActivity]: ViewPostIme key
0
12-15 16:27:55.325 18425 18425 I ViewRootImpl@17bc549[AppActivity]: ViewPostIme key
1
12-15 16:27:56.255 18425 18425 I ViewRootImpl@17bc549[AppActivity]: ViewPostIme key
0
12-15 16:27:56.506 18425 18425 I ViewRootImpl@17bc549[AppActivity]: ViewPostIme key
0
12-15 16:27:56.555 18425 18425 I ViewRootImpl@17bc549[AppActivity]: ViewPostIme key
0
12-15 16:27:56.608 18425 18425 I ViewRootImpl@17bc549[AppActivity]: ViewPostIme key
0
12-15 16:27:56.658 18425 18425 I ViewRootImpl@17bc549[AppActivity]: ViewPostIme key
0
12-15 16:27:56.714 18425 18425 I ViewRootImpl@17bc549[AppActivity]: ViewPostIme key
0
12-15 16:27:56.759 18425 18425 I ViewRootImpl@17bc549[AppActivity]: ViewPostIme key
0
12-15 16:27:56.813 18425 18425 I ViewRootImpl@17bc549[AppActivity]: ViewPostIme key
0
12-15 16:27:56.859 18425 18425 I ViewRootImpl@17bc549[AppActivity]: ViewPostIme key
0
12-15 16:27:56.913 18425 18425 I ViewRootImpl@17bc549[AppActivity]: ViewPostIme key
0
12-15 16:27:56.962 18425 18425 I ViewRootImpl@17bc549[AppActivity]: ViewPostIme key
0
12-15 16:27:57.013 18425 18425 I ViewRootImpl@17bc549[AppActivity]: ViewPostIme key
0
12-15 16:27:57.064 18425 18425 I ViewRootImpl@17bc549[AppActivity]: ViewPostIme key
0
12-15 16:27:57.116 18425 18425 I ViewRootImpl@17bc549[AppActivity]: ViewPostIme key
0
12-15 16:27:57.163 18425 18425 I ViewRootImpl@17bc549[AppActivity]: ViewPostIme key
0
12-15 16:27:57.217 18425 18425 I ViewRootImpl@17bc549[AppActivity]: ViewPostIme key
0
12-15 16:27:57.266 18425 18425 I ViewRootImpl@17bc549[AppActivity]: ViewPostIme key
0
12-15 16:27:57.272 18425 18425 I ViewRootImpl@17bc549[AppActivity]: ViewPostIme key
1
12-15 16:27:58.114 18425 18425 I ViewRootImpl@17bc549[AppActivity]: ViewPostIme key
0
12-15 16:27:58.364 18425 18425 I ViewRootImpl@17bc549[AppActivity]: ViewPostIme key
0
12-15 16:27:58.416 18425 18425 I ViewRootImpl@17bc549[AppActivity]: ViewPostIme key
0
12-15 16:27:58.420 18425 18425 I ViewRootImpl@17bc549[AppActivity]: ViewPostIme key
1
12-15 16:28:02.337 18425 18425 I ViewRootImpl@17bc549[AppActivity]: ViewPostIme
pointer 0
12-15 16:28:02.460 18425 18425 I ViewRootImpl@17bc549[AppActivity]: ViewPostIme
pointer 1
12-15 16:28:02.490 18425 18547 D jswrapper: JS: SendSocketData main:200 sub:113
12-15 16:28:02.546 18425 18547 D jswrapper: JS: main=3, sub=101
12-15 16:28:02.547 18425 18547 D jswrapper: JS: GameBase onEventUserScore 用户积分
12-15 16:28:02.547 18425 18547 D jswrapper: JS: main=200, sub=149
12-15 16:28:02.547 18425 18547 D jswrapper: JS: SGLB::结果
12-15 16:28:02.547 18425 18547 D jswrapper: JS: [object Object]
12-15 16:28:02.547 18425 18547 D jswrapper: JS: 0
12-15 16:28:02.547 18425 18547 D jswrapper: JS: this._nFreeCount<=0?????
12-15 16:28:02.552 18425 18547 D jswrapper: JS:
5,1,3,0,5,8,6,0,1,8,6,0,1,4,7,4,5,8,6,0,1,4,0,12,17,4,14,6,8,3,3,6,7,5,10,0,0,4,14,
6,8,3,10,3,9,1,10,12,13,2,0,0,2,8,9,0,0,2,10,12,13,2,0,14,2,0,10,14,5,13,12,7,4,10,
14,5,13,12,7,14,5,13,12,7,3,3,6,8,3,8,1,3,0,8,1,3,0,1,5,6,3,8,1,3,0
12-15 16:28:02.552 18425 18547 D jswrapper: JS: 1,0,3,2,3,3,12,9,0,6,0,17,1,10,8
12-15 16:28:04.459 18425 18425 I ViewRootImpl@17bc549[AppActivity]: ViewPostIme
pointer 0
12-15 16:28:04.559 18425 18425 I ViewRootImpl@17bc549[AppActivity]: ViewPostIme
pointer 1
12-15 16:28:04.700 18425 18547 D jswrapper: JS: showGameWinScore:60
12-15 16:28:04.996 18425 18547 D jswrapper: JS: showGameEnd
12-15 16:28:04.996 18425 18547 D jswrapper: JS: winTimes:9
12-15 16:28:06.174 18425 18425 I ViewRootImpl@17bc549[AppActivity]: ViewPostIme
pointer 0
12-15 16:28:06.266 18425 18425 I ViewRootImpl@17bc549[AppActivity]: ViewPostIme
pointer 1
12-15 16:28:06.301 18425 18547 D jswrapper: JS: SendSocketData main:200 sub:113
12-15 16:28:06.332 18425 18547 D jswrapper: JS: main=200, sub=152
12-15 16:28:06.332 18425 18547 D jswrapper: JS: JACKPOT:{"lJackPot":
[6914,15406,6198,97161,44566]}
12-15 16:28:06.356 18425 18547 D jswrapper: JS: main=3, sub=101
12-15 16:28:06.357 18425 18547 D jswrapper: JS: GameBase onEventUserScore 用户积分
12-15 16:28:06.357 18425 18547 D jswrapper: JS: main=200, sub=149
12-15 16:28:06.357 18425 18547 D jswrapper: JS: SGLB::结果
12-15 16:28:06.358 18425 18547 D jswrapper: JS: [object Object]
12-15 16:28:06.358 18425 18547 D jswrapper: JS: 0
12-15 16:28:06.358 18425 18547 D jswrapper: JS: this._nFreeCount<=0?????
12-15 16:28:06.363 18425 18547 D jswrapper: JS:
5,2,2,1,5,1,3,0,1,1,3,0,1,4,7,4,5,1,3,0,1,4,12,0,12,4,0,12,17,3,3,6,7,5,10,0,0,4,0,
12,17,3,10,0,1,2,10,3,9,1,13,0,2,8,9,0,0,2,10,3,9,1,13,14,2,3,14,14,2,0,10,10,7,9,1
4,2,0,10,10,14,2,0,10,10,3,10,8,1,3,3,6,8,8,3,6,8,8,6,5,2,3,3,6,8,8
12-15 16:28:06.363 18425 18547 D jswrapper: JS: 2,12,0,2,10,2,0,1,3,8,1,12,2,14,1
12-15 16:28:08.529 18425 18547 D jswrapper: JS: showGameWinScore:240
12-15 16:28:08.825 18425 18547 D jswrapper: JS: showGameEnd
12-15 16:28:08.826 18425 18547 D jswrapper: JS: winTimes:36
12-15 16:28:09.767 18425 18547 D jswrapper: JS: main=3, sub=530
12-15 16:28:09.767 18425 18547 D jswrapper: JS: [object Object]
12-15 16:28:09.767 18425 18547 D jswrapper: JS: 512
12-15 16:28:09.767 18425 18547 D jswrapper: JS: SendSocketData main:100 sub:512
12-15 16:28:09.841 18425 18547 D jswrapper: JS: main=100, sub=513
12-15 16:28:09.841 18425 18547 D jswrapper: JS: 收到框架消息::513
12-15 16:28:09.841 18425 18547 D jswrapper: JS: [object Object]
12-15 16:28:09.842 18425 18547 D jswrapper: JS: main=100, sub=513
12-15 16:28:09.842 18425 18547 D jswrapper: JS: 收到框架消息::513
12-15 16:28:09.842 18425 18547 D jswrapper: JS: [object Object]
12-15 16:28:09.843 18425 18547 D jswrapper: JS: main=100, sub=513
12-15 16:28:09.843 18425 18547 D jswrapper: JS: 收到框架消息::513
12-15 16:28:09.843 18425 18547 D jswrapper: JS: [object Object]
12-15 16:28:09.843 18425 18547 D jswrapper: JS: main=100, sub=513
12-15 16:28:09.843 18425 18547 D jswrapper: JS: 收到框架消息::513
12-15 16:28:09.843 18425 18547 D jswrapper: JS: [object Object]
12-15 16:28:09.844 18425 18547 D jswrapper: JS: main=100, sub=513
12-15 16:28:09.844 18425 18547 D jswrapper: JS: 收到框架消息::513
12-15 16:28:09.844 18425 18547 D jswrapper: JS: [object Object]
12-15 16:28:09.844 18425 18547 D jswrapper: JS: main=100, sub=513
12-15 16:28:09.844 18425 18547 D jswrapper: JS: 收到框架消息::513
12-15 16:28:09.845 18425 18547 D jswrapper: JS: [object Object]
12-15 16:28:09.845 18425 18547 D jswrapper: JS: main=100, sub=513
12-15 16:28:09.845 18425 18547 D jswrapper: JS: 收到框架消息::513
12-15 16:28:09.845 18425 18547 D jswrapper: JS: [object Object]
12-15 16:28:09.845 18425 18547 D jswrapper: JS: main=100, sub=513
12-15 16:28:09.856 18425 18547 D jswrapper: JS: 收到框架消息::513
12-15 16:28:09.857 18425 18547 D jswrapper: JS: [object Object]
12-15 16:28:09.857 18425 18547 D jswrapper: JS: main=100, sub=513
12-15 16:28:09.857 18425 18547 D jswrapper: JS: 收到框架消息::513
12-15 16:28:09.857 18425 18547 D jswrapper: JS: [object Object]
12-15 16:28:09.857 18425 18547 D jswrapper: JS: main=100, sub=513
12-15 16:28:09.857 18425 18547 D jswrapper: JS: 收到框架消息::513
12-15 16:28:09.858 18425 18547 D jswrapper: JS: [object Object]
12-15 16:28:10.131 18425 18547 D jswrapper: XMLHttpRequest_finalize,
0x77f0d1c3b0 ...
12-15 16:28:10.788 18425 18547 D jswrapper: JS: main=200, sub=152
12-15 16:28:10.791 18425 18547 D jswrapper: JS: JACKPOT:{"lJackPot":
[6976,15468,6260,97174,44603]}
12-15 16:28:11.054 18425 18425 I ViewRootImpl@17bc549[AppActivity]: ViewPostIme
pointer 0
12-15 16:28:11.145 18425 18425 I ViewRootImpl@17bc549[AppActivity]: ViewPostIme
pointer 1
12-15 16:28:11.175 18425 18547 D jswrapper: JS: SendSocketData main:200 sub:113
12-15 16:28:11.230 18425 18547 D jswrapper: JS: main=3, sub=101
12-15 16:28:11.231 18425 18547 D jswrapper: JS: GameBase onEventUserScore 用户积分
12-15 16:28:11.231 18425 18547 D jswrapper: JS: main=200, sub=149
12-15 16:28:11.231 18425 18547 D jswrapper: JS: SGLB::结果
12-15 16:28:11.231 18425 18547 D jswrapper: JS: [object Object]
12-15 16:28:11.231 18425 18547 D jswrapper: JS: 0
12-15 16:28:11.231 18425 18547 D jswrapper: JS: this._nFreeCount<=0?????
12-15 16:28:11.235 18425 18547 D jswrapper: JS:
5,1,0,1,5,2,2,1,1,2,2,1,1,4,7,4,5,2,2,1,1,4,1,7,3,4,12,0,12,3,3,6,7,5,10,0,0,4,12,0
,12,3,10,0,2,0,10,0,1,2,9,0,2,8,9,0,0,2,10,0,1,2,9,14,1,1,7,14,2,3,14,7,1,15,14,2,3
,14,7,14,2,3,14,7,3,3,2,1,3,10,8,1,8,10,8,1,8,1,0,3,3,10,8,1,8
12-15 16:28:11.235 18425 18547 D jswrapper: JS: 1,1,0,1,3,0,7,2,1,2,1,3,0,7,1
12-15 16:28:13.406 18425 18547 D jswrapper: JS: showGameWinScore:0
12-15 16:28:13.593 18425 18425 I ViewRootImpl@17bc549[AppActivity]: ViewPostIme
pointer 0
12-15 16:28:13.700 18425 18547 D jswrapper: JS: showGameEnd
12-15 16:28:13.726 18425 18425 I ViewRootImpl@17bc549[AppActivity]: ViewPostIme
pointer 1
12-15 16:28:14.593 18425 18425 I ViewRootImpl@17bc549[AppActivity]: ViewPostIme
pointer 0
12-15 16:28:14.684 18425 18425 I ViewRootImpl@17bc549[AppActivity]: ViewPostIme
pointer 1
12-15 16:28:14.734 18425 18547 D jswrapper: JS: SendSocketData main:200 sub:113
12-15 16:28:14.790 18425 18547 D jswrapper: JS: main=3, sub=101
12-15 16:28:14.790 18425 18547 D jswrapper: JS: GameBase onEventUserScore 用户积分
12-15 16:28:14.790 18425 18547 D jswrapper: JS: main=200, sub=149
12-15 16:28:14.790 18425 18547 D jswrapper: JS: SGLB::结果
12-15 16:28:14.790 18425 18547 D jswrapper: JS: [object Object]
12-15 16:28:14.790 18425 18547 D jswrapper: JS: 0
12-15 16:28:14.790 18425 18547 D jswrapper: JS: this._nFreeCount<=0?????
12-15 16:28:14.793 18425 18547 D jswrapper: JS:
5,8,2,2,5,1,0,1,1,1,0,1,1,4,7,4,5,1,0,1,1,4,0,4,6,4,1,7,3,3,3,6,7,5,10,0,0,4,1,7,3,
3,10,0,4,10,10,0,2,0,1,0,2,8,9,0,0,2,10,0,2,0,1,14,2,2,10,14,1,1,7,7,3,8,14,1,1,7,7
,14,1,1,7,7,3,4,6,2,3,3,2,1,8,3,2,1,8,10,9,3,3,3,2,1,8
12-15 16:28:14.793 18425 18547 D jswrapper: JS: 8,0,0,2,4,2,4,4,2,6,2,6,10,10,2
12-15 16:28:16.220 18425 18547 D jswrapper: JS: main=200, sub=152
12-15 16:28:16.228 18425 18547 D jswrapper: JS: JACKPOT:{"lJackPot":
[7197,15689,6481,97238,44744]}
12-15 16:28:16.947 18425 18547 D jswrapper: JS: showGameWinScore:0
12-15 16:28:17.224 18425 18547 D jswrapper: JS: showGameEnd
12-15 16:28:17.269 18425 18425 I ViewRootImpl@17bc549[AppActivity]: ViewPostIme
pointer 0
12-15 16:28:17.425 18425 18425 I ViewRootImpl@17bc549[AppActivity]: ViewPostIme
pointer 1
12-15 16:28:17.449 18425 18547 D jswrapper: JS: SendSocketData main:200 sub:113
12-15 16:28:17.504 18425 18547 D jswrapper: JS: main=3, sub=101
12-15 16:28:17.504 18425 18547 D jswrapper: JS: GameBase onEventUserScore 用户积分
12-15 16:28:17.504 18425 18547 D jswrapper: JS: main=200, sub=149
12-15 16:28:17.505 18425 18547 D jswrapper: JS: SGLB::结果
12-15 16:28:17.505 18425 18547 D jswrapper: JS: [object Object]
12-15 16:28:17.505 18425 18547 D jswrapper: JS: 0
12-15 16:28:17.505 18425 18547 D jswrapper: JS: this._nFreeCount<=0?????
12-15 16:28:17.509 18425 18547 D jswrapper: JS:
5,5,0,1,5,8,2,2,1,8,2,2,1,4,7,4,5,8,2,2,1,4,3,2,0,4,0,4,6,3,3,6,7,5,10,0,0,4,0,4,6,
3,10,10,0,8,10,0,4,10,2,0,2,8,9,0,0,2,10,0,4,10,2,14,7,12,3,14,2,2,10,1,10,5,14,2,2
,10,1,14,2,2,10,1,3,4,2,6,3,4,6,2,16,4,6,2,16,8,10,5,3,4,6,2,16
12-15 16:28:17.509 18425 18547 D jswrapper: JS: 5,3,10,7,4,0,2,0,12,2,1,0,8,3,6
12-15 16:28:19.650 18425 18547 D jswrapper: JS: showGameWinScore:10
12-15 16:28:19.772 18425 18425 I ViewRootImpl@17bc549[AppActivity]: ViewPostIme
pointer 0
12-15 16:28:19.895 18425 18425 I ViewRootImpl@17bc549[AppActivity]: ViewPostIme
pointer 1
12-15 16:28:19.960 18425 18547 D jswrapper: JS: showGameEnd
12-15 16:28:19.960 18425 18547 D jswrapper: JS: winTimes:1
12-15 16:28:21.530 18425 18425 I ViewRootImpl@17bc549[AppActivity]: ViewPostIme
pointer 0
12-15 16:28:21.694 18425 18425 I ViewRootImpl@17bc549[AppActivity]: ViewPostIme
pointer 1
12-15 16:28:22.387 18425 18425 I ViewRootImpl@17bc549[AppActivity]: ViewPostIme
pointer 0
12-15 16:28:22.518 18425 18425 I ViewRootImpl@17bc549[AppActivity]: ViewPostIme
pointer 1
12-15 16:28:22.554 18425 18547 D jswrapper: JS: SendSocketData main:200 sub:113
12-15 16:28:22.610 18425 18547 D jswrapper: JS: main=3, sub=101
12-15 16:28:22.611 18425 18547 D jswrapper: JS: GameBase onEventUserScore 用户积分
12-15 16:28:22.611 18425 18547 D jswrapper: JS: main=200, sub=149
12-15 16:28:22.611 18425 18547 D jswrapper: JS: SGLB::结果
12-15 16:28:22.611 18425 18547 D jswrapper: JS: [object Object]
12-15 16:28:22.612 18425 18547 D jswrapper: JS: 0
12-15 16:28:22.612 18425 18547 D jswrapper: JS: this._nFreeCount<=0?????
12-15 16:28:22.617 18425 18547 D jswrapper: JS:
5,6,1,16,5,5,0,1,1,5,0,1,1,4,7,4,5,5,0,1,1,4,0,4,1,4,3,2,0,3,3,6,7,5,10,0,0,4,3,2,0
,3,10,0,0,10,10,10,0,8,4,0,2,8,9,0,0,2,10,10,0,8,4,14,2,0,8,14,7,12,3,9,7,5,14,7,12
,3,9,14,7,12,3,9,3,5,7,3,3,4,2,6,0,4,2,6,0,15,9,1,3,4,2,6,0
12-15 16:28:22.617 18425 18547 D jswrapper: JS: 6,0,0,2,5,1,4,0,0,7,16,1,10,8,3
12-15 16:28:24.742 18425 18425 I ViewRootImpl@17bc549[AppActivity]: ViewPostIme
pointer 0
12-15 16:28:24.781 18425 18547 D jswrapper: JS: showGameWinScore:0
12-15 16:28:24.891 18425 18425 I ViewRootImpl@17bc549[AppActivity]: ViewPostIme
pointer 1
12-15 16:28:25.078 18425 18547 D jswrapper: JS: showGameEnd
12-15 16:28:25.584 18425 18425 I ViewRootImpl@17bc549[AppActivity]: ViewPostIme
pointer 0
12-15 16:28:25.698 18425 18425 I ViewRootImpl@17bc549[AppActivity]: ViewPostIme
pointer 1
12-15 16:28:25.740 18425 18547 D jswrapper: JS: SendSocketData main:200 sub:113
12-15 16:28:25.795 18425 18547 D jswrapper: JS: main=3, sub=101
12-15 16:28:25.796 18425 18547 D jswrapper: JS: GameBase onEventUserScore 用户积分
12-15 16:28:25.796 18425 18547 D jswrapper: JS: main=200, sub=149
12-15 16:28:25.796 18425 18547 D jswrapper: JS: SGLB::结果
12-15 16:28:25.796 18425 18547 D jswrapper: JS: [object Object]
12-15 16:28:25.796 18425 18547 D jswrapper: JS: 0
12-15 16:28:25.796 18425 18547 D jswrapper: JS: this._nFreeCount<=0?????
12-15 16:28:25.802 18425 18547 D jswrapper: JS:
5,0,0,1,5,6,1,16,1,6,1,16,1,4,7,4,5,6,1,16,1,4,0,0,4,4,0,4,1,3,3,6,7,5,10,0,0,4,0,4
,1,3,10,0,9,1,10,0,0,10,0,0,2,8,9,0,0,2,10,0,0,10,0,14,7,7,2,14,2,0,8,9,5,10,14,2,0
,8,9,14,2,0,8,9,3,5,1,2,3,5,7,3,7,5,7,3,7,2,6,4,3,5,7,3,7
12-15 16:28:25.802 18425 18547 D jswrapper: JS: 0,0,0,7,5,0,0,9,7,1,1,4,1,2,2
12-15 16:28:27.985 18425 18547 D jswrapper: JS: showGameWinScore:80
12-15 16:28:28.260 18425 18547 D jswrapper: JS: showGameEnd
12-15 16:28:28.260 18425 18547 D jswrapper: JS: winTimes:6
12-15 16:28:31.306 9652 9652 D batteryLevel: 35
12-15 16:28:31.308 18425 18425 D batteryLevel: 35
12-15 16:28:31.596 18425 18425 I ViewRootImpl@17bc549[AppActivity]: ViewPostIme
pointer 0
12-15 16:28:31.710 18425 18425 I ViewRootImpl@17bc549[AppActivity]: ViewPostIme
pointer 1
12-15 16:28:31.759 18425 18547 D jswrapper: JS: SendSocketData main:200 sub:113
12-15 16:28:31.793 18425 18547 D jswrapper: JS: main=3, sub=101
12-15 16:28:31.793 18425 18547 D jswrapper: JS: GameBase onEventUserScore 用户积分
12-15 16:28:31.793 18425 18547 D jswrapper: JS: main=200, sub=149
12-15 16:28:31.793 18425 18547 D jswrapper: JS: SGLB::结果
12-15 16:28:31.793 18425 18547 D jswrapper: JS: [object Object]
12-15 16:28:31.793 18425 18547 D jswrapper: JS: 0
12-15 16:28:31.793 18425 18547 D jswrapper: JS: this._nFreeCount<=0?????
12-15 16:28:31.796 18425 18547 D jswrapper: JS:
5,2,4,2,5,0,0,1,1,0,0,1,1,4,7,4,5,0,0,1,1,4,0,6,8,4,0,0,4,3,3,6,7,5,10,0,0,4,0,0,4,
3,10,2,2,5,10,0,9,1,0,0,2,8,9,0,0,2,10,0,9,1,0,14,1,5,0,14,7,7,2,8,1,9,14,7,7,2,8,1
4,7,7,2,8,3,9,8,2,3,5,1,2,0,5,1,2,0,0,3,7,3,5,1,2,0
12-15 16:28:31.796 18425 18547 D jswrapper: JS: 2,0,2,1,9,4,6,2,5,8,2,8,5,0,2
12-15 16:28:33.909 18425 18425 I ViewRootImpl@17bc549[AppActivity]: ViewPostIme
pointer 0
12-15 16:28:33.970 18425 18547 D jswrapper: JS: showGameWinScore:0
12-15 16:28:34.059 18425 18425 I ViewRootImpl@17bc549[AppActivity]: ViewPostIme
pointer 1
12-15 16:28:34.267 18425 18547 D jswrapper: JS: showGameEnd
12-15 16:28:34.888 18425 18425 I ViewRootImpl@17bc549[AppActivity]: ViewPostIme
pointer 0
12-15 16:28:35.001 18425 18425 I ViewRootImpl@17bc549[AppActivity]: ViewPostIme
pointer 1
12-15 16:28:35.042 18425 18547 D jswrapper: JS: SendSocketData main:200 sub:113
12-15 16:28:35.098 18425 18547 D jswrapper: JS: main=3, sub=101
12-15 16:28:35.098 18425 18547 D jswrapper: JS: GameBase onEventUserScore 用户积分
12-15 16:28:35.098 18425 18547 D jswrapper: JS: main=200, sub=149
12-15 16:28:35.099 18425 18547 D jswrapper: JS: SGLB::结果
12-15 16:28:35.099 18425 18547 D jswrapper: JS: [object Object]
12-15 16:28:35.099 18425 18547 D jswrapper: JS: 0
12-15 16:28:35.099 18425 18547 D jswrapper: JS: this._nFreeCount<=0?????
12-15 16:28:35.104 18425 18547 D jswrapper: JS:
