12-15 14:03:33.333 9652 9707 D jswrapper: JS: main=100, sub=513
12-15 14:03:33.333 9652 9707 D jswrapper: JS: 收到框架消息::513
12-15 14:03:33.334 9652 9707 D jswrapper: JS: [object Object]
12-15 14:03:33.334 9652 9707 D jswrapper: JS: main=100, sub=513
12-15 14:03:33.335 9652 9707 D jswrapper: JS: 收到框架消息::513
12-15 14:03:33.335 9652 9707 D jswrapper: JS: [object Object]
12-15 14:03:33.335 9652 9707 D jswrapper: JS: main=100, sub=513
12-15 14:03:33.335 9652 9707 D jswrapper: JS: 收到框架消息::513
12-15 14:03:33.336 9652 9707 D jswrapper: JS: [object Object]
12-15 14:03:33.336 9652 9707 D jswrapper: JS: main=100, sub=513
12-15 14:03:33.336 9652 9707 D jswrapper: JS: 收到框架消息::513
12-15 14:03:33.336 9652 9707 D jswrapper: JS: [object Object]
12-15 14:03:33.337 9652 9707 D jswrapper: JS: main=100, sub=513
12-15 14:03:33.337 9652 9707 D jswrapper: JS: 收到框架消息::513
12-15 14:03:33.337 9652 9707 D jswrapper: JS: [object Object]
12-15 14:03:33.337 9652 9707 D jswrapper: JS: main=100, sub=513
12-15 14:03:33.337 9652 9707 D jswrapper: JS: 收到框架消息::513
12-15 14:03:33.338 9652 9707 D jswrapper: JS: [object Object]
12-15 14:03:33.338 9652 9707 D jswrapper: JS: main=100, sub=513
12-15 14:03:33.338 9652 9707 D jswrapper: JS: 收到框架消息::513
12-15 14:03:33.338 9652 9707 D jswrapper: JS: [object Object]
12-15 14:03:33.339 9652 9707 D jswrapper: JS: main=100, sub=513
12-15 14:03:33.339 9652 9707 D jswrapper: JS: 收到框架消息::513
12-15 14:03:33.339 9652 9707 D jswrapper: JS: [object Object]
12-15 14:03:33.339 9652 9707 D jswrapper: JS: main=100, sub=513
12-15 14:03:33.339 9652 9707 D jswrapper: JS: 收到框架消息::513
12-15 14:03:33.340 9652 9707 D jswrapper: JS: [object Object]
12-15 14:03:33.340 9652 9707 D jswrapper: JS: main=100, sub=513
12-15 14:03:33.340 9652 9707 D jswrapper: JS: 收到框架消息::513
12-15 14:03:33.340 9652 9707 D jswrapper: JS: [object Object]
12-15 14:03:33.430 9652 9707 D jswrapper: JS: openPrizes2
12-15 14:03:35.117 9652 9707 D jswrapper: JS: showGameEnd
12-15 14:03:35.117 9652 9707 D jswrapper: JS: delayStartNextRoll
12-15 14:03:35.932 9652 9652 I ViewRootImpl@c90193f[AppActivity]: ViewPostIme
pointer 0
12-15 14:03:36.013 9652 9652 I ViewRootImpl@c90193f[AppActivity]: ViewPostIme
pointer 1
12-15 14:03:36.061 9652 9707 D jswrapper: JS: SendSocketData main:200 sub:113
12-15 14:03:36.113 9652 9707 D jswrapper: JS: main=3, sub=101
12-15 14:03:36.113 9652 9707 D jswrapper: JS: GameBase onEventUserScore 用户积分
12-15 14:03:36.113 9652 9707 D jswrapper: JS: main=200, sub=149
12-15 14:03:36.114 9652 9707 D jswrapper: JS: SGLB::结果
12-15 14:03:36.114 9652 9707 D jswrapper: JS: [object Object]
12-15 14:03:36.114 9652 9707 D jswrapper: JS: setRollDatas
12-15 14:03:36.114 9652 9707 D jswrapper: JS: main=200, sub=152
12-15 14:03:36.114 9652 9707 D jswrapper: JS: JACKPOT
12-15 14:03:36.115 9652 9707 D jswrapper: JS: JACKPOT:{"lJackPot":10928}
12-15 14:03:36.654 9652 9707 D jswrapper: JS: openPrizes2
12-15 14:03:36.673 9652 9707 D jswrapper: JS: [object Object],[object Object],
[object Object],[object Object],[object Object],[object Object],[object Object],
[object Object],[object Object],[object Object],[object Object],[object Object]
12-15 14:03:36.674 9652 9707 D jswrapper: JS: [object Object]
12-15 14:03:37.399 9652 9707 D jswrapper: JS: main=200, sub=152
12-15 14:03:37.399 9652 9707 D jswrapper: JS: JACKPOT
12-15 14:03:37.400 9652 9707 D jswrapper: JS: JACKPOT:{"lJackPot":11017}
12-15 14:03:38.272 9652 9707 D debug info: Fail to play
assets/OLYMPUS/assets/native/2c/2ccb6473-2f91-440b-8cb1-7dd05db49996.mp3 cause by
limited max instance of AudioEngine
12-15 14:03:38.623 9652 9707 D jswrapper: JS: main=200, sub=152
12-15 14:03:38.623 9652 9707 D jswrapper: JS: JACKPOT
12-15 14:03:38.624 9652 9707 D jswrapper: JS: JACKPOT:{"lJackPot":11053}
12-15 14:03:38.978 9652 9707 D jswrapper: JS: [object Object],[object Object],
[object Object],[object Object],[object Object],[object Object],[object Object],
[object Object],[object Object],[object Object],[object Object],[object Object],
[object Object],[object Object],[object Object],[object Object],[object Object],
[object Object],[object Object],[object Object],[object Object],[object Object],
[object Object],[object Object],[object Object],[object Object],[object Object],
[object Object],[object Object],[object Object]
12-15 14:03:38.979 9652 9707 D jswrapper: JS:
0,1,2,4,3,1,4,0,2,3,1,2,0,3,4,2,0,1,3,4,1,0,2,3,4,1,2,0,3,4
12-15 14:03:38.979 9652 9707 D jswrapper: JS: 0,6,7,8,10,11,12,14,15,17,24,25
12-15 14:03:38.979 9652 9707 D jswrapper: JS: 1,9,5,2,3,5,7,3,2,9,5,9
12-15 14:03:39.189 9652 9707 D jswrapper: JS: [object Object],[object Object],
[object Object],[object Object],[object Object]
12-15 14:03:39.189 9652 9707 D jswrapper: JS: [object Object]
12-15 14:03:41.993 9652 9707 D jswrapper: JS: [object Object],[object Object],
[object Object],[object Object],[object Object],[object Object],[object Object],
[object Object],[object Object],[object Object],[object Object],[object Object],
[object Object],[object Object],[object Object],[object Object],[object Object],
[object Object],[object Object],[object Object],[object Object],[object Object],
[object Object],[object Object],[object Object],[object Object],[object Object],
[object Object],[object Object],[object Object]
12-15 14:03:41.994 9652 9707 D jswrapper: JS:
1,0,2,4,3,4,2,1,0,3,1,2,0,3,4,2,0,1,3,4,1,0,2,3,4,2,0,1,3,4
12-15 14:03:41.999 9652 9707 D jswrapper: JS: 5,6,13,17,25
12-15 14:03:41.999 9652 9707 D jswrapper: JS: 3,1,1,9,0
12-15 14:03:42.714 9652 9707 D jswrapper: JS: main=200, sub=152
12-15 14:03:42.714 9652 9707 D jswrapper: JS: JACKPOT
12-15 14:03:42.714 9652 9707 D jswrapper: JS: JACKPOT:{"lJackPot":11391}
12-15 14:03:43.175 9652 9707 D jswrapper: JS: winTimes:3.75
12-15 14:03:43.177 9652 9707 D jswrapper: JS: showGameEnd
12-15 14:03:43.355 9652 9707 D jswrapper: JS: main=200, sub=152
12-15 14:03:43.355 9652 9707 D jswrapper: JS: JACKPOT
12-15 14:03:43.356 9652 9707 D jswrapper: JS: JACKPOT:{"lJackPot":11397}
12-15 14:03:44.855 9652 9652 I ViewRootImpl@c90193f[AppActivity]: ViewPostIme
pointer 0
12-15 14:03:44.987 9652 9652 I ViewRootImpl@c90193f[AppActivity]: ViewPostIme
pointer 1
12-15 14:03:45.024 9652 9707 D jswrapper: JS: SendSocketData main:200 sub:113
12-15 14:03:45.077 9652 9707 D jswrapper: JS: main=3, sub=101
12-15 14:03:45.078 9652 9707 D jswrapper: JS: GameBase onEventUserScore 用户积分
12-15 14:03:45.078 9652 9707 D jswrapper: JS: main=200, sub=149
12-15 14:03:45.078 9652 9707 D jswrapper: JS: SGLB::结果
12-15 14:03:45.079 9652 9707 D jswrapper: JS: [object Object]
12-15 14:03:45.079 9652 9707 D jswrapper: JS: setRollDatas
12-15 14:03:45.602 9652 9707 D jswrapper: JS: openPrizes2
12-15 14:03:46.613 9652 9707 D jswrapper: JS: showGameEnd
12-15 14:03:46.613 9652 9707 D jswrapper: JS: delayStartNextRoll
12-15 14:03:47.169 9652 9652 I ViewRootImpl@c90193f[AppActivity]: ViewPostIme
pointer 0
12-15 14:03:47.294 9652 9652 I ViewRootImpl@c90193f[AppActivity]: ViewPostIme
pointer 1
12-15 14:03:47.329 9652 9707 D jswrapper: JS: SendSocketData main:200 sub:113
12-15 14:03:47.380 9652 9707 D jswrapper: JS: main=3, sub=101
12-15 14:03:47.380 9652 9707 D jswrapper: JS: GameBase onEventUserScore 用户积分
12-15 14:03:47.381 9652 9707 D jswrapper: JS: main=200, sub=149
12-15 14:03:47.381 9652 9707 D jswrapper: JS: SGLB::结果
12-15 14:03:47.381 9652 9707 D jswrapper: JS: [object Object]
12-15 14:03:47.381 9652 9707 D jswrapper: JS: setRollDatas
12-15 14:03:47.849 9652 9707 D jswrapper: JS: main=200, sub=152
12-15 14:03:47.850 9652 9707 D jswrapper: JS: JACKPOT
12-15 14:03:47.850 9652 9707 D jswrapper: JS: JACKPOT:{"lJackPot":11640}
12-15 14:03:47.924 9652 9707 D jswrapper: JS: openPrizes2
12-15 14:03:48.147 9652 9707 D jswrapper: JS: main=200, sub=152
12-15 14:03:48.147 9652 9707 D jswrapper: JS: JACKPOT
12-15 14:03:48.147 9652 9707 D jswrapper: JS: JACKPOT:{"lJackPot":11671}
12-15 14:03:48.930 9652 9707 D jswrapper: JS: showGameEnd
12-15 14:03:48.935 9652 9707 D jswrapper: JS: delayStartNextRoll
12-15 14:03:49.966 9652 9652 I ViewRootImpl@c90193f[AppActivity]: ViewPostIme
pointer 0
12-15 14:03:50.081 9652 9652 I ViewRootImpl@c90193f[AppActivity]: ViewPostIme
pointer 1
12-15 14:03:50.128 9652 9707 D jswrapper: JS: SendSocketData main:200 sub:113
12-15 14:03:50.181 9652 9707 D jswrapper: JS: main=3, sub=101
12-15 14:03:50.181 9652 9707 D jswrapper: JS: GameBase onEventUserScore 用户积分
12-15 14:03:50.182 9652 9707 D jswrapper: JS: main=200, sub=149
12-15 14:03:50.182 9652 9707 D jswrapper: JS: SGLB::结果
12-15 14:03:50.182 9652 9707 D jswrapper: JS: [object Object]
12-15 14:03:50.182 9652 9707 D jswrapper: JS: setRollDatas
12-15 14:03:50.183 9652 9707 D jswrapper: JS: main=3, sub=102
12-15 14:03:50.183 9652 9707 D jswrapper: JS:
OnSocketSubUserStatus::dwUserID::2727209
12-15 14:03:50.183 9652 9707 D jswrapper: JS: OnSocketSubUserStatus::UserStatus::
{"wTableID":8,"wChairID":0,"cbUserStatus":5}
12-15 14:03:50.183 9652 9707 D jswrapper: JS: UpdateUserItemStatus::以往数据::
{"wTableID":8,"wChairID":0,"cbUserStatus":2}
12-15 14:03:50.183 9652 9707 D jswrapper: JS: GameBase onEventUserStatus 用户状态
12-15 14:03:50.184 9652 9707 D jswrapper: JS: main=100, sub=401
12-15 14:03:50.184 9652 9707 D jswrapper: JS: 收到框架消息::401
12-15 14:03:50.187 9652 9707 D jswrapper: JS: 收到唯一对局码: (2111008167112382557)
12-15 14:03:50.187 9652 9707 D jswrapper: JS: main=3, sub=101
12-15 14:03:50.187 9652 9707 D jswrapper: JS: GameBase onEventUserScore 用户积分
12-15 14:03:50.188 9652 9707 D jswrapper: JS: main=3, sub=102
12-15 14:03:50.188 9652 9707 D jswrapper: JS:
OnSocketSubUserStatus::dwUserID::2727209
12-15 14:03:50.188 9652 9707 D jswrapper: JS: OnSocketSubUserStatus::UserStatus::
{"wTableID":8,"wChairID":0,"cbUserStatus":2}
12-15 14:03:50.188 9652 9707 D jswrapper: JS: UpdateUserItemStatus::以往数据::
{"wTableID":8,"wChairID":0,"cbUserStatus":5}
12-15 14:03:50.188 9652 9707 D jswrapper: JS: GameBase onEventUserStatus 用户状态
12-15 14:03:50.279 9652 9707 D jswrapper: JS: main=200, sub=152
12-15 14:03:50.279 9652 9707 D jswrapper: JS: JACKPOT
12-15 14:03:50.279 9652 9707 D jswrapper: JS: JACKPOT:{"lJackPot":11789}
12-15 14:03:50.725 9652 9707 D jswrapper: JS: openPrizes2
12-15 14:03:51.731 9652 9707 D jswrapper: JS: showGameEnd
12-15 14:03:51.732 9652 9707 D jswrapper: JS: delayStartNextRoll
12-15 14:03:52.523 9652 9652 I ViewRootImpl@c90193f[AppActivity]: ViewPostIme
pointer 0
12-15 14:03:52.629 9652 9652 I ViewRootImpl@c90193f[AppActivity]: ViewPostIme
pointer 1
12-15 14:03:52.678 9652 9707 D jswrapper: JS: SendSocketData main:200 sub:113
12-15 14:03:52.728 9652 9707 D jswrapper: JS: main=3, sub=101
12-15 14:03:52.729 9652 9707 D jswrapper: JS: GameBase onEventUserScore 用户积分
12-15 14:03:52.729 9652 9707 D jswrapper: JS: main=200, sub=149
12-15 14:03:52.730 9652 9707 D jswrapper: JS: SGLB::结果
12-15 14:03:52.730 9652 9707 D jswrapper: JS: [object Object]
12-15 14:03:52.730 9652 9707 D jswrapper: JS: setRollDatas
12-15 14:03:53.272 9652 9707 D jswrapper: JS: openPrizes2
12-15 14:03:53.569 9652 9707 D jswrapper: JS: main=3, sub=530
12-15 14:03:53.569 9652 9707 D jswrapper: JS: [object Object]
12-15 14:03:53.596 9652 9707 D jswrapper: JS: 512
12-15 14:03:53.596 9652 9707 D jswrapper: JS: SendSocketData main:100 sub:512
12-15 14:03:53.627 9652 9707 D jswrapper: JS: main=100, sub=513
12-15 14:03:53.627 9652 9707 D jswrapper: JS: 收到框架消息::513
12-15 14:03:53.627 9652 9707 D jswrapper: JS: [object Object]
12-15 14:03:53.628 9652 9707 D jswrapper: JS: main=100, sub=513
12-15 14:03:53.628 9652 9707 D jswrapper: JS: 收到框架消息::513
12-15 14:03:53.628 9652 9707 D jswrapper: JS: [object Object]
12-15 14:03:53.629 9652 9707 D jswrapper: JS: main=100, sub=513
12-15 14:03:53.629 9652 9707 D jswrapper: JS: 收到框架消息::513
12-15 14:03:53.629 9652 9707 D jswrapper: JS: [object Object]
12-15 14:03:53.629 9652 9707 D jswrapper: JS: main=100, sub=513
12-15 14:03:53.629 9652 9707 D jswrapper: JS: 收到框架消息::513
12-15 14:03:53.629 9652 9707 D jswrapper: JS: [object Object]
12-15 14:03:53.630 9652 9707 D jswrapper: JS: main=100, sub=513
12-15 14:03:53.630 9652 9707 D jswrapper: JS: 收到框架消息::513
12-15 14:03:53.630 9652 9707 D jswrapper: JS: [object Object]
12-15 14:03:53.630 9652 9707 D jswrapper: JS: main=100, sub=513
12-15 14:03:53.630 9652 9707 D jswrapper: JS: 收到框架消息::513
12-15 14:03:53.631 9652 9707 D jswrapper: JS: [object Object]
12-15 14:03:53.631 9652 9707 D jswrapper: JS: main=100, sub=513
12-15 14:03:53.631 9652 9707 D jswrapper: JS: 收到框架消息::513
12-15 14:03:53.631 9652 9707 D jswrapper: JS: [object Object]
12-15 14:03:53.631 9652 9707 D jswrapper: JS: main=100, sub=513
12-15 14:03:53.631 9652 9707 D jswrapper: JS: 收到框架消息::513
12-15 14:03:53.632 9652 9707 D jswrapper: JS: [object Object]
12-15 14:03:53.632 9652 9707 D jswrapper: JS: main=100, sub=513
12-15 14:03:53.632 9652 9707 D jswrapper: JS: 收到框架消息::513
12-15 14:03:53.632 9652 9707 D jswrapper: JS: [object Object]
12-15 14:03:53.633 9652 9707 D jswrapper: JS: main=100, sub=513
12-15 14:03:53.633 9652 9707 D jswrapper: JS: 收到框架消息::513
12-15 14:03:53.633 9652 9707 D jswrapper: JS: [object Object]
12-15 14:03:54.955 9652 9707 D jswrapper: JS: showGameEnd
12-15 14:03:54.955 9652 9707 D jswrapper: JS: delayStartNextRoll
12-15 14:03:55.882 9652 9652 I ViewRootImpl@c90193f[AppActivity]: ViewPostIme
pointer 0
12-15 14:03:55.979 9652 9652 I ViewRootImpl@c90193f[AppActivity]: ViewPostIme
pointer 1
12-15 14:03:56.055 9652 9707 D jswrapper: JS: SendSocketData main:200 sub:113
12-15 14:03:56.106 9652 9707 D jswrapper: JS: main=3, sub=101
12-15 14:03:56.106 9652 9707 D jswrapper: JS: GameBase onEventUserScore 用户积分
12-15 14:03:56.106 9652 9707 D jswrapper: JS: main=200, sub=149
12-15 14:03:56.107 9652 9707 D jswrapper: JS: SGLB::结果
12-15 14:03:56.107 9652 9707 D jswrapper: JS: [object Object]
12-15 14:03:56.107 9652 9707 D jswrapper: JS: setRollDatas
12-15 14:03:56.652 9652 9707 D jswrapper: JS: openPrizes2
12-15 14:03:57.654 9652 9707 D jswrapper: JS: showGameEnd
12-15 14:03:57.654 9652 9707 D jswrapper: JS: delayStartNextRoll
12-15 14:03:57.717 9652 9652 I ViewRootImpl@c90193f[AppActivity]: ViewPostIme
pointer 0
12-15 14:03:57.815 9652 9652 I ViewRootImpl@c90193f[AppActivity]: ViewPostIme
pointer 1
12-15 14:03:58.606 9652 9707 D jswrapper: JS: main=200, sub=152
12-15 14:03:58.606 9652 9707 D jswrapper: JS: JACKPOT
12-15 14:03:58.607 9652 9707 D jswrapper: JS: JACKPOT:{"lJackPot":11134}
12-15 14:03:58.824 9652 9652 I ViewRootImpl@c90193f[AppActivity]: ViewPostIme
pointer 0
12-15 14:03:58.930 9652 9652 I ViewRootImpl@c90193f[AppActivity]: ViewPostIme
pointer 1
12-15 14:03:58.960 9652 9707 D jswrapper: JS: SendSocketData main:200 sub:113
12-15 14:03:59.011 9652 9707 D jswrapper: JS: main=3, sub=101
12-15 14:03:59.012 9652 9707 D jswrapper: JS: GameBase onEventUserScore 用户积分
12-15 14:03:59.012 9652 9707 D jswrapper: JS: main=200, sub=149
12-15 14:03:59.012 9652 9707 D jswrapper: JS: SGLB::结果
12-15 14:03:59.013 9652 9707 D jswrapper: JS: [object Object]
12-15 14:03:59.013 9652 9707 D jswrapper: JS: setRollDatas
12-15 14:03:59.553 9652 9707 D jswrapper: JS: openPrizes2
12-15 14:03:59.561 9652 9707 D jswrapper: JS: [object Object],[object Object],
[object Object],[object Object],[object Object],[object Object],[object Object],
[object Object],[object Object]
12-15 14:03:59.562 9652 9707 D jswrapper: JS: [object Object]
12-15 14:04:01.861 9652 9707 D jswrapper: JS: [object Object],[object Object],
[object Object],[object Object],[object Object],[object Object],[object Object],
[object Object],[object Object],[object Object],[object Object],[object Object],
[object Object],[object Object],[object Object],[object Object],[object Object],
[object Object],[object Object],[object Object],[object Object],[object Object],
[object Object],[object Object],[object Object],[object Object],[object Object],
[object Object],[object Object],[object Object]
12-15 14:04:01.863 9652 9707 D jswrapper: JS:
1,2,0,3,4,2,0,1,3,4,0,1,2,3,4,0,1,3,4,2,0,1,2,3,4,0,1,2,3,4
12-15 14:04:01.863 9652 9707 D jswrapper: JS: 2,3,5,6,9,12,13,21,27
12-15 14:04:01.863 9652 9707 D jswrapper: JS: 0,8,1,6,0,7,0,4,9
12-15 14:04:03.029 9652 9707 D jswrapper: JS: winTimes:0.25
12-15 14:04:03.029 9652 9707 D jswrapper: JS: showGameEnd
12-15 14:04:03.029 9652 9707 D jswrapper: JS: delayStartNextRoll
12-15 14:04:04.906 9652 9652 I ViewRootImpl@c90193f[AppActivity]: ViewPostIme
pointer 0
12-15 14:04:04.995 9652 9652 I ViewRootImpl@c90193f[AppActivity]: ViewPostIme
pointer 1
12-15 14:04:05.030 9652 9707 D jswrapper: JS: SendSocketData main:200 sub:113
12-15 14:04:05.080 9652 9707 D jswrapper: JS: main=3, sub=101
12-15 14:04:05.080 9652 9707 D jswrapper: JS: GameBase onEventUserScore 用户积分
12-15 14:04:05.080 9652 9707 D jswrapper: JS: main=200, sub=149
12-15 14:04:05.081 9652 9707 D jswrapper: JS: SGLB::结果
12-15 14:04:05.081 9652 9707 D jswrapper: JS: [object Object]
12-15 14:04:05.081 9652 9707 D jswrapper: JS: setRollDatas
12-15 14:04:05.626 9652 9707 D jswrapper: JS: openPrizes2
12-15 14:04:05.634 9652 9707 D jswrapper: JS: [object Object],[object Object],
[object Object],[object Object],[object Object],[object Object],[object Object],
[object Object],[object Object],[object Object]
12-15 14:04:05.634 9652 9707 D jswrapper: JS: [object Object]
12-15 14:04:06.171 9652 9707 D jswrapper: JS: main=200, sub=152
12-15 14:04:06.172 9652 9707 D jswrapper: JS: JACKPOT
12-15 14:04:06.173 9652 9707 D jswrapper: JS: JACKPOT:{"lJackPot":11523}
12-15 14:04:07.198 9652 9707 D jswrapper: JS: main=200, sub=152
12-15 14:04:07.198 9652 9707 D jswrapper: JS: JACKPOT
12-15 14:04:07.199 9652 9707 D jswrapper: JS: JACKPOT:{"lJackPot":11721}
12-15 14:04:07.826 9652 9707 D jswrapper: JS: main=200, sub=152
12-15 14:04:07.826 9652 9707 D jswrapper: JS: JACKPOT
12-15 14:04:07.826 9652 9707 D jswrapper: JS: JACKPOT:{"lJackPot":11724}
12-15 14:04:07.927 9652 9707 D jswrapper: JS: [object Object],[object Object],
[object Object],[object Object],[object Object],[object Object],[object Object],
[object Object],[object Object],[object Object],[object Object],[object Object],
[object Object],[object Object],[object Object],[object Object],[object Object],
[object Object],[object Object],[object Object],[object Object],[object Object],
[object Object],[object Object],[object Object],[object Object],[object Object],
[object Object],[object Object],[object Object]
12-15 14:04:07.928 9652 9707 D jswrapper: JS:
0,1,2,3,4,3,4,0,1,2,1,2,0,3,4,3,4,0,1,2,0,1,2,3,4,2,3,0,1,4
12-15 14:04:07.929 9652 9707 D jswrapper: JS: 0,6,8,14,17,19,21,23,25,27
12-15 14:04:07.929 9652 9707 D jswrapper: JS: 5,0,7,1,5,9,9,0,0,4
12-15 14:04:09.088 9652 9652 I ViewRootImpl@c90193f[AppActivity]: ViewPostIme
pointer 0
12-15 14:04:09.107 9652 9707 D jswrapper: JS: winTimes:0.25
12-15 14:04:09.107 9652 9707 D jswrapper: JS: showGameEnd
12-15 14:04:09.107 9652 9707 D jswrapper: JS: delayStartNextRoll
12-15 14:04:09.186 9652 9652 I ViewRootImpl@c90193f[AppActivity]: ViewPostIme
pointer 1
12-15 14:04:09.771 9652 9652 I ViewRootImpl@c90193f[AppActivity]: ViewPostIme
pointer 0
12-15 14:04:09.878 9652 9652 I ViewRootImpl@c90193f[AppActivity]: ViewPostIme
pointer 1
12-15 14:04:09.914 9652 9707 D jswrapper: JS: SendSocketData main:200 sub:113
12-15 14:04:09.963 9652 9707 D jswrapper: JS: main=3, sub=101
12-15 14:04:09.964 9652 9707 D jswrapper: JS: GameBase onEventUserScore 用户积分
12-15 14:04:09.964 9652 9707 D jswrapper: JS: main=200, sub=149
12-15 14:04:09.964 9652 9707 D jswrapper: JS: SGLB::结果
12-15 14:04:09.965 9652 9707 D jswrapper: JS: [object Object]
12-15 14:04:09.965 9652 9707 D jswrapper: JS: setRollDatas
12-15 14:04:10.508 9652 9707 D jswrapper: JS: openPrizes2
12-15 14:04:10.520 9652 9707 D jswrapper: JS: [object Object],[object Object],
[object Object],[object Object],[object Object],[object Object],[object Object],
[object Object]
12-15 14:04:10.520 9652 9707 D jswrapper: JS: [object Object]
12-15 14:04:11.625 9652 9707 D jswrapper: JS: main=200, sub=152
12-15 14:04:11.626 9652 9707 D jswrapper: JS: JACKPOT
12-15 14:04:11.626 9652 9707 D jswrapper: JS: JACKPOT:{"lJackPot":11957}
12-15 14:04:11.835 9652 9652 I ViewRootImpl@c90193f[AppActivity]: ViewPostIme
pointer 0
12-15 14:04:11.900 9652 9707 D jswrapper: JS: main=200, sub=152
12-15 14:04:11.901 9652 9707 D jswrapper: JS: JACKPOT
12-15 14:04:11.901 9652 9707 D jswrapper: JS: JACKPOT:{"lJackPot":11993}
12-15 14:04:11.950 9652 9652 I ViewRootImpl@c90193f[AppActivity]: ViewPostIme
pointer 1
12-15 14:04:12.823 9652 9707 D jswrapper: JS: [object Object],[object Object],
[object Object],[object Object],[object Object],[object Object],[object Object],
[object Object],[object Object],[object Object],[object Object],[object Object],
[object Object],[object Object],[object Object],[object Object],[object Object],
[object Object],[object Object],[object Object],[object Object],[object Object],
[object Object],[object Object],[object Object],[object Object],[object Object],
[object Object],[object Object],[object Object]
12-15 14:04:12.823 9652 9707 D jswrapper: JS:
4,0,1,2,3,1,4,0,2,3,3,0,1,2,4,0,2,3,1,4,1,0,2,3,4,0,1,2,3,4
12-15 14:04:12.823 9652 9707 D jswrapper: JS: 3,7,10,15,20,21,24,25
12-15 14:04:12.824 9652 9707 D jswrapper: JS: 0,1,0,5,8,7,1,6
12-15 14:04:12.947 9652 9707 D jswrapper: JS: main=200, sub=152
12-15 14:04:12.948 9652 9707 D jswrapper: JS: JACKPOT
12-15 14:04:12.948 9652 9707 D jswrapper: JS: JACKPOT:{"lJackPot":12098}
12-15 14:04:12.985 9652 9652 I ViewRootImpl@c90193f[AppActivity]: ViewPostIme
pointer 0
12-15 14:04:13.025 9652 9707 D jswrapper: JS: [object Object],[object Object],
[object Object],[object Object],[object Object],[object Object],[object Object],
[object Object]
12-15 14:04:13.027 9652 9707 D jswrapper: JS: [object Object]
12-15 14:04:13.091 9652 9652 I ViewRootImpl@c90193f[AppActivity]: ViewPostIme
pointer 1
12-15 14:04:14.682 9652 9707 D jswrapper: JS: main=200, sub=152
12-15 14:04:14.683 9652 9707 D jswrapper: JS: JACKPOT
12-15 14:04:14.683 9652 9707 D jswrapper: JS: JACKPOT:{"lJackPot":12169}
12-15 14:04:15.334 9652 9707 D jswrapper: JS: [object Object],[object Object],
[object Object],[object Object],[object Object],[object Object],[object Object],
[object Object],[object Object],[object Object],[object Object],[object Object],
[object Object],[object Object],[object Object],[object Object],[object Object],
[object Object],[object Object],[object Object],[object Object],[object Object],
[object Object],[object Object],[object Object],[object Object],[object Object],
[object Object],[object Object],[object Object]
12-15 14:04:15.335 9652 9707 D jswrapper: JS:
3,4,0,1,2,1,4,0,2,3,3,0,1,2,4,0,4,2,3,1,1,0,2,3,4,0,4,1,2,3
12-15 14:04:15.335 9652 9707 D jswrapper: JS: 3,4,5,10,16,18,27,29
12-15 14:04:15.336 9652 9707 D jswrapper: JS: 3,5,0,4,1,2,0,1
12-15 14:04:16.530 9652 9707 D jswrapper: JS: winTimes:0.65
12-15 14:04:16.530 9652 9707 D jswrapper: JS: showGameEnd
12-15 14:04:16.531 9652 9707 D jswrapper: JS: delayStartNextRoll
12-15 14:04:18.371 9652 9707 D jswrapper: JS: main=200, sub=152
12-15 14:04:18.371 9652 9707 D jswrapper: JS: JACKPOT
12-15 14:04:18.371 9652 9707 D jswrapper: JS: JACKPOT:{"lJackPot":12519}
12-15 14:04:18.576 9652 9707 D jswrapper: JS: main=200, sub=152
12-15 14:04:18.576 9652 9707 D jswrapper: JS: JACKPOT
12-15 14:04:18.577 9652 9707 D jswrapper: JS: JACKPOT:{"lJackPot":12525}
12-15 14:04:21.341 9652 9707 D jswrapper: JS: main=200, sub=152
12-15 14:04:21.341 9652 9707 D jswrapper: JS: JACKPOT
12-15 14:04:21.341 9652 9707 D jswrapper: JS: JACKPOT:{"lJackPot":11558}
12-15 14:04:22.924 9652 9652 I ViewRootImpl@c90193f[AppActivity]: ViewPostIme
pointer 0
12-15 14:04:23.030 9652 9652 I ViewRootImpl@c90193f[AppActivity]: ViewPostIme
pointer 1
12-15 14:04:23.062 9652 9707 D jswrapper: JS: SendSocketData main:200 sub:113
12-15 14:04:23.113 9652 9707 D jswrapper: JS: main=3, sub=101
12-15 14:04:23.113 9652 9707 D jswrapper: JS: GameBase onEventUserScore 用户积分
12-15 14:04:23.113 9652 9707 D jswrapper: JS: main=200, sub=149
12-15 14:04:23.113 9652 9707 D jswrapper: JS: SGLB::结果
12-15 14:04:23.114 9652 9707 D jswrapper: JS: [object Object]
12-15 14:04:23.114 9652 9707 D jswrapper: JS: setRollDatas
12-15 14:04:23.586 9652 9707 D jswrapper: JS: main=200, sub=152
12-15 14:04:23.587 9652 9707 D jswrapper: JS: JACKPOT
12-15 14:04:23.587 9652 9707 D jswrapper: JS: JACKPOT:{"lJackPot":11722}
12-15 14:04:23.660 9652 9707 D jswrapper: JS: openPrizes2
12-15 14:04:24.084 9652 9707 D jswrapper: JS: main=3, sub=530
12-15 14:04:24.084 9652 9707 D jswrapper: JS: [object Object]
12-15 14:04:24.108 9652 9707 D jswrapper: JS: 512
12-15 14:04:24.108 9652 9707 D jswrapper: JS: SendSocketData main:100 sub:512
12-15 14:04:24.141 9652 9707 D jswrapper: JS: main=100, sub=513
12-15 14:04:24.141 9652 9707 D jswrapper: JS: 收到框架消息::513
12-15 14:04:24.141 9652 9707 D jswrapper: JS: [object Object]
12-15 14:04:24.142 9652 9707 D jswrapper: JS: main=100, sub=513
12-15 14:04:24.142 9652 9707 D jswrapper: JS: 收到框架消息::513
12-15 14:04:24.142 9652 9707 D jswrapper: JS: [object Object]
12-15 14:04:24.143 9652 9707 D jswrapper: JS: main=100, sub=513
12-15 14:04:24.143 9652 9707 D jswrapper: JS: 收到框架消息::513
12-15 14:04:24.143 9652 9707 D jswrapper: JS: [object Object]
12-15 14:04:24.143 9652 9707 D jswrapper: JS: main=100, sub=513
12-15 14:04:24.143 9652 9707 D jswrapper: JS: 收到框架消息::513
12-15 14:04:24.143 9652 9707 D jswrapper: JS: [object Object]
12-15 14:04:24.144 9652 9707 D jswrapper: JS: main=100, sub=513
12-15 14:04:24.144 9652 9707 D jswrapper: JS: 收到框架消息::513
12-15 14:04:24.144 9652 9707 D jswrapper: JS: [object Object]
12-15 14:04:24.144 9652 9707 D jswrapper: JS: main=100, sub=513
12-15 14:04:24.145 9652 9707 D jswrapper: JS: 收到框架消息::513
12-15 14:04:24.145 9652 9707 D jswrapper: JS: [object Object]
12-15 14:04:24.145 9652 9707 D jswrapper: JS: main=100, sub=513
12-15 14:04:24.145 9652 9707 D jswrapper: JS: 收到框架消息::513
12-15 14:04:24.145 9652 9707 D jswrapper: JS: [object Object]
12-15 14:04:24.145 9652 9707 D jswrapper: JS: main=100, sub=513
12-15 14:04:24.146 9652 9707 D jswrapper: JS: 收到框架消息::513
12-15 14:04:24.146 9652 9707 D jswrapper: JS: [object Object]
12-15 14:04:24.146 9652 9707 D jswrapper: JS: main=100, sub=513
12-15 14:04:24.146 9652 9707 D jswrapper: JS: 收到框架消息::513
12-15 14:04:24.146 9652 9707 D jswrapper: JS: [object Object]
12-15 14:04:24.147 9652 9707 D jswrapper: JS: main=100, sub=513
12-15 14:04:24.147 9652 9707 D jswrapper: JS: 收到框架消息::513
12-15 14:04:24.147 9652 9707 D jswrapper: JS: [object Object]
12-15 14:04:24.709 9652 9707 D jswrapper: JS: showGameEnd
12-15 14:04:24.710 9652 9707 D jswrapper: JS: delayStartNextRoll
12-15 14:04:25.546 9652 9707 D jswrapper: JS: main=200, sub=152
12-15 14:04:25.547 9652 9707 D jswrapper: JS: JACKPOT
12-15 14:04:25.547 9652 9707 D jswrapper: JS: JACKPOT:{"lJackPot":11783}
12-15 14:04:25.869 9652 9707 D jswrapper: JS: main=200, sub=152
12-15 14:04:25.870 9652 9707 D jswrapper: JS: JACKPOT
12-15 14:04:25.870 9652 9707 D jswrapper: JS: JACKPOT:{"lJackPot":11824}
12-15 14:04:26.120 9652 9652 I ViewRootImpl@c90193f[AppActivity]: ViewPostIme
pointer 0
12-15 14:04:26.235 9652 9652 I ViewRootImpl@c90193f[AppActivity]: ViewPostIme
pointer 1
12-15 14:04:26.283 9652 9707 D jswrapper: JS: SendSocketData main:200 sub:113
12-15 14:04:26.335 9652 9707 D jswrapper: JS: main=3, sub=101
12-15 14:04:26.335 9652 9707 D jswrapper: JS: GameBase onEventUserScore 用户积分
12-15 14:04:26.335 9652 9707 D jswrapper: JS: main=200, sub=149
12-15 14:04:26.336 9652 9707 D jswrapper: JS: SGLB::结果
12-15 14:04:26.336 9652 9707 D jswrapper: JS: [object Object]
12-15 14:04:26.336 9652 9707 D jswrapper: JS: setRollDatas
12-15 14:04:26.336 9652 9707 D jswrapper: JS: main=200, sub=152
12-15 14:04:26.339 9652 9707 D jswrapper: JS: JACKPOT
12-15 14:04:26.339 9652 9707 D jswrapper: JS: JACKPOT:{"lJackPot":11879}
12-15 14:04:26.882 9652 9707 D jswrapper: JS: openPrizes2
12-15 14:04:26.892 9652 9707 D jswrapper: JS: [object Object],[object Object],
[object Object],[object Object],[object Object],[object Object],[object Object],
[object Object]
12-15 14:04:26.892 9652 9707 D jswrapper: JS: [object Object]
12-15 14:04:29.192 9652 9707 D jswrapper: JS: [object Object],[object Object],
[object Object],[object Object],[object Object],[object Object],[object Object],
[object Object],[object Object],[object Object],[object Object],[object Object],
[object Object],[object Object],[object Object],[object Object],[object Object],
[object Object],[object Object],[object Object],[object Object],[object Object],
[object Object],[object Object],[object Object],[object Object],[object Object],
[object Object],[object Object],[object Object]
12-15 14:04:29.193 9652 9707 D jswrapper: JS:
4,0,1,2,3,1,4,0,2,3,0,1,2,3,4,4,0,1,2,3,1,2,0,3,4,0,1,2,3,4
12-15 14:04:29.194 9652 9707 D jswrapper: JS: 5,7,10,11,16,24,25,27
12-15 14:04:29.194 9652 9707 D jswrapper: JS: 3,9,11,11,9,9,0,3
12-15 14:04:29.399 9652 9707 D jswrapper: JS: [object Object],[object Object],
[object Object],[object Object],[object Object],[object Object],[object Object]
12-15 14:04:29.399 9652 9707 D jswrapper: JS: [object Object]
12-15 14:04:30.676 9652 9707 D jswrapper: JS: main=200, sub=152
12-15 14:04:30.676 9652 9707 D jswrapper: JS: JACKPOT
12-15 14:04:30.676 9652 9707 D jswrapper: JS: JACKPOT:{"lJackPot":12117}
12-15 14:04:32.191 9652 9707 D jswrapper: JS: [object Object],[object Object],
[object Object],[object Object],[object Object],[object Object],[object Object],
[object Object],[object Object],[object Object],[object Object],[object Object],
[object Object],[object Object],[object Object],[object Object],[object Object],
[object Object],[object Object],[object Object],[object Object],[object Object],
[object Object],[object Object],[object Object],[object Object],[object Object],
[object Object],[object Object],[object Object]
12-15 14:04:32.192 9652 9707 D jswrapper: JS:
4,0,1,2,3,1,0,4,2,3,3,0,1,2,4,4,0,1,2,3,2,0,4,1,3,0,1,2,3,4
12-15 14:04:32.192 9652 9707 D jswrapper: JS: 1,4,7,16,20,24,28
12-15 14:04:32.192 9652 9707 D jswrapper: JS: 0,9,1,9,11,2,0
12-15 14:04:33.364 9652 9707 D jswrapper: JS: winTimes:10.25
12-15 14:04:33.378 9652 10006 I AudioDecoderMp3: Original audio info: numChannels:
2, sampleRate: 44100, bitPerSample: 16, containerSize: 16, channelMask: 3,
endianness: 2, numFrames: 96768, duration: 2.194286, total size: 387072
12-15 14:04:33.378 9652 10006 D AudioDecoder: Decoding
(/data/user/0/com.glgame.frtslots/blackbox/data/user/0/com.aru.glgame.frtslots/
files/blackjack-remote-asset/assets/OLYMPUS/assets/native/49/492f42dd-1c87-44f6-
a0a1-02ede7332f83.mp3) to pcm data wasted 10.308000ms
12-15 14:04:33.382 9652 10006 D AudioDecoder: Resampling
(/data/user/0/com.glgame.frtslots/blackbox/data/user/0/com.aru.glgame.frtslots/
files/blackjack-remote-asset/assets/OLYMPUS/assets/native/49/492f42dd-1c87-44f6-
a0a1-02ede7332f83.mp3) wasted 3.562000ms
12-15 14:04:33.382 9652 10006 I AudioDecoder: Audio channel count is 2, no need to
interleave
12-15 14:04:33.382 9652 10006 D AudioDecoder: Interleave
(/data/user/0/com.glgame.frtslots/blackbox/data/user/0/com.aru.glgame.frtslots/
files/blackjack-remote-asset/assets/OLYMPUS/assets/native/49/492f42dd-1c87-44f6-
a0a1-02ede7332f83.mp3) wasted 0.050000ms
12-15 14:04:33.390 9652 9707 D jswrapper: JS: showGameEnd
12-15 14:04:34.029 9652 9707 D jswrapper: JS: main=200, sub=152
12-15 14:04:34.029 9652 9707 D jswrapper: JS: JACKPOT
12-15 14:04:34.029 9652 9707 D jswrapper: JS: JACKPOT:{"lJackPot":12287}
12-15 14:04:35.926 9652 9652 I ViewRootImpl@c90193f[AppActivity]: ViewPostIme
pointer 0
12-15 14:04:35.975 9652 9707 D jswrapper: JS: main=200, sub=152
12-15 14:04:35.975 9652 9707 D jswrapper: JS: JACKPOT
12-15 14:04:35.975 9652 9707 D jswrapper: JS: JACKPOT:{"lJackPot":12325}
12-15 14:04:36.049 9652 9652 I ViewRootImpl@c90193f[AppActivity]: ViewPostIme
pointer 1
12-15 14:04:36.086 9652 9707 D jswrapper: JS: SendSocketData main:200 sub:113
12-15 14:04:36.137 9652 9707 D jswrapper: JS: main=3, sub=101
12-15 14:04:36.137 9652 9707 D jswrapper: JS: GameBase onEventUserScore 用户积分
12-15 14:04:36.138 9652 9707 D jswrapper: JS: main=200, sub=149
12-15 14:04:36.138 9652 9707 D jswrapper: JS: SGLB::结果
12-15 14:04:36.138 9652 9707 D jswrapper: JS: [object Object]
12-15 14:04:36.138 9652 9707 D jswrapper: JS: setRollDatas
12-15 14:04:36.657 9652 9707 D jswrapper: JS: openPrizes2
12-15 14:04:36.665 9652 9707 D jswrapper: JS: [object Object],[object Object],
[object Object],[object Object],[object Object],[object Object],[object Object],
[object Object],[object Object],[object Object]
12-15 14:04:36.665 9652 9707 D jswrapper: JS: [object Object]
12-15 14:04:38.406 9652 9652 I ViewRootImpl@c90193f[AppActivity]: ViewPostIme
pointer 0
12-15 14:04:38.522 9652 9652 I ViewRootImpl@c90193f[AppActivity]: ViewPostIme
pointer 1
12-15 14:04:38.963 9652 9707 D jswrapper: JS: [object Object],[object Object],
[object Object],[object Object],[object Object],[object Object],[object Object],
[object Object],[object Object],[object Object],[object Object],[object Object],
[object Object],[object Object],[object Object],[object Object],[object Object],
[object Object],[object Object],[object Object],[object Object],[object Object],
[object Object],[object Object],[object Object],[object Object],[object Object],
[object Object],[object Object],[object Object]
12-15 14:04:38.964 9652 9707 D jswrapper: JS:
3,0,1,2,4,1,3,0,2,4,0,1,2,3,4,1,0,2,3,4,2,0,1,3,4,0,2,3,1,4
12-15 14:04:38.966 9652 9707 D jswrapper: JS: 2,5,7,8,9,16,17,18,19,23
12-15 14:04:38.966 9652 9707 D jswrapper: JS: 4,11,0,4,4,0,3,9,11,8
12-15 14:04:40.172 9652 9707 D jswrapper: JS: winTimes:0.25
12-15 14:04:40.172 9652 9707 D jswrapper: JS: showGameEnd
12-15 14:04:40.172 9652 9707 D jswrapper: JS: delayStartNextRoll
12-15 14:04:40.192 9652 9707 D jswrapper: JS: main=200, sub=152
12-15 14:04:40.193 9652 9707 D jswrapper: JS: JACKPOT
12-15 14:04:40.193 9652 9707 D jswrapper: JS: JACKPOT:{"lJackPot":12687}
12-15 14:04:40.785 9652 9707 D jswrapper: JS: main=200, sub=152
12-15 14:04:40.786 9652 9707 D jswrapper: JS: JACKPOT
12-15 14:04:40.786 9652 9707 D jswrapper: JS: JACKPOT:{"lJackPot":12694}
12-15 14:04:41.038 9652 9652 I ViewRootImpl@c90193f[AppActivity]: ViewPostIme
pointer 0
12-15 14:04:41.135 9652 9652 I ViewRootImpl@c90193f[AppActivity]: ViewPostIme
pointer 1
12-15 14:04:41.169 9652 9707 D jswrapper: JS: SendSocketData main:200 sub:113
12-15 14:04:41.194 9652 9707 D jswrapper: JS: main=200, sub=152
12-15 14:04:41.194 9652 9707 D jswrapper: JS: JACKPOT
12-15 14:04:41.194 9652 9707 D jswrapper: JS: JACKPOT:{"lJackPot":12713}
12-15 14:04:41.194 9652 9707 D jswrapper: JS: main=3, sub=101
12-15 14:04:41.195 9652 9707 D jswrapper: JS: GameBase onEventUserScore 用户积分
12-15 14:04:41.195 9652 9707 D jswrapper: JS: main=200, sub=149
12-15 14:04:41.195 9652 9707 D jswrapper: JS: SGLB::结果
12-15 14:04:41.195 9652 9707 D jswrapper: JS: [object Object]
12-15 14:04:41.195 9652 9707 D jswrapper: JS: setRollDatas
12-15 14:04:41.195 9652 9707 D jswrapper: JS: main=200, sub=152
12-15 14:04:41.195 9652 9707 D jswrapper: JS: JACKPOT
12-15 14:04:41.196 9652 9707 D jswrapper: JS: JACKPOT:{"lJackPot":12730}
12-15 14:04:41.766 9652 9707 D jswrapper: JS: openPrizes2
12-15 14:04:41.779 9652 9707 D jswrapper: JS: [object Object],[object Object],
[object Object],[object Object],[object Object],[object Object],[object Object],
[object Object],[object Object],[object Object]
12-15 14:04:41.779 9652 9707 D jswrapper: JS: [object Object]
12-15 14:04:44.086 9652 9707 D jswrapper: JS: [object Object],[object Object],
[object Object],[object Object],[object Object],[object Object],[object Object],
[object Object],[object Object],[object Object],[object Object],[object Object],
[object Object],[object Object],[object Object],[object Object],[object Object],
[object Object],[object Object],[object Object],[object Object],[object Object],
[object Object],[object Object],[object Object],[object Object],[object Object],
[object Object],[object Object],[object Object]
12-15 14:04:44.087 9652 9707 D jswrapper: JS:
1,2,0,3,4,2,0,1,3,4,0,1,2,3,4,0,4,1,2,3,2,0,1,3,4,0,1,3,2,4
12-15 14:04:44.087 9652 9707 D jswrapper: JS: 2,3,5,6,11,12,13,16,23,27
12-15 14:04:44.088 9652 9707 D jswrapper: JS: 3,9,2,2,4,4,2,11,9,2
12-15 14:04:44.160 9652 9707 D jswrapper: JS: main=200, sub=152
12-15 14:04:44.160 9652 9707 D jswrapper: JS: JACKPOT
12-15 14:04:44.160 9652 9707 D jswrapper: JS: JACKPOT:{"lJackPot":11678}
12-15 14:04:44.294 9652 9707 D jswrapper: JS: [object Object],[object Object],
[object Object],[object Object],[object Object],[object Object],[object Object],
[object Object],[object Object],[object Object],[object Object],[object Object],
[object Object],[object Object]
12-15 14:04:44.294 9652 9707 D jswrapper: JS: [object Object],[object Object]
12-15 14:04:44.466 9652 9707 D jswrapper: JS: main=3, sub=530
12-15 14:04:44.466 9652 9707 D jswrapper: JS: [object Object]
12-15 14:04:44.509 9652 9707 D jswrapper: JS: 512
12-15 14:04:44.514 9652 9707 D jswrapper: JS: SendSocketData main:100 sub:512
12-15 14:04:44.554 9652 9707 D jswrapper: JS: main=100, sub=513
12-15 14:04:44.554 9652 9707 D jswrapper: JS: 收到框架消息::513
12-15 14:04:44.554 9652 9707 D jswrapper: JS: [object Object]
12-15 14:04:44.555 9652 9707 D jswrapper: JS: main=100, sub=513
12-15 14:04:44.555 9652 9707 D jswrapper: JS: 收到框架消息::513
12-15 14:04:44.555 9652 9707 D jswrapper: JS: [object Object]
12-15 14:04:44.556 9652 9707 D jswrapper: JS: main=100, sub=513
12-15 14:04:44.556 9652 9707 D jswrapper: JS: 收到框架消息::513
12-15 14:04:44.556 9652 9707 D jswrapper: JS: [object Object]
12-15 14:04:44.556 9652 9707 D jswrapper: JS: main=100, sub=513
12-15 14:04:44.557 9652 9707 D jswrapper: JS: 收到框架消息::513
12-15 14:04:44.557 9652 9707 D jswrapper: JS: [object Object]
12-15 14:04:44.557 9652 9707 D jswrapper: JS: main=100, sub=513
12-15 14:04:44.557 9652 9707 D jswrapper: JS: 收到框架消息::513
12-15 14:04:44.557 9652 9707 D jswrapper: JS: [object Object]
12-15 14:04:44.557 9652 9707 D jswrapper: JS: main=100, sub=513
12-15 14:04:44.558 9652 9707 D jswrapper: JS: 收到框架消息::513
12-15 14:04:44.558 9652 9707 D jswrapper: JS: [object Object]
12-15 14:04:44.558 9652 9707 D jswrapper: JS: main=100, sub=513
12-15 14:04:44.558 9652 9707 D jswrapper: JS: 收到框架消息::513
12-15 14:04:44.558 9652 9707 D jswrapper: JS: [object Object]
12-15 14:04:44.558 9652 9707 D jswrapper: JS: main=100, sub=513
12-15 14:04:44.558 9652 9707 D jswrapper: JS: 收到框架消息::513
12-15 14:04:44.559 9652 9707 D jswrapper: JS: [object Object]
12-15 14:04:44.559 9652 9707 D jswrapper: JS: main=100, sub=513
12-15 14:04:44.559 9652 9707 D jswrapper: JS: 收到框架消息::513
12-15 14:04:44.559 9652 9707 D jswrapper: JS: [object Object]
12-15 14:04:44.559 9652 9707 D jswrapper: JS: main=100, sub=513
12-15 14:04:44.559 9652 9707 D jswrapper: JS: 收到框架消息::513
12-15 14:04:44.559 9652 9707 D jswrapper: JS: [object Object]
12-15 14:04:46.607 9652 9707 D debug info: Fail to play
assets/OLYMPUS/assets/native/2c/2ccb6473-2f91-440b-8cb1-7dd05db49996.mp3 cause by
limited max instance of AudioEngine
12-15 14:04:46.607 9652 9707 D debug info: Fail to play
assets/OLYMPUS/assets/native/2c/2ccb6473-2f91-440b-8cb1-7dd05db49996.mp3 cause by
limited max instance of AudioEngine
12-15 14:04:46.607 9652 9707 D debug info: Fail to play
assets/OLYMPUS/assets/native/2c/2ccb6473-2f91-440b-8cb1-7dd05db49996.mp3 cause by
limited max instance of AudioEngine
12-15 14:04:47.089 9652 9707 D jswrapper: JS: [object Object],[object Object],
[object Object],[object Object],[object Object],[object Object],[object Object],
[object Object],[object Object],[object Object],[object Object],[object Object],
[object Object],[object Object],[object Object],[object Object],[object Object],
[object Object],[object Object],[object Object],[object Object],[object Object],
[object Object],[object Object],[object Object],[object Object],[object Object],
[object Object],[object Object],[object Object]
12-15 14:04:47.090 9652 9707 D jswrapper: JS:
1,4,2,0,3,2,4,0,1,3,2,4,0,1,3,0,4,1,2,3,0,4,2,1,3,0,3,2,4,1
12-15 14:04:47.090 9652 9707 D jswrapper: JS:
3,4,5,6,13,14,17,23,24,25,26,27,28,29
12-15 14:04:47.090 9652 9707 D jswrapper: JS: 0,11,0,0,4,1,9,3,4,9,11,11,4,2
12-15 14:04:47.301 9652 9707 D jswrapper: JS: [object Object],[object Object],
[object Object],[object Object],[object Object],[object Object],[object Object],
[object Object]
12-15 14:04:47.301 9652 9707 D jswrapper: JS: [object Object]
12-15 14:04:48.260 9652 9707 D jswrapper: JS: main=200, sub=152
12-15 14:04:48.260 9652 9707 D jswrapper: JS: JACKPOT
12-15 14:04:48.261 9652 9707 D jswrapper: JS: JACKPOT:{"lJackPot":11813}
12-15 14:04:48.761 9652 9707 D jswrapper: JS: main=200, sub=152
12-15 14:04:48.762 9652 9707 D jswrapper: JS: JACKPOT
12-15 14:04:48.762 9652 9707 D jswrapper: JS: JACKPOT:{"lJackPot":11816}
12-15 14:04:49.599 9652 9707 D jswrapper: JS: main=200, sub=152
12-15 14:04:49.599 9652 9707 D jswrapper: JS: JACKPOT
12-15 14:04:49.599 9652 9707 D jswrapper: JS: JACKPOT:{"lJackPot":11837}
12-15 14:04:49.600 9652 9707 D jswrapper: JS: [object Object],[object Object],
[object Object],[object Object],[object Object],[object Object],[object Object],
[object Object],[object Object],[object Object],[object Object],[object Object],
[object Object],[object Object],[object Object],[object Object],[object Object],
[object Object],[object Object],[object Object],[object Object],[object Object],
[object Object],[object Object],[object Object],[object Object],[object Object],
[object Object],[object Object],[object Object]
12-15 14:04:49.601 9652 9707 D jswrapper: JS:
4,2,3,1,0,2,3,4,0,1,2,4,0,1,3,3,0,4,1,2,4,0,2,1,3,1,0,3,2,4
12-15 14:04:49.601 9652 9707 D jswrapper: JS: 11,12,13,18,19,21,24,28
12-15 14:04:49.601 9652 9707 D jswrapper: JS: 2,2,4,1,1,0,2,2
12-15 14:04:50.775 9652 9707 D jswrapper: JS: winTimes:6.75
12-15 14:04:50.777 9652 9707 D jswrapper: JS: showGameEnd
12-15 14:04:50.794 9652 9707 D jswrapper: JS: main=200, sub=152
12-15 14:04:50.794 9652 9707 D jswrapper: JS: JACKPOT
12-15 14:04:50.794 9652 9707 D jswrapper: JS: JACKPOT:{"lJackPot":11927}
12-15 14:04:50.917 9652 9707 D jswrapper: JS: main=200, sub=152
12-15 14:04:50.918 9652 9707 D jswrapper: JS: JACKPOT
12-15 14:04:50.918 9652 9707 D jswrapper: JS: JACKPOT:{"lJackPot":11928}
12-15 14:04:50.918 9652 9707 D jswrapper: JS: main=200, sub=152
12-15 14:04:50.919 9652 9707 D jswrapper: JS: JACKPOT
12-15 14:04:50.919 9652 9707 D jswrapper: JS: JACKPOT:{"lJackPot":11944}
12-15 14:04:52.367 9652 9707 D jswrapper: JS: main=200, sub=152
12-15 14:04:52.367 9652 9707 D jswrapper: JS: JACKPOT
12-15 14:04:52.367 9652 9707 D jswrapper: JS: JACKPOT:{"lJackPot":12048}
12-15 14:04:52.571 9652 9707 D jswrapper: JS: main=200, sub=152
12-15 14:04:52.571 9652 9707 D jswrapper: JS: JACKPOT
12-15 14:04:52.576 9652 9707 D jswrapper: JS: JACKPOT:{"lJackPot":12057}
12-15 14:04:53.175 9652 9652 I ViewRootImpl@c90193f[AppActivity]: ViewPostIme
pointer 0
12-15 14:04:53.256 9652 9652 I ViewRootImpl@c90193f[AppActivity]: ViewPostIme
pointer 1
12-15 14:04:53.295 9652 9707 D jswrapper: JS: SendSocketData main:200 sub:113
12-15 14:04:53.321 9652 9707 D jswrapper: JS: main=200, sub=152
12-15 14:04:53.321 9652 9707 D jswrapper: JS: JACKPOT
12-15 14:04:53.321 9652 9707 D jswrapper: JS: JACKPOT:{"lJackPot":12145}
12-15 14:04:53.346 9652 9707 D jswrapper: JS: main=3, sub=101
12-15 14:04:53.346 9652 9707 D jswrapper: JS: GameBase onEventUserScore 用户积分
12-15 14:04:53.347 9652 9707 D jswrapper: JS: main=200, sub=149
12-15 14:04:53.347 9652 9707 D jswrapper: JS: SGLB::结果
12-15 14:04:53.347 9652 9707 D jswrapper: JS: [object Object]
12-15 14:04:53.347 9652 9707 D jswrapper: JS: setRollDatas
12-15 14:04:53.348 9652 9707 D jswrapper: JS: main=200, sub=152
12-15 14:04:53.348 9652 9707 D jswrapper: JS: JACKPOT
12-15 14:04:53.348 9652 9707 D jswrapper: JS: JACKPOT:{"lJackPot":12146}
12-15 14:04:53.891 9652 9707 D jswrapper: JS: openPrizes2
12-15 14:04:53.903 9652 9707 D jswrapper: JS: [object Object],[object Object],
[object Object],[object Object],[object Object],[object Object],[object Object],
[object Object],[object Object],[object Object],[object Object],[object Object]
12-15 14:04:53.903 9652 9707 D jswrapper: JS: [object Object]
12-15 14:04:55.537 9652 9707 D debug info: Fail to play
assets/OLYMPUS/assets/native/2c/2ccb6473-2f91-440b-8cb1-7dd05db49996.mp3 cause by
limited max instance of AudioEngine
12-15 14:04:56.216 9652 9707 D jswrapper: JS: [object Object],[object Object],
[object Object],[object Object],[object Object],[object Object],[object Object],
[object Object],[object Object],[object Object],[object Object],[object Object],
[object Object],[object Object],[object Object],[object Object],[object Object],
[object Object],[object Object],[object Object],[object Object],[object Object],
[object Object],[object Object],[object Object],[object Object],[object Object],
[object Object],[object Object],[object Object]
12-15 14:04:56.217 9652 9707 D jswrapper: JS:
2,4,0,1,3,1,3,0,2,4,4,0,1,2,3,0,1,2,3,4,4,0,1,2,3,0,1,2,3,4
12-15 14:04:56.217 9652 9707 D jswrapper: JS: 3,5,7,9,12,15,19,21,24,26,27,28
12-15 14:04:56.217 9652 9707 D jswrapper: JS: 6,4,6,0,3,9,5,1,11,2,2,9
12-15 14:04:56.429 9652 9707 D jswrapper: JS: [object Object],[object Object],
[object Object],[object Object],[object Object],[object Object],[object Object],
[object Object],[object Object]
12-15 14:04:56.430 9652 9707 D jswrapper: JS: [object Object]
12-15 14:04:57.076 9652 9707 D jswrapper: JS: main=200, sub=152
12-15 14:04:57.077 9652 9707 D jswrapper: JS: JACKPOT
12-15 14:04:57.077 9652 9707 D jswrapper: JS: JACKPOT:{"lJackPot":12417}
12-15 14:04:58.727 9652 9707 D jswrapper: JS: [object Object],[object Object],
[object Object],[object Object],[object Object],[object Object],[object Object],
[object Object],[object Object],[object Object],[object Object],[object Object],
[object Object],[object Object],[object Object],[object Object],[object Object],
[object Object],[object Object],[object Object],[object Object],[object Object],
[object Object],[object Object],[object Object],[object Object],[object Object],
[object Object],[object Object],[object Object]
12-15 14:04:58.728 9652 9707 D jswrapper: JS:
0,2,4,1,3,0,1,3,2,4,4,1,2,0,3,4,0,1,2,3,0,1,3,4,2,0,1,2,3,4
12-15 14:04:58.728 9652 9707 D jswrapper: JS: 0,1,4,8,10,14,22,26,27
12-15 14:04:58.728 9652 9707 D jswrapper: JS: 3,11,0,1,1,2,2,11,11
12-15 14:04:58.932 9652 9707 D jswrapper: JS: [object Object],[object Object],
[object Object],[object Object],[object Object],[object Object],[object Object],
[object Object],[object Object]
12-15 14:04:58.932 9652 9707 D jswrapper: JS: [object Object]
12-15 14:04:59.421 9652 9707 D jswrapper: JS: main=200, sub=152
12-15 14:04:59.421 9652 9707 D jswrapper: JS: JACKPOT
12-15 14:04:59.421 9652 9707 D jswrapper: JS: JACKPOT:{"lJackPot":11501}
12-15 14:04:59.939 9652 9707 D jswrapper: JS: main=200, sub=152
12-15 14:04:59.939 9652 9707 D jswrapper: JS: JACKPOT
12-15 14:04:59.939 9652 9707 D jswrapper: JS: JACKPOT:{"lJackPot":11517}
12-15 14:05:01.171 9652 9707 D jswrapper: JS: main=200, sub=152
12-15 14:05:01.171 9652 9707 D jswrapper: JS: JACKPOT
12-15 14:05:01.171 9652 9707 D jswrapper: JS: JACKPOT:{"lJackPot":11618}
12-15 14:05:01.245 9652 9707 D jswrapper: JS: [object Object],[object Object],
[object Object],[object Object],[object Object],[object Object],[object Object],
[object Object],[object Object],[object Object],[object Object],[object Object],
[object Object],[object Object],[object Object],[object Object],[object Object],
[object Object],[object Object],[object Object],[object Object],[object Object],
[object Object],[object Object],[object Object],[object Object],[object Object],
[object Object],[object Object],[object Object]
12-15 14:05:01.246 9652 9707 D jswrapper: JS:
1,0,2,4,3,4,0,1,3,2,1,0,4,2,3,3,4,0,1,2,1,2,0,3,4,1,2,0,3,4
12-15 14:05:01.246 9652 9707 D jswrapper: JS: 2,6,8,10,11,16,17,21,25
12-15 14:05:01.246 9652 9707 D jswrapper: JS: 11,1,11,1,1,8,2,11,4
12-15 14:05:02.463 9652 9707 D jswrapper: JS: winTimes:1.65
12-15 14:05:02.463 9652 9707 D jswrapper: JS: showGameEnd
12-15 14:05:02.463 9652 9707 D jswrapper: JS: delayStartNextRoll
12-15 14:05:04.112 9652 9652 I ViewRootImpl@c90193f[AppActivity]: ViewPostIme
pointer 0
12-15 14:05:04.226 9652 9652 I ViewRootImpl@c90193f[AppActivity]: ViewPostIme
pointer 1
12-15 14:05:04.278 9652 9707 D jswrapper: JS: SendSocketData main:200 sub:113
12-15 14:05:04.330 9652 9707 D jswrapper: JS: main=3, sub=101
12-15 14:05:04.330 9652 9707 D jswrapper: JS: GameBase onEventUserScore 用户积分
12-15 14:05:04.330 9652 9707 D jswrapper: JS: main=200, sub=149
12-15 14:05:04.331 9652 9707 D jswrapper: JS: SGLB::结果
12-15 14:05:04.331 9652 9707 D jswrapper: JS: [object Object]
12-15 14:05:04.331 9652 9707 D jswrapper: JS: setRollDatas
12-15 14:05:04.331 9652 9707 D jswrapper: JS: main=3, sub=102
12-15 14:05:04.331 9652 9707 D jswrapper: JS:
OnSocketSubUserStatus::dwUserID::2727209
12-15 14:05:04.332 9652 9707 D jswrapper: JS: OnSocketSubUserStatus::UserStatus::
{"wTableID":8,"wChairID":0,"cbUserStatus":5}
12-15 14:05:04.332 9652 9707 D jswrapper: JS: UpdateUserItemStatus::以往数据::
{"wTableID":8,"wChairID":0,"cbUserStatus":2}
12-15 14:05:04.332 9652 9707 D jswrapper: JS: GameBase onEventUserStatus 用户状态
12-15 14:05:04.332 9652 9707 D jswrapper: JS: main=100, sub=401
12-15 14:05:04.332 9652 9707 D jswrapper: JS: 收到框架消息::401
12-15 14:05:04.333 9652 9707 D jswrapper: JS: 收到唯一对局码: (2111008167112389998)
12-15 14:05:04.333 9652 9707 D jswrapper: JS: main=3, sub=101
12-15 14:05:04.333 9652 9707 D jswrapper: JS: GameBase onEventUserScore 用户积分
12-15 14:05:04.333 9652 9707 D jswrapper: JS: main=3, sub=102
12-15 14:05:04.333 9652 9707 D jswrapper: JS:
OnSocketSubUserStatus::dwUserID::2727209
12-15 14:05:04.334 9652 9707 D jswrapper: JS: OnSocketSubUserStatus::UserStatus::
{"wTableID":8,"wChairID":0,"cbUserStatus":2}
