b9d4-d65ed37f8a28.mp3) wasted 6.149000ms
12-15 16:32:54.788 18425 18759 I AudioDecoder: Audio channel count is 2, no need to
interleave
12-15 16:32:54.788 18425 18759 D AudioDecoder: Interleave
(/data/user/0/com.glgame.frtslots/blackbox/data/user/0/com.aru.glgame.frtslots/
files/blackjack-remote-asset/assets/TREASURE/assets/native/53/53511de4-2cdc-44fe-
b9d4-d65ed37f8a28.mp3) wasted 0.118000ms
12-15 16:32:56.230 18425 18425 I ViewRootImpl@17bc549[AppActivity]: ViewPostIme
pointer 0
12-15 16:32:56.337 18425 18425 I ViewRootImpl@17bc549[AppActivity]: ViewPostIme
pointer 1
12-15 16:32:57.354 18425 18547 D jswrapper: JS: SendSocketData main:200 sub:113
12-15 16:32:57.402 18425 18547 D jswrapper: JS: main=3, sub=101
12-15 16:32:57.402 18425 18547 D jswrapper: JS: GameBase onEventUserScore 用户积分
12-15 16:32:57.403 18425 18547 D jswrapper: JS: main=200, sub=149
12-15 16:32:57.403 18425 18547 D jswrapper: JS: SGLB::结果
12-15 16:32:57.403 18425 18547 D jswrapper: JS: [object Object]
12-15 16:32:57.403 18425 18547 D jswrapper: JS: 1
12-15 16:32:57.407 18425 18547 D jswrapper: JS:
5,3,1,4,5,0,2,13,1,0,2,13,1,4,7,4,5,0,2,13,1,4,12,0,12,4,12,10,4,3,3,6,7,5,10,0,0,4
,12,10,4,3,10,8,3,2,10,12,0,3,1,0,2,8,9,0,0,2,10,12,0,3,1,14,1,0,7,14,10,10,0,4,1,1
0,14,10,10,0,4,14,10,10,0,4,3,12,1,13,3,12,0,0,6,12,0,0,6,3,0,3,3,12,0,0,6
12-15 16:32:57.407 18425 18547 D jswrapper: JS: 3,12,8,1,12,1,0,3,0,1,4,12,2,7,13
12-15 16:32:57.413 18425 18547 D jswrapper: JS: main=3, sub=102
12-15 16:32:57.413 18425 18547 D jswrapper: JS:
OnSocketSubUserStatus::dwUserID::2727209
12-15 16:32:57.413 18425 18547 D jswrapper: JS: OnSocketSubUserStatus::UserStatus::
{"wTableID":5,"wChairID":0,"cbUserStatus":5}
12-15 16:32:57.413 18425 18547 D jswrapper: JS: UpdateUserItemStatus::以往数据::
{"wTableID":5,"wChairID":0,"cbUserStatus":2}
12-15 16:32:57.413 18425 18547 D jswrapper: JS: GameBase onEventUserStatus 用户状态
12-15 16:32:57.413 18425 18547 D jswrapper: JS: main=100, sub=401
12-15 16:32:57.413 18425 18547 D jswrapper: JS: 收到框架消息::401
12-15 16:32:57.413 18425 18547 D jswrapper: JS: 收到唯一对局码: (2311005167113277299)
12-15 16:32:57.413 18425 18547 D jswrapper: JS: main=3, sub=101
12-15 16:32:57.414 18425 18547 D jswrapper: JS: GameBase onEventUserScore 用户积分
12-15 16:32:57.414 18425 18547 D jswrapper: JS: main=3, sub=102
12-15 16:32:57.414 18425 18547 D jswrapper: JS:
OnSocketSubUserStatus::dwUserID::2727209
12-15 16:32:57.414 18425 18547 D jswrapper: JS: OnSocketSubUserStatus::UserStatus::
{"wTableID":5,"wChairID":0,"cbUserStatus":2}
12-15 16:32:57.414 18425 18547 D jswrapper: JS: UpdateUserItemStatus::以往数据::
{"wTableID":5,"wChairID":0,"cbUserStatus":5}
12-15 16:32:57.414 18425 18547 D jswrapper: JS: GameBase onEventUserStatus 用户状态
12-15 16:32:59.590 18425 18547 D jswrapper: JS: showGameWinScore:260
12-15 16:32:59.900 18425 18547 D jswrapper: JS: showGameEnd
12-15 16:33:00.948 18425 18759 I AudioDecoderMp3: Original audio info: numChannels:
2, sampleRate: 44100, bitPerSample: 16, containerSize: 16, channelMask: 3,
endianness: 2, numFrames: 146304, duration: 3.317551, total size: 585216
12-15 16:33:00.948 18425 18759 D AudioDecoder: Decoding
(/data/user/0/com.glgame.frtslots/blackbox/data/user/0/com.aru.glgame.frtslots/
files/blackjack-remote-asset/assets/TREASURE/assets/native/a5/a5d7e701-35a1-4dcb-
b5b2-343276651b6f.mp3) to pcm data wasted 18.594000ms
12-15 16:33:00.954 18425 18759 D AudioDecoder: Resampling
(/data/user/0/com.glgame.frtslots/blackbox/data/user/0/com.aru.glgame.frtslots/
files/blackjack-remote-asset/assets/TREASURE/assets/native/a5/a5d7e701-35a1-4dcb-
b5b2-343276651b6f.mp3) wasted 5.858000ms
12-15 16:33:00.954 18425 18759 I AudioDecoder: Audio channel count is 2, no need to
interleave
12-15 16:33:00.954 18425 18759 D AudioDecoder: Interleave
(/data/user/0/com.glgame.frtslots/blackbox/data/user/0/com.aru.glgame.frtslots/
files/blackjack-remote-asset/assets/TREASURE/assets/native/a5/a5d7e701-35a1-4dcb-
b5b2-343276651b6f.mp3) wasted 0.064000ms
12-15 16:33:02.558 18425 18425 I ViewRootImpl@17bc549[AppActivity]: ViewPostIme
pointer 0
12-15 16:33:02.649 18425 18425 I ViewRootImpl@17bc549[AppActivity]: ViewPostIme
pointer 1
12-15 16:33:04.075 18425 18547 D jswrapper: JS: main=200, sub=152
12-15 16:33:04.075 18425 18547 D jswrapper: JS: JACKPOT:{"lJackPot":
[8753,11842,11803,98678,48148]}
12-15 16:33:05.398 18425 18425 I ViewRootImpl@17bc549[AppActivity]: ViewPostIme
pointer 0
12-15 16:33:05.504 18425 18425 I ViewRootImpl@17bc549[AppActivity]: ViewPostIme
pointer 1
12-15 16:33:05.559 18425 18547 D jswrapper: JS: SendSocketData main:200 sub:113
12-15 16:33:05.614 18425 18547 D jswrapper: JS: main=3, sub=101
12-15 16:33:05.615 18425 18547 D jswrapper: JS: GameBase onEventUserScore 用户积分
12-15 16:33:05.615 18425 18547 D jswrapper: JS: main=200, sub=149
12-15 16:33:05.615 18425 18547 D jswrapper: JS: SGLB::结果
12-15 16:33:05.615 18425 18547 D jswrapper: JS: [object Object]
12-15 16:33:05.616 18425 18547 D jswrapper: JS: 0
12-15 16:33:05.616 18425 18547 D jswrapper: JS: this._nFreeCount<=0?????
12-15 16:33:05.620 18425 18547 D jswrapper: JS:
5,8,1,3,5,3,1,4,1,3,1,4,1,4,7,4,5,3,1,4,1,4,2,3,0,4,12,0,12,3,3,6,7,5,10,0,0,4,12,0
,12,3,10,1,7,7,10,8,3,2,0,0,2,8,9,0,0,2,10,8,3,2,0,14,10,10,1,14,1,0,7,2,15,12,14,1
,0,7,2,14,1,0,7,2,3,9,2,7,3,12,1,13,12,12,1,13,12,1,2,3,3,12,1,13,12
12-15 16:33:05.620 18425 18547 D jswrapper: JS: 8,2,1,10,9,1,3,7,10,2,3,0,7,1,7
12-15 16:33:07.783 18425 18547 D jswrapper: JS: showGameWinScore:0
12-15 16:33:08.079 18425 18547 D jswrapper: JS: showGameEnd
12-15 16:33:09.194 18425 18425 I ViewRootImpl@17bc549[AppActivity]: ViewPostIme
pointer 0
12-15 16:33:09.301 18425 18425 I ViewRootImpl@17bc549[AppActivity]: ViewPostIme
pointer 1
12-15 16:33:09.354 18425 18547 D jswrapper: JS: SendSocketData main:200 sub:113
12-15 16:33:09.411 18425 18547 D jswrapper: JS: main=3, sub=101
12-15 16:33:09.411 18425 18547 D jswrapper: JS: GameBase onEventUserScore 用户积分
12-15 16:33:09.411 18425 18547 D jswrapper: JS: main=200, sub=149
12-15 16:33:09.412 18425 18547 D jswrapper: JS: SGLB::结果
12-15 16:33:09.412 18425 18547 D jswrapper: JS: [object Object]
12-15 16:33:09.412 18425 18547 D jswrapper: JS: 0
12-15 16:33:09.412 18425 18547 D jswrapper: JS: this._nFreeCount<=0?????
12-15 16:33:09.416 18425 18547 D jswrapper: JS:
5,0,5,0,5,8,1,3,1,8,1,3,1,4,7,4,5,8,1,3,1,4,0,0,4,4,2,3,0,3,3,6,7,5,10,0,0,4,2,3,0,
3,10,12,0,10,10,1,7,7,3,0,2,8,9,0,0,2,10,1,7,7,3,14,1,8,2,14,10,10,1,9,4,13,14,10,1
0,1,9,14,10,10,1,9,3,13,5,1,3,9,2,7,0,9,2,7,0,5,8,2,3,9,2,7,0
12-15 16:33:09.416 18425 18547 D jswrapper: JS: 0,0,12,1,13,5,0,0,8,5,0,4,10,2,1
12-15 16:33:11.584 18425 18547 D jswrapper: JS: showGameWinScore:100
12-15 16:33:11.825 18425 18425 I ViewRootImpl@17bc549[AppActivity]: ViewPostIme
pointer 0
12-15 16:33:11.886 18425 18547 D jswrapper: JS: showGameEnd
12-15 16:33:11.886 18425 18547 D jswrapper: JS: winTimes:15
12-15 16:33:12.723 18425 18425 I ViewRootImpl@17bc549[AppActivity]: ViewPostIme
pointer 1
12-15 16:33:13.174 18425 18425 I ViewRootImpl@17bc549[AppActivity]: ViewPostIme
pointer 0
12-15 16:33:13.289 18425 18425 I ViewRootImpl@17bc549[AppActivity]: ViewPostIme
pointer 1
12-15 16:33:13.338 18425 18547 D jswrapper: JS: SendSocketData main:200 sub:113
12-15 16:33:13.396 18425 18547 D jswrapper: JS: main=3, sub=101
12-15 16:33:13.397 18425 18547 D jswrapper: JS: GameBase onEventUserScore 用户积分
12-15 16:33:13.397 18425 18547 D jswrapper: JS: main=200, sub=149
12-15 16:33:13.397 18425 18547 D jswrapper: JS: SGLB::结果
12-15 16:33:13.397 18425 18547 D jswrapper: JS: [object Object]
12-15 16:33:13.397 18425 18547 D jswrapper: JS: 0
12-15 16:33:13.397 18425 18547 D jswrapper: JS: this._nFreeCount<=0?????
12-15 16:33:13.402 18425 18547 D jswrapper: JS:
5,1,0,0,5,0,5,0,1,0,5,0,1,4,7,4,5,0,5,0,1,4,3,3,9,4,0,0,4,3,3,6,7,5,10,0,0,4,0,0,4,
3,10,3,0,9,10,12,0,10,7,0,2,8,9,0,0,2,10,12,0,10,7,14,0,8,0,14,1,8,2,9,6,17,14,1,8,
2,9,14,1,8,2,9,3,8,2,2,3,13,5,1,7,13,5,1,7,8,8,12,3,13,5,1,7
12-15 16:33:13.402 18425 18547 D jswrapper: JS: 1,3,3,0,8,0,3,0,8,2,0,9,9,0,2
12-15 16:33:15.500 18425 18547 D jswrapper: JS: showGameWinScore:0
12-15 16:33:15.795 18425 18547 D jswrapper: JS: showGameEnd
12-15 16:33:16.281 18425 18425 I ViewRootImpl@17bc549[AppActivity]: ViewPostIme
pointer 0
12-15 16:33:16.413 18425 18425 I ViewRootImpl@17bc549[AppActivity]: ViewPostIme
pointer 1
12-15 16:33:16.445 18425 18547 D jswrapper: JS: SendSocketData main:200 sub:113
12-15 16:33:16.502 18425 18547 D jswrapper: JS: main=3, sub=101
12-15 16:33:16.502 18425 18547 D jswrapper: JS: GameBase onEventUserScore 用户积分
12-15 16:33:16.503 18425 18547 D jswrapper: JS: main=200, sub=149
12-15 16:33:16.503 18425 18547 D jswrapper: JS: SGLB::结果
12-15 16:33:16.503 18425 18547 D jswrapper: JS: [object Object]
12-15 16:33:16.503 18425 18547 D jswrapper: JS: 0
12-15 16:33:16.503 18425 18547 D jswrapper: JS: this._nFreeCount<=0?????
12-15 16:33:16.508 18425 18547 D jswrapper: JS:
5,1,2,3,5,1,0,0,1,1,0,0,1,4,7,4,5,1,0,0,1,4,13,9,0,4,3,3,9,3,3,6,7,5,10,0,0,4,3,3,9
,3,10,3,1,0,10,3,0,9,0,0,2,8,9,0,0,2,10,3,0,9,0,14,7,6,3,14,0,8,0,4,8,6,14,0,8,0,4,
14,0,8,0,4,3,4,12,5,3,8,2,2,2,3,8,2,2,2,1,7,3,8,2,2,2
12-15 16:33:16.508 18425 18547 D jswrapper: JS: 1,13,3,7,4,2,9,1,6,12,3,0,0,3,5
12-15 16:33:18.659 18425 18547 D jswrapper: JS: showGameWinScore:0
12-15 16:33:18.953 18425 18547 D jswrapper: JS: showGameEnd
12-15 16:33:19.827 18425 18425 I ViewRootImpl@17bc549[AppActivity]: ViewPostIme
pointer 0
12-15 16:33:19.918 18425 18425 I ViewRootImpl@17bc549[AppActivity]: ViewPostIme
pointer 1
12-15 16:33:19.950 18425 18547 D jswrapper: JS: SendSocketData main:200 sub:113
12-15 16:33:20.005 18425 18547 D jswrapper: JS: main=3, sub=101
12-15 16:33:20.005 18425 18547 D jswrapper: JS: GameBase onEventUserScore 用户积分
12-15 16:33:20.006 18425 18547 D jswrapper: JS: main=200, sub=149
12-15 16:33:20.006 18425 18547 D jswrapper: JS: SGLB::结果
12-15 16:33:20.010 18425 18547 D jswrapper: JS: [object Object]
12-15 16:33:20.010 18425 18547 D jswrapper: JS: 0
12-15 16:33:20.010 18425 18547 D jswrapper: JS: this._nFreeCount<=0?????
12-15 16:33:20.014 18425 18547 D jswrapper: JS:
5,0,13,14,5,1,2,3,1,1,2,3,1,4,7,4,5,1,2,3,1,4,12,12,1,4,13,9,0,3,3,6,7,5,10,0,0,4,1
3,9,0,3,10,13,12,2,10,3,1,0,0,0,2,8,9,0,0,2,10,3,1,0,0,14,4,0,0,14,7,6,3,1,8,0,14,7
,6,3,1,14,7,6,3,1,3,2,0,5,3,4,12,5,10,4,12,5,10,9,9,15,3,4,12,5,10
12-15 16:33:20.014 18425 18547 D jswrapper: JS: 0,12,13,4,2,13,12,12,0,0,14,1,2,0,5
12-15 16:33:22.164 18425 18547 D jswrapper: JS: showGameWinScore:40
12-15 16:33:22.484 18425 18547 D jswrapper: JS: showGameEnd
12-15 16:33:22.484 18425 18547 D jswrapper: JS: winTimes:6
12-15 16:33:25.690 18425 18425 I ViewRootImpl@17bc549[AppActivity]: ViewPostIme
pointer 0
12-15 16:33:25.796 18425 18425 I ViewRootImpl@17bc549[AppActivity]: ViewPostIme
pointer 1
12-15 16:33:25.866 18425 18547 D jswrapper: JS: SendSocketData main:200 sub:113
12-15 16:33:25.926 18425 18547 D jswrapper: JS: main=3, sub=101
12-15 16:33:25.926 18425 18547 D jswrapper: JS: GameBase onEventUserScore 用户积分
12-15 16:33:25.927 18425 18547 D jswrapper: JS: main=200, sub=149
12-15 16:33:25.927 18425 18547 D jswrapper: JS: SGLB::结果
12-15 16:33:25.927 18425 18547 D jswrapper: JS: [object Object]
12-15 16:33:25.927 18425 18547 D jswrapper: JS: 0
12-15 16:33:25.927 18425 18547 D jswrapper: JS: this._nFreeCount<=0?????
12-15 16:33:25.934 18425 18547 D jswrapper: JS:
5,0,8,2,5,0,13,14,1,0,13,14,1,4,7,4,5,0,13,14,1,4,1,5,9,4,12,12,1,3,3,6,7,5,10,0,0,
4,12,12,1,3,10,4,2,6,10,13,12,2,1,0,2,8,9,0,0,2,10,13,12,2,1,14,10,4,9,14,4,0,0,2,8
,1,14,4,0,0,2,14,4,0,0,2,3,5,1,7,3,2,0,5,4,2,0,5,4,9,9,5,3,2,0,5,4
12-15 16:33:25.934 18425 18547 D jswrapper: JS: 0,1,4,10,5,8,5,2,4,1,2,9,6,9,7
12-15 16:33:28.107 18425 18547 D jswrapper: JS: showGameWinScore:0
12-15 16:33:28.171 18425 18425 I ViewRootImpl@17bc549[AppActivity]: ViewPostIme
pointer 0
12-15 16:33:28.277 18425 18425 I ViewRootImpl@17bc549[AppActivity]: ViewPostIme
pointer 1
12-15 16:33:28.404 18425 18547 D jswrapper: JS: showGameEnd
12-15 16:33:28.911 18425 18425 I ViewRootImpl@17bc549[AppActivity]: ViewPostIme
pointer 0
12-15 16:33:29.018 18425 18425 I ViewRootImpl@17bc549[AppActivity]: ViewPostIme
pointer 1
12-15 16:33:29.045 18425 18547 D jswrapper: JS: SendSocketData main:200 sub:113
12-15 16:33:29.100 18425 18547 D jswrapper: JS: main=3, sub=101
12-15 16:33:29.101 18425 18547 D jswrapper: JS: GameBase onEventUserScore 用户积分
12-15 16:33:29.101 18425 18547 D jswrapper: JS: main=200, sub=149
12-15 16:33:29.101 18425 18547 D jswrapper: JS: SGLB::结果
12-15 16:33:29.102 18425 18547 D jswrapper: JS: [object Object]
12-15 16:33:29.102 18425 18547 D jswrapper: JS: 0
12-15 16:33:29.102 18425 18547 D jswrapper: JS: this._nFreeCount<=0?????
12-15 16:33:29.106 18425 18547 D jswrapper: JS:
5,0,3,4,5,0,8,2,1,0,8,2,1,4,7,4,5,0,8,2,1,4,1,0,2,4,1,5,9,3,3,6,7,5,10,0,0,4,1,5,9,
3,10,1,9,6,10,4,2,6,12,0,2,8,9,0,0,2,10,4,2,6,12,14,4,0,0,14,10,4,9,3,7,10,14,10,4,
9,3,14,10,4,9,3,3,3,0,3,3,5,1,7,8,5,1,7,8,8,4,8,3,5,1,7,8
12-15 16:33:29.106 18425 18547 D jswrapper: JS: 0,1,1,4,3,3,0,9,0,0,4,2,6,0,3
12-15 16:33:31.109 18425 18425 I ViewRootImpl@17bc549[AppActivity]: ViewPostIme
pointer 0
12-15 16:33:31.217 18425 18425 I ViewRootImpl@17bc549[AppActivity]: ViewPostIme
pointer 1
12-15 16:33:31.249 18425 18547 D jswrapper: JS: showGameWinScore:0
12-15 16:33:31.542 18425 18547 D jswrapper: JS: showGameEnd
12-15 16:33:31.731 18425 18425 I ViewRootImpl@17bc549[AppActivity]: ViewPostIme
pointer 0
12-15 16:33:31.830 18425 18425 I ViewRootImpl@17bc549[AppActivity]: ViewPostIme
pointer 1
12-15 16:33:31.859 18425 18547 D jswrapper: JS: SendSocketData main:200 sub:113
12-15 16:33:31.915 18425 18547 D jswrapper: JS: main=3, sub=101
12-15 16:33:31.915 18425 18547 D jswrapper: JS: GameBase onEventUserScore 用户积分
12-15 16:33:31.916 18425 18547 D jswrapper: JS: main=200, sub=149
12-15 16:33:31.916 18425 18547 D jswrapper: JS: SGLB::结果
12-15 16:33:31.916 18425 18547 D jswrapper: JS: [object Object]
12-15 16:33:31.916 18425 18547 D jswrapper: JS: 0
12-15 16:33:31.916 18425 18547 D jswrapper: JS: this._nFreeCount<=0?????
12-15 16:33:31.922 18425 18547 D jswrapper: JS:
5,13,0,2,5,0,3,4,1,0,3,4,1,4,7,4,5,0,3,4,1,4,2,0,1,4,1,0,2,3,3,6,7,5,10,0,0,4,1,0,2
,3,10,1,1,2,10,1,9,6,2,0,2,8,9,0,0,2,10,1,9,6,2,14,1,15,2,14,4,0,0,2,10,7,14,4,0,0,
2,14,4,0,0,2,3,9,12,4,3,3,0,3,3,3,0,3,3,0,17,5,3,3,0,3,3
12-15 16:33:31.922 18425 18547 D jswrapper: JS: 13,2,1,1,9,0,0,1,15,12,2,1,2,2,4
12-15 16:33:34.058 18425 18547 D jswrapper: JS: showGameWinScore:30
12-15 16:33:34.364 18425 18547 D jswrapper: JS: showGameEnd
12-15 16:33:34.364 18425 18547 D jswrapper: JS: winTimes:4
12-15 16:33:35.848 18425 18425 I ViewRootImpl@17bc549[AppActivity]: ViewPostIme
pointer 0
12-15 16:33:35.954 18425 18425 I ViewRootImpl@17bc549[AppActivity]: ViewPostIme
pointer 1
12-15 16:33:35.996 18425 18547 D jswrapper: JS: SendSocketData main:200 sub:113
12-15 16:33:36.051 18425 18547 D jswrapper: JS: main=3, sub=101
12-15 16:33:36.052 18425 18547 D jswrapper: JS: GameBase onEventUserScore 用户积分
12-15 16:33:36.052 18425 18547 D jswrapper: JS: main=200, sub=149
12-15 16:33:36.052 18425 18547 D jswrapper: JS: SGLB::结果
12-15 16:33:36.052 18425 18547 D jswrapper: JS: [object Object]
12-15 16:33:36.052 18425 18547 D jswrapper: JS: 0
12-15 16:33:36.052 18425 18547 D jswrapper: JS: this._nFreeCount<=0?????
12-15 16:33:36.057 18425 18547 D jswrapper: JS:
5,1,3,8,5,13,0,2,1,13,0,2,1,4,7,4,5,13,0,2,1,4,4,2,7,4,2,0,1,3,3,6,7,5,10,0,0,4,2,0
,1,3,10,0,2,7,10,1,1,2,9,0,2,8,9,0,0,2,10,1,1,2,9,14,8,5,1,14,1,15,2,9,12,0,14,1,15
,2,9,14,1,15,2,9,3,0,5,13,3,9,12,4,4,9,12,4,4,3,12,16,3,9,12,4,4
12-15 16:33:36.060 18425 18547 D jswrapper: JS: 1,4,0,8,0,3,2,2,5,5,8,7,7,1,13
12-15 16:33:36.444 18425 18547 D jswrapper: JS: main=200, sub=152
12-15 16:33:36.444 18425 18547 D jswrapper: JS: JACKPOT:{"lJackPot":
[9140,12229,12190,98780,48388]}
12-15 16:33:38.231 18425 18547 D jswrapper: JS: showGameWinScore:0
12-15 16:33:38.271 18425 18425 I ViewRootImpl@17bc549[AppActivity]: ViewPostIme
pointer 0
12-15 16:33:38.378 18425 18425 I ViewRootImpl@17bc549[AppActivity]: ViewPostIme
pointer 1
12-15 16:33:38.529 18425 18547 D jswrapper: JS: showGameEnd
12-15 16:33:39.303 18425 18425 I ViewRootImpl@17bc549[AppActivity]: ViewPostIme
pointer 0
12-15 16:33:39.410 18425 18425 I ViewRootImpl@17bc549[AppActivity]: ViewPostIme
pointer 1
12-15 16:33:39.439 18425 18547 D jswrapper: JS: SendSocketData main:200 sub:113
12-15 16:33:39.495 18425 18547 D jswrapper: JS: main=3, sub=101
12-15 16:33:39.496 18425 18547 D jswrapper: JS: GameBase onEventUserScore 用户积分
12-15 16:33:39.496 18425 18547 D jswrapper: JS: main=200, sub=149
12-15 16:33:39.496 18425 18547 D jswrapper: JS: SGLB::结果
12-15 16:33:39.496 18425 18547 D jswrapper: JS: [object Object]
12-15 16:33:39.496 18425 18547 D jswrapper: JS: 0
12-15 16:33:39.496 18425 18547 D jswrapper: JS: this._nFreeCount<=0?????
12-15 16:33:39.501 18425 18547 D jswrapper: JS:
5,5,2,5,5,1,3,8,1,1,3,8,1,4,7,4,5,1,3,8,1,4,10,5,1,4,4,2,7,3,3,6,7,5,10,0,0,4,4,2,7
,3,10,0,12,0,10,0,2,7,1,0,2,8,9,0,0,2,10,0,2,7,1,14,0,1,0,14,8,5,1,5,2,7,14,8,5,1,5
,14,8,5,1,5,3,0,4,12,3,0,5,13,0,0,5,13,0,13,4,10,3,0,5,13,0
12-15 16:33:39.501 18425 18547 D jswrapper: JS: 5,10,0,0,0,2,5,12,1,4,5,1,0,0,12
12-15 16:33:40.632 18425 18547 D jswrapper: JS: main=200, sub=152
12-15 16:33:40.633 18425 18547 D jswrapper: JS: JACKPOT:{"lJackPot":
[9196,12285,12246,98795,48423]}
12-15 16:33:41.654 18425 18547 D jswrapper: JS: showGameWinScore:120
12-15 16:33:41.954 18425 18547 D jswrapper: JS: showGameEnd
12-15 16:33:41.954 18425 18547 D jswrapper: JS: winTimes:18
12-15 16:33:45.425 18425 18425 I ViewRootImpl@17bc549[AppActivity]: ViewPostIme
pointer 0
12-15 16:33:45.536 18425 18425 W Choreographer: Frame time is 0.136029 ms in the
future! Check that graphics HAL is generating vsync timestamps using the correct
timebase.
12-15 16:33:45.596 18425 18425 I ViewRootImpl@17bc549[AppActivity]: ViewPostIme
pointer 1
12-15 16:33:45.660 18425 18547 D jswrapper: JS: SendSocketData main:200 sub:113
12-15 16:33:45.775 18425 18547 D jswrapper: JS: main=3, sub=101
12-15 16:33:45.776 18425 18547 D jswrapper: JS: GameBase onEventUserScore 用户积分
12-15 16:33:45.777 18425 18547 D jswrapper: JS: main=200, sub=149
12-15 16:33:45.777 18425 18547 D jswrapper: JS: SGLB::结果
12-15 16:33:45.777 18425 18547 D jswrapper: JS: [object Object]
12-15 16:33:45.777 18425 18547 D jswrapper: JS: 0
12-15 16:33:45.777 18425 18547 D jswrapper: JS: this._nFreeCount<=0?????
12-15 16:33:45.779 18425 18547 D jswrapper: JS:
5,2,0,2,5,5,2,5,1,5,2,5,1,4,7,4,5,5,2,5,1,4,1,12,10,4,10,5,1,3,3,6,7,5,10,0,0,4,10,
5,1,3,10,3,9,0,10,0,12,0,2,0,2,8,9,0,0,2,10,0,12,0,2,14,2,8,0,14,0,1,0,4,1,13,14,0,
1,0,4,14,0,1,0,4,3,0,2,1,3,0,4,12,2,0,4,12,2,2,0,9,3,0,4,12,2
12-15 16:33:45.779 18425 18547 D jswrapper: JS: 2,1,3,2,0,0,12,9,8,2,2,10,0,0,1
12-15 16:33:45.781 18425 18547 D jswrapper: JS: main=3, sub=102
12-15 16:33:45.781 18425 18547 D jswrapper: JS:
OnSocketSubUserStatus::dwUserID::2727209
12-15 16:33:45.781 18425 18547 D jswrapper: JS: OnSocketSubUserStatus::UserStatus::
{"wTableID":5,"wChairID":0,"cbUserStatus":5}
12-15 16:33:45.781 18425 18547 D jswrapper: JS: UpdateUserItemStatus::以往数据::
{"wTableID":5,"wChairID":0,"cbUserStatus":2}
12-15 16:33:45.781 18425 18547 D jswrapper: JS: GameBase onEventUserStatus 用户状态
12-15 16:33:45.781 18425 18547 D jswrapper: JS: main=100, sub=401
12-15 16:33:45.781 18425 18547 D jswrapper: JS: 收到框架消息::401
12-15 16:33:45.781 18425 18547 D jswrapper: JS: 收到唯一对局码: (2311005167113282077)
12-15 16:33:45.781 18425 18547 D jswrapper: JS: main=3, sub=101
12-15 16:33:45.781 18425 18547 D jswrapper: JS: GameBase onEventUserScore 用户积分
12-15 16:33:45.781 18425 18547 D jswrapper: JS: main=3, sub=102
12-15 16:33:45.781 18425 18547 D jswrapper: JS:
OnSocketSubUserStatus::dwUserID::2727209
12-15 16:33:45.781 18425 18547 D jswrapper: JS: OnSocketSubUserStatus::UserStatus::
{"wTableID":5,"wChairID":0,"cbUserStatus":2}
12-15 16:33:45.782 18425 18547 D jswrapper: JS: UpdateUserItemStatus::以往数据::
{"wTableID":5,"wChairID":0,"cbUserStatus":5}
12-15 16:33:45.782 18425 18547 D jswrapper: JS: GameBase onEventUserStatus 用户状态
12-15 16:33:47.872 18425 18547 D jswrapper: JS: showGameWinScore:10
12-15 16:33:48.173 18425 18547 D jswrapper: JS: showGameEnd
12-15 16:33:48.174 18425 18547 D jswrapper: JS: winTimes:1
12-15 16:33:49.560 18425 18425 I ViewRootImpl@17bc549[AppActivity]: ViewPostIme
pointer 0
12-15 16:33:49.684 18425 18425 I ViewRootImpl@17bc549[AppActivity]: ViewPostIme
pointer 1
12-15 16:33:49.710 18425 18547 D jswrapper: JS: SendSocketData main:200 sub:113
12-15 16:33:49.766 18425 18547 D jswrapper: JS: main=3, sub=101
12-15 16:33:49.766 18425 18547 D jswrapper: JS: GameBase onEventUserScore 用户积分
12-15 16:33:49.767 18425 18547 D jswrapper: JS: main=200, sub=149
12-15 16:33:49.767 18425 18547 D jswrapper: JS: SGLB::结果
12-15 16:33:49.767 18425 18547 D jswrapper: JS: [object Object]
12-15 16:33:49.771 18425 18547 D jswrapper: JS: 0
12-15 16:33:49.771 18425 18547 D jswrapper: JS: this._nFreeCount<=0?????
12-15 16:33:49.776 18425 18547 D jswrapper: JS:
5,5,0,3,5,2,0,2,1,2,0,2,1,4,7,4,5,2,0,2,1,4,0,4,2,4,1,12,10,3,3,6,7,5,10,0,0,4,1,12
,10,3,10,12,0,9,10,3,9,0,12,0,2,8,9,0,0,2,10,3,9,0,12,14,13,5,10,14,2,8,0,1,0,5,14,
2,8,0,1,14,2,8,0,1,3,5,10,4,3,0,2,1,3,0,2,1,3,10,6,15,3,0,2,1,3
12-15 16:33:49.776 18425 18547 D jswrapper: JS: 5,0,12,13,5,0,4,0,5,10,3,2,9,10,4
12-15 16:33:51.915 18425 18547 D jswrapper: JS: showGameWinScore:20
12-15 16:33:52.217 18425 18547 D jswrapper: JS: showGameEnd
12-15 16:33:52.218 18425 18547 D jswrapper: JS: winTimes:3
12-15 16:33:53.873 18425 18425 I ViewRootImpl@17bc549[AppActivity]: ViewPostIme
pointer 0
12-15 16:33:54.130 18425 18425 I ViewRootImpl@17bc549[AppActivity]: ViewPostIme
pointer 1
12-15 16:33:54.179 18425 18547 D jswrapper: JS: SendSocketData main:200 sub:113
12-15 16:33:54.235 18425 18547 D jswrapper: JS: main=3, sub=101
12-15 16:33:54.236 18425 18547 D jswrapper: JS: GameBase onEventUserScore 用户积分
12-15 16:33:54.236 18425 18547 D jswrapper: JS: main=200, sub=149
12-15 16:33:54.236 18425 18547 D jswrapper: JS: SGLB::结果
12-15 16:33:54.236 18425 18547 D jswrapper: JS: [object Object]
12-15 16:33:54.236 18425 18547 D jswrapper: JS: 0
12-15 16:33:54.236 18425 18547 D jswrapper: JS: this._nFreeCount<=0?????
12-15 16:33:54.240 18425 18547 D jswrapper: JS:
5,6,8,0,5,5,0,3,1,5,0,3,1,4,7,4,5,5,0,3,1,4,10,13,4,4,0,4,2,3,3,6,7,5,10,0,0,4,0,4,
2,3,10,0,5,3,10,12,0,9,9,0,2,8,9,0,0,2,10,12,0,9,9,14,7,0,0,14,13,5,10,6,5,7,14,13,
5,10,6,14,13,5,10,6,3,3,2,0,3,5,10,4,9,5,10,4,9,13,5,6,3,5,10,4,9
12-15 16:33:54.240 18425 18547 D jswrapper: JS: 6,10,0,7,3,8,13,5,0,2,0,4,3,0,0
12-15 16:33:55.473 18425 18547 D jswrapper: JS: main=200, sub=152
12-15 16:33:55.473 18425 18547 D jswrapper: JS: JACKPOT:{"lJackPot":
[9507,12596,12557,98887,48627]}
12-15 16:33:56.378 18425 18547 D jswrapper: JS: showGameWinScore:0
12-15 16:33:56.699 18425 18547 D jswrapper: JS: showGameEnd
12-15 16:33:56.838 18425 18425 I ViewRootImpl@17bc549[AppActivity]: ViewPostIme
pointer 0
12-15 16:33:56.970 18425 18425 I ViewRootImpl@17bc549[AppActivity]: ViewPostIme
pointer 1
12-15 16:33:56.994 18425 18547 D jswrapper: JS: SendSocketData main:200 sub:113
12-15 16:33:57.049 18425 18547 D jswrapper: JS: main=3, sub=101
12-15 16:33:57.050 18425 18547 D jswrapper: JS: GameBase onEventUserScore 用户积分
12-15 16:33:57.050 18425 18547 D jswrapper: JS: main=200, sub=149
12-15 16:33:57.050 18425 18547 D jswrapper: JS: SGLB::结果
12-15 16:33:57.050 18425 18547 D jswrapper: JS: [object Object]
12-15 16:33:57.050 18425 18547 D jswrapper: JS: 0
12-15 16:33:57.050 18425 18547 D jswrapper: JS: this._nFreeCount<=0?????
12-15 16:33:57.055 18425 18547 D jswrapper: JS:
5,0,6,6,5,6,8,0,1,6,8,0,1,4,7,4,5,6,8,0,1,4,13,2,16,4,10,13,4,3,3,6,7,5,10,0,0,4,10
,13,4,3,10,0,0,9,10,0,5,3,0,0,2,8,9,0,0,2,10,0,5,3,0,14,13,3,0,14,7,0,0,14,16,9,14,
7,0,0,14,14,7,0,0,14,3,1,10,10,3,3,2,0,6,3,2,0,6,2,9,0,3,3,2,0,6
12-15 16:33:57.055 18425 18547 D jswrapper: JS: 0,13,0,13,1,6,2,0,3,10,6,16,9,0,10
12-15 16:33:59.189 18425 18547 D jswrapper: JS: showGameWinScore:0
12-15 16:33:59.500 18425 18547 D jswrapper: JS: showGameEnd
12-15 16:33:59.976 18425 18425 I ViewRootImpl@17bc549[AppActivity]: ViewPostIme
pointer 0
12-15 16:34:00.099 18425 18425 I ViewRootImpl@17bc549[AppActivity]: ViewPostIme
pointer 1
12-15 16:34:00.124 18425 18547 D jswrapper: JS: SendSocketData main:200 sub:113
12-15 16:34:00.181 18425 18547 D jswrapper: JS: main=3, sub=101
12-15 16:34:00.181 18425 18547 D jswrapper: JS: GameBase onEventUserScore 用户积分
12-15 16:34:00.181 18425 18547 D jswrapper: JS: main=200, sub=149
12-15 16:34:00.181 18425 18547 D jswrapper: JS: SGLB::结果
12-15 16:34:00.181 18425 18547 D jswrapper: JS: [object Object]
12-15 16:34:00.182 18425 18547 D jswrapper: JS: 0
12-15 16:34:00.182 18425 18547 D jswrapper: JS: this._nFreeCount<=0?????
12-15 16:34:00.186 18425 18547 D jswrapper: JS:
5,3,14,6,5,0,6,6,1,0,6,6,1,4,7,4,5,0,6,6,1,4,12,1,0,4,13,2,16,3,3,6,7,5,10,0,0,4,13
,2,16,3,10,13,4,0,10,0,0,9,5,0,2,8,9,0,0,2,10,0,0,9,5,14,1,5,0,14,13,3,0,8,0,3,14,1
3,3,0,8,14,13,3,0,8,3,1,9,4,3,1,10,10,8,1,10,10,8,10,3,10,3,1,10,10,8
12-15 16:34:00.187 18425 18547 D jswrapper: JS: 3,12,13,1,1,14,1,4,5,9,6,0,0,0,4
12-15 16:34:02.361 18425 18547 D jswrapper: JS: showGameWinScore:0
12-15 16:34:02.491 18425 18425 I ViewRootImpl@17bc549[AppActivity]: ViewPostIme
pointer 0
12-15 16:34:02.596 18425 18425 I ViewRootImpl@17bc549[AppActivity]: ViewPostIme
pointer 1
12-15 16:34:02.605 18425 18547 D jswrapper: JS: main=200, sub=152
12-15 16:34:02.605 18425 18547 D jswrapper: JS: JACKPOT:{"lJackPot":
[8670,12715,12676,98914,48702]}
12-15 16:34:02.655 18425 18547 D jswrapper: JS: showGameEnd
12-15 16:34:03.297 18425 18425 I ViewRootImpl@17bc549[AppActivity]: ViewPostIme
pointer 0
12-15 16:34:03.404 18425 18425 I ViewRootImpl@17bc549[AppActivity]: ViewPostIme
pointer 1
12-15 16:34:03.444 18425 18547 D jswrapper: JS: SendSocketData main:200 sub:113
12-15 16:34:03.500 18425 18547 D jswrapper: JS: main=3, sub=101
12-15 16:34:03.500 18425 18547 D jswrapper: JS: GameBase onEventUserScore 用户积分
12-15 16:34:03.525 18425 18547 D jswrapper: JS: main=200, sub=149
12-15 16:34:03.525 18425 18547 D jswrapper: JS: SGLB::结果
12-15 16:34:03.525 18425 18547 D jswrapper: JS: [object Object]
12-15 16:34:03.526 18425 18547 D jswrapper: JS: 0
12-15 16:34:03.526 18425 18547 D jswrapper: JS: this._nFreeCount<=0?????
12-15 16:34:03.533 18425 18547 D jswrapper: JS:
5,0,1,7,5,3,14,6,1,3,14,6,1,4,7,4,5,3,14,6,1,4,7,5,10,4,12,1,0,3,3,6,7,5,10,0,0,4,1
2,1,0,3,10,1,7,3,10,13,4,0,0,0,2,8,9,0,0,2,10,13,4,0,0,14,2,0,0,14,1,5,0,10,5,5,14,
1,5,0,10,14,1,5,0,10,3,4,17,7,3,1,9,4,4,1,9,4,4,7,7,7,3,1,9,4,4
12-15 16:34:03.533 18425 18547 D jswrapper: JS: 0,7,1,2,4,1,5,7,0,17,7,10,3,0,7
12-15 16:34:04.609 18425 18547 D jswrapper: JS: main=200, sub=152
12-15 16:34:04.609 18425 18547 D jswrapper: JS: JACKPOT:{"lJackPot":
[8704,12749,12710,98921,48723]}
12-15 16:34:05.639 18425 18547 D jswrapper: JS: showGameWinScore:240
12-15 16:34:05.688 18425 18425 I ViewRootImpl@17bc549[AppActivity]: ViewPostIme
pointer 0
12-15 16:34:05.717 18425 18547 D jswrapper: JS: main=3, sub=530
12-15 16:34:05.717 18425 18547 D jswrapper: JS: [object Object]
12-15 16:34:05.717 18425 18547 D jswrapper: JS: 512
12-15 16:34:05.717 18425 18547 D jswrapper: JS: SendSocketData main:100 sub:512
12-15 16:34:05.741 18425 18547 D jswrapper: JS: main=100, sub=513
12-15 16:34:05.741 18425 18547 D jswrapper: JS: 收到框架消息::513
12-15 16:34:05.741 18425 18547 D jswrapper: JS: [object Object]
12-15 16:34:05.742 18425 18547 D jswrapper: JS: main=100, sub=513
12-15 16:34:05.742 18425 18547 D jswrapper: JS: 收到框架消息::513
12-15 16:34:05.742 18425 18547 D jswrapper: JS: [object Object]
12-15 16:34:05.742 18425 18547 D jswrapper: JS: main=100, sub=513
12-15 16:34:05.742 18425 18547 D jswrapper: JS: 收到框架消息::513
12-15 16:34:05.742 18425 18547 D jswrapper: JS: [object Object]
12-15 16:34:05.742 18425 18547 D jswrapper: JS: main=100, sub=513
12-15 16:34:05.742 18425 18547 D jswrapper: JS: 收到框架消息::513
12-15 16:34:05.742 18425 18547 D jswrapper: JS: [object Object]
12-15 16:34:05.742 18425 18547 D jswrapper: JS: main=100, sub=513
12-15 16:34:05.742 18425 18547 D jswrapper: JS: 收到框架消息::513
12-15 16:34:05.742 18425 18547 D jswrapper: JS: [object Object]
12-15 16:34:05.743 18425 18547 D jswrapper: JS: main=100, sub=513
12-15 16:34:05.743 18425 18547 D jswrapper: JS: 收到框架消息::513
12-15 16:34:05.743 18425 18547 D jswrapper: JS: [object Object]
12-15 16:34:05.743 18425 18547 D jswrapper: JS: main=100, sub=513
12-15 16:34:05.743 18425 18547 D jswrapper: JS: 收到框架消息::513
12-15 16:34:05.743 18425 18547 D jswrapper: JS: [object Object]
12-15 16:34:05.743 18425 18547 D jswrapper: JS: main=100, sub=513
12-15 16:34:05.743 18425 18547 D jswrapper: JS: 收到框架消息::513
12-15 16:34:05.743 18425 18547 D jswrapper: JS: [object Object]
12-15 16:34:05.743 18425 18547 D jswrapper: JS: main=100, sub=513
12-15 16:34:05.743 18425 18547 D jswrapper: JS: 收到框架消息::513
12-15 16:34:05.743 18425 18547 D jswrapper: JS: [object Object]
12-15 16:34:05.744 18425 18547 D jswrapper: JS: main=100, sub=513
12-15 16:34:05.744 18425 18547 D jswrapper: JS: 收到框架消息::513
12-15 16:34:05.744 18425 18547 D jswrapper: JS: [object Object]
12-15 16:34:05.844 18425 18425 I ViewRootImpl@17bc549[AppActivity]: ViewPostIme
pointer 1
12-15 16:34:05.939 18425 18547 D jswrapper: JS: showGameEnd
12-15 16:34:05.939 18425 18547 D jswrapper: JS: winTimes:36
12-15 16:34:08.310 18425 18425 I ViewRootImpl@17bc549[AppActivity]: ViewPostIme
pointer 0
12-15 16:34:08.441 18425 18425 I ViewRootImpl@17bc549[AppActivity]: ViewPostIme
pointer 1
12-15 16:34:08.479 18425 18547 D jswrapper: JS: SendSocketData main:200 sub:113
12-15 16:34:08.534 18425 18547 D jswrapper: JS: main=3, sub=101
12-15 16:34:08.534 18425 18547 D jswrapper: JS: GameBase onEventUserScore 用户积分
12-15 16:34:08.559 18425 18547 D jswrapper: JS: main=200, sub=149
12-15 16:34:08.559 18425 18547 D jswrapper: JS: SGLB::结果
12-15 16:34:08.559 18425 18547 D jswrapper: JS: [object Object]
12-15 16:34:08.559 18425 18547 D jswrapper: JS: 0
12-15 16:34:08.559 18425 18547 D jswrapper: JS: this._nFreeCount<=0?????
12-15 16:34:08.567 18425 18547 D jswrapper: JS:
5,9,5,2,5,0,1,7,1,0,1,7,1,4,7,4,5,0,1,7,1,4,7,13,12,4,7,5,10,3,3,6,7,5,10,0,0,4,7,5
,10,3,10,12,4,13,10,1,7,3,4,0,2,8,9,0,0,2,10,1,7,3,4,14,8,5,14,14,2,0,0,10,10,4,14,
2,0,0,10,14,2,0,0,10,3,7,8,8,3,4,17,7,14,4,17,7,14,1,9,9,3,4,17,7,14
12-15 16:34:08.567 18425 18547 D jswrapper: JS: 9,7,12,8,7,5,13,4,5,8,2,12,13,14,8
12-15 16:34:10.708 18425 18547 D jswrapper: JS: showGameWinScore:290
12-15 16:34:11.013 18425 18547 D jswrapper: JS: showGameEnd
12-15 16:34:11.013 18425 18547 D jswrapper: JS: winTimes:43
12-15 16:34:13.246 18425 18425 I ViewRootImpl@17bc549[AppActivity]: ViewPostIme
pointer 0
12-15 16:34:13.361 18425 18425 I ViewRootImpl@17bc549[AppActivity]: ViewPostIme
pointer 1
12-15 16:34:13.388 18425 18547 D jswrapper: JS: SendSocketData main:200 sub:113
12-15 16:34:13.444 18425 18547 D jswrapper: JS: main=3, sub=101
12-15 16:34:13.444 18425 18547 D jswrapper: JS: GameBase onEventUserScore 用户积分
12-15 16:34:13.445 18425 18547 D jswrapper: JS: main=200, sub=149
12-15 16:34:13.445 18425 18547 D jswrapper: JS: SGLB::结果
12-15 16:34:13.445 18425 18547 D jswrapper: JS: [object Object]
12-15 16:34:13.447 18425 18547 D jswrapper: JS: 0
12-15 16:34:13.447 18425 18547 D jswrapper: JS: this._nFreeCount<=0?????
12-15 16:34:13.450 18425 18547 D jswrapper: JS:
5,0,0,3,5,9,5,2,1,9,5,2,1,4,7,4,5,9,5,2,1,4,0,4,3,4,7,13,12,3,3,6,7,5,10,0,0,4,7,13
,12,3,10,10,6,6,10,12,4,13,7,0,2,8,9,0,0,2,10,12,4,13,7,14,6,0,13,14,8,5,14,9,10,7,
14,8,5,14,9,14,8,5,14,9,3,9,2,5,3,7,8,8,10,7,8,8,10,0,0,5,3,7,8,8,10
12-15 16:34:13.450 18425 18547 D jswrapper: JS: 0,0,10,6,9,0,4,6,0,2,3,3,6,13,5
12-15 16:34:15.608 18425 18547 D jswrapper: JS: showGameWinScore:0
12-15 16:34:15.927 18425 18547 D jswrapper: JS: showGameEnd
12-15 16:34:17.002 18425 18547 D jswrapper: JS: main=200, sub=152
12-15 16:34:17.002 18425 18547 D jswrapper: JS: JACKPOT:{"lJackPot":
[8845,12890,12851,98956,48813]}
12-15 16:34:19.757 18425 18425 I ViewRootImpl@17bc549[AppActivity]: ViewPostIme
pointer 0
12-15 16:34:20.121 18425 18425 I ViewRootImpl@17bc549[AppActivity]: ViewPostIme
pointer 1
12-15 16:34:20.150 18425 18547 D jswrapper: JS: SendSocketData main:200 sub:113
12-15 16:34:20.183 18425 18547 D jswrapper: JS: main=3, sub=101
12-15 16:34:20.183 18425 18547 D jswrapper: JS: GameBase onEventUserScore 用户积分
12-15 16:34:20.207 18425 18547 D jswrapper: JS: main=200, sub=149
12-15 16:34:20.208 18425 18547 D jswrapper: JS: SGLB::结果
12-15 16:34:20.208 18425 18547 D jswrapper: JS: [object Object]
12-15 16:34:20.208 18425 18547 D jswrapper: JS: 0
12-15 16:34:20.208 18425 18547 D jswrapper: JS: this._nFreeCount<=0?????
12-15 16:34:20.212 18425 18547 D jswrapper: JS:
5,0,1,13,5,0,0,3,1,0,0,3,1,4,7,4,5,0,0,3,1,4,4,17,1,4,0,4,3,3,3,6,7,5,10,0,0,4,0,4,
3,3,10,2,3,0,10,10,6,6,4,0,2,8,9,0,0,2,10,10,6,6,4,14,7,6,0,14,6,0,13,0,0,1,14,6,0,
13,0,14,6,0,13,0,3,0,1,3,3,9,2,5,1,9,2,5,1,1,0,4,3,9,2,5,1
12-15 16:34:20.212 18425 18547 D jswrapper: JS: 0,4,2,7,0,1,17,3,6,1,13,1,0,0,3
12-15 16:34:22.368 18425 18547 D jswrapper: JS: showGameWinScore:0
12-15 16:34:22.687 18425 18547 D jswrapper: JS: showGameEnd
12-15 16:34:22.944 18425 18425 I ViewRootImpl@17bc549[AppActivity]: ViewPostIme
pointer 0
12-15 16:34:23.084 18425 18425 I ViewRootImpl@17bc549[AppActivity]: ViewPostIme
pointer 1
12-15 16:34:23.137 18425 18547 D jswrapper: JS: SendSocketData main:200 sub:113
12-15 16:34:23.195 18425 18547 D jswrapper: JS: main=3, sub=101
12-15 16:34:23.195 18425 18547 D jswrapper: JS: GameBase onEventUserScore 用户积分
12-15 16:34:23.196 18425 18547 D jswrapper: JS: main=200, sub=149
12-15 16:34:23.196 18425 18547 D jswrapper: JS: SGLB::结果
12-15 16:34:23.196 18425 18547 D jswrapper: JS: [object Object]
12-15 16:34:23.196 18425 18547 D jswrapper: JS: 0
12-15 16:34:23.196 18425 18547 D jswrapper: JS: this._nFreeCount<=0?????
12-15 16:34:23.201 18425 18547 D jswrapper: JS:
5,3,1,15,5,0,1,13,1,0,1,13,1,4,7,4,5,0,1,13,1,4,12,0,12,4,4,17,1,3,3,6,7,5,10,0,0,4
,4,17,1,3,10,9,12,12,10,2,3,0,6,0,2,8,9,0,0,2,10,2,3,0,6,14,12,10,9,14,7,6,0,1,4,2,
14,7,6,0,1,14,7,6,0,1,3,0,2,4,3,0,1,3,0,0,1,3,0,2,8,1,3,0,1,3,0
12-15 16:34:23.201 18425 18547 D jswrapper: JS:
3,12,9,12,0,1,0,12,10,2,15,12,12,9,4
12-15 16:34:23.205 18425 18547 D jswrapper: JS: main=200, sub=152
12-15 16:34:23.205 18425 18547 D jswrapper: JS: JACKPOT:{"lJackPot":
[8924,12969,12930,98970,48858]}
12-15 16:34:25.375 18425 18547 D jswrapper: JS: showGameWinScore:400
12-15 16:34:25.658 18425 18547 D jswrapper: JS: showGameEnd
12-15 16:34:25.660 18425 18547 D jswrapper: JS: winTimes:60
12-15 16:34:29.830 18425 18425 I ViewRootImpl@17bc549[AppActivity]: ViewPostIme
pointer 0
12-15 16:34:31.468 18425 18425 I ViewRootImpl@17bc549[AppActivity]: ViewPostIme
pointer 1
12-15 16:34:32.045 18425 18425 I ViewRootImpl@17bc549[AppActivity]: ViewPostIme
pointer 0
12-15 16:34:32.143 18425 18425 I ViewRootImpl@17bc549[AppActivity]: ViewPostIme
pointer 1
12-15 16:34:32.173 18425 18547 D jswrapper: JS: SendSocketData main:200 sub:113
12-15 16:34:32.230 18425 18547 D jswrapper: JS: main=3, sub=101
12-15 16:34:32.230 18425 18547 D jswrapper: JS: GameBase onEventUserScore 用户积分
12-15 16:34:32.230 18425 18547 D jswrapper: JS: main=200, sub=149
12-15 16:34:32.230 18425 18547 D jswrapper: JS: SGLB::结果
12-15 16:34:32.231 18425 18547 D jswrapper: JS: [object Object]
12-15 16:34:32.231 18425 18547 D jswrapper: JS: 0
12-15 16:34:32.231 18425 18547 D jswrapper: JS: this._nFreeCount<=0?????
12-15 16:34:32.235 18425 18547 D jswrapper: JS:
5,14,0,7,5,3,1,15,1,3,1,15,1,4,7,4,5,3,1,15,1,4,4,12,2,4,12,0,12,3,3,6,7,5,10,0,0,4
,12,0,12,3,10,1,9,1,10,9,12,12,3,0,2,8,9,0,0,2,10,9,12,12,3,14,5,0,0,14,12,10,9,9,8
,15,14,12,10,9,9,14,12,10,9,9,3,13,9,5,3,0,2,4,1,0,2,4,1,7,8,1,3,0,2,4,1
12-15 16:34:32.236 18425 18547 D jswrapper: JS: 14,4,1,5,13,0,12,9,0,9,7,2,1,0,5
12-15 16:34:34.414 18425 18547 D jswrapper: JS: showGameWinScore:0
12-15 16:34:34.710 18425 18547 D jswrapper: JS: showGameEnd
12-15 16:34:35.265 18425 18425 I ViewRootImpl@17bc549[AppActivity]: ViewPostIme
pointer 0
12-15 16:34:35.381 18425 18425 I ViewRootImpl@17bc549[AppActivity]: ViewPostIme
pointer 1
12-15 16:34:35.423 18425 18547 D jswrapper: JS: SendSocketData main:200 sub:113
12-15 16:34:35.478 18425 18547 D jswrapper: JS: main=3, sub=101
12-15 16:34:35.479 18425 18547 D jswrapper: JS: GameBase onEventUserScore 用户积分
12-15 16:34:35.479 18425 18547 D jswrapper: JS: main=200, sub=149
12-15 16:34:35.479 18425 18547 D jswrapper: JS: SGLB::结果
12-15 16:34:35.479 18425 18547 D jswrapper: JS: [object Object]
12-15 16:34:35.479 18425 18547 D jswrapper: JS: 0
12-15 16:34:35.479 18425 18547 D jswrapper: JS: this._nFreeCount<=0?????
12-15 16:34:35.484 18425 18547 D jswrapper: JS:
5,3,15,0,5,14,0,7,1,14,0,7,1,4,7,4,5,14,0,7,1,4,5,12,12,4,4,12,2,3,3,6,7,5,10,0,0,4
,4,12,2,3,10,1,0,1,10,1,9,1,12,0,2,8,9,0,0,2,10,1,9,1,12,14,9,0,10,14,5,0,0,4,7,9,1
4,5,0,0,4,14,5,0,0,4,3,13,1,4,3,13,9,5,1,13,9,5,1,0,10,16,3,13,9,5,1
12-15 16:34:35.484 18425 18547 D jswrapper: JS: 3,5,1,9,13,15,12,0,0,1,0,12,1,10,4
12-15 16:34:35.488 18425 18547 D jswrapper: JS: main=3, sub=102
12-15 16:34:35.488 18425 18547 D jswrapper: JS:
OnSocketSubUserStatus::dwUserID::2727209
12-15 16:34:35.488 18425 18547 D jswrapper: JS: OnSocketSubUserStatus::UserStatus::
{"wTableID":5,"wChairID":0,"cbUserStatus":5}
12-15 16:34:35.489 18425 18547 D jswrapper: JS: UpdateUserItemStatus::以往数据::
{"wTableID":5,"wChairID":0,"cbUserStatus":2}
12-15 16:34:35.489 18425 18547 D jswrapper: JS: GameBase onEventUserStatus 用户状态
12-15 16:34:35.489 18425 18547 D jswrapper: JS: main=100, sub=401
12-15 16:34:35.489 18425 18547 D jswrapper: JS: 收到框架消息::401
12-15 16:34:35.489 18425 18547 D jswrapper: JS: 收到唯一对局码: (2311005167113287093)
12-15 16:34:35.489 18425 18547 D jswrapper: JS: main=3, sub=101
12-15 16:34:35.489 18425 18547 D jswrapper: JS: GameBase onEventUserScore 用户积分
12-15 16:34:35.489 18425 18547 D jswrapper: JS: main=3, sub=102
12-15 16:34:35.489 18425 18547 D jswrapper: JS:
OnSocketSubUserStatus::dwUserID::2727209
12-15 16:34:35.489 18425 18547 D jswrapper: JS: OnSocketSubUserStatus::UserStatus::
{"wTableID":5,"wChairID":0,"cbUserStatus":2}
12-15 16:34:35.489 18425 18547 D jswrapper: JS: UpdateUserItemStatus::以往数据::
{"wTableID":5,"wChairID":0,"cbUserStatus":5}
12-15 16:34:35.489 18425 18547 D jswrapper: JS: GameBase onEventUserStatus 用户状态
12-15 16:34:36.438 18425 18547 D jswrapper: JS: main=200, sub=152
12-15 16:34:36.438 18425 18547 D jswrapper: JS: JACKPOT:{"lJackPot":
[9027,13072,13033,98997,48923]}
12-15 16:34:37.635 18425 18547 D jswrapper: JS: showGameWinScore:30
12-15 16:34:37.918 18425 18547 D jswrapper: JS: showGameEnd
12-15 16:34:37.919 18425 18547 D jswrapper: JS: winTimes:4
12-15 16:34:39.111 18425 18425 I ViewRootImpl@17bc549[AppActivity]: ViewPostIme
pointer 0
12-15 16:34:39.210 18425 18425 I ViewRootImpl@17bc549[AppActivity]: ViewPostIme
pointer 1
12-15 16:34:39.239 18425 18547 D jswrapper: JS: SendSocketData main:200 sub:113
12-15 16:34:39.294 18425 18547 D jswrapper: JS: main=3, sub=101
12-15 16:34:39.294 18425 18547 D jswrapper: JS: GameBase onEventUserScore 用户积分
12-15 16:34:39.295 18425 18547 D jswrapper: JS: main=200, sub=149
12-15 16:34:39.295 18425 18547 D jswrapper: JS: SGLB::结果
12-15 16:34:39.295 18425 18547 D jswrapper: JS: [object Object]
12-15 16:34:39.295 18425 18547 D jswrapper: JS: 0
12-15 16:34:39.295 18425 18547 D jswrapper: JS: this._nFreeCount<=0?????
12-15 16:34:39.299 18425 18547 D jswrapper: JS:
5,2,0,1,5,3,15,0,1,3,15,0,1,4,7,4,5,3,15,0,1,4,10,0,6,4,5,12,12,3,3,6,7,5,10,0,0,4,
5,12,12,3,10,13,1,3,10,1,0,1,9,0,2,8,9,0,0,2,10,1,0,1,9,14,6,0,9,14,9,0,10,3,3,14,1
4,9,0,10,3,14,9,0,10,3,3,17,13,16,3,13,1,4,6,13,1,4,6,4,5,2,3,13,1,4,6
12-15 16:34:39.300 18425 18547 D jswrapper: JS: 2,10,13,6,17,0,0,1,0,13,1,6,3,9,16
12-15 16:34:41.450 18425 18547 D jswrapper: JS: showGameWinScore:0
12-15 16:34:41.755 18425 18547 D jswrapper: JS: showGameEnd
12-15 16:34:41.826 18425 18425 I ViewRootImpl@17bc549[AppActivity]: ViewPostIme
pointer 0
12-15 16:34:41.941 18425 18425 I ViewRootImpl@17bc549[AppActivity]: ViewPostIme
pointer 1
12-15 16:34:41.987 18425 18547 D jswrapper: JS: SendSocketData main:200 sub:113
12-15 16:34:42.044 18425 18547 D jswrapper: JS: main=3, sub=101
12-15 16:34:42.044 18425 18547 D jswrapper: JS: GameBase onEventUserScore 用户积分
12-15 16:34:42.045 18425 18547 D jswrapper: JS: main=200, sub=149
12-15 16:34:42.045 18425 18547 D jswrapper: JS: SGLB::结果
12-15 16:34:42.045 18425 18547 D jswrapper: JS: [object Object]
12-15 16:34:42.045 18425 18547 D jswrapper: JS: 0
12-15 16:34:42.045 18425 18547 D jswrapper: JS: this._nFreeCount<=0?????
12-15 16:34:42.049 18425 18547 D jswrapper: JS:
5,0,0,7,5,2,0,1,1,2,0,1,1,4,7,4,5,2,0,1,1,4,3,12,13,4,10,0,6,3,3,6,7,5,10,0,0,4,10,
0,6,3,10,4,3,2,10,13,1,3,0,0,2,8,9,0,0,2,10,13,1,3,0,14,5,4,3,14,6,0,9,1,14,6,14,6,
0,9,1,14,6,0,9,1,3,12,12,12,3,17,13,16,7,17,13,16,7,9,1,7,3,17,13,16,7
12-15 16:34:42.050 18425 18547 D jswrapper: JS: 0,3,4,5,12,0,12,3,4,12,7,13,2,3,12
12-15 16:34:42.093 18425 18547 D jswrapper: JS: main=200, sub=152
12-15 16:34:42.093 18425 18547 D jswrapper: JS: JACKPOT:{"lJackPot":
[9051,13096,13057,99000,48937]}
12-15 16:34:44.230 18425 18547 D jswrapper: JS: showGameWinScore:0
12-15 16:34:44.531 18425 18547 D jswrapper: JS: showGameEnd
12-15 16:34:45.373 18425 18425 I ViewRootImpl@17bc549[AppActivity]: ViewPostIme
pointer 0
12-15 16:34:45.479 18425 18425 I ViewRootImpl@17bc549[AppActivity]: ViewPostIme
pointer 1
12-15 16:34:45.520 18425 18547 D jswrapper: JS: SendSocketData main:200 sub:113
12-15 16:34:45.576 18425 18547 D jswrapper: JS: main=3, sub=101
12-15 16:34:45.576 18425 18547 D jswrapper: JS: GameBase onEventUserScore 用户积分
12-15 16:34:45.577 18425 18547 D jswrapper: JS: main=200, sub=149
12-15 16:34:45.577 18425 18547 D jswrapper: JS: SGLB::结果
12-15 16:34:45.577 18425 18547 D jswrapper: JS: [object Object]
12-15 16:34:45.577 18425 18547 D jswrapper: JS: 0
12-15 16:34:45.577 18425 18547 D jswrapper: JS: this._nFreeCount<=0?????
12-15 16:34:45.582 18425 18547 D jswrapper: JS:
5,7,9,2,5,0,0,7,1,0,0,7,1,4,7,4,5,0,0,7,1,4,3,2,0,4,3,12,13,3,3,6,7,5,10,0,0,4,3,12
,13,3,10,0,6,1,10,4,3,2,1,0,2,8,9,0,0,2,10,4,3,2,1,14,5,9,14,14,5,4,3,8,10,1,14,5,4
,3,8,14,5,4,3,8,3,4,6,10,3,12,12,12,7,12,12,12,7,10,6,8,3,12,12,12,7
12-15 16:34:45.582 18425 18547 D jswrapper: JS: 7,3,0,5,4,9,2,6,9,6,2,0,1,14,10
12-15 16:34:47.728 18425 18547 D jswrapper: JS: showGameWinScore:0
12-15 16:34:47.925 18425 18547 D jswrapper: JS: main=200, sub=152
12-15 16:34:47.926 18425 18547 D jswrapper: JS: JACKPOT:{"lJackPot":
[9215,13260,13221,99042,49042]}
12-15 16:34:48.012 18425 18425 I ViewRootImpl@17bc549[AppActivity]: ViewPostIme
pointer 0
12-15 16:34:48.022 18425 18547 D jswrapper: JS: showGameEnd
12-15 16:34:48.143 18425 18425 I ViewRootImpl@17bc549[AppActivity]: ViewPostIme
pointer 1
12-15 16:34:48.777 18425 18425 I ViewRootImpl@17bc549[AppActivity]: ViewPostIme
pointer 0
12-15 16:34:48.868 18425 18425 I ViewRootImpl@17bc549[AppActivity]: ViewPostIme
pointer 1
12-15 16:34:48.911 18425 18547 D jswrapper: JS: SendSocketData main:200 sub:113
12-15 16:34:48.966 18425 18547 D jswrapper: JS: main=3, sub=101
12-15 16:34:48.966 18425 18547 D jswrapper: JS: GameBase onEventUserScore 用户积分
12-15 16:34:48.966 18425 18547 D jswrapper: JS: main=200, sub=149
12-15 16:34:48.967 18425 18547 D jswrapper: JS: SGLB::结果
12-15 16:34:48.967 18425 18547 D jswrapper: JS: [object Object]
12-15 16:34:48.967 18425 18547 D jswrapper: JS: 0
12-15 16:34:48.967 18425 18547 D jswrapper: JS: this._nFreeCount<=0?????
12-15 16:34:48.971 18425 18547 D jswrapper: JS:
5,1,5,3,5,7,9,2,1,7,9,2,1,4,7,4,5,7,9,2,1,4,0,12,13,4,3,2,0,3,3,6,7,5,10,0,0,4,3,2,
0,3,10,0,0,5,10,0,6,1,3,0,2,8,9,0,0,2,10,0,6,1,3,14,4,4,13,14,5,9,14,1,0,6,14,5,9,1
4,1,14,5,9,14,1,3,10,1,4,3,4,6,10,7,4,6,10,7,13,3,6,3,4,6,10,7
12-15 16:34:48.975 18425 18547 D jswrapper: JS: 1,0,0,4,10,5,12,0,4,1,3,13,5,13,4
12-15 16:34:51.138 18425 18547 D jswrapper: JS: showGameWinScore:60
12-15 16:34:51.432 18425 18547 D jswrapper: JS: showGameEnd
12-15 16:34:51.433 18425 18547 D jswrapper: JS: winTimes:9
12-15 16:34:52.907 18425 18425 I ViewRootImpl@17bc549[AppActivity]: ViewPostIme
pointer 0
12-15 16:34:53.021 18425 18425 I ViewRootImpl@17bc549[AppActivity]: ViewPostIme
pointer 1
12-15 16:34:53.061 18425 18547 D jswrapper: JS: SendSocketData main:200 sub:113
12-15 16:34:53.117 18425 18547 D jswrapper: JS: main=3, sub=101
12-15 16:34:53.118 18425 18547 D jswrapper: JS: GameBase onEventUserScore 用户积分
12-15 16:34:53.118 18425 18547 D jswrapper: JS: main=200, sub=149
12-15 16:34:53.118 18425 18547 D jswrapper: JS: SGLB::结果
12-15 16:34:53.118 18425 18547 D jswrapper: JS: [object Object]
12-15 16:34:53.118 18425 18547 D jswrapper: JS: 0
12-15 16:34:53.118 18425 18547 D jswrapper: JS: this._nFreeCount<=0?????
12-15 16:34:53.123 18425 18547 D jswrapper: JS:
5,0,13,8,5,1,5,3,1,1,5,3,1,4,7,4,5,1,5,3,1,4,4,5,1,4,0,12,13,3,3,6,7,5,10,0,0,4,0,1
2,13,3,10,10,9,3,10,0,0,5,6,0,2,8,9,0,0,2,10,0,0,5,6,14,8,13,4,14,4,4,13,5,7,8,14,4
,4,13,5,14,4,4,13,5,3,1,3,0,3,10,1,4,9,10,1,4,9,15,6,4,3,10,1,4,9
12-15 16:34:53.123 18425 18547 D jswrapper: JS: 0,4,10,8,1,13,5,9,13,3,8,1,3,4,0
12-15 16:34:55.246 18425 18425 I ViewRootImpl@17bc549[AppActivity]: ViewPostIme
pointer 0
12-15 16:34:55.286 18425 18547 D jswrapper: JS: showGameWinScore:0
12-15 16:34:55.361 18425 18425 I ViewRootImpl@17bc549[AppActivity]: ViewPostIme
pointer 1
12-15 16:34:55.583 18425 18547 D jswrapper: JS: showGameEnd
12-15 16:34:56.078 18425 18425 I ViewRootImpl@17bc549[AppActivity]: ViewPostIme
pointer 0
12-15 16:34:56.169 18425 18425 I ViewRootImpl@17bc549[AppActivity]: ViewPostIme
pointer 1
12-15 16:34:56.201 18425 18547 D jswrapper: JS: SendSocketData main:200 sub:113
12-15 16:34:56.257 18425 18547 D jswrapper: JS: main=3, sub=101
12-15 16:34:56.257 18425 18547 D jswrapper: JS: GameBase onEventUserScore 用户积分
12-15 16:34:56.257 18425 18547 D jswrapper: JS: main=200, sub=149
12-15 16:34:56.257 18425 18547 D jswrapper: JS: SGLB::结果
12-15 16:34:56.257 18425 18547 D jswrapper: JS: [object Object]
12-15 16:34:56.257 18425 18547 D jswrapper: JS: 0
12-15 16:34:56.257 18425 18547 D jswrapper: JS: this._nFreeCount<=0?????
12-15 16:34:56.260 18425 18547 D jswrapper: JS:
5,2,1,2,5,0,13,8,1,0,13,8,1,4,7,4,5,0,13,8,1,4,0,4,0,4,4,5,1,3,3,6,7,5,10,0,0,4,4,5
,1,3,10,0,0,2,10,10,9,3,0,0,2,8,9,0,0,2,10,10,9,3,0,14,0,5,5,14,8,13,4,4,2,9,14,8,1
3,4,4,14,8,13,4,4,3,0,5,5,3,1,3,0,1,1,3,0,1,10,15,4,3,1,3,0,1
12-15 16:34:56.260 18425 18547 D jswrapper: JS: 2,0,0,0,0,1,4,0,5,5,2,0,2,5,5
12-15 16:34:58.043 18425 18425 I ViewRootImpl@17bc549[AppActivity]: ViewPostIme
pointer 0
12-15 16:34:58.163 18425 18425 W Choreographer: Frame time is 0.060841 ms in the
future! Check that graphics HAL is generating vsync timestamps using the correct
timebase.
12-15 16:34:58.174 18425 18425 I ViewRootImpl@17bc549[AppActivity]: ViewPostIme
pointer 1
12-15 16:34:58.430 18425 18547 D jswrapper: JS: showGameWinScore:0
12-15 16:34:58.728 18425 18547 D jswrapper: JS: showGameEnd
12-15 16:34:59.224 18425 18425 I ViewRootImpl@17bc549[AppActivity]: ViewPostIme
pointer 0
12-15 16:34:59.306 18425 18425 I ViewRootImpl@17bc549[AppActivity]: ViewPostIme
pointer 1
12-15 16:34:59.357 18425 18547 D jswrapper: JS: SendSocketData main:200 sub:113
12-15 16:34:59.413 18425 18547 D jswrapper: JS: main=3, sub=101
12-15 16:34:59.413 18425 18547 D jswrapper: JS: GameBase onEventUserScore 用户积分
12-15 16:34:59.414 18425 18547 D jswrapper: JS: main=200, sub=149
12-15 16:34:59.414 18425 18547 D jswrapper: JS: SGLB::结果
12-15 16:34:59.414 18425 18547 D jswrapper: JS: [object Object]
12-15 16:34:59.415 18425 18547 D jswrapper: JS: 0
12-15 16:34:59.415 18425 18547 D jswrapper: JS: this._nFreeCount<=0?????
12-15 16:34:59.420 18425 18547 D jswrapper: JS:
5,9,1,0,5,2,1,2,1,2,1,2,1,4,7,4,5,2,1,2,1,4,2,14,12,4,0,4,0,3,3,6,7,5,10,0,0,4,0,4,
0,3,10,13,3,3,10,0,0,2,9,0,2,8,9,0,0,2,10,0,0,2,9,14,1,1,3,14,0,5,5,13,8,4,14,0,5,5
,13,14,0,5,5,13,3,8,4,2,3,0,5,5,5,0,5,5,5,9,12,3,3,0,5,5,5
12-15 16:34:59.420 18425 18547 D jswrapper: JS: 9,2,13,1,8,1,14,3,1,4,0,12,3,3,2
12-15 16:35:01.564 18425 18547 D jswrapper: JS: showGameWinScore:0
12-15 16:35:01.863 18425 18547 D jswrapper: JS: showGameEnd
12-15 16:35:01.864 18425 18425 I ViewRootImpl@17bc549[AppActivity]: ViewPostIme
pointer 0
12-15 16:35:01.996 18425 18425 I ViewRootImpl@17bc549[AppActivity]: ViewPostIme
pointer 1
12-15 16:35:02.038 18425 18547 D jswrapper: JS: SendSocketData main:200 sub:113
12-15 16:35:02.094 18425 18547 D jswrapper: JS: main=3, sub=101
12-15 16:35:02.094 18425 18547 D jswrapper: JS: GameBase onEventUserScore 用户积分
12-15 16:35:02.095 18425 18547 D jswrapper: JS: main=200, sub=149
12-15 16:35:02.095 18425 18547 D jswrapper: JS: SGLB::结果
12-15 16:35:02.096 18425 18547 D jswrapper: JS: [object Object]
12-15 16:35:02.096 18425 18547 D jswrapper: JS: 0
12-15 16:35:02.096 18425 18547 D jswrapper: JS: this._nFreeCount<=0?????
12-15 16:35:02.101 18425 18547 D jswrapper: JS:
5,0,0,7,5,9,1,0,1,9,1,0,1,4,7,4,5,9,1,0,1,4,8,12,0,4,2,14,12,3,3,6,7,5,10,0,0,4,2,1
4,12,3,10,12,12,13,10,13,3,3,0,0,2,8,9,0,0,2,10,13,3,3,0,14,2,6,5,14,1,1,3,12,10,8,
14,1,1,3,12,14,1,1,3,12,3,5,1,7,3,8,4,2,2,8,4,2,2,7,0,5,3,8,4,2,2
12-15 16:35:02.101 18425 18547 D jswrapper: JS: 0,8,12,2,5,0,12,12,6,1,7,0,13,5,7
12-15 16:35:04.262 18425 18547 D jswrapper: JS: showGameWinScore:450
12-15 16:35:04.557 18425 18547 D jswrapper: JS: showGameEnd
12-15 16:35:04.558 18425 18547 D jswrapper: JS: winTimes:67
12-15 16:35:08.392 18425 18425 I ViewRootImpl@17bc549[AppActivity]: ViewPostIme
pointer 0
12-15 16:35:08.488 18425 18425 I ViewRootImpl@17bc549[AppActivity]: ViewPostIme
pointer 1
12-15 16:35:08.539 18425 18547 D jswrapper: JS: SendSocketData main:200 sub:113
