12-15 16:35:08.596 18425 18547 D jswrapper: JS: main=3, sub=101
12-15 16:35:08.597 18425 18547 D jswrapper: JS: GameBase onEventUserScore 用户积分
12-15 16:35:08.597 18425 18547 D jswrapper: JS: main=200, sub=149
12-15 16:35:08.597 18425 18547 D jswrapper: JS: SGLB::结果
12-15 16:35:08.597 18425 18547 D jswrapper: JS: [object Object]
12-15 16:35:08.597 18425 18547 D jswrapper: JS: 0
12-15 16:35:08.598 18425 18547 D jswrapper: JS: this._nFreeCount<=0?????
12-15 16:35:08.603 18425 18547 D jswrapper: JS:
5,13,4,2,5,0,0,7,1,0,0,7,1,4,7,4,5,0,0,7,1,4,14,0,9,4,8,12,0,3,3,6,7,5,10,0,0,4,8,1
2,0,3,10,0,1,9,10,12,12,13,3,0,2,8,9,0,0,2,10,12,12,13,3,14,12,0,10,14,2,6,5,4,9,9,
14,2,6,5,4,14,2,6,5,4,3,8,9,8,3,5,1,7,0,5,1,7,0,5,3,9,3,5,1,7,0
12-15 16:35:08.603 18425 18547 D jswrapper: JS: 13,14,0,12,8,4,0,1,0,9,2,9,9,10,8
12-15 16:35:10.757 18425 18547 D jswrapper: JS: showGameWinScore:0
12-15 16:35:11.034 18425 18547 D jswrapper: JS: showGameEnd
12-15 16:35:11.204 18425 18425 I ViewRootImpl@17bc549[AppActivity]: ViewPostIme
pointer 0
12-15 16:35:11.295 18425 18425 I ViewRootImpl@17bc549[AppActivity]: ViewPostIme
pointer 1
12-15 16:35:11.334 18425 18547 D jswrapper: JS: SendSocketData main:200 sub:113
12-15 16:35:11.391 18425 18547 D jswrapper: JS: main=3, sub=101
12-15 16:35:11.391 18425 18547 D jswrapper: JS: GameBase onEventUserScore 用户积分
12-15 16:35:11.392 18425 18547 D jswrapper: JS: main=200, sub=149
12-15 16:35:11.392 18425 18547 D jswrapper: JS: SGLB::结果
12-15 16:35:11.392 18425 18547 D jswrapper: JS: [object Object]
12-15 16:35:11.392 18425 18547 D jswrapper: JS: 0
12-15 16:35:11.392 18425 18547 D jswrapper: JS: this._nFreeCount<=0?????
12-15 16:35:11.397 18425 18547 D jswrapper: JS:
5,4,4,3,5,13,4,2,1,13,4,2,1,4,7,4,5,13,4,2,1,4,7,1,0,4,14,0,9,3,3,6,7,5,10,0,0,4,14
,0,9,3,10,2,12,2,10,0,1,9,12,0,2,8,9,0,0,2,10,0,1,9,12,14,2,8,2,14,12,0,10,1,0,3,14
,12,0,10,1,14,12,0,10,1,3,2,3,13,3,8,9,8,0,8,9,8,0,9,4,13,3,8,9,8,0
12-15 16:35:11.397 18425 18547 D jswrapper: JS: 4,7,2,2,2,4,1,12,8,3,3,0,2,2,13
12-15 16:35:11.695 18425 18425 I ViewRootImpl@17bc549[AppActivity]: ViewPostIme
pointer 0
12-15 16:35:13.569 18425 18547 D jswrapper: JS: showGameWinScore:0
12-15 16:35:13.600 18425 18425 I ViewRootImpl@17bc549[AppActivity]: ViewPostIme
pointer 1
12-15 16:35:13.865 18425 18547 D jswrapper: JS: showGameEnd
12-15 16:35:13.951 18425 18425 I ViewRootImpl@17bc549[AppActivity]: ViewPostIme
pointer 0
12-15 16:35:14.101 18425 18425 I ViewRootImpl@17bc549[AppActivity]: ViewPostIme
pointer 1
12-15 16:35:14.143 18425 18547 D jswrapper: JS: SendSocketData main:200 sub:113
12-15 16:35:14.225 18425 18547 D jswrapper: JS: main=3, sub=101
12-15 16:35:14.226 18425 18547 D jswrapper: JS: GameBase onEventUserScore 用户积分
12-15 16:35:14.226 18425 18547 D jswrapper: JS: main=200, sub=149
12-15 16:35:14.226 18425 18547 D jswrapper: JS: SGLB::结果
12-15 16:35:14.227 18425 18547 D jswrapper: JS: [object Object]
12-15 16:35:14.227 18425 18547 D jswrapper: JS: 0
12-15 16:35:14.227 18425 18547 D jswrapper: JS: this._nFreeCount<=0?????
12-15 16:35:14.232 18425 18547 D jswrapper: JS:
5,4,6,0,5,4,4,3,1,4,4,3,1,4,7,4,5,4,4,3,1,4,5,3,1,4,7,1,0,3,3,6,7,5,10,0,0,4,7,1,0,
3,10,9,12,5,10,2,12,2,1,0,2,8,9,0,0,2,10,2,12,2,1,14,1,1,10,14,2,8,2,10,9,8,14,2,8,
2,10,14,2,8,2,10,3,0,12,4,3,2,3,13,13,2,3,13,13,3,5,6,3,2,3,13,13
12-15 16:35:14.232 18425 18547 D jswrapper: JS: 4,5,9,1,0,6,3,12,1,12,0,1,5,10,4
12-15 16:35:14.236 18425 18547 D jswrapper: JS: main=3, sub=102
12-15 16:35:14.236 18425 18547 D jswrapper: JS:
OnSocketSubUserStatus::dwUserID::2727209
12-15 16:35:14.236 18425 18547 D jswrapper: JS: OnSocketSubUserStatus::UserStatus::
{"wTableID":5,"wChairID":0,"cbUserStatus":5}
12-15 16:35:14.236 18425 18547 D jswrapper: JS: UpdateUserItemStatus::以往数据::
{"wTableID":5,"wChairID":0,"cbUserStatus":2}
12-15 16:35:14.236 18425 18547 D jswrapper: JS: GameBase onEventUserStatus 用户状态
12-15 16:35:14.236 18425 18547 D jswrapper: JS: main=100, sub=401
12-15 16:35:14.237 18425 18547 D jswrapper: JS: 收到框架消息::401
12-15 16:35:14.237 18425 18547 D jswrapper: JS: 收到唯一对局码: (2311005167113290957)
12-15 16:35:14.237 18425 18547 D jswrapper: JS: main=3, sub=101
12-15 16:35:14.237 18425 18547 D jswrapper: JS: GameBase onEventUserScore 用户积分
12-15 16:35:14.237 18425 18547 D jswrapper: JS: main=3, sub=102
12-15 16:35:14.237 18425 18547 D jswrapper: JS:
OnSocketSubUserStatus::dwUserID::2727209
12-15 16:35:14.237 18425 18547 D jswrapper: JS: OnSocketSubUserStatus::UserStatus::
{"wTableID":5,"wChairID":0,"cbUserStatus":2}
12-15 16:35:14.237 18425 18547 D jswrapper: JS: UpdateUserItemStatus::以往数据::
{"wTableID":5,"wChairID":0,"cbUserStatus":5}
12-15 16:35:14.237 18425 18547 D jswrapper: JS: GameBase onEventUserStatus 用户状态
12-15 16:35:16.374 18425 18547 D jswrapper: JS: showGameWinScore:0
12-15 16:35:16.483 18425 18425 I ViewRootImpl@17bc549[AppActivity]: ViewPostIme
pointer 0
12-15 16:35:16.581 18425 18425 I ViewRootImpl@17bc549[AppActivity]: ViewPostIme
pointer 1
12-15 16:35:16.669 18425 18547 D jswrapper: JS: showGameEnd
12-15 16:35:17.423 18425 18425 I ViewRootImpl@17bc549[AppActivity]: ViewPostIme
pointer 0
12-15 16:35:17.521 18425 18425 I ViewRootImpl@17bc549[AppActivity]: ViewPostIme
pointer 1
12-15 16:35:17.565 18425 18547 D jswrapper: JS: SendSocketData main:200 sub:113
12-15 16:35:17.622 18425 18547 D jswrapper: JS: main=3, sub=101
12-15 16:35:17.623 18425 18547 D jswrapper: JS: GameBase onEventUserScore 用户积分
12-15 16:35:17.623 18425 18547 D jswrapper: JS: main=200, sub=149
12-15 16:35:17.623 18425 18547 D jswrapper: JS: SGLB::结果
12-15 16:35:17.623 18425 18547 D jswrapper: JS: [object Object]
12-15 16:35:17.623 18425 18547 D jswrapper: JS: 0
12-15 16:35:17.623 18425 18547 D jswrapper: JS: this._nFreeCount<=0?????
12-15 16:35:17.628 18425 18547 D jswrapper: JS:
5,0,1,1,5,4,6,0,1,4,6,0,1,4,7,4,5,4,6,0,1,4,5,5,5,4,5,3,1,3,3,6,7,5,10,0,0,4,5,3,1,
3,10,1,14,12,10,9,12,5,12,0,2,8,9,0,0,2,10,9,12,5,12,14,1,10,9,14,1,1,10,3,10,8,14,
1,1,10,3,14,1,1,10,3,3,13,0,1,3,0,12,4,2,0,12,4,2,9,9,0,3,0,12,4,2
12-15 16:35:17.628 18425 18547 D jswrapper: JS: 0,5,1,1,13,1,5,14,10,0,1,5,12,9,1
12-15 16:35:19.774 18425 18547 D jswrapper: JS: showGameWinScore:0
12-15 16:35:19.820 18425 18425 I ViewRootImpl@17bc549[AppActivity]: ViewPostIme
pointer 0
12-15 16:35:19.919 18425 18425 I ViewRootImpl@17bc549[AppActivity]: ViewPostIme
pointer 1
12-15 16:35:20.084 18425 18547 D jswrapper: JS: showGameEnd
12-15 16:35:20.686 18425 18425 I ViewRootImpl@17bc549[AppActivity]: ViewPostIme
pointer 0
12-15 16:35:20.810 18425 18425 I ViewRootImpl@17bc549[AppActivity]: ViewPostIme
pointer 1
12-15 16:35:20.862 18425 18547 D jswrapper: JS: SendSocketData main:200 sub:113
12-15 16:35:20.921 18425 18547 D jswrapper: JS: main=3, sub=101
12-15 16:35:20.921 18425 18547 D jswrapper: JS: GameBase onEventUserScore 用户积分
12-15 16:35:20.921 18425 18547 D jswrapper: JS: main=200, sub=149
12-15 16:35:20.921 18425 18547 D jswrapper: JS: SGLB::结果
12-15 16:35:20.921 18425 18547 D jswrapper: JS: [object Object]
12-15 16:35:20.921 18425 18547 D jswrapper: JS: 0
12-15 16:35:20.921 18425 18547 D jswrapper: JS: this._nFreeCount<=0?????
12-15 16:35:20.926 18425 18547 D jswrapper: JS:
5,6,2,7,5,0,1,1,1,0,1,1,1,4,7,4,5,0,1,1,1,4,8,2,7,4,5,5,5,3,3,6,7,5,10,0,0,4,5,5,5,
3,10,12,12,9,10,1,14,12,12,0,2,8,9,0,0,2,10,1,14,12,12,14,7,5,12,14,1,10,9,2,12,4,1
4,1,10,9,2,14,1,10,9,2,3,0,1,7,3,13,0,1,5,13,0,1,5,0,8,4,3,13,0,1,5
12-15 16:35:20.926 18425 18547 D jswrapper: JS: 6,8,12,7,0,2,2,12,5,1,7,7,9,12,7
12-15 16:35:20.930 18425 18547 D jswrapper: JS: main=3, sub=102
12-15 16:35:20.930 18425 18547 D jswrapper: JS:
OnSocketSubUserStatus::dwUserID::2727209
12-15 16:35:20.931 18425 18547 D jswrapper: JS: OnSocketSubUserStatus::UserStatus::
{"wTableID":5,"wChairID":0,"cbUserStatus":5}
12-15 16:35:20.931 18425 18547 D jswrapper: JS: UpdateUserItemStatus::以往数据::
{"wTableID":5,"wChairID":0,"cbUserStatus":2}
12-15 16:35:20.931 18425 18547 D jswrapper: JS: GameBase onEventUserStatus 用户状态
12-15 16:35:20.931 18425 18547 D jswrapper: JS: main=100, sub=401
12-15 16:35:20.931 18425 18547 D jswrapper: JS: 收到框架消息::401
12-15 16:35:20.931 18425 18547 D jswrapper: JS: 收到唯一对局码: (2311005167113291654)
12-15 16:35:20.931 18425 18547 D jswrapper: JS: main=3, sub=101
12-15 16:35:20.931 18425 18547 D jswrapper: JS: GameBase onEventUserScore 用户积分
12-15 16:35:20.932 18425 18547 D jswrapper: JS: main=3, sub=102
12-15 16:35:20.932 18425 18547 D jswrapper: JS:
OnSocketSubUserStatus::dwUserID::2727209
12-15 16:35:20.932 18425 18547 D jswrapper: JS: OnSocketSubUserStatus::UserStatus::
{"wTableID":5,"wChairID":0,"cbUserStatus":2}
12-15 16:35:20.932 18425 18547 D jswrapper: JS: UpdateUserItemStatus::以往数据::
{"wTableID":5,"wChairID":0,"cbUserStatus":5}
12-15 16:35:20.932 18425 18547 D jswrapper: JS: GameBase onEventUserStatus 用户状态
12-15 16:35:21.814 18425 18547 D jswrapper: JS: main=200, sub=152
12-15 16:35:21.815 18425 18547 D jswrapper: JS: JACKPOT:{"lJackPot":
[9657,13702,13663,99166,49328]}
12-15 16:35:23.079 18425 18547 D jswrapper: JS: showGameWinScore:1500
12-15 16:35:23.380 18425 18547 D jswrapper: JS: showGameEnd
12-15 16:35:23.381 18425 18547 D jswrapper: JS: winTimes:225
12-15 16:35:26.103 18425 18547 D jswrapper: JS: main=200, sub=152
12-15 16:35:26.103 18425 18547 D jswrapper: JS: JACKPOT:{"lJackPot":
[9735,13780,13741,99185,49375]}
12-15 16:35:32.074 18425 18425 I ViewRootImpl@17bc549[AppActivity]: ViewPostIme
pointer 0
12-15 16:35:32.157 18425 18425 I ViewRootImpl@17bc549[AppActivity]: ViewPostIme
pointer 1
12-15 16:35:32.184 18425 18547 D jswrapper: JS: SendSocketData main:200 sub:113
12-15 16:35:32.243 18425 18547 D jswrapper: JS: main=3, sub=101
12-15 16:35:32.243 18425 18547 D jswrapper: JS: GameBase onEventUserScore 用户积分
12-15 16:35:32.245 18425 18547 D jswrapper: JS: main=200, sub=149
12-15 16:35:32.245 18425 18547 D jswrapper: JS: SGLB::结果
12-15 16:35:32.245 18425 18547 D jswrapper: JS: [object Object]
12-15 16:35:32.245 18425 18547 D jswrapper: JS: 0
12-15 16:35:32.246 18425 18547 D jswrapper: JS: this._nFreeCount<=0?????
12-15 16:35:32.250 18425 18547 D jswrapper: JS:
5,9,0,0,5,6,2,7,1,6,2,7,1,4,7,4,5,6,2,7,1,4,5,4,9,4,8,2,7,3,3,6,7,5,10,0,0,4,8,2,7,
3,10,7,1,0,10,12,12,9,14,0,2,8,9,0,0,2,10,12,12,9,14,14,8,0,14,14,7,5,12,16,1,6,14,
7,5,12,16,14,7,5,12,16,3,5,0,10,3,0,1,7,10,0,1,7,10,4,2,14,3,0,1,7,10
12-15 16:35:32.266 18425 18547 D jswrapper: JS: 9,5,7,8,5,0,4,1,0,0,0,9,0,14,10
12-15 16:35:34.190 18425 18425 I ViewRootImpl@17bc549[AppActivity]: ViewPostIme
pointer 0
12-15 16:35:34.245 9652 9652 D batteryLevel: 33
12-15 16:35:34.246 18425 18425 D batteryLevel: 33
12-15 16:35:34.296 18425 18425 I ViewRootImpl@17bc549[AppActivity]: ViewPostIme
pointer 1
12-15 16:35:34.403 18425 18547 D jswrapper: JS: showGameWinScore:0
12-15 16:35:34.703 18425 18547 D jswrapper: JS: showGameEnd
12-15 16:35:34.842 18425 18425 I ViewRootImpl@17bc549[AppActivity]: ViewPostIme
pointer 0
12-15 16:35:34.966 18425 18425 I ViewRootImpl@17bc549[AppActivity]: ViewPostIme
pointer 1
12-15 16:35:34.997 18425 18547 D jswrapper: JS: SendSocketData main:200 sub:113
12-15 16:35:35.053 18425 18547 D jswrapper: JS: main=3, sub=101
12-15 16:35:35.054 18425 18547 D jswrapper: JS: GameBase onEventUserScore 用户积分
12-15 16:35:35.054 18425 18547 D jswrapper: JS: main=200, sub=149
12-15 16:35:35.055 18425 18547 D jswrapper: JS: SGLB::结果
12-15 16:35:35.055 18425 18547 D jswrapper: JS: [object Object]
12-15 16:35:35.055 18425 18547 D jswrapper: JS: 0
12-15 16:35:35.055 18425 18547 D jswrapper: JS: this._nFreeCount<=0?????
12-15 16:35:35.059 18425 18547 D jswrapper: JS:
5,0,0,5,5,9,0,0,1,9,0,0,1,4,7,4,5,9,0,0,1,4,4,2,7,4,5,4,9,3,3,6,7,5,10,0,0,4,5,4,9,
3,10,3,6,9,10,7,1,0,12,0,2,8,9,0,0,2,10,7,1,0,12,14,6,0,0,14,8,0,14,3,1,0,14,8,0,14
,3,14,8,0,14,3,3,8,16,0,3,5,0,10,9,5,0,10,9,8,2,1,3,5,0,10,9
12-15 16:35:35.059 18425 18547 D jswrapper: JS: 0,4,3,6,8,0,2,6,0,16,5,7,9,0,0
12-15 16:35:37.173 18425 18547 D jswrapper: JS: showGameWinScore:0
12-15 16:35:37.196 18425 18425 I ViewRootImpl@17bc549[AppActivity]: ViewPostIme
pointer 0
12-15 16:35:37.286 18425 18425 I ViewRootImpl@17bc549[AppActivity]: ViewPostIme
pointer 1
12-15 16:35:37.467 18425 18547 D jswrapper: JS: showGameEnd
12-15 16:35:37.969 18425 18425 I ViewRootImpl@17bc549[AppActivity]: ViewPostIme
pointer 0
12-15 16:35:38.094 18425 18425 I ViewRootImpl@17bc549[AppActivity]: ViewPostIme
pointer 1
12-15 16:35:38.130 18425 18547 D jswrapper: JS: SendSocketData main:200 sub:113
12-15 16:35:38.184 18425 18547 D jswrapper: JS: main=3, sub=101
12-15 16:35:38.185 18425 18547 D jswrapper: JS: GameBase onEventUserScore 用户积分
12-15 16:35:38.185 18425 18547 D jswrapper: JS: main=200, sub=149
12-15 16:35:38.185 18425 18547 D jswrapper: JS: SGLB::结果
12-15 16:35:38.188 18425 18547 D jswrapper: JS: [object Object]
12-15 16:35:38.188 18425 18547 D jswrapper: JS: 0
12-15 16:35:38.188 18425 18547 D jswrapper: JS: this._nFreeCount<=0?????
12-15 16:35:38.193 18425 18547 D jswrapper: JS:
5,0,0,8,5,0,0,5,1,0,0,5,1,4,7,4,5,0,0,5,1,4,0,0,0,4,4,2,7,3,3,6,7,5,10,0,0,4,4,2,7,
3,10,0,0,1,10,3,6,9,1,0,2,8,9,0,0,2,10,3,6,9,1,14,0,3,6,14,6,0,0,7,3,2,14,6,0,0,7,1
4,6,0,0,7,3,3,4,1,3,8,16,0,6,8,16,0,6,10,7,4,3,8,16,0,6
12-15 16:35:38.193 18425 18547 D jswrapper: JS: 0,0,0,0,3,0,0,0,3,4,8,0,1,6,1
12-15 16:35:40.371 18425 18547 D jswrapper: JS: showGameWinScore:170
12-15 16:35:40.661 18425 18547 D jswrapper: JS: showGameEnd
12-15 16:35:40.661 18425 18547 D jswrapper: JS: winTimes:25
12-15 16:35:41.270 18425 18547 D jswrapper: JS: main=200, sub=152
12-15 16:35:41.271 18425 18547 D jswrapper: JS: JACKPOT:{"lJackPot":
[9915,13960,13921,99233,49490]}
12-15 16:35:42.432 18425 18425 I ViewRootImpl@17bc549[AppActivity]: ViewPostIme
pointer 0
12-15 16:35:42.580 18425 18425 I ViewRootImpl@17bc549[AppActivity]: ViewPostIme
pointer 1
12-15 16:35:42.623 18425 18547 D jswrapper: JS: SendSocketData main:200 sub:113
12-15 16:35:42.679 18425 18547 D jswrapper: JS: main=3, sub=101
12-15 16:35:42.679 18425 18547 D jswrapper: JS: GameBase onEventUserScore 用户积分
12-15 16:35:42.679 18425 18547 D jswrapper: JS: main=200, sub=149
12-15 16:35:42.679 18425 18547 D jswrapper: JS: SGLB::结果
12-15 16:35:42.680 18425 18547 D jswrapper: JS: [object Object]
12-15 16:35:42.680 18425 18547 D jswrapper: JS: 0
12-15 16:35:42.680 18425 18547 D jswrapper: JS: this._nFreeCount<=0?????
12-15 16:35:42.684 18425 18547 D jswrapper: JS:
5,4,1,1,5,0,0,8,1,0,0,8,1,4,7,4,5,0,0,8,1,4,10,0,1,4,0,0,0,3,3,6,7,5,10,0,0,4,0,0,0
,3,10,0,1,1,10,0,0,1,6,0,2,8,9,0,0,2,10,0,0,1,6,14,7,4,0,14,0,3,6,12,10,2,14,0,3,6,
12,14,0,3,6,12,3,3,1,0,3,3,4,1,5,3,4,1,5,0,0,2,3,3,4,1,5
12-15 16:35:42.684 18425 18547 D jswrapper: JS: 4,10,0,7,3,1,0,1,4,1,1,1,1,0,0
12-15 16:35:44.844 18425 18547 D jswrapper: JS: showGameWinScore:80
12-15 16:35:45.139 18425 18547 D jswrapper: JS: showGameEnd
12-15 16:35:45.139 18425 18547 D jswrapper: JS: winTimes:12
12-15 16:35:47.004 18425 18425 I ViewRootImpl@17bc549[AppActivity]: ViewPostIme
pointer 0
12-15 16:35:47.126 18425 18425 I ViewRootImpl@17bc549[AppActivity]: ViewPostIme
pointer 1
12-15 16:35:47.167 18425 18547 D jswrapper: JS: SendSocketData main:200 sub:113
12-15 16:35:47.223 18425 18547 D jswrapper: JS: main=3, sub=101
12-15 16:35:47.223 18425 18547 D jswrapper: JS: GameBase onEventUserScore 用户积分
12-15 16:35:47.227 18425 18547 D jswrapper: JS: main=200, sub=149
12-15 16:35:47.228 18425 18547 D jswrapper: JS: SGLB::结果
12-15 16:35:47.228 18425 18547 D jswrapper: JS: [object Object]
12-15 16:35:47.228 18425 18547 D jswrapper: JS: 0
12-15 16:35:47.228 18425 18547 D jswrapper: JS: this._nFreeCount<=0?????
12-15 16:35:47.232 18425 18547 D jswrapper: JS:
5,1,0,1,5,4,1,1,1,4,1,1,1,4,7,4,5,4,1,1,1,4,0,7,1,4,10,0,1,3,3,6,7,5,10,0,0,4,10,0,
1,3,10,4,0,2,10,0,1,1,0,0,2,8,9,0,0,2,10,0,1,1,0,14,12,0,1,14,7,4,0,3,3,12,14,7,4,0
,3,14,7,4,0,3,3,2,0,7,3,3,1,0,9,3,1,0,9,9,7,8,3,3,1,0,9
12-15 16:35:47.232 18425 18547 D jswrapper: JS: 1,0,4,12,2,0,7,0,0,0,1,1,2,1,7
12-15 16:35:49.364 18425 18547 D jswrapper: JS: showGameWinScore:10
12-15 16:35:49.490 18425 18425 I ViewRootImpl@17bc549[AppActivity]: ViewPostIme
pointer 0
12-15 16:35:49.598 18425 18425 I ViewRootImpl@17bc549[AppActivity]: ViewPostIme
pointer 1
12-15 16:35:49.686 18425 18547 D jswrapper: JS: showGameEnd
12-15 16:35:49.686 18425 18547 D jswrapper: JS: winTimes:1
12-15 16:35:51.016 18425 18425 I ViewRootImpl@17bc549[AppActivity]: ViewPostIme
pointer 0
12-15 16:35:51.122 18425 18425 I ViewRootImpl@17bc549[AppActivity]: ViewPostIme
pointer 1
12-15 16:35:51.165 18425 18547 D jswrapper: JS: SendSocketData main:200 sub:113
12-15 16:35:51.220 18425 18547 D jswrapper: JS: main=3, sub=101
12-15 16:35:51.221 18425 18547 D jswrapper: JS: GameBase onEventUserScore 用户积分
12-15 16:35:51.270 18425 18547 D jswrapper: JS: main=200, sub=149
12-15 16:35:51.270 18425 18547 D jswrapper: JS: SGLB::结果
12-15 16:35:51.270 18425 18547 D jswrapper: JS: [object Object]
12-15 16:35:51.270 18425 18547 D jswrapper: JS: 0
12-15 16:35:51.270 18425 18547 D jswrapper: JS: this._nFreeCount<=0?????
12-15 16:35:51.272 18425 18547 D jswrapper: JS:
5,0,3,0,5,1,0,1,1,1,0,1,1,4,7,4,5,1,0,1,1,4,1,1,10,4,0,7,1,3,3,6,7,5,10,0,0,4,0,7,1
,3,10,0,12,3,10,4,0,2,1,0,2,8,9,0,0,2,10,4,0,2,1,14,3,1,0,14,12,0,1,7,2,5,14,12,0,1
,7,14,12,0,1,7,3,7,4,7,3,2,0,7,7,2,0,7,7,1,0,9,3,2,0,7,7
12-15 16:35:51.273 18425 18547 D jswrapper: JS: 0,1,0,3,7,3,1,12,1,4,0,10,3,0,7
12-15 16:35:53.387 18425 18547 D jswrapper: JS: showGameWinScore:0
12-15 16:35:53.511 18425 18547 D jswrapper: JS: main=200, sub=152
12-15 16:35:53.512 18425 18547 D jswrapper: JS: JACKPOT:{"lJackPot":
[10196,14241,14202,99306,49666]}
12-15 16:35:53.687 18425 18547 D jswrapper: JS: showGameEnd
12-15 16:35:54.486 18425 18425 I ViewRootImpl@17bc549[AppActivity]: ViewPostIme
pointer 0
12-15 16:35:54.618 18425 18425 I ViewRootImpl@17bc549[AppActivity]: ViewPostIme
pointer 1
12-15 16:35:54.659 18425 18547 D jswrapper: JS: SendSocketData main:200 sub:113
12-15 16:35:54.691 18425 18547 D jswrapper: JS: main=3, sub=101
12-15 16:35:54.691 18425 18547 D jswrapper: JS: GameBase onEventUserScore 用户积分
12-15 16:35:54.691 18425 18547 D jswrapper: JS: main=200, sub=149
12-15 16:35:54.692 18425 18547 D jswrapper: JS: SGLB::结果
12-15 16:35:54.692 18425 18547 D jswrapper: JS: [object Object]
12-15 16:35:54.692 18425 18547 D jswrapper: JS: 0
12-15 16:35:54.692 18425 18547 D jswrapper: JS: this._nFreeCount<=0?????
12-15 16:35:54.696 18425 18547 D jswrapper: JS:
5,4,0,1,5,0,3,0,1,0,3,0,1,4,7,4,5,0,3,0,1,4,17,9,2,4,1,1,10,3,3,6,7,5,10,0,0,4,1,1,
10,3,10,1,1,0,10,0,12,3,0,0,2,8,9,0,0,2,10,0,12,3,0,14,5,3,4,14,3,1,0,3,0,3,14,3,1,
0,3,14,3,1,0,3,3,0,7,8,3,7,4,7,14,7,4,7,14,8,8,8,3,7,4,7,14
12-15 16:35:54.696 18425 18547 D jswrapper: JS: 4,17,1,5,0,0,9,1,3,7,1,2,0,4,8
12-15 16:35:56.889 18425 18547 D jswrapper: JS: showGameWinScore:0
12-15 16:35:57.187 18425 18547 D jswrapper: JS: showGameEnd
12-15 16:35:57.733 18425 18425 I ViewRootImpl@17bc549[AppActivity]: ViewPostIme
pointer 0
12-15 16:35:57.856 18425 18425 I ViewRootImpl@17bc549[AppActivity]: ViewPostIme
pointer 1
12-15 16:35:57.906 18425 18547 D jswrapper: JS: SendSocketData main:200 sub:113
12-15 16:35:57.963 18425 18547 D jswrapper: JS: main=3, sub=101
12-15 16:35:57.963 18425 18547 D jswrapper: JS: GameBase onEventUserScore 用户积分
12-15 16:35:57.963 18425 18547 D jswrapper: JS: main=200, sub=149
12-15 16:35:57.964 18425 18547 D jswrapper: JS: SGLB::结果
12-15 16:35:57.964 18425 18547 D jswrapper: JS: [object Object]
12-15 16:35:57.964 18425 18547 D jswrapper: JS: 0
12-15 16:35:57.964 18425 18547 D jswrapper: JS: this._nFreeCount<=0?????
12-15 16:35:57.968 18425 18547 D jswrapper: JS:
5,2,0,6,5,4,0,1,1,4,0,1,1,4,7,4,5,4,0,1,1,4,4,10,0,4,17,9,2,3,3,6,7,5,10,0,0,4,17,9
,2,3,10,8,12,4,10,1,1,0,12,0,2,8,9,0,0,2,10,1,1,0,12,14,0,0,9,14,5,3,4,2,17,10,14,5
,3,4,2,14,5,3,4,2,3,0,0,0,3,0,7,8,7,0,7,8,7,4,6,6,3,0,7,8,7
12-15 16:35:57.968 18425 18547 D jswrapper: JS: 2,4,8,0,0,0,10,12,0,0,6,0,4,9,0
12-15 16:36:00.127 18425 18547 D jswrapper: JS: showGameWinScore:100
12-15 16:36:00.435 18425 18547 D jswrapper: JS: showGameEnd
12-15 16:36:00.436 18425 18547 D jswrapper: JS: winTimes:15
12-15 16:36:03.410 18425 18425 I ViewRootImpl@17bc549[AppActivity]: ViewPostIme
pointer 0
12-15 16:36:03.542 18425 18425 I ViewRootImpl@17bc549[AppActivity]: ViewPostIme
pointer 1
12-15 16:36:03.602 18425 18547 D jswrapper: JS: SendSocketData main:200 sub:113
12-15 16:36:03.645 18425 18547 D jswrapper: JS: main=3, sub=101
12-15 16:36:03.645 18425 18547 D jswrapper: JS: GameBase onEventUserScore 用户积分
12-15 16:36:03.645 18425 18547 D jswrapper: JS: main=200, sub=149
12-15 16:36:03.646 18425 18547 D jswrapper: JS: SGLB::结果
12-15 16:36:03.646 18425 18547 D jswrapper: JS: [object Object]
12-15 16:36:03.646 18425 18547 D jswrapper: JS: 0
12-15 16:36:03.646 18425 18547 D jswrapper: JS: this._nFreeCount<=0?????
12-15 16:36:03.651 18425 18547 D jswrapper: JS:
5,0,1,17,5,2,0,6,1,2,0,6,1,4,7,4,5,2,0,6,1,4,0,1,9,4,4,10,0,3,3,6,7,5,10,0,0,4,4,10
,0,3,10,1,1,14,10,8,12,4,1,0,2,8,9,0,0,2,10,8,12,4,1,14,0,4,5,14,0,0,9,6,10,0,14,0,
0,9,6,14,0,0,9,6,3,0,0,6,3,0,0,0,5,0,0,0,5,5,4,4,3,0,0,0,5
12-15 16:36:03.651 18425 18547 D jswrapper: JS: 0,0,1,0,0,1,1,1,4,0,17,9,14,5,6
12-15 16:36:05.815 18425 18547 D jswrapper: JS: showGameWinScore:40
12-15 16:36:06.118 18425 18547 D jswrapper: JS: showGameEnd
12-15 16:36:06.119 18425 18547 D jswrapper: JS: winTimes:6
12-15 16:36:06.291 18425 18425 I ViewRootImpl@17bc549[AppActivity]: ViewPostIme
pointer 0
12-15 16:36:06.395 18425 18425 W Choreographer: Frame time is 0.0313 ms in the
future! Check that graphics HAL is generating vsync timestamps using the correct
timebase.
12-15 16:36:06.430 18425 18425 I ViewRootImpl@17bc549[AppActivity]: ViewPostIme
pointer 1
12-15 16:36:07.180 18425 18547 D jswrapper: JS: main=200, sub=152
12-15 16:36:07.181 18425 18547 D jswrapper: JS: JACKPOT:{"lJackPot":
[10409,14454,14415,99362,49803]}
12-15 16:36:08.039 18425 18425 I ViewRootImpl@17bc549[AppActivity]: ViewPostIme
pointer 0
12-15 16:36:08.196 18425 18425 I ViewRootImpl@17bc549[AppActivity]: ViewPostIme
pointer 1
12-15 16:36:08.254 18425 18547 D jswrapper: JS: SendSocketData main:200 sub:113
12-15 16:36:08.320 18425 18547 D jswrapper: JS: main=3, sub=101
12-15 16:36:08.321 18425 18547 D jswrapper: JS: GameBase onEventUserScore 用户积分
12-15 16:36:08.321 18425 18547 D jswrapper: JS: main=200, sub=149
12-15 16:36:08.321 18425 18547 D jswrapper: JS: SGLB::结果
12-15 16:36:08.321 18425 18547 D jswrapper: JS: [object Object]
12-15 16:36:08.321 18425 18547 D jswrapper: JS: 0
12-15 16:36:08.321 18425 18547 D jswrapper: JS: this._nFreeCount<=0?????
12-15 16:36:08.326 18425 18547 D jswrapper: JS:
5,1,0,5,5,0,1,17,1,0,1,17,1,4,7,4,5,0,1,17,1,4,2,3,2,4,0,1,9,3,3,6,7,5,10,0,0,4,0,1
,9,3,10,10,5,12,10,1,1,14,12,0,2,8,9,0,0,2,10,1,1,14,12,14,6,2,1,14,0,4,5,2,8,12,14
,0,4,5,2,14,0,4,5,2,3,4,5,10,3,0,0,6,7,0,0,6,7,3,14,7,3,0,0,6,7
12-15 16:36:08.326 18425 18547 D jswrapper: JS: 1,2,10,6,4,0,3,5,2,5,5,2,12,1,10
12-15 16:36:10.475 18425 18547 D jswrapper: JS: showGameWinScore:0
12-15 16:36:10.770 18425 18547 D jswrapper: JS: showGameEnd
12-15 16:36:11.102 18425 18425 I ViewRootImpl@17bc549[AppActivity]: ViewPostIme
pointer 0
12-15 16:36:11.242 18425 18425 I ViewRootImpl@17bc549[AppActivity]: ViewPostIme
pointer 1
12-15 16:36:11.283 18425 18547 D jswrapper: JS: SendSocketData main:200 sub:113
12-15 16:36:11.346 18425 18547 D jswrapper: JS: main=3, sub=101
12-15 16:36:11.346 18425 18547 D jswrapper: JS: GameBase onEventUserScore 用户积分
12-15 16:36:11.347 18425 18547 D jswrapper: JS: main=200, sub=149
12-15 16:36:11.347 18425 18547 D jswrapper: JS: SGLB::结果
12-15 16:36:11.347 18425 18547 D jswrapper: JS: [object Object]
12-15 16:36:11.347 18425 18547 D jswrapper: JS: 0
12-15 16:36:11.347 18425 18547 D jswrapper: JS: this._nFreeCount<=0?????
12-15 16:36:11.351 18425 18547 D jswrapper: JS:
5,0,6,2,5,1,0,5,1,1,0,5,1,4,7,4,5,1,0,5,1,4,10,4,16,4,2,3,2,3,3,6,7,5,10,0,0,4,2,3,
2,3,10,0,5,0,10,10,5,12,1,0,2,8,9,0,0,2,10,10,5,12,1,14,5,0,3,14,6,2,1,9,4,0,14,6,2
,1,9,14,6,2,1,9,3,1,1,3,3,4,5,10,4,4,5,10,4,6,14,4,3,4,5,10,4
12-15 16:36:11.351 18425 18547 D jswrapper: JS: 0,10,0,5,1,6,4,5,0,1,2,16,0,3,3
12-15 16:36:11.360 18425 18547 D jswrapper: JS: main=3, sub=102
12-15 16:36:11.361 18425 18547 D jswrapper: JS:
OnSocketSubUserStatus::dwUserID::2727209
12-15 16:36:11.361 18425 18547 D jswrapper: JS: OnSocketSubUserStatus::UserStatus::
{"wTableID":5,"wChairID":0,"cbUserStatus":5}
12-15 16:36:11.361 18425 18547 D jswrapper: JS: UpdateUserItemStatus::以往数据::
{"wTableID":5,"wChairID":0,"cbUserStatus":2}
12-15 16:36:11.361 18425 18547 D jswrapper: JS: GameBase onEventUserStatus 用户状态
12-15 16:36:11.361 18425 18547 D jswrapper: JS: main=100, sub=401
12-15 16:36:11.361 18425 18547 D jswrapper: JS: 收到框架消息::401
12-15 16:36:11.361 18425 18547 D jswrapper: JS: 收到唯一对局码: (2311005167113296669)
12-15 16:36:11.361 18425 18547 D jswrapper: JS: main=3, sub=101
12-15 16:36:11.361 18425 18547 D jswrapper: JS: GameBase onEventUserScore 用户积分
12-15 16:36:11.361 18425 18547 D jswrapper: JS: main=3, sub=102
12-15 16:36:11.361 18425 18547 D jswrapper: JS:
OnSocketSubUserStatus::dwUserID::2727209
12-15 16:36:11.362 18425 18547 D jswrapper: JS: OnSocketSubUserStatus::UserStatus::
{"wTableID":5,"wChairID":0,"cbUserStatus":2}
12-15 16:36:11.362 18425 18547 D jswrapper: JS: UpdateUserItemStatus::以往数据::
{"wTableID":5,"wChairID":0,"cbUserStatus":5}
12-15 16:36:11.362 18425 18547 D jswrapper: JS: GameBase onEventUserStatus 用户状态
12-15 16:36:11.989 18425 18547 D jswrapper: JS: main=200, sub=152
12-15 16:36:11.989 18425 18547 D jswrapper: JS: JACKPOT:{"lJackPot":
[10507,14552,14513,99389,49867]}
12-15 16:36:13.400 18425 18425 I ViewRootImpl@17bc549[AppActivity]: ViewPostIme
pointer 0
12-15 16:36:13.496 18425 18547 D jswrapper: JS: showGameWinScore:0
12-15 16:36:13.532 18425 18425 I ViewRootImpl@17bc549[AppActivity]: ViewPostIme
pointer 1
12-15 16:36:13.794 18425 18547 D jswrapper: JS: showGameEnd
12-15 16:36:14.143 18425 18425 I ViewRootImpl@17bc549[AppActivity]: ViewPostIme
pointer 0
12-15 16:36:14.231 18425 18425 I ViewRootImpl@17bc549[AppActivity]: ViewPostIme
pointer 1
12-15 16:36:14.269 18425 18547 D jswrapper: JS: SendSocketData main:200 sub:113
12-15 16:36:14.326 18425 18547 D jswrapper: JS: main=3, sub=101
12-15 16:36:14.326 18425 18547 D jswrapper: JS: GameBase onEventUserScore 用户积分
12-15 16:36:14.327 18425 18547 D jswrapper: JS: main=200, sub=149
12-15 16:36:14.327 18425 18547 D jswrapper: JS: SGLB::结果
12-15 16:36:14.327 18425 18547 D jswrapper: JS: [object Object]
12-15 16:36:14.327 18425 18547 D jswrapper: JS: 0
12-15 16:36:14.327 18425 18547 D jswrapper: JS: this._nFreeCount<=0?????
12-15 16:36:14.333 18425 18547 D jswrapper: JS:
5,4,3,2,5,0,6,2,1,0,6,2,1,4,7,4,5,0,6,2,1,4,12,7,1,4,10,4,16,3,3,6,7,5,10,0,0,4,10,
4,16,3,10,12,16,2,10,0,5,0,5,0,2,8,9,0,0,2,10,0,5,0,5,14,5,3,7,14,5,0,3,4,8,9,14,5,
0,3,4,14,5,0,3,4,3,4,6,3,3,1,1,3,0,1,1,3,0,1,7,3,3,1,1,3,0
12-15 16:36:14.333 18425 18547 D jswrapper: JS: 4,12,12,5,4,3,7,16,3,6,2,1,2,7,3
12-15 16:36:16.456 18425 18425 I ViewRootImpl@17bc549[AppActivity]: ViewPostIme
pointer 0
12-15 16:36:16.494 18425 18547 D jswrapper: JS: showGameWinScore:300
12-15 16:36:16.579 18425 18425 I ViewRootImpl@17bc549[AppActivity]: ViewPostIme
pointer 1
12-15 16:36:16.789 18425 18547 D jswrapper: JS: showGameEnd
12-15 16:36:16.789 18425 18547 D jswrapper: JS: winTimes:22
12-15 16:36:18.022 18425 18547 D jswrapper: JS: main=3, sub=530
12-15 16:36:18.022 18425 18547 D jswrapper: JS: [object Object]
12-15 16:36:18.022 18425 18547 D jswrapper: JS: 512
12-15 16:36:18.023 18425 18547 D jswrapper: JS: SendSocketData main:100 sub:512
12-15 16:36:18.046 18425 18547 D jswrapper: JS: main=100, sub=513
12-15 16:36:18.047 18425 18547 D jswrapper: JS: 收到框架消息::513
12-15 16:36:18.047 18425 18547 D jswrapper: JS: [object Object]
12-15 16:36:18.047 18425 18547 D jswrapper: JS: main=100, sub=513
12-15 16:36:18.047 18425 18547 D jswrapper: JS: 收到框架消息::513
12-15 16:36:18.047 18425 18547 D jswrapper: JS: [object Object]
12-15 16:36:18.047 18425 18547 D jswrapper: JS: main=100, sub=513
12-15 16:36:18.048 18425 18547 D jswrapper: JS: 收到框架消息::513
12-15 16:36:18.048 18425 18547 D jswrapper: JS: [object Object]
12-15 16:36:18.048 18425 18547 D jswrapper: JS: main=100, sub=513
12-15 16:36:18.048 18425 18547 D jswrapper: JS: 收到框架消息::513
12-15 16:36:18.048 18425 18547 D jswrapper: JS: [object Object]
12-15 16:36:18.049 18425 18547 D jswrapper: JS: main=100, sub=513
12-15 16:36:18.049 18425 18547 D jswrapper: JS: 收到框架消息::513
12-15 16:36:18.049 18425 18547 D jswrapper: JS: [object Object]
12-15 16:36:18.049 18425 18547 D jswrapper: JS: main=100, sub=513
12-15 16:36:18.049 18425 18547 D jswrapper: JS: 收到框架消息::513
12-15 16:36:18.049 18425 18547 D jswrapper: JS: [object Object]
12-15 16:36:18.050 18425 18547 D jswrapper: JS: main=100, sub=513
12-15 16:36:18.050 18425 18547 D jswrapper: JS: 收到框架消息::513
12-15 16:36:18.050 18425 18547 D jswrapper: JS: [object Object]
12-15 16:36:18.050 18425 18547 D jswrapper: JS: main=100, sub=513
12-15 16:36:18.051 18425 18547 D jswrapper: JS: 收到框架消息::513
12-15 16:36:18.051 18425 18547 D jswrapper: JS: [object Object]
12-15 16:36:18.051 18425 18547 D jswrapper: JS: main=100, sub=513
12-15 16:36:18.051 18425 18547 D jswrapper: JS: 收到框架消息::513
12-15 16:36:18.051 18425 18547 D jswrapper: JS: [object Object]
12-15 16:36:18.052 18425 18547 D jswrapper: JS: main=100, sub=513
12-15 16:36:18.052 18425 18547 D jswrapper: JS: 收到框架消息::513
12-15 16:36:18.052 18425 18547 D jswrapper: JS: [object Object]
12-15 16:36:18.653 18425 18425 I ViewRootImpl@17bc549[AppActivity]: ViewPostIme
pointer 0
12-15 16:36:18.760 18425 18425 I ViewRootImpl@17bc549[AppActivity]: ViewPostIme
pointer 1
12-15 16:36:18.835 18425 18547 D jswrapper: JS: SendSocketData main:200 sub:113
12-15 16:36:18.883 18425 18547 D jswrapper: JS: main=3, sub=101
12-15 16:36:18.884 18425 18547 D jswrapper: JS: GameBase onEventUserScore 用户积分
12-15 16:36:18.884 18425 18547 D jswrapper: JS: main=200, sub=149
12-15 16:36:18.884 18425 18547 D jswrapper: JS: SGLB::结果
12-15 16:36:18.884 18425 18547 D jswrapper: JS: [object Object]
12-15 16:36:18.884 18425 18547 D jswrapper: JS: 0
12-15 16:36:18.884 18425 18547 D jswrapper: JS: this._nFreeCount<=0?????
12-15 16:36:18.888 18425 18547 D jswrapper: JS:
5,4,0,8,5,4,3,2,1,4,3,2,1,4,7,4,5,4,3,2,1,4,4,5,0,4,12,7,1,3,3,6,7,5,10,0,0,4,12,7,
1,3,10,3,6,7,10,12,16,2,5,0,2,8,9,0,0,2,10,12,16,2,5,14,0,6,1,14,5,3,7,0,3,12,14,5,
3,7,0,14,5,3,7,0,3,1,12,7,3,4,6,3,3,4,6,3,3,3,4,0,3,4,6,3,3
12-15 16:36:18.888 18425 18547 D jswrapper: JS: 4,4,3,0,1,0,5,6,6,12,8,0,7,1,7
12-15 16:36:18.958 18425 18547 D jswrapper: JS: main=200, sub=152
12-15 16:36:18.959 18425 18547 D jswrapper: JS: JACKPOT:{"lJackPot":
[9561,14658,14619,99415,49935]}
12-15 16:36:20.952 18425 18425 I ViewRootImpl@17bc549[AppActivity]: ViewPostIme
pointer 0
12-15 16:36:21.057 18425 18547 D jswrapper: JS: showGameWinScore:0
12-15 16:36:21.084 18425 18425 I ViewRootImpl@17bc549[AppActivity]: ViewPostIme
pointer 1
12-15 16:36:21.356 18425 18547 D jswrapper: JS: showGameEnd
12-15 16:36:22.091 18425 18425 I ViewRootImpl@17bc549[AppActivity]: ViewPostIme
pointer 0
12-15 16:36:22.182 18425 18425 I ViewRootImpl@17bc549[AppActivity]: ViewPostIme
pointer 1
12-15 16:36:22.248 18425 18547 D jswrapper: JS: SendSocketData main:200 sub:113
12-15 16:36:22.287 18425 18547 D jswrapper: JS: main=3, sub=101
12-15 16:36:22.287 18425 18547 D jswrapper: JS: GameBase onEventUserScore 用户积分
12-15 16:36:22.287 18425 18547 D jswrapper: JS: main=200, sub=149
12-15 16:36:22.287 18425 18547 D jswrapper: JS: SGLB::结果
12-15 16:36:22.287 18425 18547 D jswrapper: JS: [object Object]
12-15 16:36:22.288 18425 18547 D jswrapper: JS: 0
12-15 16:36:22.288 18425 18547 D jswrapper: JS: this._nFreeCount<=0?????
12-15 16:36:22.292 18425 18547 D jswrapper: JS:
5,0,0,0,5,4,0,8,1,4,0,8,1,4,7,4,5,4,0,8,1,4,12,1,2,4,4,5,0,3,3,6,7,5,10,0,0,4,4,5,0
,3,10,3,3,7,10,3,6,7,16,0,2,8,9,0,0,2,10,3,6,7,16,14,7,0,6,14,0,6,1,5,13,14,14,0,6,
1,5,14,0,6,1,5,3,6,0,7,3,1,12,7,4,1,12,7,4,6,9,6,3,1,12,7,4
12-15 16:36:22.292 18425 18547 D jswrapper: JS: 0,12,3,7,6,0,1,3,0,0,0,2,7,6,7
12-15 16:36:24.357 18425 18425 I ViewRootImpl@17bc549[AppActivity]: ViewPostIme
pointer 0
12-15 16:36:24.464 18425 18547 D jswrapper: JS: showGameWinScore:0
12-15 16:36:24.473 18425 18425 I ViewRootImpl@17bc549[AppActivity]: ViewPostIme
pointer 1
12-15 16:36:24.762 18425 18547 D jswrapper: JS: showGameEnd
12-15 16:36:25.522 18425 18425 I ViewRootImpl@17bc549[AppActivity]: ViewPostIme
pointer 0
12-15 16:36:25.646 18425 18425 I ViewRootImpl@17bc549[AppActivity]: ViewPostIme
pointer 1
12-15 16:36:25.685 18425 18547 D jswrapper: JS: SendSocketData main:200 sub:113
12-15 16:36:25.721 18425 18547 D jswrapper: JS: main=3, sub=101
12-15 16:36:25.721 18425 18547 D jswrapper: JS: GameBase onEventUserScore 用户积分
12-15 16:36:25.746 18425 18547 D jswrapper: JS: main=200, sub=149
12-15 16:36:25.746 18425 18547 D jswrapper: JS: SGLB::结果
12-15 16:36:25.746 18425 18547 D jswrapper: JS: [object Object]
12-15 16:36:25.746 18425 18547 D jswrapper: JS: 0
12-15 16:36:25.749 18425 18547 D jswrapper: JS: this._nFreeCount<=0?????
12-15 16:36:25.754 18425 18547 D jswrapper: JS:
5,1,2,0,5,0,0,0,1,0,0,0,1,4,7,4,5,0,0,0,1,4,1,12,3,4,12,1,2,3,3,6,7,5,10,0,0,4,12,1
,2,3,10,1,0,10,10,3,3,7,6,0,2,8,9,0,0,2,10,3,3,7,6,14,0,17,0,14,7,0,6,8,1,4,14,7,0,
6,8,14,7,0,6,8,3,0,0,8,3,6,0,7,10,6,0,7,10,0,3,3,3,6,0,7,10
12-15 16:36:25.754 18425 18547 D jswrapper: JS: 1,1,1,0,0,2,12,0,17,0,0,3,10,0,8
12-15 16:36:27.903 18425 18547 D jswrapper: JS: showGameWinScore:100
12-15 16:36:28.197 18425 18547 D jswrapper: JS: showGameEnd
12-15 16:36:28.197 18425 18547 D jswrapper: JS: winTimes:7
12-15 16:36:29.735 18425 18425 I ViewRootImpl@17bc549[AppActivity]: ViewPostIme
pointer 0
12-15 16:36:29.858 18425 18425 I ViewRootImpl@17bc549[AppActivity]: ViewPostIme
pointer 1
12-15 16:36:29.910 18425 18547 D jswrapper: JS: SendSocketData main:200 sub:113
12-15 16:36:29.965 18425 18547 D jswrapper: JS: main=3, sub=101
12-15 16:36:29.965 18425 18547 D jswrapper: JS: GameBase onEventUserScore 用户积分
12-15 16:36:29.966 18425 18547 D jswrapper: JS: main=200, sub=149
12-15 16:36:29.966 18425 18547 D jswrapper: JS: SGLB::结果
12-15 16:36:29.966 18425 18547 D jswrapper: JS: [object Object]
12-15 16:36:29.966 18425 18547 D jswrapper: JS: 0
12-15 16:36:29.966 18425 18547 D jswrapper: JS: this._nFreeCount<=0?????
12-15 16:36:29.970 18425 18547 D jswrapper: JS:
5,0,4,5,5,1,2,0,1,1,2,0,1,4,7,4,5,1,2,0,1,4,2,2,4,4,1,12,3,3,3,6,7,5,10,0,0,4,1,12,
3,3,10,2,3,7,10,1,0,10,3,0,2,8,9,0,0,2,10,1,0,10,3,14,0,7,8,14,0,17,0,5,9,7,14,0,17
,0,5,14,0,17,0,5,3,2,5,0,3,0,0,8,5,0,0,8,5,6,6,8,3,0,0,8,5
12-15 16:36:29.971 18425 18547 D jswrapper: JS: 0,2,2,0,2,4,2,3,7,5,5,4,7,8,0
12-15 16:36:32.145 18425 18547 D jswrapper: JS: showGameWinScore:0
12-15 16:36:32.415 18425 18425 I ViewRootImpl@17bc549[AppActivity]: ViewPostIme
pointer 0
12-15 16:36:32.441 18425 18547 D jswrapper: JS: showGameEnd
12-15 16:36:32.541 18425 18425 I ViewRootImpl@17bc549[AppActivity]: ViewPostIme
pointer 1
12-15 16:36:33.248 18425 18425 I ViewRootImpl@17bc549[AppActivity]: ViewPostIme
pointer 0
12-15 16:36:33.354 18425 18425 I ViewRootImpl@17bc549[AppActivity]: ViewPostIme
pointer 1
12-15 16:36:33.406 18425 18547 D jswrapper: JS: SendSocketData main:200 sub:113
12-15 16:36:33.457 18425 18547 D jswrapper: JS: main=3, sub=101
12-15 16:36:33.457 18425 18547 D jswrapper: JS: GameBase onEventUserScore 用户积分
12-15 16:36:33.458 18425 18547 D jswrapper: JS: main=200, sub=149
12-15 16:36:33.458 18425 18547 D jswrapper: JS: SGLB::结果
12-15 16:36:33.458 18425 18547 D jswrapper: JS: [object Object]
12-15 16:36:33.458 18425 18547 D jswrapper: JS: 0
12-15 16:36:33.458 18425 18547 D jswrapper: JS: this._nFreeCount<=0?????
12-15 16:36:33.463 18425 18547 D jswrapper: JS:
5,0,15,0,5,0,4,5,1,0,4,5,1,4,7,4,5,0,4,5,1,4,0,13,1,4,2,2,4,3,3,6,7,5,10,0,0,4,2,2,
4,3,10,6,0,12,10,2,3,7,0,0,2,8,9,0,0,2,10,2,3,7,0,14,0,12,9,14,0,7,8,7,5,7,14,0,7,8
,7,14,0,7,8,7,3,0,2,0,3,2,5,0,4,2,5,0,4,4,14,7,3,2,5,0,4
12-15 16:36:33.463 18425 18547 D jswrapper: JS: 0,0,6,0,0,15,13,0,12,2,0,1,12,9,0
12-15 16:36:35.612 18425 18425 I ViewRootImpl@17bc549[AppActivity]: ViewPostIme
pointer 0
12-15 16:36:35.622 18425 18547 D jswrapper: JS: showGameWinScore:640
12-15 16:36:35.703 18425 18425 I ViewRootImpl@17bc549[AppActivity]: ViewPostIme
pointer 1
12-15 16:36:35.941 18425 18547 D jswrapper: JS: showGameEnd
12-15 16:36:35.941 18425 18547 D jswrapper: JS: winTimes:48
12-15 16:36:40.025 18425 18425 I ViewRootImpl@17bc549[AppActivity]: ViewPostIme
pointer 0
12-15 16:36:40.163 18425 18425 W Choreographer: Frame time is 0.12232 ms in the
future! Check that graphics HAL is generating vsync timestamps using the correct
timebase.
12-15 16:36:40.165 18425 18425 I ViewRootImpl@17bc549[AppActivity]: ViewPostIme
pointer 1
12-15 16:36:40.208 18425 18547 D jswrapper: JS: SendSocketData main:200 sub:113
12-15 16:36:40.263 18425 18547 D jswrapper: JS: main=3, sub=101
12-15 16:36:40.263 18425 18547 D jswrapper: JS: GameBase onEventUserScore 用户积分
12-15 16:36:40.264 18425 18547 D jswrapper: JS: main=200, sub=149
12-15 16:36:40.264 18425 18547 D jswrapper: JS: SGLB::结果
12-15 16:36:40.264 18425 18547 D jswrapper: JS: [object Object]
12-15 16:36:40.264 18425 18547 D jswrapper: JS: 0
12-15 16:36:40.264 18425 18547 D jswrapper: JS: this._nFreeCount<=0?????
12-15 16:36:40.269 18425 18547 D jswrapper: JS:
5,5,3,0,5,0,15,0,1,0,15,0,1,4,7,4,5,0,15,0,1,4,2,17,2,4,0,13,1,3,3,6,7,5,10,0,0,4,0
,13,1,3,10,16,0,4,10,6,0,12,3,0,2,8,9,0,0,2,10,6,0,12,3,14,9,6,10,14,0,12,9,7,6,3,1
4,0,12,9,7,14,0,12,9,7,3,0,0,3,3,0,2,0,0,0,2,0,0,10,9,10,3,0,2,0,0
12-15 16:36:40.269 18425 18547 D jswrapper: JS: 5,2,16,9,0,3,17,0,6,0,0,2,4,10,3
12-15 16:36:42.434 18425 18547 D jswrapper: JS: showGameWinScore:0
12-15 16:36:42.730 18425 18547 D jswrapper: JS: showGameEnd
12-15 16:36:43.497 18425 18425 I ViewRootImpl@17bc549[AppActivity]: ViewPostIme
pointer 0
12-15 16:36:43.587 18425 18425 I ViewRootImpl@17bc549[AppActivity]: ViewPostIme
pointer 1
12-15 16:36:43.640 18425 18547 D jswrapper: JS: SendSocketData main:200 sub:113
12-15 16:36:43.680 18425 18547 D jswrapper: JS: main=3, sub=101
12-15 16:36:43.681 18425 18547 D jswrapper: JS: GameBase onEventUserScore 用户积分
12-15 16:36:43.681 18425 18547 D jswrapper: JS: main=200, sub=149
12-15 16:36:43.681 18425 18547 D jswrapper: JS: SGLB::结果
12-15 16:36:43.681 18425 18547 D jswrapper: JS: [object Object]
12-15 16:36:43.681 18425 18547 D jswrapper: JS: 0
12-15 16:36:43.681 18425 18547 D jswrapper: JS: this._nFreeCount<=0?????
12-15 16:36:43.686 18425 18547 D jswrapper: JS:
5,0,1,0,5,5,3,0,1,5,3,0,1,4,7,4,5,5,3,0,1,4,0,4,2,4,2,17,2,3,3,6,7,5,10,0,0,4,2,17,
2,3,10,12,2,1,10,16,0,4,0,0,2,8,9,0,0,2,10,16,0,4,0,14,6,4,0,14,9,6,10,0,4,9,14,9,6
,10,0,14,9,6,10,0,3,2,6,12,3,0,0,3,8,0,0,3,8,16,7,5,3,0,0,3,8
12-15 16:36:43.686 18425 18547 D jswrapper: JS: 0,0,12,6,2,1,4,2,4,6,0,2,1,0,12
12-15 16:36:45.812 18425 18425 I ViewRootImpl@17bc549[AppActivity]: ViewPostIme
pointer 0
12-15 16:36:45.851 18425 18547 D jswrapper: JS: showGameWinScore:40
12-15 16:36:45.926 18425 18425 I ViewRootImpl@17bc549[AppActivity]: ViewPostIme
pointer 1
12-15 16:36:46.147 18425 18547 D jswrapper: JS: showGameEnd
12-15 16:36:46.148 18425 18547 D jswrapper: JS: winTimes:3
12-15 16:36:46.793 18425 18547 D jswrapper: JS: main=200, sub=152
12-15 16:36:46.794 18425 18547 D jswrapper: JS: JACKPOT:{"lJackPot":
[10096,15193,15154,99559,50278]}
12-15 16:36:47.534 18425 18425 I ViewRootImpl@17bc549[AppActivity]: ViewPostIme
pointer 0
12-15 16:36:47.617 18425 18425 I ViewRootImpl@17bc549[AppActivity]: ViewPostIme
pointer 1
12-15 16:36:47.672 18425 18547 D jswrapper: JS: SendSocketData main:200 sub:113
12-15 16:36:47.722 18425 18547 D jswrapper: JS: main=3, sub=101
12-15 16:36:47.723 18425 18547 D jswrapper: JS: GameBase onEventUserScore 用户积分
12-15 16:36:47.724 18425 18547 D jswrapper: JS: main=200, sub=149
12-15 16:36:47.724 18425 18547 D jswrapper: JS: SGLB::结果
12-15 16:36:47.724 18425 18547 D jswrapper: JS: [object Object]
12-15 16:36:47.724 18425 18547 D jswrapper: JS: 0
12-15 16:36:47.724 18425 18547 D jswrapper: JS: this._nFreeCount<=0?????
12-15 16:36:47.729 18425 18547 D jswrapper: JS:
5,1,0,6,5,0,1,0,1,0,1,0,1,4,7,4,5,0,1,0,1,4,2,1,0,4,0,4,2,3,3,6,7,5,10,0,0,4,0,4,2,
3,10,0,13,4,10,12,2,1,0,0,2,8,9,0,0,2,10,12,2,1,0,14,4,7,4,14,6,4,0,7,4,9,14,6,4,0,
7,14,6,4,0,7,3,7,5,5,3,2,6,12,0,2,6,12,0,6,8,3,3,2,6,12,0
12-15 16:36:47.729 18425 18547 D jswrapper: JS: 1,2,0,4,7,0,1,13,7,5,6,0,4,4,5
12-15 16:36:49.825 18425 18425 I ViewRootImpl@17bc549[AppActivity]: ViewPostIme
pointer 0
12-15 16:36:49.896 18425 18547 D jswrapper: JS: showGameWinScore:20
12-15 16:36:49.939 18425 18425 I ViewRootImpl@17bc549[AppActivity]: ViewPostIme
pointer 1
12-15 16:36:50.194 18425 18547 D jswrapper: JS: showGameEnd
12-15 16:36:50.194 18425 18547 D jswrapper: JS: winTimes:1
12-15 16:36:51.680 18425 18425 I ViewRootImpl@17bc549[AppActivity]: ViewPostIme
pointer 0
12-15 16:36:51.721 18425 18425 I ViewRootImpl@17bc549[AppActivity]: ViewPostIme
pointer 1
12-15 16:36:51.791 18425 18547 D jswrapper: JS: SendSocketData main:200 sub:113
12-15 16:36:51.856 18425 18547 D jswrapper: JS: main=3, sub=101
12-15 16:36:51.856 18425 18547 D jswrapper: JS: GameBase onEventUserScore 用户积分
12-15 16:36:51.857 18425 18547 D jswrapper: JS: main=200, sub=149
12-15 16:36:51.857 18425 18547 D jswrapper: JS: SGLB::结果
12-15 16:36:51.857 18425 18547 D jswrapper: JS: [object Object]
12-15 16:36:51.857 18425 18547 D jswrapper: JS: 0
12-15 16:36:51.857 18425 18547 D jswrapper: JS: this._nFreeCount<=0?????
12-15 16:36:51.865 18425 18547 D jswrapper: JS:
5,0,1,2,5,1,0,6,1,1,0,6,1,4,7,4,5,1,0,6,1,4,0,17,12,4,2,1,0,3,3,6,7,5,10,0,0,4,2,1,
0,3,10,10,2,0,10,0,13,4,2,0,2,8,9,0,0,2,10,0,13,4,2,14,9,2,5,14,4,7,4,4,15,5,14,4,7
,4,4,14,4,7,4,4,3,0,4,3,3,7,5,5,15,7,5,5,15,1,8,2,3,7,5,5,15
12-15 16:36:51.865 18425 18547 D jswrapper: JS: 0,0,10,9,0,1,17,2,2,4,2,12,0,5,3
12-15 16:36:54.022 18425 18547 D jswrapper: JS: showGameWinScore:100
12-15 16:36:54.316 18425 18547 D jswrapper: JS: showGameEnd
12-15 16:36:54.316 18425 18547 D jswrapper: JS: winTimes:7
12-15 16:36:56.009 18425 18425 I ViewRootImpl@17bc549[AppActivity]: ViewPostIme
pointer 0
12-15 16:36:56.100 18425 18425 I ViewRootImpl@17bc549[AppActivity]: ViewPostIme
pointer 1
12-15 16:36:56.179 18425 18547 D jswrapper: JS: SendSocketData main:200 sub:113
12-15 16:36:56.223 18425 18547 D jswrapper: JS: main=3, sub=101
12-15 16:36:56.223 18425 18547 D jswrapper: JS: GameBase onEventUserScore 用户积分
12-15 16:36:56.248 18425 18547 D jswrapper: JS: main=200, sub=149
12-15 16:36:56.253 18425 18547 D jswrapper: JS: SGLB::结果
12-15 16:36:56.253 18425 18547 D jswrapper: JS: [object Object]
12-15 16:36:56.253 18425 18547 D jswrapper: JS: 0
12-15 16:36:56.253 18425 18547 D jswrapper: JS: this._nFreeCount<=0?????
12-15 16:36:56.257 18425 18547 D jswrapper: JS:
5,0,5,6,5,0,1,2,1,0,1,2,1,4,7,4,5,0,1,2,1,4,1,0,5,4,0,17,12,3,3,6,7,5,10,0,0,4,0,17
,12,3,10,1,4,13,10,10,2,0,13,0,2,8,9,0,0,2,10,10,2,0,13,14,0,6,1,14,9,2,5,9,4,4,14,
9,2,5,9,14,9,2,5,9,3,0,7,9,3,0,4,3,6,0,4,3,6,13,10,7,3,0,4,3,6
12-15 16:36:56.257 18425 18547 D jswrapper: JS: 0,1,1,0,0,5,0,4,6,7,6,5,13,1,9
12-15 16:36:56.262 18425 18547 D jswrapper: JS: main=3, sub=102
12-15 16:36:56.262 18425 18547 D jswrapper: JS:
OnSocketSubUserStatus::dwUserID::2727209
12-15 16:36:56.262 18425 18547 D jswrapper: JS: OnSocketSubUserStatus::UserStatus::
{"wTableID":5,"wChairID":0,"cbUserStatus":5}
12-15 16:36:56.262 18425 18547 D jswrapper: JS: UpdateUserItemStatus::以往数据::
{"wTableID":5,"wChairID":0,"cbUserStatus":2}
12-15 16:36:56.262 18425 18547 D jswrapper: JS: GameBase onEventUserStatus 用户状态
12-15 16:36:56.262 18425 18547 D jswrapper: JS: main=100, sub=401
12-15 16:36:56.262 18425 18547 D jswrapper: JS: 收到框架消息::401
12-15 16:36:56.262 18425 18547 D jswrapper: JS: 收到唯一对局码: (2311005167113301104)
12-15 16:36:56.262 18425 18547 D jswrapper: JS: main=3, sub=101
12-15 16:36:56.263 18425 18547 D jswrapper: JS: GameBase onEventUserScore 用户积分
12-15 16:36:56.263 18425 18547 D jswrapper: JS: main=3, sub=102
12-15 16:36:56.263 18425 18547 D jswrapper: JS:
OnSocketSubUserStatus::dwUserID::2727209
12-15 16:36:56.263 18425 18547 D jswrapper: JS: OnSocketSubUserStatus::UserStatus::
{"wTableID":5,"wChairID":0,"cbUserStatus":2}
12-15 16:36:56.263 18425 18547 D jswrapper: JS: UpdateUserItemStatus::以往数据::
{"wTableID":5,"wChairID":0,"cbUserStatus":5}
12-15 16:36:56.263 18425 18547 D jswrapper: JS: GameBase onEventUserStatus 用户状态
12-15 16:36:56.701 18425 18425 I ViewRootImpl@17bc549[AppActivity]: ViewPostIme
pointer 0
12-15 16:36:58.399 18425 18547 D jswrapper: JS: showGameWinScore:0
12-15 16:36:58.696 18425 18547 D jswrapper: JS: showGameEnd
12-15 16:36:59.155 18425 18425 I ViewRootImpl@17bc549[AppActivity]: ViewPostIme
pointer 1
12-15 16:36:59.288 18425 18425 I ViewRootImpl@17bc549[AppActivity]: ViewPostIme
pointer 0
12-15 16:36:59.427 18425 18425 I ViewRootImpl@17bc549[AppActivity]: ViewPostIme
pointer 1
12-15 16:36:59.466 18425 18547 D jswrapper: JS: SendSocketData main:200 sub:113
12-15 16:36:59.523 18425 18547 D jswrapper: JS: main=3, sub=101
12-15 16:36:59.523 18425 18547 D jswrapper: JS: GameBase onEventUserScore 用户积分
12-15 16:36:59.523 18425 18547 D jswrapper: JS: main=200, sub=149
12-15 16:36:59.530 18425 18547 D jswrapper: JS: SGLB::结果
12-15 16:36:59.530 18425 18547 D jswrapper: JS: [object Object]
12-15 16:36:59.530 18425 18547 D jswrapper: JS: 0
12-15 16:36:59.530 18425 18547 D jswrapper: JS: this._nFreeCount<=0?????
12-15 16:36:59.534 18425 18547 D jswrapper: JS:
5,5,14,3,5,0,5,6,1,0,5,6,1,4,7,4,5,0,5,6,1,4,0,9,4,4,1,0,5,3,3,6,7,5,10,0,0,4,1,0,5
,3,10,9,12,9,10,1,4,13,2,0,2,8,9,0,0,2,10,1,4,13,2,14,0,12,6,14,0,6,1,8,6,6,14,0,6,
1,8,14,0,6,1,8,3,1,7,13,3,0,7,9,1,0,7,9,1,4,4,1,3,0,7,9,1
12-15 16:36:59.534 18425 18547 D jswrapper: JS: 5,0,9,0,1,14,9,12,12,7,3,4,9,6,13
12-15 16:37:01.683 18425 18547 D jswrapper: JS: showGameWinScore:0
12-15 16:37:01.981 18425 18547 D jswrapper: JS: showGameEnd
12-15 16:37:02.912 18425 18425 I ViewRootImpl@17bc549[AppActivity]: ViewPostIme
pointer 0
12-15 16:37:03.061 18425 18425 I ViewRootImpl@17bc549[AppActivity]: ViewPostIme
pointer 1
12-15 16:37:03.124 18425 18547 D jswrapper: JS: SendSocketData main:200 sub:113
12-15 16:37:03.172 18425 18547 D jswrapper: JS: main=3, sub=101
12-15 16:37:03.172 18425 18547 D jswrapper: JS: GameBase onEventUserScore 用户积分
12-15 16:37:03.172 18425 18547 D jswrapper: JS: main=200, sub=149
12-15 16:37:03.172 18425 18547 D jswrapper: JS: SGLB::结果
12-15 16:37:03.173 18425 18547 D jswrapper: JS: [object Object]
12-15 16:37:03.173 18425 18547 D jswrapper: JS: 0
12-15 16:37:03.173 18425 18547 D jswrapper: JS: this._nFreeCount<=0?????
12-15 16:37:03.179 18425 18547 D jswrapper: JS:
5,2,3,0,5,5,14,3,1,5,14,3,1,4,7,4,5,5,14,3,1,4,4,4,12,4,0,9,4,3,3,6,7,5,10,0,0,4,0,
9,4,3,10,1,7,0,10,9,12,9,4,0,2,8,9,0,0,2,10,9,12,9,4,14,10,2,1,14,0,12,6,3,4,8,14,0
,12,6,3,14,0,12,6,3,3,6,1,1,3,1,7,13,7,1,7,13,7,4,7,15,3,1,7,13,7
12-15 16:37:03.179 18425 18547 D jswrapper: JS: 2,4,1,10,6,3,4,7,2,1,0,12,0,1,1
12-15 16:37:05.343 18425 18547 D jswrapper: JS: showGameWinScore:20
12-15 16:37:05.417 18425 18425 I ViewRootImpl@17bc549[AppActivity]: ViewPostIme
pointer 0
12-15 16:37:05.524 18425 18425 I ViewRootImpl@17bc549[AppActivity]: ViewPostIme
pointer 1
12-15 16:37:05.634 18425 18547 D jswrapper: JS: showGameEnd
12-15 16:37:05.634 18425 18547 D jswrapper: JS: winTimes:1
12-15 16:37:06.359 18425 18547 D jswrapper: JS: main=200, sub=152
12-15 16:37:06.359 18425 18547 D jswrapper: JS: JACKPOT:{"lJackPot":
[10328,15425,15386,99616,50423]}
12-15 16:37:06.416 18425 18425 I ViewRootImpl@17bc549[AppActivity]: ViewPostIme
pointer 0
12-15 16:37:06.465 18425 18425 I ViewRootImpl@17bc549[AppActivity]: ViewPostIme
pointer 1
12-15 16:37:06.522 18425 18547 D jswrapper: JS: SendSocketData main:200 sub:113
12-15 16:37:06.586 18425 18547 D jswrapper: JS: main=3, sub=101
12-15 16:37:06.586 18425 18547 D jswrapper: JS: GameBase onEventUserScore 用户积分
12-15 16:37:06.586 18425 18547 D jswrapper: JS: main=200, sub=149
12-15 16:37:06.587 18425 18547 D jswrapper: JS: SGLB::结果
12-15 16:37:06.587 18425 18547 D jswrapper: JS: [object Object]
12-15 16:37:06.587 18425 18547 D jswrapper: JS: 0
12-15 16:37:06.587 18425 18547 D jswrapper: JS: this._nFreeCount<=0?????
12-15 16:37:06.594 18425 18547 D jswrapper: JS:
5,0,0,3,5,2,3,0,1,2,3,0,1,4,7,4,5,2,3,0,1,4,8,4,0,4,4,4,12,3,3,6,7,5,10,0,0,4,4,4,1
2,3,10,8,3,12,10,1,7,0,12,0,2,8,9,0,0,2,10,1,7,0,12,14,10,1,1,14,10,2,1,0,1,0,14,10
,2,1,0,14,10,2,1,0,3,16,3,4,3,6,1,1,16,6,1,1,16,13,7,7,3,6,1,1,16
12-15 16:37:06.594 18425 18547 D jswrapper: JS: 0,8,8,10,16,0,4,3,1,3,3,0,12,1,4
12-15 16:37:08.756 18425 18547 D jswrapper: JS: showGameWinScore:40
12-15 16:37:08.973 18425 18425 I ViewRootImpl@17bc549[AppActivity]: ViewPostIme
pointer 0
12-15 16:37:09.057 18425 18547 D jswrapper: JS: showGameEnd
12-15 16:37:09.058 18425 18547 D jswrapper: JS: winTimes:3
12-15 16:37:09.096 18425 18425 I ViewRootImpl@17bc549[AppActivity]: ViewPostIme
pointer 1
12-15 16:37:10.230 18425 18425 I ViewRootImpl@17bc549[AppActivity]: ViewPostIme
pointer 0
12-15 16:37:10.346 18425 18425 I ViewRootImpl@17bc549[AppActivity]: ViewPostIme
pointer 1
12-15 16:37:10.402 18425 18547 D jswrapper: JS: SendSocketData main:200 sub:113
12-15 16:37:10.459 18425 18547 D jswrapper: JS: main=3, sub=101
12-15 16:37:10.460 18425 18547 D jswrapper: JS: GameBase onEventUserScore 用户积分
12-15 16:37:10.460 18425 18547 D jswrapper: JS: main=200, sub=149
12-15 16:37:10.460 18425 18547 D jswrapper: JS: SGLB::结果
12-15 16:37:10.460 18425 18547 D jswrapper: JS: [object Object]
12-15 16:37:10.460 18425 18547 D jswrapper: JS: 0
12-15 16:37:10.460 18425 18547 D jswrapper: JS: this._nFreeCount<=0?????
12-15 16:37:10.465 18425 18547 D jswrapper: JS:
5,8,3,0,5,0,0,3,1,0,0,3,1,4,7,4,5,0,0,3,1,4,4,0,7,4,8,4,0,3,3,6,7,5,10,0,0,4,8,4,0,
