5,0,3,3,5,2,4,2,1,2,4,2,1,4,7,4,5,2,4,2,1,4,2,3,2,4,0,6,8,3,3,6,7,5,10,0,0,4,0,6,8,
3,10,9,2,1,10,2,2,5,9,0,2,8,9,0,0,2,10,2,2,5,9,14,8,5,0,14,1,5,0,0,3,6,14,1,5,0,0,1
4,1,5,0,0,3,3,7,4,3,9,8,2,2,9,8,2,2,10,6,3,3,9,8,2,2
12-15 16:28:35.104 18425 18547 D jswrapper: JS: 0,2,9,8,3,3,3,2,5,7,3,2,1,0,4
12-15 16:28:37.247 18425 18547 D jswrapper: JS: showGameWinScore:0
12-15 16:28:37.556 18425 18547 D jswrapper: JS: showGameEnd
12-15 16:28:37.740 18425 18425 I ViewRootImpl@17bc549[AppActivity]: ViewPostIme
pointer 0
12-15 16:28:37.864 18425 18425 I ViewRootImpl@17bc549[AppActivity]: ViewPostIme
pointer 1
12-15 16:28:37.889 18425 18547 D jswrapper: JS: SendSocketData main:200 sub:113
12-15 16:28:37.944 18425 18547 D jswrapper: JS: main=3, sub=101
12-15 16:28:37.945 18425 18547 D jswrapper: JS: GameBase onEventUserScore 用户积分
12-15 16:28:37.945 18425 18547 D jswrapper: JS: main=200, sub=149
12-15 16:28:37.945 18425 18547 D jswrapper: JS: SGLB::结果
12-15 16:28:37.945 18425 18547 D jswrapper: JS: [object Object]
12-15 16:28:37.945 18425 18547 D jswrapper: JS: 0
12-15 16:28:37.945 18425 18547 D jswrapper: JS: this._nFreeCount<=0?????
12-15 16:28:37.950 18425 18547 D jswrapper: JS:
5,1,1,4,5,0,3,3,1,0,3,3,1,4,7,4,5,0,3,3,1,4,1,8,5,4,2,3,2,3,3,6,7,5,10,0,0,4,2,3,2,
3,10,10,1,0,10,9,2,1,2,0,2,8,9,0,0,2,10,9,2,1,2,14,5,7,1,14,8,5,0,0,5,3,14,8,5,0,0,
14,8,5,0,0,3,5,8,0,3,3,7,4,9,3,7,4,9,14,3,5,3,3,7,4,9
12-15 16:28:37.950 18425 18547 D jswrapper: JS: 1,1,10,5,5,1,8,1,7,8,4,5,0,1,0
12-15 16:28:38.141 18425 18547 D jswrapper: JS: main=200, sub=152
12-15 16:28:38.141 18425 18547 D jswrapper: JS: JACKPOT:{"lJackPot":
[7730,16222,7014,97386,45086]}
12-15 16:28:38.165 18425 18547 D jswrapper: JS: main=200, sub=152
12-15 16:28:38.165 18425 18547 D jswrapper: JS: JACKPOT:{"lJackPot":
[7906,16398,7190,97443,45204]}
12-15 16:28:38.462 18425 18547 D jswrapper: JS: main=200, sub=152
12-15 16:28:38.462 18425 18547 D jswrapper: JS: JACKPOT:{"lJackPot":
[7940,16432,7224,97451,45225]}
12-15 16:28:39.946 18425 18425 I ViewRootImpl@17bc549[AppActivity]: ViewPostIme
pointer 0
12-15 16:28:40.070 18425 18425 I ViewRootImpl@17bc549[AppActivity]: ViewPostIme
pointer 1
12-15 16:28:40.098 18425 18547 D jswrapper: JS: main=3, sub=530
12-15 16:28:40.098 18425 18547 D jswrapper: JS: [object Object]
12-15 16:28:40.098 18425 18547 D jswrapper: JS: 512
12-15 16:28:40.098 18425 18547 D jswrapper: JS: SendSocketData main:100 sub:512
12-15 16:28:40.122 18425 18547 D jswrapper: JS: main=100, sub=513
12-15 16:28:40.122 18425 18547 D jswrapper: JS: 收到框架消息::513
12-15 16:28:40.122 18425 18547 D jswrapper: JS: [object Object]
12-15 16:28:40.123 18425 18547 D jswrapper: JS: main=100, sub=513
12-15 16:28:40.123 18425 18547 D jswrapper: JS: 收到框架消息::513
12-15 16:28:40.123 18425 18547 D jswrapper: JS: [object Object]
12-15 16:28:40.123 18425 18547 D jswrapper: JS: main=100, sub=513
12-15 16:28:40.123 18425 18547 D jswrapper: JS: 收到框架消息::513
12-15 16:28:40.124 18425 18547 D jswrapper: JS: [object Object]
12-15 16:28:40.124 18425 18547 D jswrapper: JS: main=100, sub=513
12-15 16:28:40.124 18425 18547 D jswrapper: JS: 收到框架消息::513
12-15 16:28:40.124 18425 18547 D jswrapper: JS: [object Object]
12-15 16:28:40.124 18425 18547 D jswrapper: JS: main=100, sub=513
12-15 16:28:40.124 18425 18547 D jswrapper: JS: 收到框架消息::513
12-15 16:28:40.124 18425 18547 D jswrapper: JS: [object Object]
12-15 16:28:40.125 18425 18547 D jswrapper: JS: main=100, sub=513
12-15 16:28:40.125 18425 18547 D jswrapper: JS: 收到框架消息::513
12-15 16:28:40.125 18425 18547 D jswrapper: JS: [object Object]
12-15 16:28:40.125 18425 18547 D jswrapper: JS: main=100, sub=513
12-15 16:28:40.125 18425 18547 D jswrapper: JS: 收到框架消息::513
12-15 16:28:40.125 18425 18547 D jswrapper: JS: [object Object]
12-15 16:28:40.126 18425 18547 D jswrapper: JS: main=100, sub=513
12-15 16:28:40.126 18425 18547 D jswrapper: JS: 收到框架消息::513
12-15 16:28:40.126 18425 18547 D jswrapper: JS: [object Object]
12-15 16:28:40.126 18425 18547 D jswrapper: JS: main=100, sub=513
12-15 16:28:40.126 18425 18547 D jswrapper: JS: 收到框架消息::513
12-15 16:28:40.126 18425 18547 D jswrapper: JS: [object Object]
12-15 16:28:40.126 18425 18547 D jswrapper: JS: main=100, sub=513
12-15 16:28:40.126 18425 18547 D jswrapper: JS: 收到框架消息::513
12-15 16:28:40.127 18425 18547 D jswrapper: JS: [object Object]
12-15 16:28:40.127 18425 18547 D jswrapper: JS: showGameWinScore:160
12-15 16:28:40.419 18425 18547 D jswrapper: JS: showGameEnd
12-15 16:28:40.420 18425 18547 D jswrapper: JS: winTimes:12
12-15 16:28:43.910 18425 18425 I ViewRootImpl@17bc549[AppActivity]: ViewPostIme
pointer 0
12-15 16:28:44.051 18425 18425 I ViewRootImpl@17bc549[AppActivity]: ViewPostIme
pointer 1
12-15 16:28:44.096 18425 18547 D jswrapper: JS: SendSocketData main:200 sub:113
12-15 16:28:44.151 18425 18547 D jswrapper: JS: main=3, sub=101
12-15 16:28:44.151 18425 18547 D jswrapper: JS: GameBase onEventUserScore 用户积分
12-15 16:28:44.152 18425 18547 D jswrapper: JS: main=200, sub=149
12-15 16:28:44.152 18425 18547 D jswrapper: JS: SGLB::结果
12-15 16:28:44.152 18425 18547 D jswrapper: JS: [object Object]
12-15 16:28:44.152 18425 18547 D jswrapper: JS: 0
12-15 16:28:44.152 18425 18547 D jswrapper: JS: this._nFreeCount<=0?????
12-15 16:28:44.157 18425 18547 D jswrapper: JS:
5,0,3,0,5,1,1,4,1,1,1,4,1,4,7,4,5,1,1,4,1,4,0,5,0,4,1,8,5,3,3,6,7,5,10,0,0,4,1,8,5,
3,10,10,9,4,10,10,1,0,2,0,2,8,9,0,0,2,10,10,1,0,2,14,1,0,0,14,5,7,1,5,1,2,14,5,7,1,
5,14,5,7,1,5,3,4,5,2,3,5,8,0,7,5,8,0,7,1,8,2,3,5,8,0,7
12-15 16:28:44.157 18425 18547 D jswrapper: JS: 0,0,10,1,4,3,5,9,0,5,0,0,4,0,2
12-15 16:28:44.160 18425 18547 D jswrapper: JS: main=3, sub=102
12-15 16:28:44.161 18425 18547 D jswrapper: JS:
OnSocketSubUserStatus::dwUserID::2727209
12-15 16:28:44.161 18425 18547 D jswrapper: JS: OnSocketSubUserStatus::UserStatus::
{"wTableID":5,"wChairID":0,"cbUserStatus":5}
12-15 16:28:44.161 18425 18547 D jswrapper: JS: UpdateUserItemStatus::以往数据::
{"wTableID":5,"wChairID":0,"cbUserStatus":2}
12-15 16:28:44.161 18425 18547 D jswrapper: JS: GameBase onEventUserStatus 用户状态
12-15 16:28:44.161 18425 18547 D jswrapper: JS: main=100, sub=401
12-15 16:28:44.161 18425 18547 D jswrapper: JS: 收到框架消息::401
12-15 16:28:44.161 18425 18547 D jswrapper: JS: 收到唯一对局码: (2311005167113251912)
12-15 16:28:44.161 18425 18547 D jswrapper: JS: main=3, sub=101
12-15 16:28:44.161 18425 18547 D jswrapper: JS: GameBase onEventUserScore 用户积分
12-15 16:28:44.161 18425 18547 D jswrapper: JS: main=3, sub=102
12-15 16:28:44.162 18425 18547 D jswrapper: JS:
OnSocketSubUserStatus::dwUserID::2727209
12-15 16:28:44.162 18425 18547 D jswrapper: JS: OnSocketSubUserStatus::UserStatus::
{"wTableID":5,"wChairID":0,"cbUserStatus":2}
12-15 16:28:44.162 18425 18547 D jswrapper: JS: UpdateUserItemStatus::以往数据::
{"wTableID":5,"wChairID":0,"cbUserStatus":5}
12-15 16:28:44.162 18425 18547 D jswrapper: JS: GameBase onEventUserStatus 用户状态
12-15 16:28:46.319 18425 18547 D jswrapper: JS: showGameWinScore:0
12-15 16:28:46.599 18425 18547 D jswrapper: JS: showGameEnd
12-15 16:28:47.007 18425 18425 I ViewRootImpl@17bc549[AppActivity]: ViewPostIme
pointer 0
12-15 16:28:47.105 18425 18425 I ViewRootImpl@17bc549[AppActivity]: ViewPostIme
pointer 1
12-15 16:28:47.139 18425 18547 D jswrapper: JS: SendSocketData main:200 sub:113
12-15 16:28:47.194 18425 18547 D jswrapper: JS: main=3, sub=101
12-15 16:28:47.194 18425 18547 D jswrapper: JS: GameBase onEventUserScore 用户积分
12-15 16:28:47.194 18425 18547 D jswrapper: JS: main=200, sub=149
12-15 16:28:47.194 18425 18547 D jswrapper: JS: SGLB::结果
12-15 16:28:47.194 18425 18547 D jswrapper: JS: [object Object]
12-15 16:28:47.195 18425 18547 D jswrapper: JS: 0
12-15 16:28:47.195 18425 18547 D jswrapper: JS: this._nFreeCount<=0?????
12-15 16:28:47.199 18425 18547 D jswrapper: JS:
5,0,1,0,5,0,3,0,1,0,3,0,1,4,7,4,5,0,3,0,1,4,12,0,5,4,0,5,0,3,3,6,7,5,10,0,0,4,0,5,0
,3,10,12,16,14,10,10,9,4,1,0,2,8,9,0,0,2,10,10,9,4,1,14,6,12,1,14,1,0,0,8,1,5,14,1,
0,0,8,14,1,0,0,8,3,2,7,7,3,4,5,2,2,4,5,2,2,5,13,7,3,4,5,2,2
12-15 16:28:47.199 18425 18547 D jswrapper: JS: 0,12,12,6,2,1,0,16,12,7,0,5,14,1,7
12-15 16:28:49.369 18425 18547 D jswrapper: JS: showGameWinScore:180
12-15 16:28:49.671 18425 18547 D jswrapper: JS: showGameEnd
12-15 16:28:49.671 18425 18547 D jswrapper: JS: winTimes:13
12-15 16:28:50.239 18425 18547 D jswrapper: JS: main=3, sub=530
12-15 16:28:50.241 18425 18547 D jswrapper: JS: [object Object]
12-15 16:28:50.242 18425 18547 D jswrapper: JS: 512
12-15 16:28:50.242 18425 18547 D jswrapper: JS: SendSocketData main:100 sub:512
12-15 16:28:50.288 18425 18547 D jswrapper: JS: main=100, sub=513
12-15 16:28:50.289 18425 18547 D jswrapper: JS: 收到框架消息::513
12-15 16:28:50.289 18425 18547 D jswrapper: JS: [object Object]
12-15 16:28:50.290 18425 18547 D jswrapper: JS: main=100, sub=513
12-15 16:28:50.290 18425 18547 D jswrapper: JS: 收到框架消息::513
12-15 16:28:50.290 18425 18547 D jswrapper: JS: [object Object]
12-15 16:28:50.290 18425 18547 D jswrapper: JS: main=100, sub=513
12-15 16:28:50.290 18425 18547 D jswrapper: JS: 收到框架消息::513
12-15 16:28:50.291 18425 18547 D jswrapper: JS: [object Object]
12-15 16:28:50.291 18425 18547 D jswrapper: JS: main=100, sub=513
12-15 16:28:50.291 18425 18547 D jswrapper: JS: 收到框架消息::513
12-15 16:28:50.291 18425 18547 D jswrapper: JS: [object Object]
12-15 16:28:50.292 18425 18547 D jswrapper: JS: main=100, sub=513
12-15 16:28:50.292 18425 18547 D jswrapper: JS: 收到框架消息::513
12-15 16:28:50.292 18425 18547 D jswrapper: JS: [object Object]
12-15 16:28:50.292 18425 18547 D jswrapper: JS: main=100, sub=513
12-15 16:28:50.292 18425 18547 D jswrapper: JS: 收到框架消息::513
12-15 16:28:50.293 18425 18547 D jswrapper: JS: [object Object]
12-15 16:28:50.293 18425 18547 D jswrapper: JS: main=100, sub=513
12-15 16:28:50.293 18425 18547 D jswrapper: JS: 收到框架消息::513
12-15 16:28:50.293 18425 18547 D jswrapper: JS: [object Object]
12-15 16:28:50.293 18425 18547 D jswrapper: JS: main=100, sub=513
12-15 16:28:50.294 18425 18547 D jswrapper: JS: 收到框架消息::513
12-15 16:28:50.294 18425 18547 D jswrapper: JS: [object Object]
12-15 16:28:50.294 18425 18547 D jswrapper: JS: main=100, sub=513
12-15 16:28:50.294 18425 18547 D jswrapper: JS: 收到框架消息::513
12-15 16:28:50.294 18425 18547 D jswrapper: JS: [object Object]
12-15 16:28:50.295 18425 18547 D jswrapper: JS: main=100, sub=513
12-15 16:28:50.295 18425 18547 D jswrapper: JS: 收到框架消息::513
12-15 16:28:50.295 18425 18547 D jswrapper: JS: [object Object]
12-15 16:28:56.133 18425 18425 I ViewRootImpl@17bc549[AppActivity]: ViewPostIme
pointer 0
12-15 16:28:56.290 18425 18425 I ViewRootImpl@17bc549[AppActivity]: ViewPostIme
pointer 1
12-15 16:28:56.317 18425 18547 D jswrapper: JS: SendSocketData main:200 sub:113
12-15 16:28:56.348 18425 18547 D jswrapper: JS: main=3, sub=101
12-15 16:28:56.348 18425 18547 D jswrapper: JS: GameBase onEventUserScore 用户积分
12-15 16:28:56.373 18425 18547 D jswrapper: JS: main=200, sub=149
12-15 16:28:56.373 18425 18547 D jswrapper: JS: SGLB::结果
12-15 16:28:56.373 18425 18547 D jswrapper: JS: [object Object]
12-15 16:28:56.374 18425 18547 D jswrapper: JS: 0
12-15 16:28:56.374 18425 18547 D jswrapper: JS: this._nFreeCount<=0?????
12-15 16:28:56.379 18425 18547 D jswrapper: JS:
5,3,6,0,5,0,1,0,1,0,1,0,1,4,7,4,5,0,1,0,1,4,10,0,1,4,12,0,5,3,3,6,7,5,10,0,0,4,12,0
,5,3,10,2,2,2,10,12,16,14,9,0,2,8,9,0,0,2,10,12,16,14,9,14,0,1,0,14,6,12,1,4,3,3,14
,6,12,1,4,14,6,12,1,4,3,3,10,6,3,2,7,7,15,2,7,7,15,0,7,3,3,2,7,7,15
12-15 16:28:56.379 18425 18547 D jswrapper: JS: 3,10,2,0,3,6,0,2,1,10,0,1,2,0,6
12-15 16:28:58.548 18425 18547 D jswrapper: JS: showGameWinScore:0
12-15 16:28:58.843 18425 18547 D jswrapper: JS: showGameEnd
12-15 16:28:59.356 18425 18425 I ViewRootImpl@17bc549[AppActivity]: ViewPostIme
pointer 0
12-15 16:28:59.486 18425 18425 I ViewRootImpl@17bc549[AppActivity]: ViewPostIme
pointer 1
12-15 16:28:59.520 18425 18547 D jswrapper: JS: SendSocketData main:200 sub:113
12-15 16:28:59.577 18425 18547 D jswrapper: JS: main=3, sub=101
12-15 16:28:59.577 18425 18547 D jswrapper: JS: GameBase onEventUserScore 用户积分
12-15 16:28:59.577 18425 18547 D jswrapper: JS: main=200, sub=149
12-15 16:28:59.578 18425 18547 D jswrapper: JS: SGLB::结果
12-15 16:28:59.578 18425 18547 D jswrapper: JS: [object Object]
12-15 16:28:59.578 18425 18547 D jswrapper: JS: 0
12-15 16:28:59.578 18425 18547 D jswrapper: JS: this._nFreeCount<=0?????
12-15 16:28:59.583 18425 18547 D jswrapper: JS:
5,17,0,0,5,3,6,0,1,3,6,0,1,4,7,4,5,3,6,0,1,4,1,9,12,4,10,0,1,3,3,6,7,5,10,0,0,4,10,
0,1,3,10,7,4,12,10,2,2,2,16,0,2,8,9,0,0,2,10,2,2,2,16,14,3,0,1,14,0,1,0,4,1,5,14,0,
1,0,4,14,0,1,0,4,3,3,10,5,3,3,10,6,4,3,10,6,4,0,2,7,3,3,10,6,4
12-15 16:28:59.583 18425 18547 D jswrapper: JS: 17,1,7,3,3,0,9,4,0,10,0,12,12,1,5
12-15 16:29:00.874 18425 18547 D jswrapper: JS: main=200, sub=152
12-15 16:29:00.874 18425 18547 D jswrapper: JS: JACKPOT:{"lJackPot":
[6655,16666,7458,97506,45371]}
12-15 16:29:01.742 18425 18547 D jswrapper: JS: showGameWinScore:40
12-15 16:29:02.026 18425 18547 D jswrapper: JS: showGameEnd
12-15 16:29:02.026 18425 18547 D jswrapper: JS: winTimes:3
12-15 16:29:06.589 18425 18425 I ViewRootImpl@17bc549[AppActivity]: ViewPostIme
pointer 0
12-15 16:29:06.730 18425 18425 I ViewRootImpl@17bc549[AppActivity]: ViewPostIme
pointer 1
12-15 16:29:06.776 18425 18547 D jswrapper: JS: SendSocketData main:200 sub:113
12-15 16:29:06.833 18425 18547 D jswrapper: JS: main=3, sub=101
12-15 16:29:06.833 18425 18547 D jswrapper: JS: GameBase onEventUserScore 用户积分
12-15 16:29:06.833 18425 18547 D jswrapper: JS: main=200, sub=149
12-15 16:29:06.833 18425 18547 D jswrapper: JS: SGLB::结果
12-15 16:29:06.833 18425 18547 D jswrapper: JS: [object Object]
12-15 16:29:06.833 18425 18547 D jswrapper: JS: 0
12-15 16:29:06.834 18425 18547 D jswrapper: JS: this._nFreeCount<=0?????
12-15 16:29:06.837 18425 18547 D jswrapper: JS:
5,1,2,6,5,17,0,0,1,17,0,0,1,4,7,4,5,17,0,0,1,4,0,0,8,4,1,9,12,3,3,6,7,5,10,0,0,4,1,
9,12,3,10,12,0,0,10,7,4,12,2,0,2,8,9,0,0,2,10,7,4,12,2,14,4,14,1,14,3,0,1,4,5,4,14,
3,0,1,4,14,3,0,1,4,3,12,7,3,3,3,10,5,2,3,10,5,2,1,10,10,3,3,10,5,2
12-15 16:29:06.837 18425 18547 D jswrapper: JS: 1,0,12,4,12,2,0,0,14,7,6,8,0,1,3
12-15 16:29:08.954 18425 18425 I ViewRootImpl@17bc549[AppActivity]: ViewPostIme
pointer 0
12-15 16:29:09.014 18425 18547 D jswrapper: JS: showGameWinScore:0
12-15 16:29:09.103 18425 18425 I ViewRootImpl@17bc549[AppActivity]: ViewPostIme
pointer 1
12-15 16:29:09.311 18425 18547 D jswrapper: JS: showGameEnd
12-15 16:29:10.283 18425 18425 I ViewRootImpl@17bc549[AppActivity]: ViewPostIme
pointer 0
12-15 16:29:10.405 18425 18425 I ViewRootImpl@17bc549[AppActivity]: ViewPostIme
pointer 1
12-15 16:29:10.441 18425 18547 D jswrapper: JS: SendSocketData main:200 sub:113
12-15 16:29:10.497 18425 18547 D jswrapper: JS: main=3, sub=101
12-15 16:29:10.497 18425 18547 D jswrapper: JS: GameBase onEventUserScore 用户积分
12-15 16:29:10.497 18425 18547 D jswrapper: JS: main=200, sub=149
12-15 16:29:10.497 18425 18547 D jswrapper: JS: SGLB::结果
12-15 16:29:10.497 18425 18547 D jswrapper: JS: [object Object]
12-15 16:29:10.497 18425 18547 D jswrapper: JS: 0
12-15 16:29:10.497 18425 18547 D jswrapper: JS: this._nFreeCount<=0?????
12-15 16:29:10.502 18425 18547 D jswrapper: JS:
5,0,8,6,5,1,2,6,1,1,2,6,1,4,7,4,5,1,2,6,1,4,6,12,10,4,0,0,8,3,3,6,7,5,10,0,0,4,0,0,
8,3,10,3,0,7,10,12,0,0,4,0,2,8,9,0,0,2,10,12,0,0,4,14,0,12,0,14,4,14,1,7,3,6,14,4,1
4,1,7,14,4,14,1,7,3,0,2,14,3,12,7,3,2,12,7,3,2,0,2,10,3,12,7,3,2
12-15 16:29:10.502 18425 18547 D jswrapper: JS: 0,6,3,0,0,8,12,0,12,2,6,10,7,0,14
12-15 16:29:12.669 18425 18547 D jswrapper: JS: showGameWinScore:200
12-15 16:29:12.968 18425 18547 D jswrapper: JS: showGameEnd
12-15 16:29:12.968 18425 18547 D jswrapper: JS: winTimes:15
12-15 16:29:15.698 18425 18425 I ViewRootImpl@17bc549[AppActivity]: ViewPostIme
pointer 0
12-15 16:29:15.822 18425 18425 I ViewRootImpl@17bc549[AppActivity]: ViewPostIme
pointer 1
12-15 16:29:15.853 18425 18547 D jswrapper: JS: SendSocketData main:200 sub:113
12-15 16:29:15.909 18425 18547 D jswrapper: JS: main=3, sub=101
12-15 16:29:15.909 18425 18547 D jswrapper: JS: GameBase onEventUserScore 用户积分
12-15 16:29:15.910 18425 18547 D jswrapper: JS: main=200, sub=149
12-15 16:29:15.910 18425 18547 D jswrapper: JS: SGLB::结果
12-15 16:29:15.910 18425 18547 D jswrapper: JS: [object Object]
12-15 16:29:15.910 18425 18547 D jswrapper: JS: 0
12-15 16:29:15.910 18425 18547 D jswrapper: JS: this._nFreeCount<=0?????
12-15 16:29:15.915 18425 18547 D jswrapper: JS:
5,2,0,7,5,0,8,6,1,0,8,6,1,4,7,4,5,0,8,6,1,4,0,1,3,4,6,12,10,3,3,6,7,5,10,0,0,4,6,12
,10,3,10,6,7,10,10,3,0,7,0,0,2,8,9,0,0,2,10,3,0,7,0,14,5,0,5,14,0,12,0,8,0,1,14,0,1
2,0,8,14,0,12,0,8,3,10,2,1,3,0,2,14,0,0,2,14,0,7,8,0,3,0,2,14,0
12-15 16:29:15.915 18425 18547 D jswrapper: JS: 2,0,6,5,10,0,1,7,0,2,7,3,10,5,1
12-15 16:29:17.872 18425 18425 I ViewRootImpl@17bc549[AppActivity]: ViewPostIme
pointer 0
12-15 16:29:18.012 18425 18425 I ViewRootImpl@17bc549[AppActivity]: ViewPostIme
pointer 1
12-15 16:29:18.059 18425 18547 D jswrapper: JS: showGameWinScore:0
12-15 16:29:18.357 18425 18547 D jswrapper: JS: showGameEnd
12-15 16:29:18.500 18425 18425 I ViewRootImpl@17bc549[AppActivity]: ViewPostIme
pointer 0
12-15 16:29:18.606 18425 18425 I ViewRootImpl@17bc549[AppActivity]: ViewPostIme
pointer 1
12-15 16:29:18.642 18425 18547 D jswrapper: JS: SendSocketData main:200 sub:113
12-15 16:29:18.702 18425 18547 D jswrapper: JS: main=3, sub=101
12-15 16:29:18.702 18425 18547 D jswrapper: JS: GameBase onEventUserScore 用户积分
12-15 16:29:18.702 18425 18547 D jswrapper: JS: main=200, sub=149
12-15 16:29:18.703 18425 18547 D jswrapper: JS: SGLB::结果
12-15 16:29:18.703 18425 18547 D jswrapper: JS: [object Object]
12-15 16:29:18.703 18425 18547 D jswrapper: JS: 0
12-15 16:29:18.703 18425 18547 D jswrapper: JS: this._nFreeCount<=0?????
12-15 16:29:18.713 18425 18547 D jswrapper: JS:
5,3,0,7,5,2,0,7,1,2,0,7,1,4,7,4,5,2,0,7,1,4,0,12,0,4,0,1,3,3,3,6,7,5,10,0,0,4,0,1,3
,3,10,3,0,8,10,6,7,10,0,0,2,8,9,0,0,2,10,6,7,10,0,14,0,12,5,14,5,0,5,7,10,10,14,5,0
,5,7,14,5,0,5,7,3,9,10,8,3,10,2,1,5,10,2,1,5,7,8,10,3,10,2,1,5
12-15 16:29:18.713 18425 18547 D jswrapper: JS: 3,0,3,0,9,0,12,0,12,10,7,0,8,5,8
12-15 16:29:20.881 18425 18547 D jswrapper: JS: showGameWinScore:260
12-15 16:29:21.178 18425 18547 D jswrapper: JS: showGameEnd
12-15 16:29:21.179 18425 18547 D jswrapper: JS: winTimes:19
12-15 16:29:23.642 18425 18425 I ViewRootImpl@17bc549[AppActivity]: ViewPostIme
pointer 0
12-15 16:29:23.791 18425 18425 I ViewRootImpl@17bc549[AppActivity]: ViewPostIme
pointer 1
12-15 16:29:23.824 18425 18547 D jswrapper: JS: SendSocketData main:200 sub:113
12-15 16:29:23.882 18425 18547 D jswrapper: JS: main=3, sub=101
12-15 16:29:23.882 18425 18547 D jswrapper: JS: GameBase onEventUserScore 用户积分
12-15 16:29:23.883 18425 18547 D jswrapper: JS: main=200, sub=149
12-15 16:29:23.883 18425 18547 D jswrapper: JS: SGLB::结果
12-15 16:29:23.883 18425 18547 D jswrapper: JS: [object Object]
12-15 16:29:23.883 18425 18547 D jswrapper: JS: 0
12-15 16:29:23.883 18425 18547 D jswrapper: JS: this._nFreeCount<=0?????
12-15 16:29:23.887 18425 18547 D jswrapper: JS:
5,0,5,2,5,3,0,7,1,3,0,7,1,4,7,4,5,3,0,7,1,4,2,12,0,4,0,12,0,3,3,6,7,5,10,0,0,4,0,12
,0,3,10,1,12,1,10,3,0,8,7,0,2,8,9,0,0,2,10,3,0,8,7,14,0,12,6,14,0,12,5,7,9,4,14,0,1
2,5,7,14,0,12,5,7,3,1,4,13,3,9,10,8,10,9,10,8,10,8,2,4,3,9,10,8,10
12-15 16:29:23.887 18425 18547 D jswrapper: JS: 0,2,1,0,1,5,12,12,12,4,2,0,1,6,13
12-15 16:29:26.020 18425 18547 D jswrapper: JS: showGameWinScore:580
12-15 16:29:26.341 18425 18547 D jswrapper: JS: showGameEnd
12-15 16:29:26.341 18425 18547 D jswrapper: JS: winTimes:43
12-15 16:29:30.970 18425 18425 I ViewRootImpl@17bc549[AppActivity]: ViewPostIme
pointer 0
12-15 16:29:30.971 18425 18547 D jswrapper: JS: main=3, sub=530
12-15 16:29:30.971 18425 18547 D jswrapper: JS: [object Object]
12-15 16:29:30.971 18425 18547 D jswrapper: JS: 512
12-15 16:29:30.971 18425 18547 D jswrapper: JS: SendSocketData main:100 sub:512
12-15 16:29:31.044 18425 18547 D jswrapper: JS: main=100, sub=513
12-15 16:29:31.044 18425 18547 D jswrapper: JS: 收到框架消息::513
12-15 16:29:31.045 18425 18547 D jswrapper: JS: [object Object]
12-15 16:29:31.045 18425 18547 D jswrapper: JS: main=100, sub=513
12-15 16:29:31.045 18425 18547 D jswrapper: JS: 收到框架消息::513
12-15 16:29:31.045 18425 18547 D jswrapper: JS: [object Object]
12-15 16:29:31.045 18425 18547 D jswrapper: JS: main=100, sub=513
12-15 16:29:31.046 18425 18547 D jswrapper: JS: 收到框架消息::513
12-15 16:29:31.046 18425 18547 D jswrapper: JS: [object Object]
12-15 16:29:31.046 18425 18547 D jswrapper: JS: main=100, sub=513
12-15 16:29:31.046 18425 18547 D jswrapper: JS: 收到框架消息::513
12-15 16:29:31.046 18425 18547 D jswrapper: JS: [object Object]
12-15 16:29:31.046 18425 18547 D jswrapper: JS: main=100, sub=513
12-15 16:29:31.046 18425 18547 D jswrapper: JS: 收到框架消息::513
12-15 16:29:31.046 18425 18547 D jswrapper: JS: [object Object]
12-15 16:29:31.046 18425 18547 D jswrapper: JS: main=100, sub=513
12-15 16:29:31.047 18425 18547 D jswrapper: JS: 收到框架消息::513
12-15 16:29:31.047 18425 18547 D jswrapper: JS: [object Object]
12-15 16:29:31.047 18425 18547 D jswrapper: JS: main=100, sub=513
12-15 16:29:31.047 18425 18547 D jswrapper: JS: 收到框架消息::513
12-15 16:29:31.047 18425 18547 D jswrapper: JS: [object Object]
12-15 16:29:31.047 18425 18547 D jswrapper: JS: main=100, sub=513
12-15 16:29:31.047 18425 18547 D jswrapper: JS: 收到框架消息::513
12-15 16:29:31.048 18425 18547 D jswrapper: JS: [object Object]
12-15 16:29:31.049 18425 18547 D jswrapper: JS: main=100, sub=513
12-15 16:29:31.049 18425 18547 D jswrapper: JS: 收到框架消息::513
12-15 16:29:31.049 18425 18547 D jswrapper: JS: [object Object]
12-15 16:29:31.049 18425 18547 D jswrapper: JS: main=100, sub=513
12-15 16:29:31.049 18425 18547 D jswrapper: JS: 收到框架消息::513
12-15 16:29:31.049 18425 18547 D jswrapper: JS: [object Object]
12-15 16:29:31.102 18425 18425 I ViewRootImpl@17bc549[AppActivity]: ViewPostIme
pointer 1
12-15 16:29:31.131 18425 18547 D jswrapper: JS: SendSocketData main:200 sub:113
12-15 16:29:31.162 18425 18547 D jswrapper: JS: main=3, sub=101
12-15 16:29:31.162 18425 18547 D jswrapper: JS: GameBase onEventUserScore 用户积分
12-15 16:29:31.162 18425 18547 D jswrapper: JS: main=200, sub=149
12-15 16:29:31.162 18425 18547 D jswrapper: JS: SGLB::结果
12-15 16:29:31.162 18425 18547 D jswrapper: JS: [object Object]
12-15 16:29:31.162 18425 18547 D jswrapper: JS: 0
12-15 16:29:31.162 18425 18547 D jswrapper: JS: this._nFreeCount<=0?????
12-15 16:29:31.165 18425 18547 D jswrapper: JS:
5,6,9,4,5,0,5,2,1,0,5,2,1,4,7,4,5,0,5,2,1,4,16,5,6,4,2,12,0,3,3,6,7,5,10,0,0,4,2,12
,0,3,10,12,4,2,10,1,12,1,0,0,2,8,9,0,0,2,10,1,12,1,0,14,5,7,2,14,0,12,6,12,9,4,14,0
,12,6,12,14,0,12,6,12,3,8,10,1,3,1,4,13,10,1,4,13,10,9,0,8,3,1,4,13,10
12-15 16:29:31.165 18425 18547 D jswrapper: JS: 6,16,12,5,8,9,5,4,7,10,4,6,2,2,1
12-15 16:29:31.168 18425 18547 D jswrapper: JS: main=200, sub=152
12-15 16:29:31.169 18425 18547 D jswrapper: JS: JACKPOT:{"lJackPot":
[7181,13773,7984,97653,45709]}
12-15 16:29:33.362 18425 18547 D jswrapper: JS: showGameWinScore:200
12-15 16:29:33.661 18425 18547 D jswrapper: JS: showGameEnd
12-15 16:29:33.661 18425 18547 D jswrapper: JS: winTimes:15
12-15 16:29:35.799 18425 18425 I ViewRootImpl@17bc549[AppActivity]: ViewPostIme
pointer 0
12-15 16:29:35.941 18425 18425 I ViewRootImpl@17bc549[AppActivity]: ViewPostIme
pointer 1
12-15 16:29:35.974 18425 18547 D jswrapper: JS: SendSocketData main:200 sub:113
12-15 16:29:36.006 18425 18547 D jswrapper: JS: main=3, sub=101
12-15 16:29:36.006 18425 18547 D jswrapper: JS: GameBase onEventUserScore 用户积分
12-15 16:29:36.006 18425 18547 D jswrapper: JS: main=200, sub=149
12-15 16:29:36.006 18425 18547 D jswrapper: JS: SGLB::结果
12-15 16:29:36.006 18425 18547 D jswrapper: JS: [object Object]
12-15 16:29:36.006 18425 18547 D jswrapper: JS: 0
12-15 16:29:36.006 18425 18547 D jswrapper: JS: this._nFreeCount<=0?????
12-15 16:29:36.008 18425 18547 D jswrapper: JS:
5,4,0,2,5,6,9,4,1,6,9,4,1,4,7,4,5,6,9,4,1,4,15,10,4,4,16,5,6,3,3,6,7,5,10,0,0,4,16,
5,6,3,10,8,3,1,10,12,4,2,12,0,2,8,9,0,0,2,10,12,4,2,12,14,4,8,1,14,5,7,2,0,2,4,14,5
,7,2,0,14,5,7,2,0,3,9,2,3,3,8,10,1,1,8,10,1,1,0,6,3,3,8,10,1,1
12-15 16:29:36.009 18425 18547 D jswrapper: JS: 4,15,8,4,9,0,10,3,8,2,2,4,1,1,3
12-15 16:29:38.205 18425 18547 D jswrapper: JS: showGameWinScore:0
12-15 16:29:38.513 18425 18547 D jswrapper: JS: showGameEnd
12-15 16:29:38.674 18425 18425 I ViewRootImpl@17bc549[AppActivity]: ViewPostIme
pointer 0
12-15 16:29:38.821 18425 18425 I ViewRootImpl@17bc549[AppActivity]: ViewPostIme
pointer 1
12-15 16:29:38.865 18425 18547 D jswrapper: JS: SendSocketData main:200 sub:113
12-15 16:29:38.920 18425 18547 D jswrapper: JS: main=3, sub=101
12-15 16:29:38.924 18425 18547 D jswrapper: JS: GameBase onEventUserScore 用户积分
12-15 16:29:38.925 18425 18547 D jswrapper: JS: main=200, sub=149
12-15 16:29:38.925 18425 18547 D jswrapper: JS: SGLB::结果
12-15 16:29:38.925 18425 18547 D jswrapper: JS: [object Object]
12-15 16:29:38.925 18425 18547 D jswrapper: JS: 0
12-15 16:29:38.925 18425 18547 D jswrapper: JS: this._nFreeCount<=0?????
12-15 16:29:38.930 18425 18547 D jswrapper: JS:
5,3,0,4,5,4,0,2,1,4,0,2,1,4,7,4,5,4,0,2,1,4,9,1,3,4,15,10,4,3,3,6,7,5,10,0,0,4,15,1
0,4,3,10,12,12,0,10,8,3,1,4,0,2,8,9,0,0,2,10,8,3,1,4,14,16,0,8,14,4,8,1,9,3,8,14,4,
8,1,9,14,4,8,1,9,3,3,5,3,3,9,2,3,3,9,2,3,3,9,0,5,3,9,2,3,3
12-15 16:29:38.930 18425 18547 D jswrapper: JS: 3,9,12,16,3,0,1,12,0,5,4,3,0,8,3
12-15 16:29:38.933 18425 18547 D jswrapper: JS: main=3, sub=102
12-15 16:29:38.933 18425 18547 D jswrapper: JS:
OnSocketSubUserStatus::dwUserID::2727209
12-15 16:29:38.933 18425 18547 D jswrapper: JS: OnSocketSubUserStatus::UserStatus::
{"wTableID":5,"wChairID":0,"cbUserStatus":5}
12-15 16:29:38.933 18425 18547 D jswrapper: JS: UpdateUserItemStatus::以往数据::
{"wTableID":5,"wChairID":0,"cbUserStatus":2}
12-15 16:29:38.933 18425 18547 D jswrapper: JS: GameBase onEventUserStatus 用户状态
12-15 16:29:38.933 18425 18547 D jswrapper: JS: main=100, sub=401
12-15 16:29:38.934 18425 18547 D jswrapper: JS: 收到框架消息::401
12-15 16:29:38.934 18425 18547 D jswrapper: JS: 收到唯一对局码: (2311005167113257435)
12-15 16:29:38.934 18425 18547 D jswrapper: JS: main=3, sub=101
12-15 16:29:38.934 18425 18547 D jswrapper: JS: GameBase onEventUserScore 用户积分
12-15 16:29:38.934 18425 18547 D jswrapper: JS: main=3, sub=102
12-15 16:29:38.934 18425 18547 D jswrapper: JS:
OnSocketSubUserStatus::dwUserID::2727209
12-15 16:29:38.934 18425 18547 D jswrapper: JS: OnSocketSubUserStatus::UserStatus::
{"wTableID":5,"wChairID":0,"cbUserStatus":2}
12-15 16:29:38.934 18425 18547 D jswrapper: JS: UpdateUserItemStatus::以往数据::
{"wTableID":5,"wChairID":0,"cbUserStatus":5}
12-15 16:29:38.934 18425 18547 D jswrapper: JS: GameBase onEventUserStatus 用户状态
12-15 16:29:41.089 18425 18547 D jswrapper: JS: showGameWinScore:240
12-15 16:29:41.385 18425 18547 D jswrapper: JS: showGameEnd
12-15 16:29:41.385 18425 18547 D jswrapper: JS: winTimes:18
12-15 16:29:44.235 18425 18425 I ViewRootImpl@17bc549[AppActivity]: ViewPostIme
pointer 0
12-15 16:29:44.367 18425 18425 I ViewRootImpl@17bc549[AppActivity]: ViewPostIme
pointer 1
12-15 16:29:44.394 18425 18547 D jswrapper: JS: SendSocketData main:200 sub:113
12-15 16:29:44.451 18425 18547 D jswrapper: JS: main=3, sub=101
12-15 16:29:44.451 18425 18547 D jswrapper: JS: GameBase onEventUserScore 用户积分
12-15 16:29:44.452 18425 18547 D jswrapper: JS: main=200, sub=149
12-15 16:29:44.452 18425 18547 D jswrapper: JS: SGLB::结果
12-15 16:29:44.452 18425 18547 D jswrapper: JS: [object Object]
12-15 16:29:44.452 18425 18547 D jswrapper: JS: 0
12-15 16:29:44.452 18425 18547 D jswrapper: JS: this._nFreeCount<=0?????
12-15 16:29:44.457 18425 18547 D jswrapper: JS:
5,4,1,0,5,3,0,4,1,3,0,4,1,4,7,4,5,3,0,4,1,4,12,8,0,4,9,1,3,3,3,6,7,5,10,0,0,4,9,1,3
,3,10,0,2,1,10,12,12,0,3,0,2,8,9,0,0,2,10,12,12,0,3,14,9,1,3,14,16,0,8,0,1,3,14,16,
0,8,0,14,16,0,8,0,3,2,5,1,3,3,5,3,2,3,5,3,2,10,4,8,3,3,5,3,2
12-15 16:29:44.457 18425 18547 D jswrapper: JS: 4,12,0,9,2,1,8,2,1,5,0,0,1,3,1
12-15 16:29:46.457 18425 18425 I ViewRootImpl@17bc549[AppActivity]: ViewPostIme
pointer 0
12-15 16:29:46.606 18425 18425 I ViewRootImpl@17bc549[AppActivity]: ViewPostIme
pointer 1
12-15 16:29:46.612 18425 18547 D jswrapper: JS: showGameWinScore:80
12-15 16:29:46.910 18425 18547 D jswrapper: JS: showGameEnd
12-15 16:29:46.910 18425 18547 D jswrapper: JS: winTimes:6
12-15 16:29:48.431 18425 18425 I ViewRootImpl@17bc549[AppActivity]: ViewPostIme
pointer 0
12-15 16:29:48.564 18425 18425 I ViewRootImpl@17bc549[AppActivity]: ViewPostIme
pointer 1
12-15 16:29:48.597 18425 18547 D jswrapper: JS: SendSocketData main:200 sub:113
12-15 16:29:48.653 18425 18547 D jswrapper: JS: main=3, sub=101
12-15 16:29:48.653 18425 18547 D jswrapper: JS: GameBase onEventUserScore 用户积分
12-15 16:29:48.653 18425 18547 D jswrapper: JS: main=200, sub=149
12-15 16:29:48.653 18425 18547 D jswrapper: JS: SGLB::结果
12-15 16:29:48.654 18425 18547 D jswrapper: JS: [object Object]
12-15 16:29:48.654 18425 18547 D jswrapper: JS: 0
12-15 16:29:48.654 18425 18547 D jswrapper: JS: this._nFreeCount<=0?????
12-15 16:29:48.659 18425 18547 D jswrapper: JS:
5,1,5,0,5,4,1,0,1,4,1,0,1,4,7,4,5,4,1,0,1,4,1,0,3,4,12,8,0,3,3,6,7,5,10,0,0,4,12,8,
0,3,10,2,12,1,10,0,2,1,12,0,2,8,9,0,0,2,10,0,2,1,12,14,3,5,9,14,9,1,3,4,3,1,14,9,1,
3,4,14,9,1,3,4,3,12,7,6,3,2,5,1,2,2,5,1,2,10,10,8,3,2,5,1,2
12-15 16:29:48.659 18425 18547 D jswrapper: JS: 1,1,2,3,12,5,0,12,5,7,0,3,1,9,6
12-15 16:29:50.662 18425 18425 I ViewRootImpl@17bc549[AppActivity]: ViewPostIme
pointer 0
12-15 16:29:50.785 18425 18425 I ViewRootImpl@17bc549[AppActivity]: ViewPostIme
pointer 1
12-15 16:29:50.827 18425 18547 D jswrapper: JS: showGameWinScore:100
12-15 16:29:51.123 18425 18547 D jswrapper: JS: showGameEnd
12-15 16:29:51.124 18425 18547 D jswrapper: JS: winTimes:7
12-15 16:29:51.358 18425 18547 D jswrapper: JS: main=3, sub=530
12-15 16:29:51.360 18425 18547 D jswrapper: JS: [object Object]
12-15 16:29:51.361 18425 18547 D jswrapper: JS: 512
12-15 16:29:51.361 18425 18547 D jswrapper: JS: SendSocketData main:100 sub:512
12-15 16:29:51.383 18425 18547 D jswrapper: JS: main=100, sub=513
12-15 16:29:51.383 18425 18547 D jswrapper: JS: 收到框架消息::513
12-15 16:29:51.383 18425 18547 D jswrapper: JS: [object Object]
12-15 16:29:51.383 18425 18547 D jswrapper: JS: main=100, sub=513
12-15 16:29:51.384 18425 18547 D jswrapper: JS: 收到框架消息::513
12-15 16:29:51.384 18425 18547 D jswrapper: JS: [object Object]
12-15 16:29:51.384 18425 18547 D jswrapper: JS: main=100, sub=513
12-15 16:29:51.384 18425 18547 D jswrapper: JS: 收到框架消息::513
12-15 16:29:51.384 18425 18547 D jswrapper: JS: [object Object]
12-15 16:29:51.384 18425 18547 D jswrapper: JS: main=100, sub=513
12-15 16:29:51.384 18425 18547 D jswrapper: JS: 收到框架消息::513
12-15 16:29:51.384 18425 18547 D jswrapper: JS: [object Object]
12-15 16:29:51.385 18425 18547 D jswrapper: JS: main=100, sub=513
12-15 16:29:51.385 18425 18547 D jswrapper: JS: 收到框架消息::513
12-15 16:29:51.385 18425 18547 D jswrapper: JS: [object Object]
12-15 16:29:51.385 18425 18547 D jswrapper: JS: main=100, sub=513
12-15 16:29:51.385 18425 18547 D jswrapper: JS: 收到框架消息::513
12-15 16:29:51.385 18425 18547 D jswrapper: JS: [object Object]
12-15 16:29:51.385 18425 18547 D jswrapper: JS: main=100, sub=513
12-15 16:29:51.385 18425 18547 D jswrapper: JS: 收到框架消息::513
12-15 16:29:51.385 18425 18547 D jswrapper: JS: [object Object]
12-15 16:29:51.385 18425 18547 D jswrapper: JS: main=100, sub=513
12-15 16:29:51.385 18425 18547 D jswrapper: JS: 收到框架消息::513
12-15 16:29:51.386 18425 18547 D jswrapper: JS: [object Object]
12-15 16:29:51.386 18425 18547 D jswrapper: JS: main=100, sub=513
12-15 16:29:51.386 18425 18547 D jswrapper: JS: 收到框架消息::513
12-15 16:29:51.386 18425 18547 D jswrapper: JS: [object Object]
12-15 16:29:51.386 18425 18547 D jswrapper: JS: main=100, sub=513
12-15 16:29:51.386 18425 18547 D jswrapper: JS: 收到框架消息::513
12-15 16:29:51.386 18425 18547 D jswrapper: JS: [object Object]
12-15 16:29:54.183 18425 18425 I ViewRootImpl@17bc549[AppActivity]: ViewPostIme
pointer 0
12-15 16:29:54.341 18425 18425 I ViewRootImpl@17bc549[AppActivity]: ViewPostIme
pointer 1
12-15 16:29:54.389 18425 18547 D jswrapper: JS: SendSocketData main:200 sub:113
12-15 16:29:54.444 18425 18547 D jswrapper: JS: main=3, sub=101
12-15 16:29:54.444 18425 18547 D jswrapper: JS: GameBase onEventUserScore 用户积分
12-15 16:29:54.444 18425 18547 D jswrapper: JS: main=200, sub=149
12-15 16:29:54.444 18425 18547 D jswrapper: JS: SGLB::结果
12-15 16:29:54.445 18425 18547 D jswrapper: JS: [object Object]
12-15 16:29:54.445 18425 18547 D jswrapper: JS: 0
12-15 16:29:54.445 18425 18547 D jswrapper: JS: this._nFreeCount<=0?????
12-15 16:29:54.448 18425 18547 D jswrapper: JS:
5,0,5,2,5,1,5,0,1,1,5,0,1,4,7,4,5,1,5,0,1,4,10,5,5,4,1,0,3,3,3,6,7,5,10,0,0,4,1,0,3
,3,10,1,1,7,10,2,12,1,2,0,2,8,9,0,0,2,10,2,12,1,2,14,7,4,4,14,3,5,9,3,7,4,14,3,5,9,
3,14,3,5,9,3,3,0,2,1,3,12,7,6,0,12,7,6,0,1,1,0,3,12,7,6,0
12-15 16:29:54.449 18425 18547 D jswrapper: JS: 0,10,1,7,0,5,5,1,4,2,2,5,7,4,1
12-15 16:29:56.614 18425 18547 D jswrapper: JS: showGameWinScore:0
12-15 16:29:56.929 18425 18547 D jswrapper: JS: showGameEnd
12-15 16:29:57.909 18425 18425 I ViewRootImpl@17bc549[AppActivity]: ViewPostIme
pointer 0
12-15 16:29:58.014 18425 18425 I ViewRootImpl@17bc549[AppActivity]: ViewPostIme
pointer 1
12-15 16:29:58.049 18425 18547 D jswrapper: JS: SendSocketData main:200 sub:113
12-15 16:29:58.106 18425 18547 D jswrapper: JS: main=3, sub=101
12-15 16:29:58.106 18425 18547 D jswrapper: JS: GameBase onEventUserScore 用户积分
12-15 16:29:58.107 18425 18547 D jswrapper: JS: main=200, sub=149
12-15 16:29:58.107 18425 18547 D jswrapper: JS: SGLB::结果
12-15 16:29:58.107 18425 18547 D jswrapper: JS: [object Object]
12-15 16:29:58.107 18425 18547 D jswrapper: JS: 0
12-15 16:29:58.107 18425 18547 D jswrapper: JS: this._nFreeCount<=0?????
12-15 16:29:58.111 18425 18547 D jswrapper: JS:
5,0,2,3,5,0,5,2,1,0,5,2,1,4,7,4,5,0,5,2,1,4,0,2,0,4,10,5,5,3,3,6,7,5,10,0,0,4,10,5,
5,3,10,0,0,0,10,1,1,7,12,0,2,8,9,0,0,2,10,1,1,7,12,14,1,8,8,14,7,4,4,7,6,5,14,7,4,4
,7,14,7,4,4,7,3,2,3,2,3,0,2,1,8,0,2,1,8,3,12,4,3,0,2,1,8
12-15 16:29:58.111 18425 18547 D jswrapper: JS: 0,0,0,1,2,2,2,0,8,3,3,0,0,8,2
12-15 16:29:59.563 18425 18547 D jswrapper: JS: main=200, sub=152
12-15 16:29:59.564 18425 18547 D jswrapper: JS: JACKPOT:{"lJackPot":
[6273,14264,8475,97784,46023]}
12-15 16:30:00.255 18425 18547 D jswrapper: JS: showGameWinScore:140
12-15 16:30:00.560 18425 18547 D jswrapper: JS: showGameEnd
12-15 16:30:00.561 18425 18547 D jswrapper: JS: winTimes:10
12-15 16:30:03.060 18425 18425 I ViewRootImpl@17bc549[AppActivity]: ViewPostIme
pointer 0
12-15 16:30:03.225 18425 18425 I ViewRootImpl@17bc549[AppActivity]: ViewPostIme
pointer 1
12-15 16:30:03.266 18425 18547 D jswrapper: JS: SendSocketData main:200 sub:113
12-15 16:30:03.297 18425 18547 D jswrapper: JS: main=3, sub=101
12-15 16:30:03.297 18425 18547 D jswrapper: JS: GameBase onEventUserScore 用户积分
12-15 16:30:03.298 18425 18547 D jswrapper: JS: main=200, sub=149
12-15 16:30:03.298 18425 18547 D jswrapper: JS: SGLB::结果
12-15 16:30:03.299 18425 18547 D jswrapper: JS: [object Object]
12-15 16:30:03.299 18425 18547 D jswrapper: JS: 0
12-15 16:30:03.299 18425 18547 D jswrapper: JS: this._nFreeCount<=0?????
12-15 16:30:03.303 18425 18547 D jswrapper: JS:
5,0,0,2,5,0,2,3,1,0,2,3,1,4,7,4,5,0,2,3,1,4,5,6,6,4,0,2,0,3,3,6,7,5,10,0,0,4,0,2,0,
3,10,1,4,12,10,0,0,0,1,0,2,8,9,0,0,2,10,0,0,0,1,14,2,5,1,14,1,8,8,7,12,10,14,1,8,8,
7,14,1,8,8,7,3,7,2,6,3,2,3,2,8,2,3,2,8,9,7,10,3,2,3,2,8
12-15 16:30:03.303 18425 18547 D jswrapper: JS: 0,5,1,2,7,0,6,4,5,2,2,6,12,1,6
12-15 16:30:05.473 18425 18547 D jswrapper: JS: showGameWinScore:0
12-15 16:30:05.774 18425 18547 D jswrapper: JS: showGameEnd
12-15 16:30:06.615 18425 18425 I ViewRootImpl@17bc549[AppActivity]: ViewPostIme
pointer 0
12-15 16:30:06.755 18425 18425 I ViewRootImpl@17bc549[AppActivity]: ViewPostIme
pointer 1
12-15 16:30:06.783 18425 18547 D jswrapper: JS: SendSocketData main:200 sub:113
12-15 16:30:06.839 18425 18547 D jswrapper: JS: main=3, sub=101
12-15 16:30:06.840 18425 18547 D jswrapper: JS: GameBase onEventUserScore 用户积分
12-15 16:30:06.840 18425 18547 D jswrapper: JS: main=200, sub=149
12-15 16:30:06.840 18425 18547 D jswrapper: JS: SGLB::结果
12-15 16:30:06.840 18425 18547 D jswrapper: JS: [object Object]
12-15 16:30:06.840 18425 18547 D jswrapper: JS: 0
12-15 16:30:06.840 18425 18547 D jswrapper: JS: this._nFreeCount<=0?????
12-15 16:30:06.845 18425 18547 D jswrapper: JS:
5,0,7,3,5,0,0,2,1,0,0,2,1,4,7,4,5,0,0,2,1,4,0,4,14,4,5,6,6,3,3,6,7,5,10,0,0,4,5,6,6
,3,10,10,1,12,10,1,4,12,0,0,2,8,9,0,0,2,10,1,4,12,0,14,2,0,6,14,2,5,1,14,6,8,14,2,5
,1,14,14,2,5,1,14,3,3,5,6,3,7,2,6,10,7,2,6,10,8,1,10,3,7,2,6,10
12-15 16:30:06.845 18425 18547 D jswrapper: JS: 0,0,10,2,3,7,4,1,0,5,3,14,12,6,6
12-15 16:30:09.022 18425 18547 D jswrapper: JS: showGameWinScore:20
12-15 16:30:09.318 18425 18547 D jswrapper: JS: showGameEnd
12-15 16:30:09.319 18425 18547 D jswrapper: JS: winTimes:1
12-15 16:30:09.396 18425 18547 D jswrapper: JS: main=200, sub=152
12-15 16:30:09.396 18425 18547 D jswrapper: JS: JACKPOT:{"lJackPot":
[6478,14469,8680,97841,46151]}
12-15 16:30:10.912 18425 18425 I ViewRootImpl@17bc549[AppActivity]: ViewPostIme
pointer 0
12-15 16:30:11.044 18425 18425 I ViewRootImpl@17bc549[AppActivity]: ViewPostIme
pointer 1
12-15 16:30:11.092 18425 18547 D jswrapper: JS: SendSocketData main:200 sub:113
12-15 16:30:11.148 18425 18547 D jswrapper: JS: main=3, sub=101
12-15 16:30:11.148 18425 18547 D jswrapper: JS: GameBase onEventUserScore 用户积分
12-15 16:30:11.148 18425 18547 D jswrapper: JS: main=200, sub=149
12-15 16:30:11.148 18425 18547 D jswrapper: JS: SGLB::结果
12-15 16:30:11.149 18425 18547 D jswrapper: JS: [object Object]
12-15 16:30:11.149 18425 18547 D jswrapper: JS: 0
12-15 16:30:11.149 18425 18547 D jswrapper: JS: this._nFreeCount<=0?????
12-15 16:30:11.154 18425 18547 D jswrapper: JS:
5,3,13,5,5,0,7,3,1,0,7,3,1,4,7,4,5,0,7,3,1,4,1,4,1,4,0,4,14,3,3,6,7,5,10,0,0,4,0,4,
14,3,10,0,6,1,10,10,1,12,4,0,2,8,9,0,0,2,10,10,1,12,4,14,4,1,4,14,2,0,6,3,6,2,14,2,
0,6,3,14,2,0,6,3,3,10,0,2,3,3,5,6,6,3,5,6,6,1,3,7,3,3,5,6,6
12-15 16:30:11.154 18425 18547 D jswrapper: JS: 3,1,0,4,10,13,4,6,1,0,5,1,1,4,2
12-15 16:30:13.287 18425 18547 D jswrapper: JS: showGameWinScore:0
12-15 16:30:13.607 18425 18547 D jswrapper: JS: showGameEnd
12-15 16:30:14.166 18425 18425 I ViewRootImpl@17bc549[AppActivity]: ViewPostIme
pointer 0
12-15 16:30:14.298 18425 18425 I ViewRootImpl@17bc549[AppActivity]: ViewPostIme
pointer 1
12-15 16:30:14.339 18425 18547 D jswrapper: JS: SendSocketData main:200 sub:113
12-15 16:30:14.394 18425 18547 D jswrapper: JS: main=3, sub=101
12-15 16:30:14.395 18425 18547 D jswrapper: JS: GameBase onEventUserScore 用户积分
12-15 16:30:14.395 18425 18547 D jswrapper: JS: main=200, sub=149
12-15 16:30:14.395 18425 18547 D jswrapper: JS: SGLB::结果
12-15 16:30:14.395 18425 18547 D jswrapper: JS: [object Object]
12-15 16:30:14.395 18425 18547 D jswrapper: JS: 0
12-15 16:30:14.395 18425 18547 D jswrapper: JS: this._nFreeCount<=0?????
12-15 16:30:14.400 18425 18547 D jswrapper: JS:
5,1,1,14,5,3,13,5,1,3,13,5,1,4,7,4,5,3,13,5,1,4,13,12,0,4,1,4,1,3,3,6,7,5,10,0,0,4,
1,4,1,3,10,0,0,6,10,0,6,1,1,0,2,8,9,0,0,2,10,0,6,1,1,14,4,7,2,14,4,1,4,1,2,10,14,4,
1,4,1,14,4,1,4,1,3,17,4,0,3,10,0,2,9,10,0,2,9,8,10,2,3,10,0,2,9
12-15 16:30:14.400 18425 18547 D jswrapper: JS: 1,13,0,4,17,1,12,0,7,4,14,0,6,2,0
12-15 16:30:14.911 18425 18547 D jswrapper: JS: main=200, sub=152
12-15 16:30:14.911 18425 18547 D jswrapper: JS: JACKPOT:{"lJackPot":
[6516,14507,8718,97848,46175]}
12-15 16:30:16.564 18425 18547 D jswrapper: JS: showGameWinScore:0
12-15 16:30:16.590 18425 18425 I ViewRootImpl@17bc549[AppActivity]: ViewPostIme
pointer 0
12-15 16:30:16.713 18425 18425 I ViewRootImpl@17bc549[AppActivity]: ViewPostIme
pointer 1
12-15 16:30:16.860 18425 18547 D jswrapper: JS: showGameEnd
12-15 16:30:17.780 18425 18425 I ViewRootImpl@17bc549[AppActivity]: ViewPostIme
pointer 0
12-15 16:30:17.879 18425 18425 I ViewRootImpl@17bc549[AppActivity]: ViewPostIme
pointer 1
12-15 16:30:17.926 18425 18547 D jswrapper: JS: SendSocketData main:200 sub:113
12-15 16:30:17.985 18425 18547 D jswrapper: JS: main=3, sub=101
12-15 16:30:17.985 18425 18547 D jswrapper: JS: GameBase onEventUserScore 用户积分
12-15 16:30:17.985 18425 18547 D jswrapper: JS: main=200, sub=149
12-15 16:30:17.986 18425 18547 D jswrapper: JS: SGLB::结果
12-15 16:30:17.986 18425 18547 D jswrapper: JS: [object Object]
12-15 16:30:17.986 18425 18547 D jswrapper: JS: 0
12-15 16:30:17.986 18425 18547 D jswrapper: JS: this._nFreeCount<=0?????
12-15 16:30:17.991 18425 18547 D jswrapper: JS:
5,0,6,2,5,1,1,14,1,1,1,14,1,4,7,4,5,1,1,14,1,4,0,1,12,4,13,12,0,3,3,6,7,5,10,0,0,4,
13,12,0,3,10,6,5,12,10,0,0,6,6,0,2,8,9,0,0,2,10,0,0,6,6,14,10,3,4,14,4,7,2,1,14,7,1
4,4,7,2,1,14,4,7,2,1,3,1,3,0,3,17,4,0,4,17,4,0,4,7,4,15,3,17,4,0,4
12-15 16:30:17.992 18425 18547 D jswrapper: JS: 0,0,6,10,1,6,1,5,3,3,2,12,12,4,0
12-15 16:30:20.158 18425 18547 D jswrapper: JS: showGameWinScore:500
12-15 16:30:20.455 18425 18547 D jswrapper: JS: showGameEnd
12-15 16:30:20.455 18425 18547 D jswrapper: JS: winTimes:37
12-15 16:30:22.801 18425 18425 I ViewRootImpl@17bc549[AppActivity]: ViewPostIme
pointer 0
12-15 16:30:22.923 18425 18425 I ViewRootImpl@17bc549[AppActivity]: ViewPostIme
pointer 1
12-15 16:30:22.949 18425 18547 D jswrapper: JS: SendSocketData main:200 sub:113
12-15 16:30:23.005 18425 18547 D jswrapper: JS: main=3, sub=101
12-15 16:30:23.005 18425 18547 D jswrapper: JS: GameBase onEventUserScore 用户积分
12-15 16:30:23.006 18425 18547 D jswrapper: JS: main=200, sub=149
12-15 16:30:23.006 18425 18547 D jswrapper: JS: SGLB::结果
12-15 16:30:23.006 18425 18547 D jswrapper: JS: [object Object]
12-15 16:30:23.006 18425 18547 D jswrapper: JS: 0
12-15 16:30:23.006 18425 18547 D jswrapper: JS: this._nFreeCount<=0?????
12-15 16:30:23.011 18425 18547 D jswrapper: JS:
5,0,7,4,5,0,6,2,1,0,6,2,1,4,7,4,5,0,6,2,1,4,2,0,4,4,0,1,12,3,3,6,7,5,10,0,0,4,0,1,1
2,3,10,3,0,3,10,6,5,12,0,0,2,8,9,0,0,2,10,6,5,12,0,14,7,0,0,14,10,3,4,1,1,10,14,10,
3,4,1,14,10,3,4,1,3,3,3,4,3,1,3,0,3,1,3,0,3,0,5,6,3,1,3,0,3
12-15 16:30:23.011 18425 18547 D jswrapper: JS: 0,2,3,7,3,7,0,0,0,3,4,4,3,0,4
12-15 16:30:25.023 18425 18425 I ViewRootImpl@17bc549[AppActivity]: ViewPostIme
pointer 0
12-15 16:30:25.160 18425 18547 D jswrapper: JS: showGameWinScore:40
12-15 16:30:25.171 18425 18425 I ViewRootImpl@17bc549[AppActivity]: ViewPostIme
pointer 1
12-15 16:30:25.455 18425 18547 D jswrapper: JS: showGameEnd
12-15 16:30:25.456 18425 18547 D jswrapper: JS: winTimes:3
12-15 16:30:26.064 18425 18547 D jswrapper: JS: main=200, sub=152
12-15 16:30:26.064 18425 18547 D jswrapper: JS: JACKPOT:{"lJackPot":
[6720,14711,8922,97902,46306]}
12-15 16:30:26.163 18425 18547 D jswrapper: JS: main=200, sub=152
12-15 16:30:26.164 18425 18547 D jswrapper: JS: JACKPOT:{"lJackPot":
[6733,14724,8935,97904,46313]}
12-15 16:30:26.181 18425 18425 I ViewRootImpl@17bc549[AppActivity]: ViewPostIme
pointer 0
12-15 16:30:26.321 18425 18425 I ViewRootImpl@17bc549[AppActivity]: ViewPostIme
pointer 1
12-15 16:30:26.371 18425 18547 D jswrapper: JS: SendSocketData main:200 sub:113
12-15 16:30:26.428 18425 18547 D jswrapper: JS: main=3, sub=101
12-15 16:30:26.428 18425 18547 D jswrapper: JS: GameBase onEventUserScore 用户积分
12-15 16:30:26.429 18425 18547 D jswrapper: JS: main=200, sub=149
12-15 16:30:26.429 18425 18547 D jswrapper: JS: SGLB::结果
12-15 16:30:26.429 18425 18547 D jswrapper: JS: [object Object]
12-15 16:30:26.429 18425 18547 D jswrapper: JS: 0
12-15 16:30:26.429 18425 18547 D jswrapper: JS: this._nFreeCount<=0?????
12-15 16:30:26.434 18425 18547 D jswrapper: JS:
5,16,0,6,5,0,7,4,1,0,7,4,1,4,7,4,5,0,7,4,1,4,0,0,5,4,2,0,4,3,3,6,7,5,10,0,0,4,2,0,4
,3,10,6,17,0,10,3,0,3,5,0,2,8,9,0,0,2,10,3,0,3,5,14,8,12,3,14,7,0,0,1,10,14,14,7,0,
0,1,14,7,0,0,1,3,2,4,1,3,3,3,4,10,3,3,4,10,17,5,4,3,3,3,4,10
12-15 16:30:26.434 18425 18547 D jswrapper: JS: 16,0,6,8,2,0,0,17,12,4,6,5,0,3,1
12-15 16:30:26.438 18425 18547 D jswrapper: JS: main=3, sub=102
12-15 16:30:26.438 18425 18547 D jswrapper: JS:
OnSocketSubUserStatus::dwUserID::2727209
12-15 16:30:26.439 18425 18547 D jswrapper: JS: OnSocketSubUserStatus::UserStatus::
{"wTableID":5,"wChairID":0,"cbUserStatus":5}
12-15 16:30:26.439 18425 18547 D jswrapper: JS: UpdateUserItemStatus::以往数据::
{"wTableID":5,"wChairID":0,"cbUserStatus":2}
12-15 16:30:26.439 18425 18547 D jswrapper: JS: GameBase onEventUserStatus 用户状态
12-15 16:30:26.439 18425 18547 D jswrapper: JS: main=100, sub=401
12-15 16:30:26.439 18425 18547 D jswrapper: JS: 收到框架消息::401
12-15 16:30:26.439 18425 18547 D jswrapper: JS: 收到唯一对局码: (2311005167113262185)
12-15 16:30:26.439 18425 18547 D jswrapper: JS: main=3, sub=101
12-15 16:30:26.439 18425 18547 D jswrapper: JS: GameBase onEventUserScore 用户积分
12-15 16:30:26.440 18425 18547 D jswrapper: JS: main=3, sub=102
12-15 16:30:26.440 18425 18547 D jswrapper: JS:
OnSocketSubUserStatus::dwUserID::2727209
12-15 16:30:26.440 18425 18547 D jswrapper: JS: OnSocketSubUserStatus::UserStatus::
{"wTableID":5,"wChairID":0,"cbUserStatus":2}
12-15 16:30:26.440 18425 18547 D jswrapper: JS: UpdateUserItemStatus::以往数据::
{"wTableID":5,"wChairID":0,"cbUserStatus":5}
12-15 16:30:26.440 18425 18547 D jswrapper: JS: GameBase onEventUserStatus 用户状态
12-15 16:30:28.592 18425 18547 D jswrapper: JS: showGameWinScore:60
12-15 16:30:28.915 18425 18547 D jswrapper: JS: showGameEnd
12-15 16:30:28.916 18425 18547 D jswrapper: JS: winTimes:4
12-15 16:30:31.044 18425 18425 I ViewRootImpl@17bc549[AppActivity]: ViewPostIme
pointer 0
12-15 16:30:31.157 18425 18425 I ViewRootImpl@17bc549[AppActivity]: ViewPostIme
pointer 1
12-15 16:30:31.197 18425 18547 D jswrapper: JS: SendSocketData main:200 sub:113
12-15 16:30:31.277 18425 18547 D jswrapper: JS: main=3, sub=101
12-15 16:30:31.277 18425 18547 D jswrapper: JS: GameBase onEventUserScore 用户积分
12-15 16:30:31.278 18425 18547 D jswrapper: JS: main=200, sub=149
12-15 16:30:31.278 18425 18547 D jswrapper: JS: SGLB::结果
12-15 16:30:31.278 18425 18547 D jswrapper: JS: [object Object]
12-15 16:30:31.278 18425 18547 D jswrapper: JS: 0
12-15 16:30:31.278 18425 18547 D jswrapper: JS: this._nFreeCount<=0?????
12-15 16:30:31.283 18425 18547 D jswrapper: JS:
5,3,1,2,5,16,0,6,1,16,0,6,1,4,7,4,5,16,0,6,1,4,3,1,4,4,0,0,5,3,3,6,7,5,10,0,0,4,0,0
,5,3,10,0,0,3,10,6,17,0,0,0,2,8,9,0,0,2,10,6,17,0,0,14,1,2,3,14,8,12,3,5,4,9,14,8,1
2,3,5,14,8,12,3,5,3,1,0,3,3,2,4,1,5,2,4,1,5,6,2,10,3,2,4,1,5
12-15 16:30:31.283 18425 18547 D jswrapper: JS: 3,3,0,1,1,1,1,0,2,0,2,4,3,3,3
12-15 16:30:33.391 18425 18547 D jswrapper: JS: showGameWinScore:80
12-15 16:30:33.689 18425 18547 D jswrapper: JS: showGameEnd
12-15 16:30:33.690 18425 18547 D jswrapper: JS: winTimes:6
12-15 16:30:34.166 18425 18547 D jswrapper: JS: main=200, sub=152
12-15 16:30:34.166 18425 18547 D jswrapper: JS: JACKPOT:{"lJackPot":
[6873,14864,9075,97942,46401]}
12-15 16:30:35.197 18425 18425 I ViewRootImpl@17bc549[AppActivity]: ViewPostIme
pointer 0
12-15 16:30:35.320 18425 18425 I ViewRootImpl@17bc549[AppActivity]: ViewPostIme
pointer 1
12-15 16:30:35.362 18425 18547 D jswrapper: JS: SendSocketData main:200 sub:113
12-15 16:30:35.418 18425 18547 D jswrapper: JS: main=3, sub=101
12-15 16:30:35.418 18425 18547 D jswrapper: JS: GameBase onEventUserScore 用户积分
12-15 16:30:35.419 18425 18547 D jswrapper: JS: main=200, sub=149
12-15 16:30:35.420 18425 18547 D jswrapper: JS: SGLB::结果
12-15 16:30:35.420 18425 18547 D jswrapper: JS: [object Object]
12-15 16:30:35.420 18425 18547 D jswrapper: JS: 0
12-15 16:30:35.420 18425 18547 D jswrapper: JS: this._nFreeCount<=0?????
12-15 16:30:35.424 18425 18547 D jswrapper: JS:
5,0,8,1,5,3,1,2,1,3,1,2,1,4,7,4,5,3,1,2,1,4,10,4,1,4,3,1,4,3,3,6,7,5,10,0,0,4,3,1,4
,3,10,8,12,10,10,0,0,3,17,0,2,8,9,0,0,2,10,0,0,3,17,14,16,12,8,14,1,2,3,13,4,2,14,1
,2,3,13,14,1,2,3,13,3,8,5,2,3,1,0,3,9,1,0,3,9,8,3,1,3,1,0,3,9
12-15 16:30:35.425 18425 18547 D jswrapper: JS: 0,10,8,16,8,8,4,12,12,5,1,1,10,8,2
12-15 16:30:37.593 18425 18547 D jswrapper: JS: showGameWinScore:40
12-15 16:30:37.893 18425 18547 D jswrapper: JS: showGameEnd
12-15 16:30:37.894 18425 18547 D jswrapper: JS: winTimes:3
12-15 16:30:40.225 18425 18425 I ViewRootImpl@17bc549[AppActivity]: ViewPostIme
pointer 0
12-15 16:30:40.382 18425 18425 I ViewRootImpl@17bc549[AppActivity]: ViewPostIme
pointer 1
12-15 16:30:40.425 18425 18547 D jswrapper: JS: SendSocketData main:200 sub:113
12-15 16:30:40.481 18425 18547 D jswrapper: JS: main=3, sub=101
12-15 16:30:40.481 18425 18547 D jswrapper: JS: GameBase onEventUserScore 用户积分
12-15 16:30:40.481 18425 18547 D jswrapper: JS: main=200, sub=149
12-15 16:30:40.482 18425 18547 D jswrapper: JS: SGLB::结果
12-15 16:30:40.482 18425 18547 D jswrapper: JS: [object Object]
12-15 16:30:40.482 18425 18547 D jswrapper: JS: 0
12-15 16:30:40.482 18425 18547 D jswrapper: JS: this._nFreeCount<=0?????
12-15 16:30:40.485 18425 18547 D jswrapper: JS:
5,0,0,0,5,0,8,1,1,0,8,1,1,4,7,4,5,0,8,1,1,4,4,0,3,4,10,4,1,3,3,6,7,5,10,0,0,4,10,4,
1,3,10,0,1,1,10,8,12,10,0,0,2,8,9,0,0,2,10,8,12,10,0,14,9,6,3,14,16,12,8,7,7,1,14,1
6,12,8,7,14,16,12,8,7,3,17,0,5,3,8,5,2,7,8,5,2,7,3,2,10,3,8,5,2,7
12-15 16:30:40.485 18425 18547 D jswrapper: JS: 0,4,0,9,17,0,0,1,6,0,0,3,1,3,5
12-15 16:30:42.631 18425 18547 D jswrapper: JS: showGameWinScore:80
12-15 16:30:42.656 18425 18425 I ViewRootImpl@17bc549[AppActivity]: ViewPostIme
pointer 0
12-15 16:30:42.790 18425 18425 I ViewRootImpl@17bc549[AppActivity]: ViewPostIme
pointer 1
12-15 16:30:42.927 18425 18547 D jswrapper: JS: showGameEnd
12-15 16:30:42.927 18425 18547 D jswrapper: JS: winTimes:6
12-15 16:30:43.805 18425 18425 I ViewRootImpl@17bc549[AppActivity]: ViewPostIme
pointer 0
12-15 16:30:43.902 18425 18547 D jswrapper: JS: main=200, sub=152
12-15 16:30:43.903 18425 18547 D jswrapper: JS: JACKPOT:{"lJackPot":
[7012,15003,9214,97974,46487]}
