assets/OLYMPUS/assets/native/2c/2ccb6473-2f91-440b-8cb1-7dd05db49996.mp3 cause by
limited max instance of AudioEngine
12-15 16:23:56.753 18425 18547 D jswrapper: JS: main=200, sub=152
12-15 16:23:56.753 18425 18547 D jswrapper: JS: JACKPOT
12-15 16:23:56.753 18425 18547 D jswrapper: JS: JACKPOT:{"lJackPot":11773}
12-15 16:23:57.297 18425 18547 D jswrapper: JS: [object Object],[object Object],
[object Object],[object Object],[object Object],[object Object],[object Object],
[object Object],[object Object],[object Object],[object Object],[object Object],
[object Object],[object Object],[object Object],[object Object],[object Object],
[object Object],[object Object],[object Object],[object Object],[object Object],
[object Object],[object Object],[object Object],[object Object],[object Object],
[object Object],[object Object],[object Object]
12-15 16:23:57.298 18425 18547 D jswrapper: JS:
0,1,3,2,4,0,1,2,3,4,0,1,4,2,3,2,3,4,0,1,1,0,2,3,4,0,1,2,3,4
12-15 16:23:57.298 18425 18547 D jswrapper: JS:
0,1,2,5,6,7,8,10,11,13,15,17,18,21,23,26,27,29
12-15 16:23:57.299 18425 18547 D jswrapper: JS: 1,0,0,8,4,0,5,3,1,3,2,9,6,5,1,1,0,3
12-15 16:23:58.478 18425 18547 D jswrapper: JS: winTimes:0.65
12-15 16:23:58.478 18425 18547 D jswrapper: JS: showGameEnd
12-15 16:23:58.478 18425 18547 D jswrapper: JS: delayStartNextRoll
12-15 16:23:58.871 18425 18425 I ViewRootImpl@17bc549[AppActivity]: ViewPostIme
pointer 0
12-15 16:23:58.969 18425 18425 I ViewRootImpl@17bc549[AppActivity]: ViewPostIme
pointer 1
12-15 16:23:59.020 18425 18547 D jswrapper: JS: SendSocketData main:200 sub:113
12-15 16:23:59.071 18425 18547 D jswrapper: JS: main=3, sub=101
12-15 16:23:59.072 18425 18547 D jswrapper: JS: GameBase onEventUserScore 用户积分
12-15 16:23:59.072 18425 18547 D jswrapper: JS: main=200, sub=149
12-15 16:23:59.075 18425 18547 D jswrapper: JS: SGLB::结果
12-15 16:23:59.075 18425 18547 D jswrapper: JS: [object Object]
12-15 16:23:59.075 18425 18547 D jswrapper: JS: setRollDatas
12-15 16:23:59.619 18425 18547 D jswrapper: JS: openPrizes2
12-15 16:24:00.643 18425 18547 D jswrapper: JS: showGameEnd
12-15 16:24:00.643 18425 18547 D jswrapper: JS: delayStartNextRoll
12-15 16:24:00.839 18425 18547 D jswrapper: JS: main=200, sub=152
12-15 16:24:00.839 18425 18547 D jswrapper: JS: JACKPOT
12-15 16:24:00.839 18425 18547 D jswrapper: JS: JACKPOT:{"lJackPot":10806}
12-15 16:24:00.943 18425 18425 I ViewRootImpl@17bc549[AppActivity]: ViewPostIme
pointer 0
12-15 16:24:01.067 18425 18425 I ViewRootImpl@17bc549[AppActivity]: ViewPostIme
pointer 1
12-15 16:24:01.104 18425 18547 D jswrapper: JS: SendSocketData main:200 sub:113
12-15 16:24:01.156 18425 18547 D jswrapper: JS: main=3, sub=101
12-15 16:24:01.156 18425 18547 D jswrapper: JS: GameBase onEventUserScore 用户积分
12-15 16:24:01.157 18425 18547 D jswrapper: JS: main=200, sub=149
12-15 16:24:01.163 18425 18547 D jswrapper: JS: SGLB::结果
12-15 16:24:01.166 18425 18547 D jswrapper: JS: [object Object]
12-15 16:24:01.167 18425 18547 D jswrapper: JS: setRollDatas
12-15 16:24:01.699 18425 18547 D jswrapper: JS: openPrizes2
12-15 16:24:01.710 18425 18547 D jswrapper: JS: [object Object],[object Object],
[object Object],[object Object],[object Object],[object Object],[object Object],
[object Object],[object Object],[object Object]
12-15 16:24:01.710 18425 18547 D jswrapper: JS: [object Object]
12-15 16:24:04.023 18425 18547 D jswrapper: JS: [object Object],[object Object],
[object Object],[object Object],[object Object],[object Object],[object Object],
[object Object],[object Object],[object Object],[object Object],[object Object],
[object Object],[object Object],[object Object],[object Object],[object Object],
[object Object],[object Object],[object Object],[object Object],[object Object],
[object Object],[object Object],[object Object],[object Object],[object Object],
[object Object],[object Object],[object Object]
12-15 16:24:04.024 18425 18547 D jswrapper: JS:
0,1,2,3,4,3,0,1,2,4,1,2,3,0,4,1,4,0,2,3,1,0,2,3,4,0,2,3,1,4
12-15 16:24:04.025 18425 18547 D jswrapper: JS: 5,8,9,10,14,17,19,20,23,27
12-15 16:24:04.025 18425 18547 D jswrapper: JS: 4,1,4,3,0,5,1,3,0,9
12-15 16:24:05.230 18425 18547 D jswrapper: JS: winTimes:0.25
12-15 16:24:05.230 18425 18547 D jswrapper: JS: showGameEnd
12-15 16:24:05.230 18425 18547 D jswrapper: JS: delayStartNextRoll
12-15 16:24:06.055 18425 18425 I ViewRootImpl@17bc549[AppActivity]: ViewPostIme
pointer 0
12-15 16:24:06.178 18425 18425 I ViewRootImpl@17bc549[AppActivity]: ViewPostIme
pointer 1
12-15 16:24:06.231 18425 18547 D jswrapper: JS: SendSocketData main:200 sub:113
12-15 16:24:06.288 18425 18547 D jswrapper: JS: main=3, sub=101
12-15 16:24:06.288 18425 18547 D jswrapper: JS: GameBase onEventUserScore 用户积分
12-15 16:24:06.289 18425 18547 D jswrapper: JS: main=200, sub=149
12-15 16:24:06.289 18425 18547 D jswrapper: JS: SGLB::结果
12-15 16:24:06.289 18425 18547 D jswrapper: JS: [object Object]
12-15 16:24:06.290 18425 18547 D jswrapper: JS: setRollDatas
12-15 16:24:06.809 18425 18547 D jswrapper: JS: openPrizes2
12-15 16:24:08.508 18425 18547 D jswrapper: JS: showGameEnd
12-15 16:24:08.508 18425 18547 D jswrapper: JS: delayStartNextRoll
12-15 16:24:09.225 18425 18547 D jswrapper: JS: main=3, sub=530
12-15 16:24:09.226 18425 18547 D jswrapper: JS: [object Object]
12-15 16:24:09.258 18425 18547 D jswrapper: JS: 512
12-15 16:24:09.258 18425 18547 D jswrapper: JS: SendSocketData main:100 sub:512
12-15 16:24:09.320 18425 18547 D jswrapper: JS: main=100, sub=513
12-15 16:24:09.321 18425 18547 D jswrapper: JS: 收到框架消息::513
12-15 16:24:09.321 18425 18547 D jswrapper: JS: [object Object]
12-15 16:24:09.322 18425 18547 D jswrapper: JS: main=100, sub=513
12-15 16:24:09.322 18425 18547 D jswrapper: JS: 收到框架消息::513
12-15 16:24:09.322 18425 18547 D jswrapper: JS: [object Object]
12-15 16:24:09.322 18425 18547 D jswrapper: JS: main=100, sub=513
12-15 16:24:09.322 18425 18547 D jswrapper: JS: 收到框架消息::513
12-15 16:24:09.323 18425 18547 D jswrapper: JS: [object Object]
12-15 16:24:09.323 18425 18547 D jswrapper: JS: main=100, sub=513
12-15 16:24:09.323 18425 18547 D jswrapper: JS: 收到框架消息::513
12-15 16:24:09.323 18425 18547 D jswrapper: JS: [object Object]
12-15 16:24:09.323 18425 18547 D jswrapper: JS: main=100, sub=513
12-15 16:24:09.324 18425 18547 D jswrapper: JS: 收到框架消息::513
12-15 16:24:09.324 18425 18547 D jswrapper: JS: [object Object]
12-15 16:24:09.324 18425 18547 D jswrapper: JS: main=100, sub=513
12-15 16:24:09.324 18425 18547 D jswrapper: JS: 收到框架消息::513
12-15 16:24:09.324 18425 18547 D jswrapper: JS: [object Object]
12-15 16:24:09.325 18425 18547 D jswrapper: JS: main=100, sub=513
12-15 16:24:09.325 18425 18547 D jswrapper: JS: 收到框架消息::513
12-15 16:24:09.325 18425 18547 D jswrapper: JS: [object Object]
12-15 16:24:09.325 18425 18547 D jswrapper: JS: main=100, sub=513
12-15 16:24:09.325 18425 18547 D jswrapper: JS: 收到框架消息::513
12-15 16:24:09.326 18425 18547 D jswrapper: JS: [object Object]
12-15 16:24:09.326 18425 18547 D jswrapper: JS: main=100, sub=513
12-15 16:24:09.326 18425 18547 D jswrapper: JS: 收到框架消息::513
12-15 16:24:09.326 18425 18547 D jswrapper: JS: [object Object]
12-15 16:24:09.327 18425 18547 D jswrapper: JS: main=100, sub=513
12-15 16:24:09.327 18425 18547 D jswrapper: JS: 收到框架消息::513
12-15 16:24:09.327 18425 18547 D jswrapper: JS: [object Object]
12-15 16:24:09.451 18425 18425 I ViewRootImpl@17bc549[AppActivity]: ViewPostIme
pointer 0
12-15 16:24:09.583 18425 18425 I ViewRootImpl@17bc549[AppActivity]: ViewPostIme
pointer 1
12-15 16:24:09.651 18425 18547 D jswrapper: JS: SendSocketData main:200 sub:113
12-15 16:24:09.654 18425 18547 D jswrapper: JS: main=200, sub=152
12-15 16:24:09.654 18425 18547 D jswrapper: JS: JACKPOT
12-15 16:24:09.654 18425 18547 D jswrapper: JS: JACKPOT:{"lJackPot":11252}
12-15 16:24:09.681 18425 18547 D jswrapper: JS: main=3, sub=101
12-15 16:24:09.682 18425 18547 D jswrapper: JS: GameBase onEventUserScore 用户积分
12-15 16:24:09.683 18425 18547 D jswrapper: JS: main=200, sub=149
12-15 16:24:09.683 18425 18547 D jswrapper: JS: SGLB::结果
12-15 16:24:09.683 18425 18547 D jswrapper: JS: [object Object]
12-15 16:24:09.683 18425 18547 D jswrapper: JS: setRollDatas
12-15 16:24:10.249 18425 18547 D jswrapper: JS: openPrizes2
12-15 16:24:10.260 18425 18547 D jswrapper: JS: [object Object],[object Object],
[object Object],[object Object],[object Object],[object Object],[object Object],
[object Object]
12-15 16:24:10.260 18425 18547 D jswrapper: JS: [object Object]
12-15 16:24:12.565 18425 18547 D jswrapper: JS: [object Object],[object Object],
[object Object],[object Object],[object Object],[object Object],[object Object],
[object Object],[object Object],[object Object],[object Object],[object Object],
[object Object],[object Object],[object Object],[object Object],[object Object],
[object Object],[object Object],[object Object],[object Object],[object Object],
[object Object],[object Object],[object Object],[object Object],[object Object],
[object Object],[object Object],[object Object]
12-15 16:24:12.566 18425 18547 D jswrapper: JS:
0,1,2,3,4,1,2,0,3,4,0,3,4,1,2,0,1,2,3,4,0,1,2,3,4,0,2,3,1,4
12-15 16:24:12.566 18425 18547 D jswrapper: JS: 2,5,7,13,17,20,23,26
12-15 16:24:12.566 18425 18547 D jswrapper: JS: 1,3,1,3,4,9,0,0
12-15 16:24:12.775 18425 18547 D jswrapper: JS: [object Object],[object Object],
[object Object],[object Object],[object Object],[object Object],[object Object],
[object Object],[object Object]
12-15 16:24:12.775 18425 18547 D jswrapper: JS: [object Object]
12-15 16:24:14.572 18425 18547 D jswrapper: JS: main=200, sub=152
12-15 16:24:14.572 18425 18547 D jswrapper: JS: JACKPOT
12-15 16:24:14.586 18425 18547 D jswrapper: JS: JACKPOT:{"lJackPot":11418}
12-15 16:24:15.069 18425 18547 D jswrapper: JS: [object Object],[object Object],
[object Object],[object Object],[object Object],[object Object],[object Object],
[object Object],[object Object],[object Object],[object Object],[object Object],
[object Object],[object Object],[object Object],[object Object],[object Object],
[object Object],[object Object],[object Object],[object Object],[object Object],
[object Object],[object Object],[object Object],[object Object],[object Object],
[object Object],[object Object],[object Object]
12-15 16:24:15.069 18425 18547 D jswrapper: JS:
0,1,2,3,4,1,3,4,2,0,0,1,2,3,4,0,1,2,3,4,1,4,0,2,3,0,2,3,1,4
12-15 16:24:15.070 18425 18547 D jswrapper: JS: 2,3,7,8,10,14,19,25,28
12-15 16:24:15.070 18425 18547 D jswrapper: JS: 5,5,7,7,4,0,0,1,6
12-15 16:24:16.257 18425 18547 D jswrapper: JS: winTimes:0.65
12-15 16:24:16.257 18425 18547 D jswrapper: JS: showGameEnd
12-15 16:24:16.257 18425 18547 D jswrapper: JS: delayStartNextRoll
12-15 16:24:17.159 18425 18425 I ViewRootImpl@17bc549[AppActivity]: ViewPostIme
pointer 0
12-15 16:24:17.299 18425 18425 I ViewRootImpl@17bc549[AppActivity]: ViewPostIme
pointer 1
12-15 16:24:17.380 18425 18547 D jswrapper: JS: SendSocketData main:200 sub:113
12-15 16:24:17.436 18425 18547 D jswrapper: JS: main=3, sub=101
12-15 16:24:17.436 18425 18547 D jswrapper: JS: GameBase onEventUserScore 用户积分
12-15 16:24:17.437 18425 18547 D jswrapper: JS: main=200, sub=149
12-15 16:24:17.437 18425 18547 D jswrapper: JS: SGLB::结果
12-15 16:24:17.437 18425 18547 D jswrapper: JS: [object Object]
12-15 16:24:17.437 18425 18547 D jswrapper: JS: setRollDatas
12-15 16:24:17.560 18425 18547 D jswrapper: JS: main=200, sub=152
12-15 16:24:17.560 18425 18547 D jswrapper: JS: JACKPOT
12-15 16:24:17.560 18425 18547 D jswrapper: JS: JACKPOT:{"lJackPot":11495}
12-15 16:24:17.980 18425 18547 D jswrapper: JS: openPrizes2
12-15 16:24:17.997 18425 18547 D jswrapper: JS: [object Object],[object Object],
[object Object],[object Object],[object Object],[object Object],[object Object],
[object Object]
12-15 16:24:17.998 18425 18547 D jswrapper: JS: [object Object]
12-15 16:24:20.087 18425 18547 D jswrapper: JS: main=200, sub=152
12-15 16:24:20.088 18425 18547 D jswrapper: JS: JACKPOT
12-15 16:24:20.088 18425 18547 D jswrapper: JS: JACKPOT:{"lJackPot":11629}
12-15 16:24:20.286 18425 18547 D jswrapper: JS: [object Object],[object Object],
[object Object],[object Object],[object Object],[object Object],[object Object],
[object Object],[object Object],[object Object],[object Object],[object Object],
[object Object],[object Object],[object Object],[object Object],[object Object],
[object Object],[object Object],[object Object],[object Object],[object Object],
[object Object],[object Object],[object Object],[object Object],[object Object],
[object Object],[object Object],[object Object]
12-15 16:24:20.286 18425 18547 D jswrapper: JS:
0,1,2,3,4,0,3,1,2,4,0,1,2,3,4,2,0,1,3,4,1,4,0,2,3,0,1,3,2,4
12-15 16:24:20.287 18425 18547 D jswrapper: JS: 1,5,10,11,15,19,23,28
12-15 16:24:20.287 18425 18547 D jswrapper: JS: 3,2,8,1,2,6,5,1
12-15 16:24:21.485 18425 18547 D jswrapper: JS: winTimes:0.25
12-15 16:24:21.485 18425 18547 D jswrapper: JS: showGameEnd
12-15 16:24:21.486 18425 18547 D jswrapper: JS: delayStartNextRoll
12-15 16:24:21.618 18425 18547 D jswrapper: JS: main=200, sub=152
12-15 16:24:21.618 18425 18547 D jswrapper: JS: JACKPOT
12-15 16:24:21.618 18425 18547 D jswrapper: JS: JACKPOT:{"lJackPot":11689}
12-15 16:24:23.162 18425 18425 I ViewRootImpl@17bc549[AppActivity]: ViewPostIme
pointer 0
12-15 16:24:23.268 18425 18425 I ViewRootImpl@17bc549[AppActivity]: ViewPostIme
pointer 1
12-15 16:24:23.343 18425 18547 D jswrapper: JS: SendSocketData main:200 sub:113
12-15 16:24:23.383 18425 18547 D jswrapper: JS: main=3, sub=101
12-15 16:24:23.383 18425 18547 D jswrapper: JS: GameBase onEventUserScore 用户积分
12-15 16:24:23.384 18425 18547 D jswrapper: JS: main=200, sub=149
12-15 16:24:23.384 18425 18547 D jswrapper: JS: SGLB::结果
12-15 16:24:23.385 18425 18547 D jswrapper: JS: [object Object]
12-15 16:24:23.385 18425 18547 D jswrapper: JS: setRollDatas
12-15 16:24:23.385 18425 18547 D jswrapper: JS: main=3, sub=102
12-15 16:24:23.385 18425 18547 D jswrapper: JS:
OnSocketSubUserStatus::dwUserID::2727209
12-15 16:24:23.385 18425 18547 D jswrapper: JS: OnSocketSubUserStatus::UserStatus::
{"wTableID":10,"wChairID":0,"cbUserStatus":5}
12-15 16:24:23.385 18425 18547 D jswrapper: JS: UpdateUserItemStatus::以往数据::
{"wTableID":10,"wChairID":0,"cbUserStatus":2}
12-15 16:24:23.386 18425 18547 D jswrapper: JS: GameBase onEventUserStatus 用户状态
12-15 16:24:23.386 18425 18547 D jswrapper: JS: main=100, sub=401
12-15 16:24:23.386 18425 18547 D jswrapper: JS: 收到框架消息::401
12-15 16:24:23.386 18425 18547 D jswrapper: JS: 收到唯一对局码: (2110410167113225881)
12-15 16:24:23.386 18425 18547 D jswrapper: JS: main=3, sub=101
12-15 16:24:23.386 18425 18547 D jswrapper: JS: GameBase onEventUserScore 用户积分
12-15 16:24:23.387 18425 18547 D jswrapper: JS: main=3, sub=102
12-15 16:24:23.387 18425 18547 D jswrapper: JS:
OnSocketSubUserStatus::dwUserID::2727209
12-15 16:24:23.387 18425 18547 D jswrapper: JS: OnSocketSubUserStatus::UserStatus::
{"wTableID":10,"wChairID":0,"cbUserStatus":2}
12-15 16:24:23.387 18425 18547 D jswrapper: JS: UpdateUserItemStatus::以往数据::
{"wTableID":10,"wChairID":0,"cbUserStatus":5}
12-15 16:24:23.387 18425 18547 D jswrapper: JS: GameBase onEventUserStatus 用户状态
12-15 16:24:23.387 18425 18547 D jswrapper: JS: main=200, sub=152
12-15 16:24:23.388 18425 18547 D jswrapper: JS: JACKPOT
12-15 16:24:23.388 18425 18547 D jswrapper: JS: JACKPOT:{"lJackPot":11759}
12-15 16:24:23.906 18425 18547 D jswrapper: JS: openPrizes2
12-15 16:24:23.916 18425 18547 D jswrapper: JS: [object Object],[object Object],
[object Object],[object Object],[object Object],[object Object],[object Object],
[object Object]
12-15 16:24:23.916 18425 18547 D jswrapper: JS: [object Object]
12-15 16:24:26.138 18425 18547 D jswrapper: JS: main=200, sub=152
12-15 16:24:26.138 18425 18547 D jswrapper: JS: JACKPOT
12-15 16:24:26.139 18425 18547 D jswrapper: JS: JACKPOT:{"lJackPot":11850}
12-15 16:24:26.212 18425 18547 D jswrapper: JS: [object Object],[object Object],
[object Object],[object Object],[object Object],[object Object],[object Object],
[object Object],[object Object],[object Object],[object Object],[object Object],
[object Object],[object Object],[object Object],[object Object],[object Object],
[object Object],[object Object],[object Object],[object Object],[object Object],
[object Object],[object Object],[object Object],[object Object],[object Object],
[object Object],[object Object],[object Object]
12-15 16:24:26.213 18425 18547 D jswrapper: JS:
0,1,2,3,4,0,1,2,3,4,3,0,1,2,4,0,1,2,3,4,2,3,4,0,1,2,0,1,3,4
12-15 16:24:26.214 18425 18547 D jswrapper: JS: 0,1,6,16,17,20,22,28
12-15 16:24:26.214 18425 18547 D jswrapper: JS: 0,7,2,3,0,0,6,0
12-15 16:24:26.420 18425 18547 D jswrapper: JS: [object Object],[object Object],
[object Object],[object Object],[object Object],[object Object],[object Object],
[object Object],[object Object],[object Object],[object Object]
12-15 16:24:26.424 18425 18547 D jswrapper: JS: [object Object]
12-15 16:24:27.574 18425 18547 D jswrapper: JS: main=200, sub=152
12-15 16:24:27.574 18425 18547 D jswrapper: JS: JACKPOT
12-15 16:24:27.574 18425 18547 D jswrapper: JS: JACKPOT:{"lJackPot":11922}
12-15 16:24:28.713 18425 18547 D jswrapper: JS: [object Object],[object Object],
[object Object],[object Object],[object Object],[object Object],[object Object],
[object Object],[object Object],[object Object],[object Object],[object Object],
[object Object],[object Object],[object Object],[object Object],[object Object],
[object Object],[object Object],[object Object],[object Object],[object Object],
[object Object],[object Object],[object Object],[object Object],[object Object],
[object Object],[object Object],[object Object]
12-15 16:24:28.714 18425 18547 D jswrapper: JS:
0,2,1,3,4,1,0,2,3,4,3,2,0,1,4,3,0,1,2,4,4,0,1,2,3,2,1,0,3,4
12-15 16:24:28.714 18425 18547 D jswrapper: JS: 0,4,7,10,11,12,14,17,20,21,28
12-15 16:24:28.715 18425 18547 D jswrapper: JS: 4,1,2,5,4,5,9,6,3,2,5
12-15 16:24:28.946 18425 18547 D jswrapper: JS: [object Object],[object Object],
[object Object],[object Object],[object Object],[object Object],[object Object],
[object Object]
12-15 16:24:28.946 18425 18547 D jswrapper: JS: [object Object]
12-15 16:24:31.238 18425 18547 D jswrapper: JS: [object Object],[object Object],
[object Object],[object Object],[object Object],[object Object],[object Object],
[object Object],[object Object],[object Object],[object Object],[object Object],
[object Object],[object Object],[object Object],[object Object],[object Object],
[object Object],[object Object],[object Object],[object Object],[object Object],
[object Object],[object Object],[object Object],[object Object],[object Object],
[object Object],[object Object],[object Object]
12-15 16:24:31.239 18425 18547 D jswrapper: JS:
2,4,0,1,3,2,1,0,3,4,3,2,0,1,4,1,3,0,2,4,4,1,0,2,3,3,4,2,1,0
12-15 16:24:31.239 18425 18547 D jswrapper: JS: 9,10,12,13,23,24,28,29
12-15 16:24:31.240 18425 18547 D jswrapper: JS: 6,0,4,4,5,5,0,1
12-15 16:24:32.435 18425 18547 D jswrapper: JS: winTimes:2.65
12-15 16:24:32.470 18425 18759 I AudioDecoderMp3: Original audio info: numChannels:
2, sampleRate: 44100, bitPerSample: 16, containerSize: 16, channelMask: 3,
endianness: 2, numFrames: 112896, duration: 2.560000, total size: 451584
12-15 16:24:32.470 18425 18759 D AudioDecoder: Decoding
(/data/user/0/com.glgame.frtslots/blackbox/data/user/0/com.aru.glgame.frtslots/
files/blackjack-remote-asset/assets/OLYMPUS/assets/native/9d/9ddaf32e-cb4c-44d4-
82ce-22d5278226bb.mp3) to pcm data wasted 29.937000ms
12-15 16:24:32.482 18425 18759 D AudioDecoder: Resampling
(/data/user/0/com.glgame.frtslots/blackbox/data/user/0/com.aru.glgame.frtslots/
files/blackjack-remote-asset/assets/OLYMPUS/assets/native/9d/9ddaf32e-cb4c-44d4-
82ce-22d5278226bb.mp3) wasted 12.194000ms
12-15 16:24:32.482 18425 18759 I AudioDecoder: Audio channel count is 2, no need to
interleave
12-15 16:24:32.482 18425 18759 D AudioDecoder: Interleave
(/data/user/0/com.glgame.frtslots/blackbox/data/user/0/com.aru.glgame.frtslots/
files/blackjack-remote-asset/assets/OLYMPUS/assets/native/9d/9ddaf32e-cb4c-44d4-
82ce-22d5278226bb.mp3) wasted 0.105000ms
12-15 16:24:32.534 18425 18547 D jswrapper: JS: showGameEnd
12-15 16:24:34.316 18425 18547 D jswrapper: JS: main=200, sub=152
12-15 16:24:34.316 18425 18547 D jswrapper: JS: JACKPOT
12-15 16:24:34.317 18425 18547 D jswrapper: JS: JACKPOT:{"lJackPot":11139}
12-15 16:24:35.556 18425 18425 I ViewRootImpl@17bc549[AppActivity]: ViewPostIme
pointer 0
12-15 16:24:35.704 18425 18425 I ViewRootImpl@17bc549[AppActivity]: ViewPostIme
pointer 1
12-15 16:24:35.774 18425 18547 D jswrapper: JS: SendSocketData main:200 sub:113
12-15 16:24:35.825 18425 18547 D jswrapper: JS: main=3, sub=101
12-15 16:24:35.825 18425 18547 D jswrapper: JS: GameBase onEventUserScore 用户积分
12-15 16:24:35.826 18425 18547 D jswrapper: JS: main=200, sub=149
12-15 16:24:35.826 18425 18547 D jswrapper: JS: SGLB::结果
12-15 16:24:35.826 18425 18547 D jswrapper: JS: [object Object]
12-15 16:24:35.826 18425 18547 D jswrapper: JS: setRollDatas
12-15 16:24:36.367 18425 18547 D jswrapper: JS: openPrizes2
12-15 16:24:36.380 18425 18547 D jswrapper: JS: [object Object],[object Object],
[object Object],[object Object],[object Object],[object Object],[object Object],
[object Object],[object Object]
12-15 16:24:36.380 18425 18547 D jswrapper: JS: [object Object]
12-15 16:24:38.436 18425 18547 D jswrapper: JS: main=200, sub=152
12-15 16:24:38.437 18425 18547 D jswrapper: JS: JACKPOT
12-15 16:24:38.437 18425 18547 D jswrapper: JS: JACKPOT:{"lJackPot":11414}
12-15 16:24:38.689 18425 18547 D jswrapper: JS: [object Object],[object Object],
[object Object],[object Object],[object Object],[object Object],[object Object],
[object Object],[object Object],[object Object],[object Object],[object Object],
[object Object],[object Object],[object Object],[object Object],[object Object],
[object Object],[object Object],[object Object],[object Object],[object Object],
[object Object],[object Object],[object Object],[object Object],[object Object],
[object Object],[object Object],[object Object]
12-15 16:24:38.690 18425 18547 D jswrapper: JS:
0,2,1,3,4,0,1,2,3,4,3,4,0,1,2,1,0,2,3,4,0,1,3,2,4,0,1,2,3,4
12-15 16:24:38.690 18425 18547 D jswrapper: JS: 0,4,5,9,10,12,20,22,26
12-15 16:24:38.691 18425 18547 D jswrapper: JS: 4,1,1,8,1,2,4,2,0
12-15 16:24:38.899 18425 18547 D jswrapper: JS: [object Object],[object Object],
[object Object],[object Object],[object Object],[object Object],[object Object],
[object Object]
12-15 16:24:38.900 18425 18547 D jswrapper: JS: [object Object]
12-15 16:24:39.655 18425 18547 D jswrapper: JS: main=200, sub=152
12-15 16:24:39.655 18425 18547 D jswrapper: JS: JACKPOT
12-15 16:24:39.655 18425 18547 D jswrapper: JS: JACKPOT:{"lJackPot":11479}
12-15 16:24:39.705 18425 18547 D jswrapper: JS: main=3, sub=530
12-15 16:24:39.705 18425 18547 D jswrapper: JS: [object Object]
12-15 16:24:39.749 18425 18547 D jswrapper: JS: 512
12-15 16:24:39.749 18425 18547 D jswrapper: JS: SendSocketData main:100 sub:512
12-15 16:24:39.785 18425 18547 D jswrapper: JS: main=100, sub=513
12-15 16:24:39.785 18425 18547 D jswrapper: JS: 收到框架消息::513
12-15 16:24:39.785 18425 18547 D jswrapper: JS: [object Object]
12-15 16:24:39.786 18425 18547 D jswrapper: JS: main=100, sub=513
12-15 16:24:39.786 18425 18547 D jswrapper: JS: 收到框架消息::513
12-15 16:24:39.786 18425 18547 D jswrapper: JS: [object Object]
12-15 16:24:39.786 18425 18547 D jswrapper: JS: main=100, sub=513
12-15 16:24:39.786 18425 18547 D jswrapper: JS: 收到框架消息::513
12-15 16:24:39.787 18425 18547 D jswrapper: JS: [object Object]
12-15 16:24:39.787 18425 18547 D jswrapper: JS: main=100, sub=513
12-15 16:24:39.787 18425 18547 D jswrapper: JS: 收到框架消息::513
12-15 16:24:39.787 18425 18547 D jswrapper: JS: [object Object]
12-15 16:24:39.787 18425 18547 D jswrapper: JS: main=100, sub=513
12-15 16:24:39.787 18425 18547 D jswrapper: JS: 收到框架消息::513
12-15 16:24:39.787 18425 18547 D jswrapper: JS: [object Object]
12-15 16:24:39.788 18425 18547 D jswrapper: JS: main=100, sub=513
12-15 16:24:39.788 18425 18547 D jswrapper: JS: 收到框架消息::513
12-15 16:24:39.788 18425 18547 D jswrapper: JS: [object Object]
12-15 16:24:39.788 18425 18547 D jswrapper: JS: main=100, sub=513
12-15 16:24:39.788 18425 18547 D jswrapper: JS: 收到框架消息::513
12-15 16:24:39.788 18425 18547 D jswrapper: JS: [object Object]
12-15 16:24:39.789 18425 18547 D jswrapper: JS: main=100, sub=513
12-15 16:24:39.789 18425 18547 D jswrapper: JS: 收到框架消息::513
12-15 16:24:39.789 18425 18547 D jswrapper: JS: [object Object]
12-15 16:24:39.789 18425 18547 D jswrapper: JS: main=100, sub=513
12-15 16:24:39.789 18425 18547 D jswrapper: JS: 收到框架消息::513
12-15 16:24:39.790 18425 18547 D jswrapper: JS: [object Object]
12-15 16:24:39.790 18425 18547 D jswrapper: JS: main=100, sub=513
12-15 16:24:39.791 18425 18547 D jswrapper: JS: 收到框架消息::513
12-15 16:24:39.791 18425 18547 D jswrapper: JS: [object Object]
12-15 16:24:41.177 18425 18547 D jswrapper: JS: [object Object],[object Object],
[object Object],[object Object],[object Object],[object Object],[object Object],
[object Object],[object Object],[object Object],[object Object],[object Object],
[object Object],[object Object],[object Object],[object Object],[object Object],
[object Object],[object Object],[object Object],[object Object],[object Object],
[object Object],[object Object],[object Object],[object Object],[object Object],
[object Object],[object Object],[object Object]
12-15 16:24:41.181 18425 18547 D jswrapper: JS:
4,0,2,1,3,4,0,1,2,3,3,4,0,1,2,4,1,0,2,3,0,1,2,4,3,0,1,2,3,4
12-15 16:24:41.182 18425 18547 D jswrapper: JS: 4,5,10,16,24,25,27,28
12-15 16:24:41.182 18425 18547 D jswrapper: JS: 3,5,2,7,1,9,9,5
12-15 16:24:41.326 18425 18547 D jswrapper: JS: main=200, sub=152
12-15 16:24:41.326 18425 18547 D jswrapper: JS: JACKPOT
12-15 16:24:41.327 18425 18547 D jswrapper: JS: JACKPOT:{"lJackPot":11571}
12-15 16:24:42.389 18425 18547 D jswrapper: JS: winTimes:0.65
12-15 16:24:42.389 18425 18547 D jswrapper: JS: showGameEnd
12-15 16:24:42.389 18425 18547 D jswrapper: JS: delayStartNextRoll
12-15 16:24:43.089 18425 18425 I ViewRootImpl@17bc549[AppActivity]: ViewPostIme
pointer 0
12-15 16:24:43.237 18425 18425 I ViewRootImpl@17bc549[AppActivity]: ViewPostIme
pointer 1
12-15 16:24:43.281 18425 18547 D jswrapper: JS: SendSocketData main:200 sub:113
12-15 16:24:43.332 18425 18547 D jswrapper: JS: main=3, sub=101
12-15 16:24:43.332 18425 18547 D jswrapper: JS: GameBase onEventUserScore 用户积分
12-15 16:24:43.332 18425 18547 D jswrapper: JS: main=200, sub=149
12-15 16:24:43.333 18425 18547 D jswrapper: JS: SGLB::结果
12-15 16:24:43.333 18425 18547 D jswrapper: JS: [object Object]
12-15 16:24:43.333 18425 18547 D jswrapper: JS: setRollDatas
12-15 16:24:43.333 18425 18547 D jswrapper: JS: main=200, sub=152
12-15 16:24:43.333 18425 18547 D jswrapper: JS: JACKPOT
12-15 16:24:43.333 18425 18547 D jswrapper: JS: JACKPOT:{"lJackPot":11692}
12-15 16:24:43.876 18425 18547 D jswrapper: JS: openPrizes2
12-15 16:24:43.891 18425 18547 D jswrapper: JS: [object Object],[object Object],
[object Object],[object Object],[object Object],[object Object],[object Object],
[object Object],[object Object]
12-15 16:24:43.891 18425 18547 D jswrapper: JS: [object Object]
12-15 16:24:45.594 18425 18547 D jswrapper: JS: main=200, sub=152
12-15 16:24:45.594 18425 18547 D jswrapper: JS: JACKPOT
12-15 16:24:45.595 18425 18547 D jswrapper: JS: JACKPOT:{"lJackPot":11753}
12-15 16:24:46.195 18425 18547 D jswrapper: JS: [object Object],[object Object],
[object Object],[object Object],[object Object],[object Object],[object Object],
[object Object],[object Object],[object Object],[object Object],[object Object],
[object Object],[object Object],[object Object],[object Object],[object Object],
[object Object],[object Object],[object Object],[object Object],[object Object],
[object Object],[object Object],[object Object],[object Object],[object Object],
[object Object],[object Object],[object Object]
12-15 16:24:46.196 18425 18547 D jswrapper: JS:
4,0,1,2,3,0,1,2,3,4,0,3,4,1,2,1,3,0,2,4,4,0,1,2,3,0,2,1,3,4
12-15 16:24:46.197 18425 18547 D jswrapper: JS: 2,5,9,17,20,21,24,26,28
12-15 16:24:46.197 18425 18547 D jswrapper: JS: 3,0,0,0,4,7,2,1,0
12-15 16:24:46.403 18425 18547 D jswrapper: JS: [object Object],[object Object],
[object Object],[object Object],[object Object],[object Object],[object Object],
[object Object]
12-15 16:24:46.403 18425 18547 D jswrapper: JS: [object Object]
12-15 16:24:48.144 18425 18547 D jswrapper: JS: main=200, sub=152
12-15 16:24:48.144 18425 18547 D jswrapper: JS: JACKPOT
12-15 16:24:48.145 18425 18547 D jswrapper: JS: JACKPOT:{"lJackPot":11810}
12-15 16:24:48.698 18425 18547 D jswrapper: JS: [object Object],[object Object],
[object Object],[object Object],[object Object],[object Object],[object Object],
[object Object],[object Object],[object Object],[object Object],[object Object],
[object Object],[object Object],[object Object],[object Object],[object Object],
[object Object],[object Object],[object Object],[object Object],[object Object],
[object Object],[object Object],[object Object],[object Object],[object Object],
[object Object],[object Object],[object Object]
12-15 16:24:48.699 18425 18547 D jswrapper: JS:
0,1,3,4,2,1,4,0,2,3,3,0,4,1,2,0,1,3,2,4,4,0,1,2,3,4,0,2,1,3
12-15 16:24:48.699 18425 18547 D jswrapper: JS: 0,3,6,7,18,20,25,29
12-15 16:24:48.699 18425 18547 D jswrapper: JS: 3,2,0,0,3,2,2,0
12-15 16:24:49.845 18425 18547 D jswrapper: JS: winTimes:1.25
12-15 16:24:49.845 18425 18547 D jswrapper: JS: showGameEnd
12-15 16:24:49.845 18425 18547 D jswrapper: JS: delayStartNextRoll
12-15 16:24:50.606 18425 18425 I ViewRootImpl@17bc549[AppActivity]: ViewPostIme
pointer 0
12-15 16:24:50.729 18425 18425 I ViewRootImpl@17bc549[AppActivity]: ViewPostIme
pointer 1
12-15 16:24:50.781 18425 18547 D jswrapper: JS: SendSocketData main:200 sub:113
12-15 16:24:50.831 18425 18547 D jswrapper: JS: main=3, sub=101
12-15 16:24:50.832 18425 18547 D jswrapper: JS: GameBase onEventUserScore 用户积分
12-15 16:24:50.832 18425 18547 D jswrapper: JS: main=200, sub=149
12-15 16:24:50.833 18425 18547 D jswrapper: JS: SGLB::结果
12-15 16:24:50.833 18425 18547 D jswrapper: JS: [object Object]
12-15 16:24:50.833 18425 18547 D jswrapper: JS: setRollDatas
12-15 16:24:51.375 18425 18547 D jswrapper: JS: openPrizes2
12-15 16:24:53.095 18425 18547 D jswrapper: JS: showGameEnd
12-15 16:24:53.095 18425 18547 D jswrapper: JS: delayStartNextRoll
12-15 16:24:53.628 18425 18425 I ViewRootImpl@17bc549[AppActivity]: ViewPostIme
pointer 0
12-15 16:24:53.775 18425 18425 I ViewRootImpl@17bc549[AppActivity]: ViewPostIme
pointer 1
12-15 16:24:53.813 18425 18547 D jswrapper: JS: SendSocketData main:200 sub:113
12-15 16:24:53.863 18425 18547 D jswrapper: JS: main=3, sub=101
12-15 16:24:53.864 18425 18547 D jswrapper: JS: GameBase onEventUserScore 用户积分
12-15 16:24:53.864 18425 18547 D jswrapper: JS: main=200, sub=149
12-15 16:24:53.864 18425 18547 D jswrapper: JS: SGLB::结果
12-15 16:24:53.864 18425 18547 D jswrapper: JS: [object Object]
12-15 16:24:53.865 18425 18547 D jswrapper: JS: setRollDatas
12-15 16:24:53.865 18425 18547 D jswrapper: JS: main=200, sub=152
12-15 16:24:53.868 18425 18547 D jswrapper: JS: JACKPOT
12-15 16:24:53.868 18425 18547 D jswrapper: JS: JACKPOT:{"lJackPot":10853}
12-15 16:24:54.411 18425 18547 D jswrapper: JS: openPrizes2
12-15 16:24:54.423 18425 18547 D jswrapper: JS: [object Object],[object Object],
[object Object],[object Object],[object Object],[object Object],[object Object],
[object Object],[object Object]
12-15 16:24:54.423 18425 18547 D jswrapper: JS: [object Object]
12-15 16:24:54.608 18425 18547 D jswrapper: JS: main=200, sub=152
12-15 16:24:54.609 18425 18547 D jswrapper: JS: JACKPOT
12-15 16:24:54.609 18425 18547 D jswrapper: JS: JACKPOT:{"lJackPot":10879}
12-15 16:24:55.432 18425 18547 D jswrapper: JS: main=200, sub=152
12-15 16:24:55.433 18425 18547 D jswrapper: JS: JACKPOT
12-15 16:24:55.433 18425 18547 D jswrapper: JS: JACKPOT:{"lJackPot":10919}
12-15 16:24:57.027 18425 18547 D jswrapper: JS: [object Object],[object Object],
[object Object],[object Object],[object Object],[object Object],[object Object],
[object Object],[object Object],[object Object],[object Object],[object Object],
[object Object],[object Object],[object Object],[object Object],[object Object],
[object Object],[object Object],[object Object],[object Object],[object Object],
[object Object],[object Object],[object Object],[object Object],[object Object],
[object Object],[object Object],[object Object]
12-15 16:24:57.029 18425 18547 D jswrapper: JS:
0,1,3,2,4,0,1,2,3,4,0,1,2,3,4,1,3,0,2,4,2,0,1,3,4,3,4,0,1,2
12-15 16:24:57.029 18425 18547 D jswrapper: JS: 0,1,6,9,16,18,21,23,29
12-15 16:24:57.029 18425 18547 D jswrapper: JS: 1,4,5,7,7,1,6,7,1
12-15 16:24:58.005 18425 18759 I AudioDecoderMp3: Original audio info: numChannels:
2, sampleRate: 44100, bitPerSample: 16, containerSize: 16, channelMask: 3,
endianness: 2, numFrames: 116352, duration: 2.638367, total size: 465408
12-15 16:24:58.005 18425 18759 D AudioDecoder: Decoding
(/data/user/0/com.glgame.frtslots/blackbox/data/user/0/com.aru.glgame.frtslots/
files/blackjack-remote-asset/assets/OLYMPUS/assets/native/cc/ccd87bcb-9bfa-4aea-
a90d-16f8d73035db.mp3) to pcm data wasted 34.082001ms
12-15 16:24:58.016 18425 18759 D AudioDecoder: Resampling
(/data/user/0/com.glgame.frtslots/blackbox/data/user/0/com.aru.glgame.frtslots/
files/blackjack-remote-asset/assets/OLYMPUS/assets/native/cc/ccd87bcb-9bfa-4aea-
a90d-16f8d73035db.mp3) wasted 10.791000ms
12-15 16:24:58.016 18425 18759 I AudioDecoder: Audio channel count is 2, no need to
interleave
12-15 16:24:58.016 18425 18759 D AudioDecoder: Interleave
(/data/user/0/com.glgame.frtslots/blackbox/data/user/0/com.aru.glgame.frtslots/
files/blackjack-remote-asset/assets/OLYMPUS/assets/native/cc/ccd87bcb-9bfa-4aea-
a90d-16f8d73035db.mp3) wasted 0.114000ms
12-15 16:25:00.238 18425 18547 D jswrapper: JS: main=3, sub=530
12-15 16:25:00.239 18425 18547 D jswrapper: JS: [object Object]
12-15 16:25:00.266 18425 18547 D jswrapper: JS: 512
12-15 16:25:00.266 18425 18547 D jswrapper: JS: SendSocketData main:100 sub:512
12-15 16:25:00.296 18425 18547 D jswrapper: JS: main=100, sub=513
12-15 16:25:00.296 18425 18547 D jswrapper: JS: 收到框架消息::513
12-15 16:25:00.297 18425 18547 D jswrapper: JS: [object Object]
12-15 16:25:00.297 18425 18547 D jswrapper: JS: main=100, sub=513
12-15 16:25:00.297 18425 18547 D jswrapper: JS: 收到框架消息::513
12-15 16:25:00.298 18425 18547 D jswrapper: JS: [object Object]
12-15 16:25:00.298 18425 18547 D jswrapper: JS: main=100, sub=513
12-15 16:25:00.300 18425 18547 D jswrapper: JS: 收到框架消息::513
12-15 16:25:00.302 18425 18547 D jswrapper: JS: [object Object]
12-15 16:25:00.302 18425 18547 D jswrapper: JS: main=100, sub=513
12-15 16:25:00.302 18425 18547 D jswrapper: JS: 收到框架消息::513
12-15 16:25:00.303 18425 18547 D jswrapper: JS: [object Object]
12-15 16:25:00.303 18425 18547 D jswrapper: JS: main=100, sub=513
12-15 16:25:00.303 18425 18547 D jswrapper: JS: 收到框架消息::513
12-15 16:25:00.303 18425 18547 D jswrapper: JS: [object Object]
12-15 16:25:00.304 18425 18547 D jswrapper: JS: main=100, sub=513
12-15 16:25:00.304 18425 18547 D jswrapper: JS: 收到框架消息::513
12-15 16:25:00.304 18425 18547 D jswrapper: JS: [object Object]
12-15 16:25:00.304 18425 18547 D jswrapper: JS: main=100, sub=513
12-15 16:25:00.305 18425 18547 D jswrapper: JS: 收到框架消息::513
12-15 16:25:00.305 18425 18547 D jswrapper: JS: [object Object]
12-15 16:25:00.305 18425 18547 D jswrapper: JS: main=100, sub=513
12-15 16:25:00.305 18425 18547 D jswrapper: JS: 收到框架消息::513
12-15 16:25:00.305 18425 18547 D jswrapper: JS: [object Object]
12-15 16:25:00.306 18425 18547 D jswrapper: JS: main=100, sub=513
12-15 16:25:00.306 18425 18547 D jswrapper: JS: 收到框架消息::513
12-15 16:25:00.306 18425 18547 D jswrapper: JS: [object Object]
12-15 16:25:00.306 18425 18547 D jswrapper: JS: main=100, sub=513
12-15 16:25:00.306 18425 18547 D jswrapper: JS: 收到框架消息::513
12-15 16:25:00.306 18425 18547 D jswrapper: JS: [object Object]
12-15 16:25:00.384 18425 18547 D jswrapper: JS: winTimes:1.25
12-15 16:25:00.384 18425 18547 D jswrapper: JS: showGameEnd
12-15 16:25:00.384 18425 18547 D jswrapper: JS: delayStartNextRoll
12-15 16:25:01.803 18425 18425 I ViewRootImpl@17bc549[AppActivity]: ViewPostIme
pointer 0
12-15 16:25:01.934 18425 18425 I ViewRootImpl@17bc549[AppActivity]: ViewPostIme
pointer 1
12-15 16:25:01.979 18425 18547 D jswrapper: JS: SendSocketData main:200 sub:113
12-15 16:25:02.029 18425 18547 D jswrapper: JS: main=3, sub=101
12-15 16:25:02.029 18425 18547 D jswrapper: JS: GameBase onEventUserScore 用户积分
12-15 16:25:02.030 18425 18547 D jswrapper: JS: main=200, sub=149
12-15 16:25:02.030 18425 18547 D jswrapper: JS: SGLB::结果
12-15 16:25:02.031 18425 18547 D jswrapper: JS: [object Object]
12-15 16:25:02.031 18425 18547 D jswrapper: JS: setRollDatas
12-15 16:25:02.552 18425 18547 D jswrapper: JS: openPrizes2
12-15 16:25:02.566 18425 18547 D jswrapper: JS: [object Object],[object Object],
[object Object],[object Object],[object Object],[object Object],[object Object],
[object Object]
12-15 16:25:02.566 18425 18547 D jswrapper: JS: [object Object]
12-15 16:25:04.425 18425 18547 D jswrapper: JS: main=200, sub=152
12-15 16:25:04.425 18425 18547 D jswrapper: JS: JACKPOT
12-15 16:25:04.425 18425 18547 D jswrapper: JS: JACKPOT:{"lJackPot":11330}
12-15 16:25:04.874 18425 18547 D jswrapper: JS: [object Object],[object Object],
[object Object],[object Object],[object Object],[object Object],[object Object],
[object Object],[object Object],[object Object],[object Object],[object Object],
[object Object],[object Object],[object Object],[object Object],[object Object],
[object Object],[object Object],[object Object],[object Object],[object Object],
[object Object],[object Object],[object Object],[object Object],[object Object],
[object Object],[object Object],[object Object]
12-15 16:25:04.875 18425 18547 D jswrapper: JS:
0,2,1,3,4,0,1,2,3,4,3,4,0,1,2,0,1,2,3,4,0,1,2,3,4,1,2,3,0,4
12-15 16:25:04.875 18425 18547 D jswrapper: JS: 0,4,11,12,17,20,23,26
12-15 16:25:04.876 18425 18547 D jswrapper: JS: 1,5,3,8,1,2,3,2
12-15 16:25:06.081 18425 18547 D jswrapper: JS: winTimes:0.25
12-15 16:25:06.082 18425 18547 D jswrapper: JS: showGameEnd
12-15 16:25:06.082 18425 18547 D jswrapper: JS: delayStartNextRoll
12-15 16:25:07.911 18425 18547 D jswrapper: JS: main=200, sub=152
12-15 16:25:07.912 18425 18547 D jswrapper: JS: JACKPOT
12-15 16:25:07.912 18425 18547 D jswrapper: JS: JACKPOT:{"lJackPot":11517}
12-15 16:25:07.913 18425 18547 D jswrapper: JS: main=200, sub=152
12-15 16:25:07.914 18425 18547 D jswrapper: JS: JACKPOT
12-15 16:25:07.914 18425 18547 D jswrapper: JS: JACKPOT:{"lJackPot":11525}
12-15 16:25:08.215 18425 18547 D jswrapper: JS: main=200, sub=152
12-15 16:25:08.215 18425 18547 D jswrapper: JS: JACKPOT
12-15 16:25:08.216 18425 18547 D jswrapper: JS: JACKPOT:{"lJackPot":11530}
12-15 16:25:09.031 18425 18425 I ViewRootImpl@17bc549[AppActivity]: ViewPostIme
pointer 0
12-15 16:25:09.152 18425 18425 I ViewRootImpl@17bc549[AppActivity]: ViewPostIme
pointer 1
12-15 16:25:09.201 18425 18547 D jswrapper: JS: SendSocketData main:200 sub:113
12-15 16:25:09.227 18425 18547 D jswrapper: JS: main=3, sub=101
12-15 16:25:09.227 18425 18547 D jswrapper: JS: GameBase onEventUserScore 用户积分
12-15 16:25:09.227 18425 18547 D jswrapper: JS: main=200, sub=149
12-15 16:25:09.228 18425 18547 D jswrapper: JS: SGLB::结果
12-15 16:25:09.228 18425 18547 D jswrapper: JS: [object Object]
12-15 16:25:09.228 18425 18547 D jswrapper: JS: setRollDatas
12-15 16:25:09.798 18425 18547 D jswrapper: JS: openPrizes2
12-15 16:25:11.521 18425 18547 D jswrapper: JS: showGameEnd
12-15 16:25:11.521 18425 18547 D jswrapper: JS: delayStartNextRoll
12-15 16:25:12.850 18425 18425 I ViewRootImpl@17bc549[AppActivity]: ViewPostIme
pointer 0
12-15 16:25:13.156 18425 18425 I ViewRootImpl@17bc549[AppActivity]: ViewPostIme
pointer 1
12-15 16:25:13.204 18425 18547 D jswrapper: JS: SendSocketData main:200 sub:113
12-15 16:25:13.255 18425 18547 D jswrapper: JS: main=3, sub=101
12-15 16:25:13.255 18425 18547 D jswrapper: JS: GameBase onEventUserScore 用户积分
12-15 16:25:13.255 18425 18547 D jswrapper: JS: main=200, sub=149
12-15 16:25:13.256 18425 18547 D jswrapper: JS: SGLB::结果
12-15 16:25:13.256 18425 18547 D jswrapper: JS: [object Object]
12-15 16:25:13.256 18425 18547 D jswrapper: JS: setRollDatas
12-15 16:25:13.799 18425 18547 D jswrapper: JS: openPrizes2
12-15 16:25:14.804 18425 18547 D jswrapper: JS: showGameEnd
12-15 16:25:14.804 18425 18547 D jswrapper: JS: delayStartNextRoll
12-15 16:25:15.746 18425 18425 I ViewRootImpl@17bc549[AppActivity]: ViewPostIme
pointer 0
12-15 16:25:15.854 18425 18425 I ViewRootImpl@17bc549[AppActivity]: ViewPostIme
pointer 1
12-15 16:25:15.889 18425 18547 D jswrapper: JS: SendSocketData main:200 sub:113
12-15 16:25:15.941 18425 18547 D jswrapper: JS: main=3, sub=101
12-15 16:25:15.941 18425 18547 D jswrapper: JS: GameBase onEventUserScore 用户积分
12-15 16:25:15.942 18425 18547 D jswrapper: JS: main=200, sub=149
12-15 16:25:15.942 18425 18547 D jswrapper: JS: SGLB::结果
12-15 16:25:15.942 18425 18547 D jswrapper: JS: [object Object]
12-15 16:25:15.942 18425 18547 D jswrapper: JS: setRollDatas
12-15 16:25:16.485 18425 18547 D jswrapper: JS: openPrizes2
12-15 16:25:17.550 18425 18547 D jswrapper: JS: main=200, sub=152
12-15 16:25:17.557 18425 18547 D jswrapper: JS: JACKPOT
12-15 16:25:17.558 18425 18547 D jswrapper: JS: JACKPOT:{"lJackPot":10817}
12-15 16:25:18.192 18425 18547 D jswrapper: JS: showGameEnd
12-15 16:25:18.193 18425 18547 D jswrapper: JS: delayStartNextRoll
12-15 16:25:19.177 18425 18425 I ViewRootImpl@17bc549[AppActivity]: ViewPostIme
pointer 0
12-15 16:25:19.300 18425 18425 I ViewRootImpl@17bc549[AppActivity]: ViewPostIme
pointer 1
12-15 16:25:19.334 18425 18547 D jswrapper: JS: SendSocketData main:200 sub:113
12-15 16:25:19.385 18425 18547 D jswrapper: JS: main=200, sub=152
12-15 16:25:19.385 18425 18547 D jswrapper: JS: JACKPOT
12-15 16:25:19.385 18425 18547 D jswrapper: JS: JACKPOT:{"lJackPot":10929}
12-15 16:25:19.386 18425 18547 D jswrapper: JS: main=3, sub=101
12-15 16:25:19.386 18425 18547 D jswrapper: JS: GameBase onEventUserScore 用户积分
12-15 16:25:19.386 18425 18547 D jswrapper: JS: main=200, sub=149
12-15 16:25:19.387 18425 18547 D jswrapper: JS: SGLB::结果
12-15 16:25:19.387 18425 18547 D jswrapper: JS: [object Object]
12-15 16:25:19.387 18425 18547 D jswrapper: JS: setRollDatas
12-15 16:25:19.926 18425 18547 D jswrapper: JS: openPrizes2
12-15 16:25:20.472 18425 18547 D jswrapper: JS: main=3, sub=530
12-15 16:25:20.472 18425 18547 D jswrapper: JS: [object Object]
12-15 16:25:20.504 18425 18547 D jswrapper: JS: 512
12-15 16:25:20.504 18425 18547 D jswrapper: JS: SendSocketData main:100 sub:512
12-15 16:25:20.545 18425 18547 D jswrapper: JS: main=100, sub=513
12-15 16:25:20.546 18425 18547 D jswrapper: JS: 收到框架消息::513
12-15 16:25:20.546 18425 18547 D jswrapper: JS: [object Object]
12-15 16:25:20.546 18425 18547 D jswrapper: JS: main=100, sub=513
12-15 16:25:20.546 18425 18547 D jswrapper: JS: 收到框架消息::513
12-15 16:25:20.546 18425 18547 D jswrapper: JS: [object Object]
12-15 16:25:20.547 18425 18547 D jswrapper: JS: main=100, sub=513
12-15 16:25:20.547 18425 18547 D jswrapper: JS: 收到框架消息::513
12-15 16:25:20.547 18425 18547 D jswrapper: JS: [object Object]
12-15 16:25:20.547 18425 18547 D jswrapper: JS: main=100, sub=513
12-15 16:25:20.547 18425 18547 D jswrapper: JS: 收到框架消息::513
12-15 16:25:20.547 18425 18547 D jswrapper: JS: [object Object]
12-15 16:25:20.547 18425 18547 D jswrapper: JS: main=100, sub=513
12-15 16:25:20.547 18425 18547 D jswrapper: JS: 收到框架消息::513
12-15 16:25:20.548 18425 18547 D jswrapper: JS: [object Object]
12-15 16:25:20.548 18425 18547 D jswrapper: JS: main=100, sub=513
12-15 16:25:20.548 18425 18547 D jswrapper: JS: 收到框架消息::513
12-15 16:25:20.548 18425 18547 D jswrapper: JS: [object Object]
12-15 16:25:20.549 18425 18547 D jswrapper: JS: main=100, sub=513
12-15 16:25:20.549 18425 18547 D jswrapper: JS: 收到框架消息::513
12-15 16:25:20.549 18425 18547 D jswrapper: JS: [object Object]
12-15 16:25:20.549 18425 18547 D jswrapper: JS: main=100, sub=513
12-15 16:25:20.549 18425 18547 D jswrapper: JS: 收到框架消息::513
12-15 16:25:20.549 18425 18547 D jswrapper: JS: [object Object]
12-15 16:25:20.549 18425 18547 D jswrapper: JS: main=100, sub=513
12-15 16:25:20.549 18425 18547 D jswrapper: JS: 收到框架消息::513
12-15 16:25:20.549 18425 18547 D jswrapper: JS: [object Object]
12-15 16:25:20.549 18425 18547 D jswrapper: JS: main=100, sub=513
12-15 16:25:20.550 18425 18547 D jswrapper: JS: 收到框架消息::513
12-15 16:25:20.550 18425 18547 D jswrapper: JS: [object Object]
12-15 16:25:20.901 18425 18547 D jswrapper: JS: showGameEnd
12-15 16:25:20.901 18425 18547 D jswrapper: JS: delayStartNextRoll
12-15 16:25:21.225 18425 18425 I ViewRootImpl@17bc549[AppActivity]: ViewPostIme
pointer 0
12-15 16:25:21.328 18425 18547 D jswrapper: JS: main=200, sub=152
12-15 16:25:21.329 18425 18547 D jswrapper: JS: JACKPOT
12-15 16:25:21.329 18425 18547 D jswrapper: JS: JACKPOT:{"lJackPot":10998}
12-15 16:25:21.357 18425 18425 I ViewRootImpl@17bc549[AppActivity]: ViewPostIme
pointer 1
12-15 16:25:21.382 18425 18547 D jswrapper: JS: SendSocketData main:200 sub:113
12-15 16:25:21.432 18425 18547 D jswrapper: JS: main=3, sub=101
12-15 16:25:21.432 18425 18547 D jswrapper: JS: GameBase onEventUserScore 用户积分
12-15 16:25:21.432 18425 18547 D jswrapper: JS: main=200, sub=149
12-15 16:25:21.435 18425 18547 D jswrapper: JS: SGLB::结果
12-15 16:25:21.436 18425 18547 D jswrapper: JS: [object Object]
12-15 16:25:21.436 18425 18547 D jswrapper: JS: setRollDatas
12-15 16:25:21.951 18425 18547 D jswrapper: JS: openPrizes2
12-15 16:25:21.960 18425 18547 D jswrapper: JS: [object Object],[object Object],
[object Object],[object Object],[object Object],[object Object],[object Object],
[object Object],[object Object]
12-15 16:25:21.961 18425 18547 D jswrapper: JS: [object Object]
12-15 16:25:24.262 18425 18547 D jswrapper: JS: [object Object],[object Object],
[object Object],[object Object],[object Object],[object Object],[object Object],
[object Object],[object Object],[object Object],[object Object],[object Object],
[object Object],[object Object],[object Object],[object Object],[object Object],
[object Object],[object Object],[object Object],[object Object],[object Object],
[object Object],[object Object],[object Object],[object Object],[object Object],
[object Object],[object Object],[object Object]
12-15 16:25:24.262 18425 18547 D jswrapper: JS:
2,0,1,3,4,1,2,0,3,4,0,2,1,3,4,0,1,2,3,4,2,3,0,1,4,0,2,1,3,4
12-15 16:25:24.262 18425 18547 D jswrapper: JS: 2,5,7,12,13,14,16,17,22
12-15 16:25:24.268 18425 18547 D jswrapper: JS: 0,1,8,5,0,2,5,9,3
12-15 16:25:25.475 18425 18547 D jswrapper: JS: winTimes:0.4
12-15 16:25:25.475 18425 18547 D jswrapper: JS: showGameEnd
12-15 16:25:25.475 18425 18547 D jswrapper: JS: delayStartNextRoll
12-15 16:25:26.745 18425 18425 I ViewRootImpl@17bc549[AppActivity]: ViewPostIme
pointer 0
12-15 16:25:26.885 18425 18425 I ViewRootImpl@17bc549[AppActivity]: ViewPostIme
pointer 1
12-15 16:25:27.285 18425 18425 I ViewRootImpl@17bc549[AppActivity]: ViewPostIme
pointer 0
12-15 16:25:27.559 18425 18425 I ViewRootImpl@17bc549[AppActivity]: ViewPostIme
pointer 1
12-15 16:25:28.194 18425 18425 I ViewRootImpl@17bc549[AppActivity]: ViewPostIme
pointer 0
12-15 16:25:28.325 18425 18425 I ViewRootImpl@17bc549[AppActivity]: ViewPostIme
pointer 1
12-15 16:25:28.370 18425 18547 D jswrapper: JS: SendSocketData main:200 sub:113
12-15 16:25:28.395 18425 18547 D jswrapper: JS: main=200, sub=152
12-15 16:25:28.396 18425 18547 D jswrapper: JS: JACKPOT
12-15 16:25:28.396 18425 18547 D jswrapper: JS: JACKPOT:{"lJackPot":11249}
12-15 16:25:28.421 18425 18547 D jswrapper: JS: main=3, sub=101
12-15 16:25:28.421 18425 18547 D jswrapper: JS: GameBase onEventUserScore 用户积分
12-15 16:25:28.421 18425 18547 D jswrapper: JS: main=200, sub=149
12-15 16:25:28.422 18425 18547 D jswrapper: JS: SGLB::结果
12-15 16:25:28.422 18425 18547 D jswrapper: JS: [object Object]
12-15 16:25:28.422 18425 18547 D jswrapper: JS: setRollDatas
12-15 16:25:28.422 18425 18547 D jswrapper: JS: main=3, sub=102
12-15 16:25:28.422 18425 18547 D jswrapper: JS:
OnSocketSubUserStatus::dwUserID::2727209
12-15 16:25:28.425 18425 18547 D jswrapper: JS: OnSocketSubUserStatus::UserStatus::
{"wTableID":10,"wChairID":0,"cbUserStatus":5}
12-15 16:25:28.425 18425 18547 D jswrapper: JS: UpdateUserItemStatus::以往数据::
{"wTableID":10,"wChairID":0,"cbUserStatus":2}
12-15 16:25:28.426 18425 18547 D jswrapper: JS: GameBase onEventUserStatus 用户状态
12-15 16:25:28.426 18425 18547 D jswrapper: JS: main=100, sub=401
12-15 16:25:28.426 18425 18547 D jswrapper: JS: 收到框架消息::401
12-15 16:25:28.426 18425 18547 D jswrapper: JS: 收到唯一对局码: (2110410167113232371)
12-15 16:25:28.426 18425 18547 D jswrapper: JS: main=3, sub=101
12-15 16:25:28.426 18425 18547 D jswrapper: JS: GameBase onEventUserScore 用户积分
12-15 16:25:28.427 18425 18547 D jswrapper: JS: main=3, sub=102
12-15 16:25:28.427 18425 18547 D jswrapper: JS:
OnSocketSubUserStatus::dwUserID::2727209
12-15 16:25:28.427 18425 18547 D jswrapper: JS: OnSocketSubUserStatus::UserStatus::
{"wTableID":10,"wChairID":0,"cbUserStatus":2}
12-15 16:25:28.427 18425 18547 D jswrapper: JS: UpdateUserItemStatus::以往数据::
{"wTableID":10,"wChairID":0,"cbUserStatus":5}
12-15 16:25:28.427 18425 18547 D jswrapper: JS: GameBase onEventUserStatus 用户状态
12-15 16:25:28.965 18425 18547 D jswrapper: JS: openPrizes2
12-15 16:25:29.709 18425 18547 D jswrapper: JS: main=200, sub=152
12-15 16:25:29.709 18425 18547 D jswrapper: JS: JACKPOT
12-15 16:25:29.710 18425 18547 D jswrapper: JS: JACKPOT:{"lJackPot":11323}
12-15 16:25:29.969 18425 18547 D jswrapper: JS: showGameEnd
12-15 16:25:29.969 18425 18547 D jswrapper: JS: delayStartNextRoll
12-15 16:25:30.530 18425 18425 I ViewRootImpl@17bc549[AppActivity]: ViewPostIme
pointer 0
