03-14 19:56:35.398 3111 3111 W BottomSheetBehavior: BottomSheetBehavior now supports multiple callbacks. `setBottomSheetCallback()` removes all existing callbacks, including ones set internally by library authors, which may result in unintended behavior. This may change in the future. Please use `addBottomSheetCallback()` and `removeBottomSheetCallback()` instead to set your own callbacks.
03-14 19:56:35.472 3111 3111 E OplusBracketLog: [OplusViewMirrorManager] updateHostViewRootIfNeeded, not support android.view.ViewRootImpl@e355570
03-14 19:56:35.550 3111 3111 E IPCThreadState: attemptIncStrongHandle(132): Not supported
03-14 19:56:35.568 3111 3111 W View : requestLayout() improperly called by com.mbwhatsapp.WaImageView{37be06 VF.D..CL. ......ID 0,0-192,192 #7f0b1814 app:id/shutter viewInfo = } during layout: running second layout pass
03-14 19:56:35.568 3111 3111 W View : requestLayout() improperly called by com.mbwhatsapp.CircularProgressBar{245ecc7 V.ED..... ......ID 0,0-192,192 #7f0b14fc app:id/recording_progress viewInfo = } during layout: running second layout pass
03-14 19:56:35.568 3111 3111 W View : requestLayout() improperly called by com.mbwhatsapp.WaImageView{ed4a2f4 VF.D..C.. ......ID 0,0-144,144 #7f0b1976 app:id/switch_camera_btn viewInfo = } during layout: running second layout pass
03-14 19:56:35.568 3111 3111 W View : requestLayout() improperly called by com.mbwhatsapp.WaImageView{6e7ea1d VFED..C.. ......ID 0,0-144,144 #7f0b0b0d app:id/gallery_btn viewInfo = } during layout: running second layout pass
03-14 19:56:35.569 3111 3111 W View : requestLayout() improperly called by com.mbwhatsapp.WaImageView{981b492 VF.D..C.. ......ID 0,0-144,144 #7f0b0a9c app:id/flash_btn viewInfo = } during layout: running second layout pass
03-14 19:56:35.569 3111 3111 W View : requestLayout() improperly called by com.mbwhatsapp.WaImageView{c2a8e63 VFED..C.. ......ID 0,0-144,144 #7f0b057f app:id/close_camera_btn viewInfo = } during layout: running second layout pass
03-14 19:56:35.569 3111 3111 W View : requestLayout() improperly called by X.4Ki{912fa60 V.ED..... ......ID 0,6-1080,150 viewInfo = } during layout: running second layout pass
03-14 19:56:35.589 3111 3377 W Parcel : Expecting binder but got null!
03-14 19:56:35.601 3111 3111 W View : requestLayout() improperly called by com.mbwhatsapp.WaImageView{37be06 VF.D..CL. ......ID 444,1669-636,1861 #7f0b1814 app:id/shutter viewInfo = } during layout: running second layout pass
03-14 19:56:35.601 3111 3111 W View : requestLayout() improperly called by com.mbwhatsapp.CircularProgressBar{245ecc7 V.ED..... ......ID 444,1669-636,1861 #7f0b14fc app:id/recording_progress viewInfo = } during layout: running second layout pass
03-14 19:56:35.601 3111 3111 W View : requestLayout() improperly called by com.mbwhatsapp.WaImageView{ed4a2f4 VF.D..C.. ......ID 912,1693-1056,1837 #7f0b1976 app:id/switch_camera_btn viewInfo = } during layout: running second layout pass
03-14 19:56:35.601 3111 3111 W View : requestLayout() improperly called by com.mbwhatsapp.WaImageView{6e7ea1d VFED..C.. ......ID 24,1693-168,1837 #7f0b0b0d app:id/gallery_btn viewInfo = } during layout: running second layout pass
03-14 19:56:35.601 3111 3111 W View : requestLayout() improperly called by com.mbwhatsapp.WaImageView{981b492 VF.D..C.. ......I. 912,24-1056,168 #7f0b0a9c app:id/flash_btn viewInfo = } during layout: running second layout pass
03-14 19:56:35.601 3111 3111 W View : requestLayout() improperly called by com.mbwhatsapp.WaImageView{c2a8e63 VFED..C.. ......I. 24,24-168,168 #7f0b057f app:id/close_camera_btn viewInfo = } during layout: running second layout pass
03-14 19:56:35.649 3111 3111 W pool-14-thread-: type=1400 audit(0.0:799): avc: granted { execute } for path="/data/data/com.mbwhatsapp/files/decompressed/libs.spk.zst/libgifimage.so" dev="dm-60" ino=53511 scontext=u:r:untrusted_app:s0:c255,c256,c512,c768 tcontext=u:object_r:app_data_file:s0:c255,c256,c512,c768 tclass=file app=com.mbwhatsapp
03-14 19:56:42.471 3111 3111 E OplusBracketLog: [OplusViewMirrorManager] updateHostViewRootIfNeeded, not support android.view.ViewRootImpl@adce54e
03-14 19:56:42.489 3111 3111 E IPCThreadState: attemptIncStrongHandle(50): Not supported
03-14 19:56:42.516 3111 3111 W View : requestLayout() improperly called by androidx.appcompat.view.menu.ActionMenuItemView{2901be3 VFED..C.. ......ID 0,12- 144,156 #7f0b0f8c app:id/menuitem_select_multiple viewInfo = } during layout: running second layout pass
03-14 19:56:42.516 3111 3111 W View : requestLayout() improperly called by androidx.appcompat.widget.ActionMenuView{46d39e0 V.E...... ......ID 936,0-1080,168 viewInfo = } during layout: running second layout pass
03-14 19:56:42.617 3111 3377 W Parcel : Expecting binder but got null!
03-14 19:56:43.432 3111 3111 E IPCThreadState: attemptIncStrongHandle(158): Not supported
03-14 19:56:45.581 3111 17982 E ActivityThread: Failed to find provider info for com.oplus.statistics.provider
03-14 19:56:45.581 3111 17982 E OplusStatistics--: IllegalArgumentException:java.lang.IllegalArgumentException: Unknown URL content://com.oplus.statistics.provider/track_event
03-14 19:56:48.374 3111 3111 E OplusBracketLog: [OplusViewMirrorManager] updateHostViewRootIfNeeded, not support android.view.ViewRootImpl@96ef216
03-14 19:56:48.396 3111 3111 E IPCThreadState: attemptIncStrongHandle(179): Not supported
03-14 19:56:48.396 3111 3111 E IPCThreadState: attemptIncStrongHandle(164): Not supported
03-14 19:56:48.458 3111 3377 W Parcel : Expecting binder but got null!
03-14 19:56:53.497 3111 3111 W Choreographer: Already have a pending vsync event. There should only be one at a time.
03-14 19:56:54.429 3111 3111 W Choreographer: Already have a pending vsync event. There should only be one at a time.
03-14 19:56:54.491 3111 3111 W Choreographer: Already have a pending vsync event. There should only be one at a time.
03-14 19:56:54.510 3111 3111 W Choreographer: Already have a pending vsync event. There should only be one at a time.
03-14 19:56:56.787 3111 3111 E OplusBracketLog: [OplusViewMirrorManager] updateHostViewRootIfNeeded, not support android.view.ViewRootImpl@98b1d65
03-14 19:56:56.800 3111 3111 E IPCThreadState: attemptIncStrongHandle(190): Not supported
03-14 19:56:56.825 3111 3377 W Parcel : Expecting binder but got null!
03-14 19:56:58.706 3111 3111 W ResourceType: Bad XML block: header size 18254 or total size 169478669 is larger than data size 380
03-14 19:56:58.710 3111 3111 W ResourceType: Bad XML block: header size 18254 or total size 169478669 is larger than data size 633
03-14 19:56:58.723 3111 3111 W ResourceType: Bad XML block: header size 18254 or total size 169478669 is larger than data size 677
03-14 19:56:58.727 3111 3111 W ResourceType: Bad XML block: header size 18254 or total size 169478669 is larger than data size 248
03-14 19:56:58.734 3111 3111 W ResourceType: Bad XML block: header size 18254 or total size 169478669 is larger than data size 571
03-14 19:56:58.742 3111 3111 W ResourceType: Bad XML block: header size 18254 or total size 169478669 is larger than data size 333
03-14 19:56:58.745 3111 3111 W ResourceType: Bad XML block: header size 18254 or total size 169478669 is larger than data size 650
03-14 19:56:58.749 3111 3111 W ResourceType: Bad XML block: header size 18254 or total size 169478669 is larger than data size 1150
03-14 19:56:58.752 3111 3111 W ResourceType: Bad XML block: header size 18254 or total size 169478669 is larger than data size 491
03-14 19:56:58.757 3111 3111 W ResourceType: Bad XML block: header size 18254 or total size 169478669 is larger than data size 1150
03-14 19:56:58.762 3111 3111 W ResourceType: Bad XML block: header size 18254 or total size 169478669 is larger than data size 659
03-14 19:56:58.765 3111 3111 W ResourceType: Bad XML block: header size 18254 or total size 169478669 is larger than data size 593
03-14 19:56:58.776 3111 3111 W ResourceType: Bad XML block: header size 18254 or total size 169478669 is larger than data size 1171
03-14 19:56:58.780 3111 3111 W ResourceType: Bad XML block: header size 18254 or total size 169478669 is larger than data size 510
03-14 19:56:58.797 3111 3111 W ResourceType: Bad XML block: header size 18254 or total size 169478669 is larger than data size 853
03-14 19:56:58.862 3111 3111 W ResourceType: Bad XML block: header size 18254 or total size 169478669 is larger than data size 650
03-14 19:56:58.885 3111 3111 E OplusBracketLog: [OplusViewMirrorManager] updateHostViewRootIfNeeded, not support android.view.ViewRootImpl@6982713
03-14 19:56:58.915 3111 3111 W View : requestLayout() improperly called by android.widget.Space{eb89305 I.ED..... ......I. 36,108-48,120 #7f0b00ba app:id/action_tile_spacing viewInfo = } during layout: running second layout pass
03-14 19:56:58.915 3111 3111 W View : requestLayout() improperly called by android.widget.Space{c404f5a I.ED..... ......I. 36,108-48,120 #7f0b00ba app:id/action_tile_spacing viewInfo = } during layout: running second layout pass
03-14 19:56:58.915 3111 3111 W View : requestLayout() improperly called by android.widget.Space{92b658b I.ED..... ......I. 36,108-48,120 #7f0b00ba app:id/action_tile_spacing viewInfo = } during layout: running second layout pass
03-14 19:56:58.915 3111 3111 W View : requestLayout() improperly called by android.widget.Space{4ecc668 I.ED..... ......I. 36,108-48,120 #7f0b00ba app:id/action_tile_spacing viewInfo = } during layout: running second layout pass
03-14 19:56:58.958 3111 3377 W Parcel : Expecting binder but got null!
03-14 19:56:59.198 3111 3111 W ResourceType: Bad XML block: header size 18254 or total size 169478669 is larger than data size 650
03-14 19:57:00.931 3111 3111 E OplusBracketLog: [OplusViewMirrorManager] updateHostViewRootIfNeeded, not support android.view.ViewRootImpl@564eb65
03-14 19:57:00.947 3111 3111 E IPCThreadState: attemptIncStrongHandle(212): Not supported
03-14 19:57:00.947 3111 3111 E IPCThreadState: attemptIncStrongHandle(173): Not supported
03-14 19:57:00.968 3111 3377 W Parcel : Expecting binder but got null!
03-14 19:57:01.991 3111 3111 E OplusBracketLog: [OplusViewMirrorManager] updateHostViewRootIfNeeded, not support android.view.ViewRootImpl@88b27ce
03-14 19:57:02.067 3111 3377 W Parcel : Expecting binder but got null!
03-14 19:57:02.080 3111 3111 W BottomSheetBehavior: BottomSheetBehavior now supports multiple callbacks. `setBottomSheetCallback()` removes all existing callbacks, including ones set internally by library authors, which may result in unintended behavior. This may change in the future. Please use `addBottomSheetCallback()` and `removeBottomSheetCallback()` instead to set your own callbacks.
03-14 19:57:03.958 3111 3111 E OplusBracketLog: [OplusViewMirrorManager] updateHostViewRootIfNeeded, not support android.view.ViewRootImpl@e954334
03-14 19:57:03.996 3111 3111 E IPCThreadState: attemptIncStrongHandle(88): Not supported
03-14 19:57:04.028 3111 3377 W Parcel : Expecting binder but got null!
03-14 19:57:08.987 3111 3111 W ResourceType: Bad XML block: header size 18254 or total size 169478669 is larger than data size 650
03-14 19:57:09.168 3111 3111 E IPCThreadState: attemptIncStrongHandle(107): Not supported
03-14 19:57:09.168 3111 3111 E IPCThreadState: attemptIncStrongHandle(116): Not supported
03-14 19:57:09.236 3111 3111 W ResourceType: Bad XML block: header size 18254 or total size 169478669 is larger than data size 650
03-14 19:57:10.285 3111 3111 E ArmVmp : Match on catch block at 0x0a in for 0x189
03-14 19:57:10.290 3111 3111 E ArmVmp : Match on catch block at 0x0a in for 0x181
03-14 19:57:10.342 3111 3111 E OplusBracketLog: [OplusViewMirrorManager] updateHostViewRootIfNeeded, not support android.view.ViewRootImpl@9226e89
03-14 19:57:10.364 3111 3111 E IPCThreadState: attemptIncStrongHandle(50): Not supported
03-14 19:57:10.432 3111 3111 E ArmVmp : Match on catch block at 0xc3 in for 0x171
03-14 19:57:10.435 3111 3111 E ArmVmp : Match on catch block at 0xc3 in for 0x169
03-14 19:57:10.438 3111 3111 E ArmVmp : Match on catch block at 0xc3 in for 0x161
03-14 19:57:10.463 3111 3377 W Parcel : Expecting binder but got null!
03-14 19:57:10.486 3111 3111 E ArmVmp : Match on catch block at 0xc3 in for 0x159
03-14 19:57:10.489 3111 3111 E ArmVmp : Match on catch block at 0xc3 in for 0x155
03-14 19:57:10.491 3111 3111 E ArmVmp : Match on catch block at 0xc3 in for 0x159
03-14 19:57:10.512 3111 3111 E ArmVmp : Match on catch block at 0xc3 in for 0x141
03-14 19:57:10.514 3111 3111 E ArmVmp : Match on catch block at 0xc3 in for 0x159
03-14 19:57:10.516 3111 3111 E ArmVmp : Match on catch block at 0xc3 in for 0x141
03-14 19:57:10.535 3111 3111 E ArmVmp : Match on catch block at 0xc3 in for 0x155
03-14 19:57:10.538 3111 3111 E ArmVmp : Match on catch block at 0xc3 in for 0x151
03-14 19:57:10.541 3111 3111 E ArmVmp : Match on catch block at 0xc3 in for 0x155
03-14 19:57:10.554 3111 3111 E ArmVmp : Match on catch block at 0xc3 in for 0x14d
03-14 19:57:10.557 3111 3111 E ArmVmp : Match on catch block at 0xc3 in for 0x149
03-14 19:57:10.560 3111 3111 E ArmVmp : Match on catch block at 0xc3 in for 0x14d
03-14 19:57:10.568 3111 3111 E ArmVmp : Match on catch block at 0xc3 in for 0x145
03-14 19:57:10.571 3111 3111 E ArmVmp : Match on catch block at 0xc3 in for 0x141
03-14 19:57:10.573 3111 3111 E ArmVmp : Match on catch block at 0xc3 in for 0x145
03-14 19:57:10.593 3111 3111 E ArmVmp : Match on catch block at 0xc3 in for 0x159
03-14 19:57:10.596 3111 3111 E ArmVmp : Match on catch block at 0xc3 in for 0x155
03-14 19:57:10.599 3111 3111 E ArmVmp : Match on catch block at 0xc3 in for 0x159
03-14 19:57:10.632 3111 3111 E ArmVmp : Match on catch block at 0xc3 in for 0x155
03-14 19:57:10.636 3111 3111 E ArmVmp : Match on catch block at 0xc3 in for 0x151
03-14 19:57:10.638 3111 3111 E ArmVmp : Match on catch block at 0xc3 in for 0x155
03-14 19:57:10.656 3111 3111 E ArmVmp : Match on catch block at 0xc3 in for 0x151
03-14 19:57:10.660 3111 3111 E ArmVmp : Match on catch block at 0xc3 in for 0x14d
03-14 19:57:10.664 3111 3111 E ArmVmp : Match on catch block at 0xc3 in for 0x151
03-14 19:57:10.688 3111 3111 E ArmVmp : Match on catch block at 0xc3 in for 0x145
03-14 19:57:10.691 3111 3111 E ArmVmp : Match on catch block at 0xc3 in for 0x141
03-14 19:57:10.693 3111 3111 E ArmVmp : Match on catch block at 0xc3 in for 0x145
03-14 19:57:10.707 3111 3111 E ArmVmp : Match on catch block at 0xc3 in for 0x145
03-14 19:57:10.710 3111 3111 E ArmVmp : Match on catch block at 0xc3 in for 0x141
03-14 19:57:10.712 3111 3111 E ArmVmp : Match on catch block at 0xc3 in for 0x145
03-14 19:57:10.718 3111 3111 E ArmVmp : Match on catch block at 0xc3 in for 0x145
03-14 19:57:10.720 3111 3111 E ArmVmp : Match on catch block at 0xc3 in for 0x141
03-14 19:57:10.723 3111 3111 E ArmVmp : Match on catch block at 0xc3 in for 0x145
03-14 19:57:10.751 3111 3111 E ArmVmp : Match on catch block at 0xc3 in for 0x141
03-14 19:57:10.754 3111 3111 E ArmVmp : Match on catch block at 0xc3 in for 0x159
03-14 19:57:10.756 3111 3111 E ArmVmp : Match on catch block at 0xc3 in for 0x141
03-14 19:57:10.770 3111 3111 E ArmVmp : Match on catch block at 0xc3 in for 0x155
03-14 19:57:10.772 3111 3111 E ArmVmp : Match on catch block at 0xc3 in for 0x151
03-14 19:57:10.775 3111 3111 E ArmVmp : Match on catch block at 0xc3 in for 0x155
03-14 19:57:10.783 3111 3111 E ArmVmp : Match on catch block at 0xc3 in for 0x149
03-14 19:57:10.785 3111 3111 E ArmVmp : Match on catch block at 0xc3 in for 0x145
03-14 19:57:10.788 3111 3111 E ArmVmp : Match on catch block at 0xc3 in for 0x149
03-14 19:57:11.107 3111 3111 E ArmVmp : Match on catch block at 0xc3 in for 0x151
03-14 19:57:11.110 3111 3111 E ArmVmp : Match on catch block at 0xc3 in for 0x14d
03-14 19:57:11.114 3111 3111 E ArmVmp : Match on catch block at 0xc3 in for 0x151
03-14 19:57:11.124 3111 3111 E ArmVmp : Match on catch block at 0xc3 in for 0x155
03-14 19:57:11.128 3111 3111 E ArmVmp : Match on catch block at 0xc3 in for 0x151
03-14 19:57:11.130 3111 3111 E ArmVmp : Match on catch block at 0xc3 in for 0x155
03-14 19:57:11.638 3111 3111 E ArmVmp : Match on catch block at 0xc3 in for 0x159
03-14 19:57:11.642 3111 3111 E ArmVmp : Match on catch block at 0xc3 in for 0x155
03-14 19:57:11.644 3111 3111 E ArmVmp : Match on catch block at 0xc3 in for 0x159
03-14 19:57:12.137 3111 3111 E ArmVmp : Match on catch block at 0xc3 in for 0x149
03-14 19:57:12.141 3111 3111 E ArmVmp : Match on catch block at 0xc3 in for 0x145
03-14 19:57:12.145 3111 3111 E ArmVmp : Match on catch block at 0xc3 in for 0x149
03-14 19:57:12.636 3111 3111 E ArmVmp : Match on catch block at 0xc3 in for 0x149
03-14 19:57:12.641 3111 3111 E ArmVmp : Match on catch block at 0xc3 in for 0x145
03-14 19:57:12.645 3111 3111 E ArmVmp : Match on catch block at 0xc3 in for 0x149
03-14 19:57:13.139 3111 3111 E ArmVmp : Match on catch block at 0xc3 in for 0x149
03-14 19:57:13.144 3111 3111 E ArmVmp : Match on catch block at 0xc3 in for 0x145
03-14 19:57:13.149 3111 3111 E ArmVmp : Match on catch block at 0xc3 in for 0x149
03-14 19:57:13.632 3111 3111 E ArmVmp : Match on catch block at 0xc3 in for 0x155
03-14 19:57:13.635 3111 3111 E ArmVmp : Match on catch block at 0xc3 in for 0x151
03-14 19:57:13.637 3111 3111 E ArmVmp : Match on catch block at 0xc3 in for 0x155
03-14 19:57:13.744 3111 3111 E ArmVmp : Match on catch block at 0xc3 in for 0x155
03-14 19:57:13.748 3111 3111 E ArmVmp : Match on catch block at 0xc3 in for 0x151
03-14 19:57:13.751 3111 3111 E ArmVmp : Match on catch block at 0xc3 in for 0x155
03-14 19:57:13.776 3111 3111 W OnBackInvokedCallback: OnBackInvokedCallback is not enabled for the application.
03-14 19:57:13.776 3111 3111 W OnBackInvokedCallback: Set 'android:enableOnBackInvokedCallback="true"' in the application manifest.
03-14 19:57:13.828 3111 3111 E ArmVmp : Match on catch block at 0xc3 in for 0x14d
03-14 19:57:13.833 3111 3111 E ArmVmp : Match on catch block at 0xc3 in for 0x149
03-14 19:57:13.837 3111 3111 E ArmVmp : Match on catch block at 0xc3 in for 0x14d
03-14 19:57:13.850 3111 3111 E ArmVmp : Match on catch block at 0xc3 in for 0x14d
03-14 19:57:13.854 3111 3111 E ArmVmp : Match on catch block at 0xc3 in for 0x149
03-14 19:57:13.860 3111 3111 E ArmVmp : Match on catch block at 0xc3 in for 0x14d
03-14 19:57:14.149 3111 3111 E ArmVmp : Match on catch block at 0xc3 in for 0x14d
03-14 19:57:14.155 3111 3111 E ArmVmp : Match on catch block at 0xc3 in for 0x149
03-14 19:57:14.160 3111 3111 E ArmVmp : Match on catch block at 0xc3 in for 0x14d
03-14 19:57:14.650 3111 3111 E ArmVmp : Match on catch block at 0xc3 in for 0x14d
03-14 19:57:14.656 3111 3111 E ArmVmp : Match on catch block at 0xc3 in for 0x149
03-14 19:57:14.661 3111 3111 E ArmVmp : Match on catch block at 0xc3 in for 0x14d
03-14 19:57:15.151 3111 3111 E ArmVmp : Match on catch block at 0xc3 in for 0x14d
03-14 19:57:15.161 3111 3111 E ArmVmp : Match on catch block at 0xc3 in for 0x149
03-14 19:57:15.168 3111 3111 E ArmVmp : Match on catch block at 0xc3 in for 0x14d
03-14 19:57:15.267 3111 3111 E ArmVmp : Match on catch block at 0xc3 in for 0x149
03-14 19:57:15.270 3111 3111 E ArmVmp : Match on catch block at 0xc3 in for 0x145
03-14 19:57:15.273 3111 3111 E ArmVmp : Match on catch block at 0xc3 in for 0x149
03-14 19:57:15.293 3111 3111 E ArmVmp : Match on catch block at 0xc3 in for 0x141
03-14 19:57:15.298 3111 3111 E ArmVmp : Match on catch block at 0xc3 in for 0x159
03-14 19:57:15.304 3111 3111 E ArmVmp : Match on catch block at 0xc3 in for 0x141
03-14 19:57:15.312 3111 3111 E ArmVmp : Match on catch block at 0xc3 in for 0x141
03-14 19:57:15.319 3111 3111 E ArmVmp : Match on catch block at 0xc3 in for 0x159
03-14 19:57:15.325 3111 3111 E ArmVmp : Match on catch block at 0xc3 in for 0x141
03-14 19:57:15.337 3111 3111 E ArmVmp : Match on catch block at 0xc3 in for 0x141
03-14 19:57:15.342 3111 3111 E ArmVmp : Match on catch block at 0xc3 in for 0x159
03-14 19:57:15.348 3111 3111 E ArmVmp : Match on catch block at 0xc3 in for 0x141
03-14 19:57:15.358 3111 3111 E ArmVmp : Match on catch block at 0xc3 in for 0x141
03-14 19:57:15.362 3111 3111 E ArmVmp : Match on catch block at 0xc3 in for 0x159
03-14 19:57:15.368 3111 3111 E ArmVmp : Match on catch block at 0xc3 in for 0x141
03-14 19:57:15.377 3111 3111 E ArmVmp : Match on catch block at 0xc3 in for 0x141
03-14 19:57:15.385 3111 3111 E ArmVmp : Match on catch block at 0xc3 in for 0x159
03-14 19:57:15.390 3111 3111 E ArmVmp : Match on catch block at 0xc3 in for 0x141
03-14 19:57:15.413 3111 3111 E ArmVmp : Match on catch block at 0xc3 in for 0x141
03-14 19:57:15.420 3111 3111 E ArmVmp : Match on catch block at 0xc3 in for 0x159
03-14 19:57:15.429 3111 3111 E ArmVmp : Match on catch block at 0xc3 in for 0x141
03-14 19:57:15.451 3111 3111 E ArmVmp : Match on catch block at 0xc3 in for 0x141
03-14 19:57:15.455 3111 3111 E ArmVmp : Match on catch block at 0xc3 in for 0x159
03-14 19:57:15.459 3111 3111 E ArmVmp : Match on catch block at 0xc3 in for 0x141
03-14 19:57:15.480 3111 3111 E ArmVmp : Match on catch block at 0xc3 in for 0x141
03-14 19:57:15.484 3111 3111 E ArmVmp : Match on catch block at 0xc3 in for 0x159
03-14 19:57:15.489 3111 3111 E ArmVmp : Match on catch block at 0xc3 in for 0x141
03-14 19:57:15.497 3111 3111 E ArmVmp : Match on catch block at 0xc3 in for 0x141
03-14 19:57:15.502 3111 3111 E ArmVmp : Match on catch block at 0xc3 in for 0x159
03-14 19:57:15.507 3111 3111 E ArmVmp : Match on catch block at 0xc3 in for 0x141
03-14 19:57:15.613 3111 3111 E ArmVmp : Match on catch block at 0xc3 in for 0x149
03-14 19:57:15.618 3111 3111 E ArmVmp : Match on catch block at 0xc3 in for 0x145
03-14 19:57:15.623 3111 3111 E ArmVmp : Match on catch block at 0xc3 in for 0x149
03-14 19:57:16.111 3111 3111 E ArmVmp : Match on catch block at 0xc3 in for 0x149
03-14 19:57:16.115 3111 3111 E ArmVmp : Match on catch block at 0xc3 in for 0x145
03-14 19:57:16.119 3111 3111 E ArmVmp : Match on catch block at 0xc3 in for 0x149
03-14 19:57:16.610 3111 3111 E ArmVmp : Match on catch block at 0xc3 in for 0x149
03-14 19:57:16.614 3111 3111 E ArmVmp : Match on catch block at 0xc3 in for 0x145
03-14 19:57:16.618 3111 3111 E ArmVmp : Match on catch block at 0xc3 in for 0x149
03-14 19:57:16.731 3111 3111 E ArmVmp : Match on catch block at 0xc3 in for 0x149
03-14 19:57:16.735 3111 3111 E ArmVmp : Match on catch block at 0xc3 in for 0x145
03-14 19:57:16.739 3111 3111 E ArmVmp : Match on catch block at 0xc3 in for 0x149
03-14 19:57:16.774 3111 3111 E ArmVmp : Match on catch block at 0xc3 in for 0x155
03-14 19:57:16.782 3111 3111 E ArmVmp : Match on catch block at 0xc3 in for 0x151
03-14 19:57:16.787 3111 3111 E ArmVmp : Match on catch block at 0xc3 in for 0x155
03-14 19:57:16.816 3111 3111 E ArmVmp : Match on catch block at 0xc3 in for 0x151
03-14 19:57:16.822 3111 3111 E ArmVmp : Match on catch block at 0xc3 in for 0x14d
03-14 19:57:16.880 3111 3111 E ArmVmp : Match on catch block at 0xc3 in for 0x159
03-14 19:57:16.884 3111 3111 E ArmVmp : Match on catch block at 0xc3 in for 0x155
03-14 19:57:16.902 3111 3111 E ArmVmp : Match on catch block at 0xc3 in for 0x145
03-14 19:57:16.906 3111 3111 E ArmVmp : Match on catch block at 0xc3 in for 0x141
03-14 19:57:16.925 3111 3111 E ArmVmp : Match on catch block at 0xc3 in for 0x14d
03-14 19:57:16.931 3111 3111 E ArmVmp : Match on catch block at 0xc3 in for 0x149
03-14 19:57:16.942 3111 3111 E ArmVmp : Match on catch block at 0xc3 in for 0x159
03-14 19:57:16.947 3111 3111 E ArmVmp : Match on catch block at 0xc3 in for 0x155
03-14 19:57:16.960 3111 3111 E ArmVmp : Match on catch block at 0xc3 in for 0x149
03-14 19:57:16.966 3111 3111 E ArmVmp : Match on catch block at 0xc3 in for 0x145
03-14 19:57:17.259 3111 3111 E ArmVmp : Match on catch block at 0xc3 in for 0x149
03-14 19:57:17.266 3111 3111 E ArmVmp : Match on catch block at 0xc3 in for 0x145
03-14 19:57:17.492 3111 3111 E ArmVmp : Match on catch block at 0xc3 in for 0x151
03-14 19:57:17.495 3111 3111 E ArmVmp : Match on catch block at 0xc3 in for 0x14d
03-14 19:57:17.503 3111 17017 W MediaPlayer: Use of stream types is deprecated for operations other than volume control
03-14 19:57:17.503 3111 17017 W MediaPlayer: See the documentation of setAudioStreamType() for what to use instead with android.media.AudioAttributes to qualify your playback use case
03-14 19:57:17.756 3111 3111 E ArmVmp : Match on catch block at 0xc3 in for 0x149
03-14 19:57:17.758 3111 3111 E ArmVmp : Match on catch block at 0xc3 in for 0x145
03-14 19:57:18.091 3111 3111 E ArmVmp : Match on catch block at 0xc3 in for 0x159
03-14 19:57:18.094 3111 3111 E ArmVmp : Match on catch block at 0xc3 in for 0x155
03-14 19:57:18.110 3111 3111 E ArmVmp : Match on catch block at 0xc3 in for 0x159
03-14 19:57:18.113 3111 3111 E ArmVmp : Match on catch block at 0xc3 in for 0x155
03-14 19:57:18.255 3111 3111 E ArmVmp : Match on catch block at 0xc3 in for 0x14d
03-14 19:57:18.258 3111 3111 E ArmVmp : Match on catch block at 0xc3 in for 0x149
03-14 19:57:18.743 3111 3111 E ArmVmp : Match on catch block at 0xc3 in for 0x14d
03-14 19:57:18.746 3111 3111 E ArmVmp : Match on catch block at 0xc3 in f--------- beginning of main
03-14 19:57:18.755 3111 3111 E ArmVmp : Match on catch block at 0xc3 in for 0x159
03-14 19:57:18.758 3111 3111 E ArmVmp : Match on catch block at 0xc3 in for 0x155
03-14 19:57:18.772 3111 3111 E ArmVmp : Match on catch block at 0xc3 in for 0x149
03-14 19:57:18.776 3111 3111 E ArmVmp : Match on catch block at 0xc3 in for 0x145
03-14 19:57:18.824 3111 3111 E ArmVmp : Match on catch block at 0xc3 in for 0x159
03-14 19:57:18.829 3111 3111 E ArmVmp : Match on catch block at 0xc3 in for 0x155
03-14 19:57:18.900 3111 3111 E ArmVmp : Match on catch block at 0xc3 in for 0x159
03-14 19:57:18.906 3111 3111 E ArmVmp : Match on catch block at 0xc3 in for 0x155
03-14 19:57:19.020 3111 3111 E IPCThreadState: attemptIncStrongHandle(145): Not supported
03-14 19:57:19.057 3111 3111 E ArmVmp : Match on catch block at 0xc3 in for 0x151
03-14 19:57:19.062 3111 3111 E ArmVmp : Match on catch block at 0xc3 in for 0x14d
03-14 19:57:19.097 3111 3111 E ArmVmp : Match on catch block at 0xc3 in for 0x145
03-14 19:57:19.100 3111 3111 E ArmVmp : Match on catch block at 0xc3 in for 0x141
03-14 19:57:19.139 3111 3111 E ArmVmp : Match on catch block at 0xc3 in for 0x149
03-14 19:57:19.143 3111 3111 E ArmVmp : Match on catch block at 0xc3 in for 0x145
03-14 19:57:19.154 3111 3111 E ArmVmp : Match on catch block at 0xc3 in for 0x155
03-14 19:57:19.158 3111 3111 E ArmVmp : Match on catch block at 0xc3 in for 0x151
03-14 19:57:19.163 3111 3111 E ArmVmp : Match on catch block at 0xc3 in for 0x155
03-14 19:57:19.169 3111 3111 E ArmVmp : Match on catch block at 0xc3 in for 0x151
03-14 19:57:19.621 3111 3111 E ArmVmp : Match on catch block at 0xc3 in for 0x14d
03-14 19:57:19.629 3111 3111 E ArmVmp : Match on catch block at 0xc3 in for 0x149
03-14 19:57:23.364 3111 3111 E OplusBracketLog: [OplusViewMirrorManager] updateHostViewRootIfNeeded, not support android.view.ViewRootImpl@23e82a4
03-14 19:57:23.388 3111 3111 E IPCThreadState: attemptIncStrongHandle(152): Not supported
03-14 19:57:23.440 3111 3377 W Parcel : Expecting binder but got null!
03-14 19:57:24.910 3111 3111 E RippleDrawable: The RippleDrawable.STYLE_PATTERNED animation is not supported for a non-hardware accelerated Canvas. Skipping animation.
03-14 19:57:24.916 3111 3111 E RippleDrawable: The RippleDrawable.STYLE_PATTERNED animation is not supported for a non-hardware accelerated Canvas. Skipping animation.
03-14 19:57:25.242 3111 3111 E OplusBracketLog: [OplusViewMirrorManager] updateHostViewRootIfNeeded, not support android.view.ViewRootImpl@b971fd
03-14 19:57:25.260 3111 3111 E IPCThreadState: attemptIncStrongHandle(174): Not supported
03-14 19:57:25.350 3111 3377 W Parcel : Expecting binder but got null!
03-14 19:57:28.489 18494 18494 E com.mbwhatsapp: Unknown bits set in runtime_flags: 0x40000000
03-14 19:57:28.494 18494 18494 E com.mbwhatsapp: Not starting debugger since process cannot load the jdwp agent.
03-14 19:57:28.502 18494 18494 W ziparchive: Unable to open '/system/framework/mediatek-framework.dm': No such file or directory
03-14 19:57:28.502 18494 18494 W ziparchive: Unable to open '/system/framework/mediatek-framework.dm': No such file or directory
03-14 19:57:28.508 18494 18508 E com.mbwhatsapp: Could not write anonymous vdex /system/framework/oat/arm64/mediatek-framework.vdex: Could not open /system/framework/oat/arm64/mediatek-framework.vdex for writing
03-14 19:57:28.549 18494 18494 W libc : Access denied finding property "ro.odm.prev.product.name"
03-14 19:57:28.621 18494 18494 W System.err: java.lang.ClassNotFoundException: mbmodsd.mbmodsw.ui.views.btn.BtnBK
03-14 19:57:28.621 18494 18494 W System.err: at java.lang.Runtime.nativeLoad(Native Method)
03-14 19:57:28.621 18494 18494 W System.err: at java.lang.Runtime.nativeLoad(Runtime.java:1121)
03-14 19:57:28.621 18494 18494 W System.err: at java.lang.Runtime.loadLibrary0(Runtime.java:1075)
03-14 19:57:28.621 18494 18494 W System.err: at java.lang.Runtime.loadLibrary0(Runtime.java:998)
03-14 19:57:28.621 18494 18494 W System.err: at java.lang.System.loadLibrary(System.java:1661)
03-14 19:57:28.621 18494 18494 W System.err: at arm.EpicVm.<clinit>(Unknown Source:2)
03-14 19:57:28.621 18494 18494 W System.err: at java.lang.Class.newInstance(Native Method)
03-14 19:57:28.621 18494 18494 W System.err: at android.app.AppComponentFactory.instantiateApplication(AppComponentFactory.java:76)
03-14 19:57:28.621 18494 18494 W System.err: at androidx.core.app.CoreComponentFactory.instantiateApplication(Unknown Source:0)
03-14 19:57:28.621 18494 18494 W System.err: at android.app.Instrumentation.newApplication(Instrumentation.java:1251)
03-14 19:57:28.621 18494 18494 W System.err: at android.app.LoadedApk.makeApplicationInner(LoadedApk.java:1507)
03-14 19:57:28.621 18494 18494 W System.err: at android.app.LoadedApk.makeApplicationInner(LoadedApk.java:1443)
03-14 19:57:28.621 18494 18494 W System.err: at android.app.ActivityThread.handleBindApplication(ActivityThread.java:7232)
03-14 19:57:28.621 18494 18494 W System.err: at android.app.ActivityThread.-$ $Nest$mhandleBindApplication(Unknown Source:0)
03-14 19:57:28.621 18494 18494 W System.err: at android.app.ActivityThread$H.handleMessage(ActivityThread.java:2307)
03-14 19:57:28.621 18494 18494 W System.err: at android.os.Handler.dispatchMessage(Handler.java:106)
03-14 19:57:28.621 18494 18494 W System.err: at android.os.Looper.loopOnce(Looper.java:240)
03-14 19:57:28.621 18494 18494 W System.err: at android.os.Looper.loop(Looper.java:351)
03-14 19:57:28.621 18494 18494 W System.err: at android.app.ActivityThread.main(ActivityThread.java:8436)
03-14 19:57:28.621 18494 18494 W System.err: at java.lang.reflect.Method.invoke(Native Method)
03-14 19:57:28.621 18494 18494 W System.err: at com.android.internal.os.RuntimeInit$MethodAndArgsCaller.run(RuntimeInit.java:568)
03-14 19:57:28.621 18494 18494 W System.err: at com.android.internal.os.ZygoteInit.main(ZygoteInit.java:1013)
03-14 19:57:28.668 18494 18494 E CustomActivityOnCrash: IMPORTANT WARNING! You already have an UncaughtExceptionHandler, are you sure this is correct? If you use a custom UncaughtExceptionHandler, you must initialize it AFTER CustomActivityOnCrash! Installing anyway, but your original handler will not be called.
03-14 19:57:29.044 18494 18494 W com.mbwhatsapp: Accessing hidden method Lcom/android/org/conscrypt/OpenSSLSocketImpl;->setUseSessionTickets(Z)V (max- target-q,core-platform-api, reflection, denied)
03-14 19:57:29.044 18494 18494 W com.mbwhatsapp: Accessing hidden method Lcom/android/org/conscrypt/AbstractConscryptSocket;->setUseSessionTickets(Z)V (max- target-q, reflection, denied)
03-14 19:57:29.065 18494 18494 W com.mbwhatsapp: type=1400 audit(0.0:803): avc: granted { execute } for path="/data/data/com.mbwhatsapp/files/decompressed/libs.spk.zst/libc++_shared.so" dev="dm-60" ino=53672 scontext=u:r:untrusted_app:s0:c255,c256,c512,c768 tcontext=u:object_r:app_data_file:s0:c255,c256,c512,c768 tclass=file app=com.mbwhatsapp
03-14 19:57:29.069 18494 18494 W com.mbwhatsapp: type=1400 audit(0.0:804): avc: granted { execute } for path="/data/data/com.mbwhatsapp/files/decompressed/libs.spk.zst/libvlc.so" dev="dm- 60" ino=53694 scontext=u:r:untrusted_app:s0:c255,c256,c512,c768 tcontext=u:object_r:app_data_file:s0:c255,c256,c512,c768 tclass=file app=com.mbwhatsapp
03-14 19:57:29.073 18494 18494 W com.mbwhatsapp: type=1400 audit(0.0:805): avc: granted { execute } for path="/data/data/com.mbwhatsapp/files/decompressed/libs.spk.zst/libwhatsapp.so" dev="dm-60" ino=53732 scontext=u:r:untrusted_app:s0:c255,c256,c512,c768 tcontext=u:object_r:app_data_file:s0:c255,c256,c512,c768 tclass=file app=com.mbwhatsapp
03-14 19:57:29.113 18494 18494 W com.mbwhatsapp: type=1400 audit(0.0:806): avc: granted { execute } for path="/data/data/com.mbwhatsapp/files/decompressed/libs.spk.zst/libcurve25519.so" dev="dm-60" ino=53903 scontext=u:r:untrusted_app:s0:c255,c256,c512,c768 tcontext=u:object_r:app_data_file:s0:c255,c256,c512,c768 tclass=file app=com.mbwhatsapp
03-14 19:57:29.121 18494 18494 W com.mbwhatsapp: type=1400 audit(0.0:807): avc: granted { execute } for path="/data/data/com.mbwhatsapp/files/decompressed/libs.spk.zst/libwhatsapp.so" dev="dm-60" ino=53732 scontext=u:r:untrusted_app:s0:c255,c256,c512,c768 tcontext=u:object_r:app_data_file:s0:c255,c256,c512,c768 tclass=file app=com.mbwhatsapp
03-14 19:57:29.121 18494 18494 W com.mbwhatsapp: type=1400 audit(0.0:808): avc: granted { execute } for path="/data/data/com.mbwhatsapp/files/decompressed/libs.spk.zst/libwhatsapp.so" dev="dm-60" ino=53732 scontext=u:r:untrusted_app:s0:c255,c256,c512,c768 tcontext=u:object_r:app_data_file:s0:c255,c256,c512,c768 tclass=file app=com.mbwhatsapp
03-14 19:57:29.121 18494 18494 W com.mbwhatsapp: type=1400 audit(0.0:809): avc: granted { execute } for path="/data/data/com.mbwhatsapp/files/decompressed/libs.spk.zst/libwhatsapp.so" dev="dm-60" ino=53732 scontext=u:r:untrusted_app:s0:c255,c256,c512,c768 tcontext=u:object_r:app_data_file:s0:c255,c256,c512,c768 tclass=file app=com.mbwhatsapp
03-14 19:57:29.199 18494 18545 W com.mbwhatsapp: Method void X.2rL.A03(java.lang.Integer) failed lock verification and will run slower.
03-14 19:57:29.199 18494 18545 W com.mbwhatsapp: Common causes for lock verification issues are non-optimized dex code
03-14 19:57:29.199 18494 18545 W com.mbwhatsapp: and incorrect proguard optimizations.
03-14 19:57:29.212 18494 18494 W com.mbwhatsapp: Method void X.0eU.A0h(X.0tK, boolean) failed lock verification and will run slower.
03-14 19:57:29.426 18494 18555 E com.mbwhatsapp: Loaded layer handle (13215747770335172533) for layer /my_product/lib64/libcolorx-loader.so
03-14 19:57:29.426 18494 18555 E com.mbwhatsapp: Looking for entrypoint ColorX_Check
03-14 19:57:29.426 18494 18555 E com.mbwhatsapp: Found ColorX_Check for /my_product/lib64/libcolorx-loader.so
03-14 19:57:29.426 18494 18555 E com.mbwhatsapp: Check failed
03-14 19:57:29.431 18494 18494 W com.mbwhatsapp: Method void com.mbwhatsapp.HomeActivity.A6e() failed lock verification and will run slower.
03-14 19:57:29.432 18494 18555 E QT : [QT]file does not exist --------- beginning of system
03-14 19:57:29.496 18494 18494 E OplusCustomizeRestrictionManager: sInstance is null, start a new sInstance
03-14 19:57:29.787 18494 18494 E ArmVmp : Match on catch block at 0x0a in for 0x185
03-14 19:57:29.809 18494 18494 E ArmVmp : Match on catch block at 0x0a in for 0x261
03-14 19:57:29.870 18494 18494 W Activity: Can request only one set of permissions at a time
03-14 19:57:29.973 18494 18494 E SchedAssist: ofbOpen failed with error=No such file or directory
03-14 19:57:29.973 18494 18494 E SchedAssist: sysOpen failed with error=No such file or directory
03-14 19:57:29.973 18494 18494 E SchedAssist: sharedImFd failed with error=Permission denied
03-14 19:57:30.062 18494 18494 E OplusBracketLog: [OplusViewMirrorManager] updateHostViewRootIfNeeded, not support android.view.ViewRootImpl@7654133
03-14 19:57:30.743 18494 18494 E RecyclerView: No adapter attached; skipping layout
03-14 19:57:30.762 18494 18494 E ArmVmp : Match on catch block at 0x0a in for 0x1b9
03-14 19:57:30.822 18494 18494 E RecyclerView: No adapter attached; skipping layout
03-14 19:57:31.009 18494 18597 W LOTTIE : Animation contains merge paths. Merge paths are only supported on KitKat+ and must be manually enabled by calling enableMergePathsForKitKatAndAbove().
03-14 19:57:31.040 18494 18554 E OpenGLRenderer: Device claims wide gamut support, cannot find matching config, error = EGL_SUCCESS
03-14 19:57:31.040 18494 18554 W OpenGLRenderer: Failed to initialize 101010-2 format, error = EGL_SUCCESS
03-14 19:57:31.150 18494 18554 W libc : Access denied finding property "ro.vendor.magt.mtk_magt_support"
03-14 19:57:31.209 18494 18554 W Parcel : Expecting binder but got null!
03-14 19:57:31.312 18494 18494 W LOTTIE : Animation contains merge paths but they are disabled.
03-14 19:57:31.835 18494 18515 W LibraryVersion: Failed to get app version for libraryName: firebase-iid
03-14 19:57:37.442 18494 18562 W com.mbwhatsapp: Accessing hidden method Lcom/android/org/conscrypt/ConscryptEngineSocket;->setUseSessionTickets(Z)V (max- target-q,core-platform-api, reflection, denied)
03-14 19:57:37.442 18494 18562 W com.mbwhatsapp: Accessing hidden method Lcom/android/org/conscrypt/OpenSSLSocketImpl;->setUseSessionTickets(Z)V (max- target-q,core-platform-api, reflection, denied)
03-14 19:57:37.442 18494 18562 W com.mbwhatsapp: Accessing hidden method Lcom/android/org/conscrypt/AbstractConscryptSocket;->setUseSessionTickets(Z)V (max- target-q, reflection, denied)
03-14 19:57:37.443 18494 18562 W com.mbwhatsapp: Accessing hidden method Lcom/android/org/conscrypt/ConscryptEngineSocket;->setHostname(Ljava/lang/String;)V (max-target-q,core-platform-api, reflection, denied)
03-14 19:57:37.443 18494 18562 W com.mbwhatsapp: Accessing hidden method Lcom/android/org/conscrypt/OpenSSLSocketImpl;->setHostname(Ljava/lang/String;)V (max-target-q,core-platform-api, reflection, denied)
03-14 19:57:37.443 18494 18562 W com.mbwhatsapp: Accessing hidden method Lcom/android/org/conscrypt/AbstractConscryptSocket;->setHostname(Ljava/lang/ String;)V (max-target-q, reflection, denied)
03-14 19:57:37.443 18494 18562 W com.mbwhatsapp: Accessing hidden method Lcom/android/org/conscrypt/OpenSSLSocketImpl;->setAlpnProtocols([B)V (max-target- q,core-platform-api, reflection, denied)
03-14 19:57:37.443 18494 18562 W com.mbwhatsapp: Accessing hidden method Lcom/android/org/conscrypt/AbstractConscryptSocket;->setAlpnProtocols([B)V (max- target-q, reflection, denied)
03-14 19:57:37.533 18494 18562 W com.mbwhatsapp: Accessing hidden method Lcom/android/org/conscrypt/OpenSSLSocketImpl;->getAlpnSelectedProtocol()[B (max- target-q,core-platform-api, reflection, denied)
03-14 19:57:37.533 18494 18562 W com.mbwhatsapp: Accessing hidden method Lcom/android/org/conscrypt/AbstractConscryptSocket;->getAlpnSelectedProtocol()[B (max-target-q, reflection, denied)
03-14 19:57:38.832 18494 18502 W com.mbwhatsapp: Cleared Reference was only reachable from finalizer (only reported once)
03-14 20:05:31.887 18494 18494 E IPCThreadState: attemptIncStrongHandle(78): Not supported
03-14 20:05:34.235 18494 18494 E OplusBracketLog: [OplusViewMirrorManager] updateHostViewRootIfNeeded, not support android.view.ViewRootImpl@f340dd6
03-14 20:05:34.303 18494 18554 W Parcel : Expecting binder but got null!
03-14 20:05:34.975 18494 18494 W InputEventReceiver: Attempted to finish an input event but the input event receiver has already been disposed.
03-14 20:29:34.067 18494 18494 E IPCThreadState: attemptIncStrongHandle(69): Not supported
03-14 20:29:34.067 18494 18494 E IPCThreadState: attemptIncStrongHandle(75): Not supported
03-14 20:29:37.892 18494 18494 W Choreographer: Already have a pending vsync event. There should only be one at a time.
03-14 20:29:37.945 18494 18494 W Choreographer: Already have a pending vsync event. There should only be one at a time.
03-14 20:29:37.963 18494 18494 W Choreographer: Already have a pending vsync event. There should only be one at a time.
03-14 20:29:38.000 18494 18494 W Choreographer: Already have a pending vsync event. There should only be one at a time.
03-14 20:29:38.050 18494 18494 W Choreographer: Already have a pending vsync event. There should only be one at a time.
03-14 20:29:38.120 18494 18494 W Choreographer: Already have a pending vsync event. There should only be one at a time.
03-14 20:29:41.073 18494 18494 E OplusBracketLog: [OplusViewMirrorManager] updateHostViewRootIfNeeded, not support android.view.ViewRootImpl@26bc85
03-14 20:29:41.120 18494 18554 W Parcel : Expecting binder but got null!
03-14 20:29:42.068 18494 18494 W ResourceType: Bad XML block: header size 18254 or total size 169478669 is larger than data size 380
03-14 20:29:42.074 18494 18494 W ResourceType: Bad XML block: header size 18254 or total size 169478669 is larger than data size 633
03-14 20:29:42.094 18494 18494 W ResourceType: Bad XML block: header size 18254 or total size 169478669 is larger than data size 677
03-14 20:29:42.098 18494 18494 W ResourceType: Bad XML block: header size 18254 or total size 169478669 is larger than data size 248
03-14 20:29:42.110 18494 18494 W ResourceType: Bad XML block: header size 18254 or total size 169478669 is larger than data size 571
03-14 20:29:42.123 18494 18494 W ResourceType: Bad XML block: header size 18254 or total size 169478669 is larger than data size 333
03-14 20:29:42.128 18494 18494 W ResourceType: Bad XML block: header size 18254 or total size 169478669 is larger than data size 650
03-14 20:29:42.134 18494 18494 W ResourceType: Bad XML block: header size 18254 or total size 169478669 is larger than data size 1150
03-14 20:29:42.141 18494 18494 W ResourceType: Bad XML block: header size 18254 or total size 169478669 is larger than data size 491
03-14 20:29:42.145 18494 18494 W ResourceType: Bad XML block: header size 18254 or total size 169478669 is larger than data size 1150
03-14 20:29:42.151 18494 18494 W ResourceType: Bad XML block: header size 18254 or total size 169478669 is larger than data size 659
03-14 20:29:42.159 18494 18494 W ResourceType: Bad XML block: header size 18254 or total size 169478669 is larger than data size 593
03-14 20:29:42.226 18494 18494 W ResourceType: Bad XML block: header size 18254 or total size 169478669 is larger than data size 473
03-14 20:29:42.231 18494 18494 W ResourceType: Bad XML block: header size 18254 or total size 169478669 is larger than data size 510
03-14 20:29:42.299 18494 18494 W ResourceType: Bad XML block: header size 18254 or total size 169478669 is larger than data size 473
03-14 20:29:42.342 18494 18494 E OplusBracketLog: [OplusViewMirrorManager] updateHostViewRootIfNeeded, not support android.view.ViewRootImpl@1e80348
03-14 20:29:42.380 18494 18494 W View : requestLayout() improperly called by android.widget.Space{b279f1d I.ED..... ......I. 36,108-48,120 #7f0b00ba app:id/action_tile_spacing viewInfo = } during layout: running second layout pass
03-14 20:29:42.380 18494 18494 W View : requestLayout() improperly called by android.widget.Space{fc7c592 I.ED..... ......I. 36,108-48,120 #7f0b00ba app:id/action_tile_spacing viewInfo = } during layout: running second layout pass
03-14 20:29:42.380 18494 18494 W View : requestLayout() improperly called by android.widget.Space{72dcb63 I.ED..... ......I. 36,108-48,120 #7f0b00ba app:id/action_tile_spacing viewInfo = } during layout: running second layout pass
03-14 20:29:42.428 18494 18554 W Parcel : Expecting binder but got null!
03-14 20:29:42.444 18494 18494 W ResourceType: Bad XML block: header size 18254 or total size 169478669 is larger than data size 853
03-14 20:29:42.839 18494 18494 W View : requestLayout() improperly called by android.widget.FrameLayout{260f470 V.E...... ......ID 0,0-1080,320 #7f0b194b app:id/subject_layout viewInfo = } during layout: running second layout pass
03-14 20:29:42.839 18494 18494 W View : requestLayout() improperly called by android.widget.FrameLayout{c6263e9 V.E...... ......ID 0,0-1080,320 #7f0b0c0c app:id/header viewInfo = } during layout: running second layout pass
03-14 20:29:42.839 18494 18494 W View : requestLayout() improperly called by com.mbwhatsapp.WaImageView{f8bb86e V.ED..... ......ID 0,0-1080,244 #7f0b1319 app:id/picture viewInfo = } during layout: running second layout pass
03-14 20:29:42.839 18494 18494 W View : requestLayout() improperly called by android.view.View{3c33b0f V.ED..... ......ID 0,0-1080,244 #7f0b1304 app:id/photo_overlay viewInfo = } during layout: running second layout pass
03-14 20:29:43.650 18494 18494 W Choreographer: Already have a pending vsync event. There should only be one at a time.
03-14 20:29:44.453 18494 18494 W View : requestLayout() improperly called by com.mbwhatsapp.TextEmojiLabel{7952df6 VFED..C.. ......ID 0,0-768,88 #7f0b06ab app:id/conversation_contact_name viewInfo = } during layout: running second layout pass
03-14 20:29:44.491 18494 18494 W View : requestLayout() improperly called by com.mbwhatsapp.TextEmojiLabel{7952df6 VFED..C.. ......ID 0,0-768,88 #7f0b06ab app:id/conversation_contact_name viewInfo = } during layout: running second layout pass
03-14 20:29:48.743 18494 18494 E IPCThreadState: attemptIncStrongHandle(97): Not supported
03-14 20:29:48.743 18494 18494 E IPCThreadState: attemptIncStrongHandle(77): Not supported
03-14 20:29:51.715 18494 18494 E OplusBracketLog: [OplusViewMirrorManager] updateHostViewRootIfNeeded, not support android.view.ViewRootImpl@b9288e6
03-14 20:29:51.730 18494 18494 E IPCThreadState: attemptIncStrongHandle(107): Not supported
03-14 20:29:51.745 18494 18554 W Parcel : Expecting binder but got null!
03-14 20:29:54.693 18494 18494 E OplusBracketLog: [OplusViewMirrorManager] updateHostViewRootIfNeeded, not support android.view.ViewRootImpl@b2f74b
03-14 20:29:54.707 18494 18494 E IPCThreadState: attemptIncStrongHandle(103): Not supported
03-14 20:29:54.723 18494 18554 W Parcel : Expecting binder but got null!
03-14 20:29:55.711 18494 18494 W ResourceType: Bad XML block: header size 18254 or total size 169478669 is larger than data size 380
03-14 20:29:55.715 18494 18494 W ResourceType: Bad XML block: header size 18254 or total size 169478669 is larger than data size 633
03-14 20:29:55.725 18494 18494 W ResourceType: Bad XML block: header size 18254 or total size 169478669 is larger than data size 677
03-14 20:29:55.729 18494 18494 W ResourceType: Bad XML block: header size 18254 or total size 169478669 is larger than data size 248
03-14 20:29:55.736 18494 18494 W ResourceType: Bad XML block: header size 18254 or total size 169478669 is larger than data size 571
03-14 20:29:55.743 18494 18494 W ResourceType: Bad XML block: header size 18254 or total size 169478669 is larger than data size 333
03-14 20:29:55.747 18494 18494 W ResourceType: Bad XML block: header size 18254 or total size 169478669 is larger than data size 650
03-14 20:29:55.751 18494 18494 W ResourceType: Bad XML block: header size 18254 or total size 169478669 is larger than data size 1150
03-14 20:29:55.754 18494 18494 W ResourceType: Bad XML block: header size 18254 or total size 169478669 is larger than data size 491
03-14 20:29:55.758 18494 18494 W ResourceType: Bad XML block: header size 18254 or total size 169478669 is larger than data size 1150
03-14 20:29:55.762 18494 18494 W ResourceType: Bad XML block: header size 18254 or total size 169478669 is larger than data size 659
03-14 20:29:55.765 18494 18494 W ResourceType: Bad XML block: header size 18254 or total size 169478669 is larger than data size 593
03-14 20:29:55.794 18494 18494 W ResourceType: Bad XML block: header size 18254 or total size 169478669 is larger than data size 473
03-14 20:29:55.798 18494 18494 W ResourceType: Bad XML block: header size 18254 or total size 169478669 is larger than data size 510
03-14 20:29:55.832 18494 18494 W ResourceType: Bad XML block: header size 18254 or total size 169478669 is larger than data size 473
03-14 20:29:55.872 18494 18494 E OplusBracketLog: [OplusViewMirrorManager] updateHostViewRootIfNeeded, not support android.view.ViewRootImpl@feb8d96
03-14 20:29:55.899 18494 18494 W View : requestLayout() improperly called by android.widget.Space{5f383b3 I.ED..... ......I. 36,108-48,120 #7f0b00ba app:id/action_tile_spacing viewInfo = } during layout: running second layout pass
03-14 20:29:55.899 18494 18494 W View : requestLayout() improperly called by android.widget.Space{a41cd70 I.ED..... ......I. 36,108-48,120 #7f0b00ba app:id/action_tile_spacing viewInfo = } during layout: running second layout pass
03-14 20:29:55.899 18494 18494 W View : requestLayout() improperly called by android.widget.Space{f3cc8e9 I.ED..... ......I. 36,108-48,120 #7f0b00ba app:id/action_tile_spacing viewInfo = } during layout: running second layout pass
03-14 20:29:55.927 18494 18554 W Parcel : Expecting binder but got null!
03-14 20:29:55.931 18494 18494 W ResourceType: Bad XML block: header size 18254 or total size 169478669 is larger than data size 853
03-14 20:29:57.018 18494 18494 W View : requestLayout() improperly called by com.mbwhatsapp.TextEmojiLabel{8d06d47 VFED..C.. ......ID 0,0-688,88 #7f0b06ab app:id/conversation_contact_name viewInfo = } during layout: running second layout pass
03-14 20:29:57.049 18494 18494 W View : requestLayout() improperly called by com.mbwhatsapp.TextEmojiLabel{8d06d47 VFED..C.. ......ID 0,0-688,88 #7f0b06ab app:id/conversation_contact_name viewInfo = } during layout: running second layout pass
03-14 20:29:59.196 18494 18494 E OplusBracketLog: [OplusViewMirrorManager] updateHostViewRootIfNeeded, not support android.view.ViewRootImpl@87a78c4
03-14 20:29:59.210 18494 18494 E IPCThreadState: attemptIncStrongHandle(78): Not supported
