03-14 19:08:38.896 11874 11874 W ResourceType: Bad XML block: header size 18254 or total size 169478669 is larger than data size 380
03-14 19:08:38.899 11874 11874 W ResourceType: Bad XML block: header size 18254 or total size 169478669 is larger than data size 633
03-14 19:08:38.909 11874 11874 W ResourceType: Bad XML block: header size 18254 or total size 169478669 is larger than data size 677
03-14 19:08:38.912 11874 11874 W ResourceType: Bad XML block: header size 18254 or total size 169478669 is larger than data size 248
03-14 19:08:38.919 11874 11874 W ResourceType: Bad XML block: header size 18254 or total size 169478669 is larger than data size 571
03-14 19:08:38.928 11874 11874 W ResourceType: Bad XML block: header size 18254 or total size 169478669 is larger than data size 333
03-14 19:08:38.932 11874 11874 W ResourceType: Bad XML block: header size 18254 or total size 169478669 is larger than data size 650
03-14 19:08:38.936 11874 11874 W ResourceType: Bad XML block: header size 18254 or total size 169478669 is larger than data size 1150
03-14 19:08:38.940 11874 11874 W ResourceType: Bad XML block: header size 18254 or total size 169478669 is larger than data size 491
03-14 19:08:38.945 11874 11874 W ResourceType: Bad XML block: header size 18254 or total size 169478669 is larger than data size 1150
03-14 19:08:38.949 11874 11874 W ResourceType: Bad XML block: header size 18254 or total size 169478669 is larger than data size 659
03-14 19:08:38.953 11874 11874 W ResourceType: Bad XML block: header size 18254 or total size 169478669 is larger than data size 593
03-14 19:08:38.964 11874 11874 W ResourceType: Bad XML block: header size 18254 or total size 169478669 is larger than data size 1171
03-14 19:08:38.969 11874 11874 W ResourceType: Bad XML block: header size 18254 or total size 169478669 is larger than data size 510
03-14 19:08:38.990 11874 11874 W ResourceType: Bad XML block: header size 18254 or total size 169478669 is larger than data size 853
03-14 19:08:39.046 11874 11874 W ResourceType: Bad XML block: header size 18254 or total size 169478669 is larger than data size 650
03-14 19:08:39.070 11874 11874 E OplusBracketLog: [OplusViewMirrorManager] updateHostViewRootIfNeeded, not support android.view.ViewRootImpl@83aec17
03-14 19:08:39.100 11874 11874 W View : requestLayout() improperly called by android.widget.Space{d925070 I.ED..... ......I. 36,108-48,120 #7f0b00ba app:id/action_tile_spacing viewInfo = } during layout: running second layout pass
03-14 19:08:39.100 11874 11874 W View : requestLayout() improperly called by android.widget.Space{26e8fe9 I.ED..... ......I. 36,108-48,120 #7f0b00ba app:id/action_tile_spacing viewInfo = } during layout: running second layout pass
03-14 19:08:39.100 11874 11874 W View : requestLayout() improperly called by android.widget.Space{22746e I.ED..... ......I. 36,108-48,120 #7f0b00ba app:id/action_tile_spacing viewInfo = } during layout: running second layout pass
03-14 19:08:39.129 11874 12169 W Parcel : Expecting binder but got null!
03-14 19:08:40.052 11874 11874 E OplusBracketLog: [OplusViewMirrorManager] updateHostViewRootIfNeeded, not support android.view.ViewRootImpl@c0334b5
03-14 19:08:40.064 11874 11874 E IPCThreadState: attemptIncStrongHandle(180): Not supported
03-14 19:08:40.064 11874 11874 E IPCThreadState: attemptIncStrongHandle(171): Not supported
03-14 19:08:40.084 11874 12169 W Parcel : Expecting binder but got null!
03-14 19:08:41.039 11874 11874 E OplusBracketLog: [OplusViewMirrorManager] updateHostViewRootIfNeeded, not support android.view.ViewRootImpl@f1aa990
03-14 19:08:41.096 11874 12169 W Parcel : Expecting binder but got null!
03-14 19:08:41.983 11874 11874 E OplusBracketLog: [OplusViewMirrorManager] updateHostViewRootIfNeeded, not support android.view.ViewRootImpl@283f3fb
03-14 19:08:41.994 11874 11874 E IPCThreadState: attemptIncStrongHandle(92): Not supported
03-14 19:08:41.994 11874 11874 E IPCThreadState: attemptIncStrongHandle(84): Not supported
03-14 19:08:42.004 11874 12169 W Parcel : Expecting binder but got null!
03-14 19:08:42.029 11874 11874 W OnBackInvokedCallback: OnBackInvokedCallback is not enabled for the application.
03-14 19:08:42.029 11874 11874 W OnBackInvokedCallback: Set 'android:enableOnBackInvokedCallback="true"' in the application manifest.
03-14 19:08:53.589 11874 11874 E IPCThreadState: attemptIncStrongHandle(107): Not supported
03-14 19:08:53.659 11874 11874 W OnBackInvokedCallback: OnBackInvokedCallback is not enabled for the application.
03-14 19:08:53.659 11874 11874 W OnBackInvokedCallback: Set 'android:enableOnBackInvokedCallback="true"' in the application manifest.
03-14 19:08:53.681 11874 11874 W RemoteInputConnectionImpl: requestCursorAnchorInfo on inactive InputConnection
03-14 19:08:54.498 11874 11874 E IPCThreadState: attemptIncStrongHandle(103): Not supported
03-14 19:08:54.611 11874 11874 W View : requestLayout() improperly called by com.mbwhatsapp.TextEmojiLabel{8acde77 VFED..C.. ......ID 0,0-1280,121 #7f0b06ab app:id/conversation_contact_name viewInfo = } during layout: running second layout pass
03-14 19:08:54.695 11874 11874 W ResourceType: Bad XML block: header size 18254 or total size 169478669 is larger than data size 650
03-14 19:08:54.753 11874 31687 W PermissionInjector: applyBatch in invalid type: 2
03-14 19:08:54.753 11874 11874 W View : requestLayout() improperly called by com.mbwhatsapp.TextEmojiLabel{8acde77 VFED..C.. ......ID 0,0-1280,121 #7f0b06ab app:id/conversation_contact_name viewInfo = } during layout: running second layout pass
03-14 19:08:54.765 11874 11874 W ResourceType: Bad XML block: header size 18254 or total size 169478669 is larger than data size 650
03-14 19:08:54.829 11874 11874 W View : requestLayout() improperly called by com.mbwhatsapp.TextEmojiLabel{8acde77 VFED..C.. ......ID 0,0-1280,121 #7f0b06ab app:id/conversation_contact_name viewInfo = } during layout: running second layout pass
03-14 19:08:54.859 11874 11874 W ResourceType: Bad XML block: header size 18254 or total size 169478669 is larger than data size 650
03-14 19:08:54.874 11874 11874 W ResourceType: Bad XML block: header size 18254 or total size 169478669 is larger than data size 853
03-14 19:08:54.930 11874 11874 W View : requestLayout() improperly called by com.mbwhatsapp.TextEmojiLabel{8acde77 VFED..C.. ......ID 0,0-1280,121 #7f0b06ab app:id/conversation_contact_name viewInfo = } during layout: running second layout pass
03-14 19:08:55.794 11874 11874 W View : requestLayout() improperly called by com.mbwhatsapp.TextEmojiLabel{8acde77 VFED..C.. ......ID 0,0-1280,121 #7f0b06ab app:id/conversation_contact_name viewInfo = } during layout: running second layout pass
03-14 19:08:56.033 11874 11874 W View : requestLayout() improperly called by com.mbwhatsapp.TextEmojiLabel{8acde77 VFED..C.. ......ID 0,0-1280,121 #7f0b06ab app:id/conversation_contact_name viewInfo = } during layout: running second layout pass
03-14 19:08:56.047 11874 11874 W View : requestLayout() improperly called by com.mbwhatsapp.TextEmojiLabel{8acde77 VFED..C.. ......ID 0,0-1280,121 #7f0b06ab app:id/conversation_contact_name viewInfo = } during layout: running second layout pass
03-14 19:08:58.997 11874 11874 E OplusBracketLog: [OplusViewMirrorManager] updateHostViewRootIfNeeded, not support android.view.ViewRootImpl@76bc0ae
03-14 19:08:59.012 11874 11874 E IPCThreadState: attemptIncStrongHandle(116): Not supported
03-14 19:08:59.029 11874 12169 W Parcel : Expecting binder but got null!
03-14 19:09:00.292 11874 11874 W View : requestLayout() improperly called by com.mbwhatsapp.TextEmojiLabel{8acde77 VFED..C.. ......ID 0,0-1280,121 #7f0b06ab app:id/conversation_contact_name viewInfo = } during layout: running second layout pass
03-14 19:09:00.993 11874 11874 W View : requestLayout() improperly called by com.mbwhatsapp.TextEmojiLabel{8acde77 VFED..C.. ......ID 0,0-1280,121 #7f0b06ab app:id/conversation_contact_name viewInfo = } during layout: running second layout pass
03-14 19:09:02.917 11874 11874 E IPCThreadState: attemptIncStrongHandle(162): Not supported
03-14 19:09:07.652 11874 11874 W Choreographer: Already have a pending vsync event. There should only be one at a time.
03-14 19:09:12.543 11874 11874 E OplusBracketLog: [OplusViewMirrorManager] updateHostViewRootIfNeeded, not support android.view.ViewRootImpl@e940ea9
03-14 19:09:12.555 11874 11874 E IPCThreadState: attemptIncStrongHandle(75): Not supported
03-14 19:09:12.563 11874 12169 W Parcel : Expecting binder but got null!
03-14 19:09:15.570 11874 11874 W TabLayout: MODE_SCROLLABLE + GRAVITY_FILL is not supported, GRAVITY_START will be used instead
03-14 19:09:15.660 11874 11874 W BottomSheetBehavior: BottomSheetBehavior now supports multiple callbacks. `setBottomSheetCallback()` removes all existing callbacks, including ones set internally by library authors, which may result in unintended behavior. This may change in the future. Please use `addBottomSheetCallback()` and `removeBottomSheetCallback()` instead to set your own callbacks.
03-14 19:09:15.722 11874 19156 E CameraManagerGlobal: Camera 3 is not available. Ignore physical camera status change
03-14 19:09:15.775 11874 11874 E OplusBracketLog: [OplusViewMirrorManager] updateHostViewRootIfNeeded, not support android.view.ViewRootImpl@2371971
03-14 19:09:15.856 11874 11874 E IPCThreadState: attemptIncStrongHandle(99): Not supported
03-14 19:09:15.865 11874 11874 W View : requestLayout() improperly called by com.mbwhatsapp.WaImageView{9eb5bab VF.D..CL. ......ID 0,0-192,192 #7f0b1814 app:id/shutter viewInfo = } during layout: running second layout pass
03-14 19:09:15.865 11874 11874 W View : requestLayout() improperly called by com.mbwhatsapp.CircularProgressBar{665208 V.ED..... ......ID 0,0-192,192 #7f0b14fc app:id/recording_progress viewInfo = } during layout: running second layout pass
03-14 19:09:15.865 11874 11874 W View : requestLayout() improperly called by com.mbwhatsapp.WaImageView{2bf8da1 VF.D..C.. ......ID 0,0-144,144 #7f0b1976 app:id/switch_camera_btn viewInfo = } during layout: running second layout pass
03-14 19:09:15.865 11874 11874 W View : requestLayout() improperly called by com.mbwhatsapp.WaImageView{43c8bc6 VFED..C.. ......ID 0,0-144,144 #7f0b0b0d app:id/gallery_btn viewInfo = } during layout: running second layout pass
03-14 19:09:15.865 11874 11874 W View : requestLayout() improperly called by com.mbwhatsapp.WaImageView{1820787 VFED..C.. ......ID 0,0-144,144 #7f0b057f app:id/close_camera_btn viewInfo = } during layout: running second layout pass
03-14 19:09:15.865 11874 11874 W View : requestLayout() improperly called by X.4Ki{c1286b4 V.ED..... ......ID 0,6-1080,150 viewInfo = } during layout: running second layout pass
03-14 19:09:15.922 11874 12169 W Parcel : Expecting binder but got null!
03-14 19:09:15.948 11874 11874 W View : requestLayout() improperly called by com.mbwhatsapp.WaImageView{9eb5bab VF.D..CL. ......ID 444,1669-636,1861 #7f0b1814 app:id/shutter viewInfo = } during layout: running second layout pass
03-14 19:09:15.948 11874 11874 W View : requestLayout() improperly called by com.mbwhatsapp.CircularProgressBar{665208 V.ED..... ......ID 444,1669-636,1861 #7f0b14fc app:id/recording_progress viewInfo = } during layout: running second layout pass
03-14 19:09:15.948 11874 11874 W View : requestLayout() improperly called by com.mbwhatsapp.WaImageView{2bf8da1 VF.D..C.. ......ID 912,1693-1056,1837 #7f0b1976 app:id/switch_camera_btn viewInfo = } during layout: running second layout pass
03-14 19:09:15.948 11874 11874 W View : requestLayout() improperly called by com.mbwhatsapp.WaImageView{43c8bc6 VFED..C.. ......ID 24,1693-168,1837 #7f0b0b0d app:id/gallery_btn viewInfo = } during layout: running second layout pass
03-14 19:09:15.948 11874 11874 W V--------- beginning of main
03-14 19:09:18.451 11874 18686 E CameraManagerGlobal: Camera 3 is not available. Ignore physical camera status change
03-14 19:09:20.665 11874 11874 E IPCThreadState: attemptIncStrongHandle(116): Not supported --------- beginning of system
03-14 19:09:25.798 11874 1935 E ActivityThread: Failed to find provider info for com.oplus.statistics.provider
03-14 19:09:25.799 11874 1935 E OplusStatistics--: IllegalArgumentException:java.lang.IllegalArgumentException: Unknown URL content://com.oplus.statistics.provider/track_event
03-14 19:09:28.815 11874 11874 E ArmVmp : Match on catch block at 0x0a in for 0x1d9
03-14 19:09:28.831 11874 11874 E ArmVmp : Match on catch block at 0x0a in for 0x1a9
03-14 19:09:28.836 11874 11874 E OplusBracketLog: [OplusViewMirrorManager] updateHostViewRootIfNeeded, not support android.view.ViewRootImpl@77368de
03-14 19:09:28.854 11874 11874 E IPCThreadState: attemptIncStrongHandle(177): Not supported
03-14 19:09:28.927 11874 12169 W Parcel : Expecting binder but got null!
03-14 19:09:29.264 11874 11874 W InputEventReceiver: Attempted to finish an input event but the input event receiver has already been disposed.
03-14 19:09:29.304 11874 11884 W System : A resource failed to call CursorWrapperInner.close.
03-14 19:09:29.832 11874 11874 E ArmVmp : Match on catch block at 0x0a in for 0x1cd
03-14 19:09:29.850 11874 11874 E ArmVmp : Match on catch block at 0x0a in for 0x1a9
03-14 19:09:29.850 11874 11874 E OplusBracketLog: [OplusViewMirrorManager] updateHostViewRootIfNeeded, not support android.view.ViewRootImpl@c15cb4d
03-14 19:09:29.867 11874 11874 E IPCThreadState: attemptIncStrongHandle(233): Not supported
03-14 19:09:29.899 11874 12169 W Parcel : Expecting binder but got null!
03-14 19:09:33.655 11874 11874 E OplusBracketLog: [OplusViewMirrorManager] updateHostViewRootIfNeeded, not support android.view.ViewRootImpl@b05392f
03-14 19:09:33.680 11874 11874 E IPCThreadState: attemptIncStrongHandle(78): Not supported
03-14 19:09:33.702 11874 12169 W Parcel : Expecting binder but got null!
03-14 19:09:36.847 3111 3111 E com.mbwhatsapp: Unknown bits set in runtime_flags: 0x40000000
03-14 19:09:36.851 3111 3111 E com.mbwhatsapp: Not starting debugger since process cannot load the jdwp agent.
03-14 19:09:36.856 3111 3111 W ziparchive: Unable to open '/system/framework/mediatek-framework.dm': No such file or directory
03-14 19:09:36.856 3111 3111 W ziparchive: Unable to open '/system/framework/mediatek-framework.dm': No such file or directory
03-14 19:09:36.862 3111 3125 E com.mbwhatsapp: Could not write anonymous vdex /system/framework/oat/arm64/mediatek-framework.vdex: Could not open /system/framework/oat/arm64/mediatek-framework.vdex for writing
03-14 19:09:36.899 3111 3111 W libc : Access denied finding property "ro.odm.prev.product.name"
03-14 19:09:36.963 3111 3111 W System.err: java.lang.ClassNotFoundException: mbmodsd.mbmodsw.ui.views.btn.BtnBK
03-14 19:09:36.963 3111 3111 W System.err: at java.lang.Runtime.nativeLoad(Native Method)
03-14 19:09:36.963 3111 3111 W System.err: at java.lang.Runtime.nativeLoad(Runtime.java:1121)
03-14 19:09:36.963 3111 3111 W System.err: at java.lang.Runtime.loadLibrary0(Runtime.java:1075)
03-14 19:09:36.963 3111 3111 W System.err: at java.lang.Runtime.loadLibrary0(Runtime.java:998)
03-14 19:09:36.963 3111 3111 W System.err: at java.lang.System.loadLibrary(System.java:1661)
03-14 19:09:36.963 3111 3111 W System.err: at arm.EpicVm.<clinit>(Unknown Source:2)
03-14 19:09:36.963 3111 3111 W System.err: at java.lang.Class.newInstance(Native Method)
03-14 19:09:36.963 3111 3111 W System.err: at android.app.AppComponentFactory.instantiateApplication(AppComponentFactory.java:76)
03-14 19:09:36.963 3111 3111 W System.err: at androidx.core.app.CoreComponentFactory.instantiateApplication(Unknown Source:0)
03-14 19:09:36.963 3111 3111 W System.err: at android.app.Instrumentation.newApplication(Instrumentation.java:1251)
03-14 19:09:36.963 3111 3111 W System.err: at android.app.LoadedApk.makeApplicationInner(LoadedApk.java:1507)
03-14 19:09:36.963 3111 3111 W System.err: at android.app.LoadedApk.makeApplicationInner(LoadedApk.java:1443)
03-14 19:09:36.963 3111 3111 W System.err: at android.app.ActivityThread.handleBindApplication(ActivityThread.java:7232)
03-14 19:09:36.964 3111 3111 W System.err: at android.app.ActivityThread.-$ $Nest$mhandleBindApplication(Unknown Source:0)
03-14 19:09:36.964 3111 3111 W System.err: at android.app.ActivityThread$H.handleMessage(ActivityThread.java:2307)
03-14 19:09:36.964 3111 3111 W System.err: at android.os.Handler.dispatchMessage(Handler.java:106)
03-14 19:09:36.964 3111 3111 W System.err: at android.os.Looper.loopOnce(Looper.java:240)
03-14 19:09:36.964 3111 3111 W System.err: at android.os.Looper.loop(Looper.java:351)
03-14 19:09:36.964 3111 3111 W System.err: at android.app.ActivityThread.main(ActivityThread.java:8436)
03-14 19:09:36.964 3111 3111 W System.err: at java.lang.reflect.Method.invoke(Native Method)
03-14 19:09:36.964 3111 3111 W System.err: at com.android.internal.os.RuntimeInit$MethodAndArgsCaller.run(RuntimeInit.java:568)
03-14 19:09:36.964 3111 3111 W System.err: at com.android.internal.os.ZygoteInit.main(ZygoteInit.java:1013)
03-14 19:09:37.019 3111 3111 E CustomActivityOnCrash: IMPORTANT WARNING! You already have an UncaughtExceptionHandler, are you sure this is correct? If you use a custom UncaughtExceptionHandler, you must initialize it AFTER CustomActivityOnCrash! Installing anyway, but your original handler will not be called.
03-14 19:09:37.108 3111 3133 W LibraryVersion: Failed to get app version for libraryName: firebase-iid
03-14 19:09:37.422 3111 3111 W com.mbwhatsapp: Accessing hidden method Lcom/android/org/conscrypt/OpenSSLSocketImpl;->setUseSessionTickets(Z)V (max- target-q,core-platform-api, reflection, denied)
03-14 19:09:37.422 3111 3111 W com.mbwhatsapp: Accessing hidden method Lcom/android/org/conscrypt/AbstractConscryptSocket;->setUseSessionTickets(Z)V (max- target-q, reflection, denied)
03-14 19:09:37.448 3111 3111 W com.mbwhatsapp: type=1400 audit(0.0:515): avc: granted { execute } for path="/data/data/com.mbwhatsapp/files/decompressed/libs.spk.zst/libc++_shared.so" dev="dm-60" ino=53672 scontext=u:r:untrusted_app:s0:c255,c256,c512,c768 tcontext=u:object_r:app_data_file:s0:c255,c256,c512,c768 tclass=file app=com.mbwhatsapp
03-14 19:09:37.456 3111 3111 W com.mbwhatsapp: type=1400 audit(0.0:516): avc: granted { execute } for path="/data/data/com.mbwhatsapp/files/decompressed/libs.spk.zst/libvlc.so" dev="dm- 60" ino=53694 scontext=u:r:untrusted_app:s0:c255,c256,c512,c768 tcontext=u:object_r:app_data_file:s0:c255,c256,c512,c768 tclass=file app=com.mbwhatsapp
03-14 19:09:37.468 3111 3111 W com.mbwhatsapp: type=1400 audit(0.0:517): avc: granted { execute } for path="/data/data/com.mbwhatsapp/files/decompressed/libs.spk.zst/libwhatsapp.so" dev="dm-60" ino=53732 scontext=u:r:untrusted_app:s0:c255,c256,c512,c768 tcontext=u:object_r:app_data_file:s0:c255,c256,c512,c768 tclass=file app=com.mbwhatsapp
03-14 19:09:37.536 3111 3111 W com.mbwhatsapp: type=1400 audit(0.0:518): avc: granted { execute } for path="/data/data/com.mbwhatsapp/files/decompressed/libs.spk.zst/libcurve25519.so" dev="dm-60" ino=53903 scontext=u:r:untrusted_app:s0:c255,c256,c512,c768 tcontext=u:object_r:app_data_file:s0:c255,c256,c512,c768 tclass=file app=com.mbwhatsapp
03-14 19:09:37.540 3111 3111 W com.mbwhatsapp: type=1400 audit(0.0:519): avc: granted { execute } for path="/data/data/com.mbwhatsapp/files/decompressed/libs.spk.zst/libwhatsapp.so" dev="dm-60" ino=53732 scontext=u:r:untrusted_app:s0:c255,c256,c512,c768 tcontext=u:object_r:app_data_file:s0:c255,c256,c512,c768 tclass=file app=com.mbwhatsapp
03-14 19:09:37.544 3111 3111 W com.mbwhatsapp: type=1400 audit(0.0:520): avc: granted { execute } for path="/data/data/com.mbwhatsapp/files/decompressed/libs.spk.zst/libwhatsapp.so" dev="dm-60" ino=53732 scontext=u:r:untrusted_app:s0:c255,c256,c512,c768 tcontext=u:object_r:app_data_file:s0:c255,c256,c512,c768 tclass=file app=com.mbwhatsapp
03-14 19:09:37.544 3111 3111 W com.mbwhatsapp: type=1400 audit(0.0:521): avc: granted { execute } for path="/data/data/com.mbwhatsapp/files/decompressed/libs.spk.zst/libwhatsapp.so" dev="dm-60" ino=53732 scontext=u:r:untrusted_app:s0:c255,c256,c512,c768 tcontext=u:object_r:app_data_file:s0:c255,c256,c512,c768 tclass=file app=com.mbwhatsapp
03-14 19:09:37.639 3111 3111 W com.mbwhatsapp: Method void X.0eU.A0h(X.0tK, boolean) failed lock verification and will run slower.
03-14 19:09:37.639 3111 3111 W com.mbwhatsapp: Common causes for lock verification issues are non-optimized dex code
03-14 19:09:37.639 3111 3111 W com.mbwhatsapp: and incorrect proguard optimizations.
03-14 19:09:37.641 3111 3307 W com.mbwhatsapp: Method void X.2rL.A03(java.lang.Integer) failed lock verification and will run slower.
03-14 19:09:37.857 3111 3380 E com.mbwhatsapp: Loaded layer handle (10557739426564810629) for layer /my_product/lib64/libcolorx-loader.so
03-14 19:09:37.858 3111 3380 E com.mbwhatsapp: Looking for entrypoint ColorX_Check
03-14 19:09:37.858 3111 3380 E com.mbwhatsapp: Found ColorX_Check for /my_product/lib64/libcolorx-loader.so
03-14 19:09:37.858 3111 3380 E com.mbwhatsapp: Check failed
03-14 19:09:37.861 3111 3111 W com.mbwhatsapp: Method void com.mbwhatsapp.HomeActivity.A6e() failed lock verification and will run slower.
03-14 19:09:37.862 3111 3380 E QT : [QT]file does not exist
03-14 19:09:37.932 3111 3111 E OplusCustomizeRestrictionManager: sInstance is null, start a new sInstance
03-14 19:09:38.273 3111 3111 E ArmVmp : Match on catch block at 0x0a in for 0x18d
03-14 19:09:38.299 3111 3111 E ArmVmp : Match on catch block at 0x0a in for 0x279
03-14 19:09:38.353 3111 3111 W Activity: Can request only one set of permissions at a time
03-14 19:09:38.359 3111 3425 W com.mbwhatsapp: Accessing hidden method Lcom/android/org/conscrypt/ConscryptEngineSocket;->setUseSessionTickets(Z)V (max- target-q,core-platform-api, reflection, denied)
03-14 19:09:38.359 3111 3425 W com.mbwhatsapp: Accessing hidden method Lcom/android/org/conscrypt/OpenSSLSocketImpl;->setUseSessionTickets(Z)V (max- target-q,core-platform-api, reflection, denied)
03-14 19:09:38.359 3111 3425 W com.mbwhatsapp: Accessing hidden method Lcom/android/org/conscrypt/AbstractConscryptSocket;->setUseSessionTickets(Z)V (max- target-q, reflection, denied)
03-14 19:09:38.359 3111 3425 W com.mbwhatsapp: Accessing hidden method Lcom/android/org/conscrypt/ConscryptEngineSocket;->setHostname(Ljava/lang/String;)V (max-target-q,core-platform-api, reflection, denied)
03-14 19:09:38.359 3111 3425 W com.mbwhatsapp: Accessing hidden method Lcom/android/org/conscrypt/OpenSSLSocketImpl;->setHostname(Ljava/lang/String;)V (max-target-q,core-platform-api, reflection, denied)
03-14 19:09:38.359 3111 3425 W com.mbwhatsapp: Accessing hidden method Lcom/android/org/conscrypt/AbstractConscryptSocket;->setHostname(Ljava/lang/ String;)V (max-target-q, reflection, denied)
03-14 19:09:38.359 3111 3425 W com.mbwhatsapp: Accessing hidden method Lcom/android/org/conscrypt/OpenSSLSocketImpl;->setAlpnProtocols([B)V (max-target- q,core-platform-api, reflection, denied)
03-14 19:09:38.359 3111 3425 W com.mbwhatsapp: Accessing hidden method Lcom/android/org/conscrypt/AbstractConscryptSocket;->setAlpnProtocols([B)V (max- target-q, reflection, denied)
03-14 19:09:38.467 3111 3111 E SchedAssist: ofbOpen failed with error=No such file or directory
03-14 19:09:38.467 3111 3111 E SchedAssist: sysOpen failed with error=No such file or directory
03-14 19:09:38.467 3111 3111 E SchedAssist: sharedImFd failed with error=Permission denied
03-14 19:09:38.559 3111 3111 E OplusBracketLog: [OplusViewMirrorManager] updateHostViewRootIfNeeded, not support android.view.ViewRootImpl@514204c
03-14 19:09:38.606 3111 3425 W com.mbwhatsapp: Accessing hidden method Lcom/android/org/conscrypt/OpenSSLSocketImpl;->getAlpnSelectedProtocol()[B (max- target-q,core-platform-api, reflection, denied)
03-14 19:09:38.606 3111 3425 W com.mbwhatsapp: Accessing hidden method Lcom/android/org/conscrypt/AbstractConscryptSocket;->getAlpnSelectedProtocol()[B (max-target-q, reflection, denied)
03-14 19:09:38.818 3111 3377 E OpenGLRenderer: Device claims wide gamut support, cannot find matching config, error = EGL_SUCCESS
03-14 19:09:38.819 3111 3377 W OpenGLRenderer: Failed to initialize 101010-2 format, error = EGL_SUCCESS
03-14 19:09:39.258 3111 3111 E RecyclerView: No adapter attached; skipping layout
03-14 19:09:39.310 3111 3377 W libc : Access denied finding property "ro.vendor.magt.mtk_magt_support"
03-14 19:09:39.383 3111 3377 W Parcel : Expecting binder but got null!
03-14 19:09:39.400 3111 3111 E ArmVmp : Match on catch block at 0x0a in for 0x1b1
03-14 19:09:39.480 3111 3111 E RecyclerView: No adapter attached; skipping layout
03-14 19:09:39.482 3111 3111 W View : requestLayout() improperly called by androidx.appcompat.view.menu.ActionMenuItemView{becd0c1 VFED..C.. ......ID 291,0- 435,0 #7f0b0f8a app:id/menuitem_search viewInfo = } during layout: running second layout pass
03-14 19:09:39.482 3111 3111 W View : requestLayout() improperly called by androidx.appcompat.widget.ActionMenuView{1b5e066 V.E...... ......ID 420,375- 1131,375 viewInfo = } during layout: running second layout pass
03-14 19:09:39.721 3111 3111 W View : requestLayout() improperly called by DecorView@d666add[HomeActivity] during second layout pass: posting in next frame
03-14 19:09:39.724 3111 3615 W LOTTIE : Animation contains merge paths. Merge paths are only supported on KitKat+ and must be manually enabled by calling enableMergePathsForKitKatAndAbove().
03-14 19:09:39.858 3111 3231 W OplusExSystemServiceHelper: checkOplusExSystemService intent getComponent is null
03-14 19:09:39.960 3111 3111 W LOTTIE : Animation contains merge paths but they are disabled.
03-14 19:09:40.695 3111 3111 W Choreographer: Already have a pending vsync event. There should only be one at a time.
03-14 19:09:40.728 3111 3111 W Choreographer: Already have a pending vsync event. There should only be one at a time.
03-14 19:09:40.759 3111 3111 W Choreographer: Already have a pending vsync event. There should only be one at a time.
03-14 19:09:41.060 3111 3111 W Choreographer: Already have a pending vsync event. There should only be one at a time.
03-14 19:09:41.111 3111 3111 W Choreographer: Already have a pending vsync event. There should only be one at a time.
03-14 19:09:47.076 3111 3119 W com.mbwhatsapp: Cleared Reference was only reachable from finalizer (only reported once)
03-14 19:09:47.173 3111 3111 E OplusBracketLog: [OplusViewMirrorManager] updateHostViewRootIfNeeded, not support android.view.ViewRootImpl@c9dd3fd
03-14 19:09:47.237 3111 3377 W Parcel : Expecting binder but got null!
03-14 19:09:48.062 3111 3111 W ResourceType: Bad XML block: header size 18254 or total size 169478669 is larger than data size 380
03-14 19:09:48.066 3111 3111 W ResourceType: Bad XML block: header size 18254 or total size 169478669 is larger than data size 633
03-14 19:09:48.078 3111 3111 W ResourceType: Bad XML block: header size 18254 or total size 169478669 is larger than data size 677
03-14 19:09:48.082 3111 3111 W ResourceType: Bad XML block: header size 18254 or total size 169478669 is larger than data size 248
03-14 19:09:48.087 3111 3111 W ResourceType: Bad XML block: header size 18254 or total size 169478669 is larger than data size 571
03-14 19:09:48.094 3111 3111 W ResourceType: Bad XML block: header size 18254 or total size 169478669 is larger than data size 333
03-14 19:09:48.097 3111 3111 W ResourceType: Bad XML block: header size 18254 or total size 169478669 is larger than data size 650
03-14 19:09:48.102 3111 3111 W ResourceType: Bad XML block: header size 18254 or total size 169478669 is larger than data size 1150
03-14 19:09:48.105 3111 3111 W ResourceType: Bad XML block: header size 18254 or total size 169478669 is larger than data size 491
03-14 19:09:48.108 3111 3111 W ResourceType: Bad XML block: header size 18254 or total size 169478669 is larger than data size 1150
03-14 19:09:48.112 3111 3111 W ResourceType: Bad XML block: header size 18254 or total size 169478669 is larger than data size 659
03-14 19:09:48.116 3111 3111 W ResourceType: Bad XML block: header size 18254 or total size 169478669 is larger than data size 593
03-14 19:09:48.159 3111 3111 W ResourceType: Bad XML block: header size 18254 or total size 169478669 is larger than data size 473
03-14 19:09:48.162 3111 3111 W ResourceType: Bad XML block: header size 18254 or total size 169478669 is larger than data size 510
03-14 19:09:48.204 3111 3111 W ResourceType: Bad XML block: header size 18254 or total size 169478669 is larger than data size 473
03-14 19:09:48.238 3111 3111 E OplusBracketLog: [OplusViewMirrorManager] updateHostViewRootIfNeeded, not support android.view.ViewRootImpl@df1b177
03-14 19:09:48.274 3111 3111 W View : requestLayout() improperly called by android.widget.Space{3025850 I.ED..... ......I. 36,108-48,120 #7f0b00ba app:id/action_tile_spacing viewInfo = } during layout: running second layout pass
03-14 19:09:48.274 3111 3111 W View : requestLayout() improperly called by android.widget.Space{cc82a49 I.ED..... ......I. 36,108-48,120 #7f0b00ba app:id/action_tile_spacing viewInfo = } during layout: running second layout pass
03-14 19:09:48.274 3111 3111 W View : requestLayout() improperly called by android.widget.Space{b926f4e I.ED..... ......I. 36,108-48,120 #7f0b00ba app:id/action_tile_spacing viewInfo = } during layout: running second layout pass
03-14 19:09:48.305 3111 3377 W Parcel : Expecting binder but got null!
03-14 19:09:48.309 3111 3111 W ResourceType: Bad XML block: header size 18254 or total size 169478669 is larger than data size 853
03-14 19:09:48.732 3111 3111 W View : requestLayout() improperly called by android.widget.FrameLayout{6e03eea V.E...... ......ID 0,0-1080,341 #7f0b194b app:id/subject_layout viewInfo = } during layout: running second layout pass
03-14 19:09:48.732 3111 3111 W View : requestLayout() improperly called by android.widget.FrameLayout{3a245db V.E...... ......ID 0,0-1080,341 #7f0b0c0c app:id/header viewInfo = } during layout: running second layout pass
03-14 19:09:48.732 3111 3111 W View : requestLayout() improperly called by com.mbwhatsapp.WaImageView{fc2a878 V.ED..... ......ID 0,0-1080,255 #7f0b1319 app:id/picture viewInfo = } during layout: running second layout pass
03-14 19:09:48.732 3111 3111 W View : requestLayout() improperly called by android.view.View{a067b51 V.ED..... ......ID 0,0-1080,255 #7f0b1304 app:id/photo_overlay viewInfo = } during layout: running second layout pass
03-14 19:09:49.379 3111 3111 W View : requestLayout() improperly called by com.mbwhatsapp.TextEmojiLabel{bfe369a VFED..C.. ......ID 0,0-768,88 #7f0b06ab app:id/conversation_contact_name viewInfo = } during layout: running second layout pass
03-14 19:09:49.462 3111 3111 W View : requestLayout() improperly called by com.mbwhatsapp.TextEmojiLabel{bfe369a VFED..C.. ......ID 0,0-768,88 #7f0b06ab app:id/conversation_contact_name viewInfo = } during layout: running second layout pass
03-14 19:09:49.513 3111 3111 W View : requestLayout() improperly called by com.mbwhatsapp.TextEmojiLabel{bfe369a VFED..C.. ......ID 0,0-768,88 #7f0b06ab app:id/conversation_contact_name viewInfo = } during layout: running second layout pass
03-14 19:09:49.741 3111 3111 W Choreographer: Already have a pending vsync event. There should only be one at a time.
03-14 19:09:50.069 3111 3111 W View : requestLayout() improperly called by com.mbwhatsapp.TextEmojiLabel{bfe369a VFED..C.. ......ID 0,0-768,88 #7f0b06ab app:id/conversation_contact_name viewInfo = } during layout: running second layout pass
03-14 19:09:50.111 3111 3111 W View : requestLayout() improperly called by com.mbwhatsapp.TextEmojiLabel{bfe369a VFED..C.. ......ID 0,0-768,88 #7f0b06ab app:id/conversation_contact_name viewInfo = } during layout: running second layout pass
03-14 19:09:50.144 3111 3111 W View : requestLayout() improperly called by com.mbwhatsapp.TextEmojiLabel{bfe369a VFED..C.. ......ID 0,0-768,88 #7f0b06ab app:id/conversation_contact_name viewInfo = } during layout: running second layout pass
03-14 19:09:50.194 3111 3111 W View : requestLayout() improperly called by com.mbwhatsapp.TextEmojiLabel{bfe369a VFED..C.. ......ID 0,0-768,88 #7f0b06ab app:id/conversation_contact_name viewInfo = } during layout: running second layout pass
03-14 19:09:50.854 3111 3111 E OplusBracketLog: [OplusViewMirrorManager] updateHostViewRootIfNeeded, not support android.view.ViewRootImpl@fc0db2f
03-14 19:09:50.868 3111 3111 E IPCThreadState: attemptIncStrongHandle(79): Not supported
03-14 19:09:50.868 3111 3111 E IPCThreadState: attemptIncStrongHandle(74): Not supported
03-14 19:09:50.880 3111 3377 W Parcel : Expecting binder but got null!
03-14 19:09:51.740 3111 3111 W ResourceType: Bad XML block: header size 18254 or total size 169478669 is larger than data size 380
03-14 19:09:51.743 3111 3111 W ResourceType: Bad XML block: header size 18254 or total size 169478669 is larger than data size 633
03-14 19:09:51.752 3111 3111 W ResourceType: Bad XML block: header size 18254 or total size 169478669 is larger than data size 677
03-14 19:09:51.755 3111 3111 W ResourceType: Bad XML block: header size 18254 or total size 169478669 is larger than data size 248
03-14 19:09:51.762 3111 3111 W ResourceType: Bad XML block: header size 18254 or total size 169478669 is larger than data size 571
03-14 19:09:51.769 3111 3111 W ResourceType: Bad XML block: header size 18254 or total size 169478669 is larger than data size 333
03-14 19:09:51.773 3111 3111 W ResourceType: Bad XML block: header size 18254 or total size 169478669 is larger than data size 650
03-14 19:09:51.776 3111 3111 W ResourceType: Bad XML block: header size 18254 or total size 169478669 is larger than data size 1150
03-14 19:09:51.780 3111 3111 W ResourceType: Bad XML block: header size 18254 or total size 169478669 is larger than data size 491
03-14 19:09:51.783 3111 3111 W ResourceType: Bad XML block: header size 18254 or total size 169478669 is larger than data size 1150
03-14 19:09:51.787 3111 3111 W ResourceType: Bad XML block: header size 18254 or total size 169478669 is larger than data size 659
03-14 19:09:51.793 3111 3111 W ResourceType: Bad XML block: header size 18254 or total size 169478669 is larger than data size 593
03-14 19:09:51.806 3111 3111 W ResourceType: Bad XML block: header size 18254 or total size 169478669 is larger than data size 1171
03-14 19:09:51.811 3111 3111 W ResourceType: Bad XML block: header size 18254 or total size 169478669 is larger than data size 510
03-14 19:09:51.828 3111 3111 W ResourceType: Bad XML block: header size 18254 or total size 169478669 is larger than data size 853
03-14 19:09:51.870 3111 3111 W ResourceType: Bad XML block: header size 18254 or total size 169478669 is larger than data size 650
03-14 19:09:51.890 3111 3111 E OplusBracketLog: [OplusViewMirrorManager] updateHostViewRootIfNeeded, not support android.view.ViewRootImpl@1df2a6b
03-14 19:09:51.920 3111 3111 W View : requestLayout() improperly called by android.widget.Space{3f0e812 I.ED..... ......I. 36,108-48,120 #7f0b00ba app:id/action_tile_spacing viewInfo = } during layout: running second layout pass
03-14 19:09:51.920 3111 3111 W View : requestLayout() improperly called by android.widget.Space{4347be3 I.ED..... ......I. 36,108-48,120 #7f0b00ba app:id/action_tile_spacing viewInfo = } during layout: running second layout pass
03-14 19:09:51.920 3111 3111 W View : requestLayout() improperly called by android.widget.Space{caa19e0 I.ED..... ......I. 36,108-48,120 #7f0b00ba app:id/action_tile_spacing viewInfo = } during layout: running second layout pass
03-14 19:09:51.920 3111 3111 W View : requestLayout() improperly called by android.widget.Space{b8f7499 I.ED..... ......I. 36,108-48,120 #7f0b00ba app:id/action_tile_spacing viewInfo = } during layout: running second layout pass
03-14 19:09:51.953 3111 3377 W Parcel : Expecting binder but got null!
03-14 19:09:52.362 3111 3111 W ResourceType: Bad XML block: header size 18254 or total size 169478669 is larger than data size 853
03-14 19:09:52.991 3111 3749 E RenderScript: Failed loading RS driver: dlopen failed: library "libRSDriver_mtk.so" not found
03-14 19:09:52.991 3111 3749 E RenderScript: Failed to load runtime libRSDriver_mtk.so, loading default
03-14 19:09:53.146 3111 3615 W LOTTIE : Unknown shape type rd
03-14 19:09:53.236 3111 3111 E ArmVmp : Match on catch block at 0x0a in for 0x181
03-14 19:09:53.242 3111 3111 E ArmVmp : Match on catch block at 0x0a in for 0x199
03-14 19:09:53.274 3111 3111 E ArmVmp : Match on catch block at 0x0a in for 0x391
03-14 19:09:53.340 3111 3111 E OplusBracketLog: [OplusViewMirrorManager] updateHostViewRootIfNeeded, not support android.view.ViewRootImpl@86718cb
03-14 19:09:53.355 3111 3111 E IPCThreadState: attemptIncStrongHandle(100): Not supported
03-14 19:09:53.355 3111 3111 E IPCThreadState: attemptIncStrongHandle(111): Not supported
03-14 19:09:53.380 3111 3377 W Parcel : Expecting binder but got null!
03-14 19:09:53.380 3111 3111 E OplusBracketLog: [OplusViewMirrorManager] updateHostViewRootIfNeeded, not support android.view.ViewRootImpl@bfa5487
03-14 19:09:53.498 3111 3111 E ArmVmp : Match on catch block at 0xc3 in for 0x179
03-14 19:09:53.501 3111 3111 E ArmVmp : Match on catch block at 0xc3 in for 0x171
03-14 19:09:53.583 3111 3377 W Parcel : Expecting binder but got null!
03-14 19:09:53.642 3111 3111 E ArmVmp : Match on catch block at 0xc3 in for 0x14d
03-14 19:09:53.645 3111 3111 E ArmVmp : Match on catch block at 0xc3 in for 0x149
03-14 19:09:53.724 3111 3111 E ArmVmp : Match on catch block at 0xc3 in for 0x159
03-14 19:09:53.727 3111 3111 E ArmVmp : Match on catch block at 0xc3 in for 0x155
03-14 19:09:53.778 3111 3111 E ArmVmp : Match on catch block at 0xc3 in for 0x151
03-14 19:09:53.782 3111 3111 E ArmVmp : Match on catch block at 0xc3 in for 0x14d
03-14 19:09:53.830 3111 3111 E ArmVmp : Match on catch block at 0xc3 in for 0x155
03-14 19:09:53.834 3111 3111 E ArmVmp : Match on catch block at 0xc3 in for 0x151
03-14 19:09:53.881 3111 3111 E ArmVmp : Match on catch block at 0xc3 in for 0x159
03-14 19:09:53.885 3111 3111 E ArmVmp : Match on catch block at 0xc3 in for 0x155
03-14 19:09:53.933 3111 3111 E ArmVmp : Match on catch block at 0xc3 in for 0x141
03-14 19:09:53.936 3111 3111 E ArmVmp : Match on catch block at 0xc3 in for 0x159
03-14 19:09:53.970 3111 3111 E ArmVmp : Match on catch block at 0xc3 in for 0x145
03-14 19:09:53.973 3111 3111 E ArmVmp : Match on catch block at 0xc3 in for 0x141
03-14 19:09:54.017 3111 3111 E ArmVmp : Match on catch block at 0xc3 in for 0x149
03-14 19:09:54.019 3111 3111 E ArmVmp : Match on catch block at 0xc3 in for 0x145
03-14 19:09:54.050 3111 3111 E ArmVmp : Match on catch block at 0xc3 in for 0x14d
03-14 19:09:54.053 3111 3111 E ArmVmp : Match on catch block at 0xc3 in for 0x149
03-14 19:09:54.082 3111 3111 E ArmVmp : Match on catch block at 0xc3 in for 0x151
03-14 19:09:54.084 3111 3111 E ArmVmp : Match on catch block at 0xc3 in for 0x14d
03-14 19:09:54.115 3111 3111 E ArmVmp : Match on catch block at 0xc3 in for 0x155
03-14 19:09:54.118 3111 3111 E ArmVmp : Match on catch block at 0xc3 in for 0x151
03-14 19:09:54.148 3111 3111 E ArmVmp : Match on catch block at 0xc3 in for 0x159
03-14 19:09:54.151 3111 3111 E ArmVmp : Match on catch block at 0xc3 in for 0x155
03-14 19:09:54.183 3111 3111 E ArmVmp : Match on catch block at 0xc3 in for 0x141
03-14 19:09:54.185 3111 3111 E ArmVmp : Match on catch block at 0xc3 in for 0x159
03-14 19:09:54.230 3111 3111 E ArmVmp : Match on catch block at 0xc3 in for 0x145
03-14 19:09:54.232 3111 3111 E ArmVmp : Match on catch block at 0xc3 in for 0x141
03-14 19:09:54.264 3111 3111 E ArmVmp : Match on catch block at 0x0a in for 0x3e1
03-14 19:09:54.288 3111 3111 E OplusBracketLog: [OplusViewMirrorManager] updateHostViewRootIfNeeded, not support android.view.ViewRootImpl@b1cd506
03-14 19:09:54.304 3111 3111 E IPCThreadState: attemptIncStrongHandle(122): Not supported
03-14 19:09:54.330 3111 3377 W Parcel : Expecting binder but got null!
03-14 19:09:54.352 3111 3111 E ArmVmp : Match on catch block at 0xc3 in for 0x145
03-14 19:09:54.355 3111 3111 E ArmVmp : Match on catch block at 0xc3 in for 0x141
03-14 19:09:54.407 3111 3111 E ArmVmp : Match on catch block at 0xc3 in for 0x155
03-14 19:09:54.409 3111 3111 E ArmVmp : Match on catch block at 0xc3 in for 0x151
03-14 19:09:54.456 3111 3111 E ArmVmp : Match on catch block at 0xc3 in for 0x149
03-14 19:09:54.458 3111 3111 E ArmVmp : Match on catch block at 0xc3 in for 0x145
03-14 19:09:54.509 3111 3111 E ArmVmp : Match on catch block at 0xc3 in for 0x145
03-14 19:09:54.512 3111 3111 E ArmVmp : Match on catch block at 0xc3 in for 0x141
03-14 19:09:54.554 3111 3111 E ArmVmp : Match on catch block at 0xc3 in for 0x145
03-14 19:09:54.557 3111 3111 E ArmVmp : Match on catch block at 0xc3 in for 0x141
03-14 19:09:54.599 3111 3111 E ArmVmp : Match on catch block at 0xc3 in for 0x145
03-14 19:09:54.602 3111 3111 E ArmVmp : Match on catch block at 0xc3 in for 0x141
03-14 19:09:54.647 3111 3111 E ArmVmp : Match on catch block at 0xc3 in for 0x145
03-14 19:09:54.650 3111 3111 E ArmVmp : Match on catch block at 0xc3 in for 0x141
03-14 19:09:54.693 3111 3111 E ArmVmp : Match on catch block at 0xc3 in for 0x145
03-14 19:09:54.696 3111 3111 E ArmVmp : Match on catch block at 0xc3 in for 0x141
03-14 19:09:54.737 3111 3111 E ArmVmp : Match on catch block at 0xc3 in for 0x145
03-14 19:09:54.739 3111 3111 E ArmVmp : Match on catch block at 0xc3 in for 0x141
03-14 19:09:54.783 3111 3111 E ArmVmp : Match on catch block at 0xc3 in for 0x145
03-14 19:09:54.786 3111 3111 E ArmVmp : Match on catch block at 0xc3 in for 0x141
03-14 19:09:54.829 3111 3111 E ArmVmp : Match on catch block at 0xc3 in for 0x145
03-14 19:09:54.832 3111 3111 E ArmVmp : Match on catch block at 0xc3 in for 0x141
03-14 19:09:54.875 3111 3111 E ArmVmp : Match on catch block at 0xc3 in for 0x145
03-14 19:09:54.878 3111 3111 E ArmVmp : Match on catch block at 0xc3 in for 0x141
03-14 19:09:54.919 3111 3111 E ArmVmp : Match on catch block at 0xc3 in for 0x145
03-14 19:09:54.922 3111 3111 E ArmVmp : Match on catch block at 0xc3 in for 0x141
03-14 19:09:54.967 3111 3111 E ArmVmp : Match on catch block at 0xc3 in for 0x145
03-14 19:09:54.970 3111 3111 E ArmVmp : Match on catch block at 0xc3 in for 0x141
03-14 19:09:55.012 3111 3111 E ArmVmp : Match on catch block at 0xc3 in for 0x145
03-14 19:09:55.015 3111 3111 E ArmVmp : Match on catch block at 0xc3 in for 0x141
03-14 19:09:55.058 3111 3111 E ArmVmp : Match on catch block at 0xc3 in for 0x145
03-14 19:09:55.062 3111 3111 E ArmVmp : Match on catch block at 0xc3 in for 0x141
03-14 19:09:55.104 3111 3111 E ArmVmp : Match on catch block at 0xc3 in for 0x145
03-14 19:09:55.107 3111 3111 E ArmVmp : Match on catch block at 0xc3 in for 0x141
03-14 19:09:55.149 3111 3111 E ArmVmp : Match on catch block at 0xc3 in for 0x145
03-14 19:09:55.151 3111 3111 E ArmVmp : Match on catch block at 0xc3 in for 0x141
03-14 19:09:55.194 3111 3111 E ArmVmp : Match on catch block at 0xc3 in for 0x145
03-14 19:09:55.196 3111 3111 E ArmVmp : Match on catch block at 0xc3 in for 0x141
03-14 19:09:55.239 3111 3111 E ArmVmp : Match on catch block at 0xc3 in for 0x151
03-14 19:09:55.242 3111 3111 E ArmVmp : Match on catch block at 0xc3 in for 0x14d
03-14 19:09:55.283 3111 3111 E ArmVmp : Match on catch block at 0xc3 in for 0x14d
03-14 19:09:55.285 3111 3111 E ArmVmp : Match on catch block at 0xc3 in for 0x149
03-14 19:09:55.328 3111 3111 E ArmVmp : Match on catch block at 0xc3 in for 0x155
03-14 19:09:55.331 3111 3111 E ArmVmp : Match on catch block at 0xc3 in for 0x151
03-14 19:09:55.579 3111 3111 E ArmVmp : Match on catch block at 0xc3 in for 0x145
03-14 19:09:55.582 3111 3111 E ArmVmp : Match on catch block at 0xc3 in for 0x141
03-14 19:09:55.815 3111 3111 E RippleDrawable: The RippleDrawable.STYLE_PATTERNED animation is not supported for a non-hardware accelerated Canvas. Skipping animation.
03-14 19:09:55.829 3111 3111 E RippleDrawable: The RippleDrawable.STYLE_PATTERNED animation is not supported for a non-hardware accelerated Canvas. Skipping animation.
03-14 19:09:55.846 3111 3111 E RippleDrawable: The RippleDrawable.STYLE_PATTERNED animation is not supported for a non-hardware accelerated Canvas. Skipping animation.
03-14 19:09:55.862 3111 3111 E RippleDrawable: The RippleDrawable.STYLE_PATTERNED animation is not supported for a non-hardware accelerated Canvas. Skipping animation.
03-14 19:09:55.879 3111 3111 E RippleDrawable: The RippleDrawable.STYLE_PATTERNED animation is not supported for a non-hardware accelerated Canvas. Skipping animation.
03-14 19:09:56.081 3111 3111 E ArmVmp : Match on catch block at 0xc3 in for 0x141
03-14 19:09:56.084 3111 3111 E ArmVmp : Match on catch block at 0xc3 in for 0x159
03-14 19:09:56.458 3111 3111 W InputEventReceiver: Attempted to finish an input event but the input event receiver has already been disposed.
03-14 19:09:56.528 3111 3111 E ArmVmp : Match on catch block at 0xc3 in for 0x159
03-14 19:09:56.531 3111 3111 E ArmVmp : Match on catch block at 0xc3 in for 0x155
03-14 19:09:56.537 3111 3111 E ArmVmp : Match on catch block at 0xc3 in for 0x141
03-14 19:09:56.540 3111 3111 E ArmVmp : Match on catch block at 0xc3 in for 0x159
03-14 19:09:56.546 3111 3111 E ArmVmp : Match on catch block at 0xc3 in for 0x145
03-14 19:09:56.549 3111 3111 E ArmVmp : Match on catch block at 0xc3 in for 0x141
03-14 19:09:56.558 3111 3111 E ArmVmp : Match on catch block at 0xc3 in for 0x14d
03-14 19:09:56.563 3111 3111 E ArmVmp : Match on catch block at 0xc3 in for 0x149
03-14 19:09:56.574 3111 3111 E ArmVmp : Match on catch block at 0xc3 in for 0x151
03-14 19:09:56.580 3111 3111 E ArmVmp : Match on catch block at 0xc3 in for 0x14d
03-14 19:09:56.591 3111 3111 E ArmVmp : Match on catch block at 0xc3 in for 0x155
03-14 19:09:56.597 3111 3111 E ArmVmp : Match on catch block at 0xc3 in for 0x151
03-14 19:09:56.607 3111 3111 E ArmVmp : Match on catch block at 0xc3 in for 0x159
03-14 19:09:56.612 3111 3111 E ArmVmp : Match on catch block at 0xc3 in for 0x155
03-14 19:09:57.023 3111 3111 E ArmVmp : Match on catch block at 0xc3 in for 0x14d
03-14 19:09:57.027 3111 3111 E ArmVmp : Match on catch block at 0xc3 in for 0x149
03-14 19:09:57.520 3111 3111 E ArmVmp : Match on catch block at 0xc3 in for 0x141
03-14 19:09:57.523 3111 3111 E ArmVmp : Match on catch block at 0xc3 in for 0x159
03-14 19:09:58.019 3111 3111 E ArmVmp : Match on catch block at 0xc3 in for 0x141
03-14 19:09:58.021 3111 3111 E ArmVmp : Match on catch block at 0xc3 in for 0x159
03-14 19:09:58.517 3111 3111 E ArmVmp : Match on catch block at 0xc3 in for 0x151
03-14 19:09:58.520 3111 3111 E ArmVmp : Match on catch block at 0xc3 in for 0x14d
03-14 19:09:59.021 3111 3111 E ArmVmp : Match on catch block at 0xc3 in for 0x149
03-14 19:09:59.030 3111 3111 E ArmVmp : Match on catch block at 0xc3 in for 0x145
03-14 19:09:59.166 3111 3111 E ArmVmp : Match on catch block at 0xc3 in for 0x145
03-14 19:09:59.169 3111 3111 E ArmVmp : Match on catch block at 0xc3 in for 0x141
03-14 19:09:59.183 3111 3111 E ArmVmp : Match on catch block at 0xc3 in for 0x149
03-14 19:09:59.185 3111 3111 E ArmVmp : Match on catch block at 0xc3 in for 0x145
03-14 19:09:59.517 3111 3111 E ArmVmp : Match on catch block at 0xc3 in for 0x151
03-14 19:09:59.521 3111 3111 E ArmVmp : Match on catch block at 0xc3 in for 0x14d
03-14 19:09:59.901 3111 3111 E ArmVmp : Match on catch block at 0xc3 in for 0x14d
03-14 19:09:59.906 3111 3111 E ArmVmp : Match on catch block at 0xc3 in for 0x149
03-14 19:09:59.918 3111 3111 E ArmVmp : Match on catch block at 0xc3 in for 0x151
03-14 19:09:59.924 3111 3111 E ArmVmp : Match on catch block at 0xc3 in for 0x14d
03-14 19:10:00.019 3111 3111 E ArmVmp : Match on catch block at 0xc3 in for 0x149
03-14 19:10:00.026 3111 3111 E ArmVmp : Match on catch block at 0xc3 in for 0x145
03-14 19:10:00.515 3111 3111 E ArmVmp : Match on catch block at 0xc3 in for 0x151
03-14 19:10:00.520 3111 3111 E ArmVmp : Match on catch block at 0xc3 in for 0x14d
03-14 19:10:01.013 3111 3111 E ArmVmp : Match on catch block at 0xc3 in for 0x149
03-14 19:10:01.017 3111 3111 E ArmVmp : Match on catch block at 0xc3 in for 0x145
03-14 19:10:01.415 3111 3111 E ArmVmp : Match on catch block at 0xc3 in for 0x159
03-14 19:10:01.417 3111 3111 E ArmVmp : Match on catch block at 0xc3 in for 0x155
03-14 19:10:01.446 3111 3111 W OnBackInvokedCallback: OnBackInvokedCallback is not enabled for the application.
03-14 19:10:01.446 3111 3111 W OnBackInvokedCallback: Set 'android:enableOnBackInvokedCallback="true"' in the application manifest.
03-14 19:10:01.506 3111 3111 E ArmVmp : Match on catch block at 0xc3 in for 0x141
03-14 19:10:01.515 3111 3111 E ArmVmp : Match on catch block at 0xc3 in for 0x159
03-14 19:10:01.530 3111 3111 E ArmVmp : Match on catch block at 0xc3 in for 0x159
03-14 19:10:01.534 3111 3111 E ArmVmp : Match on catch block at 0xc3 in for 0x155
03-14 19:10:01.546 3111 3111 E ArmVmp : Match on catch block at 0xc3 in for 0x141
03-14 19:10:01.550 3111 3111 E ArmVmp : Match on catch block at 0xc3 in for 0x159
03-14 19:10:02.044 3111 3111 E ArmVmp : Match on catch block at 0xc3 in for 0x149
03-14 19:10:02.048 3111 3111 E ArmVmp : Match on catch block at 0xc3 in for 0x145
03-14 19:10:02.390 3111 3111 E ArmVmp : Match on catch block at 0xc3 in for 0x159
03-14 19:10:02.393 3111 3111 E ArmVmp : Match on catch block at 0xc3 in for 0x155
03-14 19:10:02.413 3111 3111 E ArmVmp : Match on catch block at 0xc3 in for 0x159
03-14 19:10:02.418 3111 3111 E ArmVmp : Match on catch block at 0xc3 in for 0x155
03-14 19:10:02.426 3111 3111 E ArmVmp : Match on catch block at 0xc3 in for 0x141
03-14 19:10:02.430 3111 3111 E ArmVmp : Match on catch block at 0xc3 in for 0x159
03-14 19:10:02.445 3111 3111 E ArmVmp : Match on catch block at 0xc3 in for 0x145
