03-15 10:12:47.011 7318 7721 W Codec2Client: query -- param skipped: index = 1610614798.
03-15 10:12:47.098 7318 7693 E ListServiceUtils: checkInListByUid module:control package:audioBoostEnable cost 1964us return 1
03-15 10:12:47.149 7318 7693 E ListServiceUtils: checkInListByUid module:control package:audioBoostEnable cost 1681us return 1
03-15 10:12:48.081 7318 7366 E SQLiteDatabase: Error inserting transferred=1 media_job_uuid=80514a10-c1a1-4f3c-820c-2759e11aa2b8 transcoded=0 gif_attribution=0 first_scan_length=0 direct_path=/v/t62.7161- 24/32681816_1067109397737920_2264991813261977484_n.enc?ccb=11- 4&oh=01_AdTF6Z_hf2BTHM3LMZ9LJG8OpvD0xlQgx9JM- ReJAGlrPw&oe=661B0999&_nc_sid=5e03e0&_nc_hot=1710461574 thumbnail_height_width_ratio=1.8113208 is_animated_sticker=0 file_hash=TQHUiEp7LCJJNENvczveKRqtjE2CKtjbn8l76U9rbro= file_path=Media/.Statuses/f125f7b0edf2407089c1157a9e89c4c7.mp4 file_size=1901371 partial_media_hash=null face_x=0 face_y=0 height=640 trim_to=0 media_key_timestamp=1710461571000 message_url=https://mmg.whatsapp.net/v/t62.7161- 24/32681816_1067109397737920_2264991813261977484_n.enc?ccb=11- 4&oh=01_AdTF6Z_hf2BTHM3LMZ9LJG8OpvD0xlQgx9JM- ReJAGlrPw&oe=661B0999&_nc_sid=5e03e0&mms3=true media_caption=null trim_from=0 mime_type=video/mp4 partial_media_enc_hash=null width=352 original_file_hash=null has_streaming_sidecar=1 autotransfer_retry_enabled=1 media_upload_handle=null message_row_id=232 multicast_id=null enc_file_hash=l33m2Uh0mUmv/D94pUqNb641pFXlQ9ye0ZWajvtxRgI= mute_video=0 page_count=0 first_scan_sidecar=null suspicious_content=0 file_length=1901371 media_name=null media_duration=14 chat_row_id=27 media_key=[B@df22c63
03-15 10:12:48.081 7318 7366 E SQLiteDatabase: android.database.sqlite.SQLiteConstraintException: UNIQUE constraint failed: message_media.message_row_id (code 1555 SQLITE_CONSTRAINT_PRIMARYKEY)
03-15 10:12:48.081 7318 7366 E SQLiteDatabase: at android.database.sqlite.SQLiteConnection.nativeExecuteForLastInsertedRowId(Native Method)
03-15 10:12:48.081 7318 7366 E SQLiteDatabase: at android.database.sqlite.SQLiteConnection.executeForLastInsertedRowId(SQLiteConnecti on.java:967)
03-15 10:12:48.081 7318 7366 E SQLiteDatabase: at android.database.sqlite.SQLiteSession.executeForLastInsertedRowId(SQLiteSession.jav a:790)
03-15 10:12:48.081 7318 7366 E SQLiteDatabase: at android.database.sqlite.SQLiteStatement.executeInsert(SQLiteStatement.java:89)
03-15 10:12:48.081 7318 7366 E SQLiteDatabase: at android.database.sqlite.SQLiteDatabase.insertWithOnConflict(SQLiteDatabase.java:186 8)
03-15 10:12:48.081 7318 7366 E SQLiteDatabase: at android.database.sqlite.SQLiteDatabase.insert(SQLiteDatabase.java:1737)
03-15 10:12:48.081 7318 7366 E SQLiteDatabase: at X.2tm.A08(Unknown Source:6)
03-15 10:12:48.081 7318 7366 E SQLiteDatabase: at X.35Y.A07(Unknown Source:212)
03-15 10:12:48.081 7318 7366 E SQLiteDatabase: at X.3QF.A14(Unknown Source:470)
03-15 10:12:48.081 7318 7366 E SQLiteDatabase: at X.3gU.run(Unknown Source:982)
03-15 10:12:48.081 7318 7366 E SQLiteDatabase: at android.os.Handler.handleCallback(Handler.java:942)
03-15 10:12:48.081 7318 7366 E SQLiteDatabase: at android.os.Handler.dispatchMessage(Handler.java:99)
03-15 10:12:48.081 7318 7366 E SQLiteDatabase: at X.0zq.dispatchMessage(Unknown Source:4)
03-15 10:12:48.081 7318 7366 E SQLiteDatabase: at android.os.Looper.loopOnce(Looper.java:240)
03-15 10:12:48.081 7318 7366 E SQLiteDatabase: at android.os.Looper.loop(Looper.java:351)
03-15 10:12:48.081 7318 7366 E SQLiteDatabase: at android.os.HandlerThread.run(HandlerThread.java:67)
03-15 10:12:48.480 7318 7366 E SQLiteDatabase: Error inserting transferred=0 media_job_uuid=93f3c3ed-0c31-44c5-bf93-7f26a10cc7d2 transcoded=0 gif_attribution=0 first_scan_length=0 direct_path=/v/t62.7161- 24/40752696_629751553003695_805354317630587978_n.enc?ccb=11- 4&oh=01_AdSHD2dT15L9zOOWfPhlS_Kpm4Zwfm4YyuxY4sWY5_LPeg&oe=661B150D&_nc_sid=5e03e0 thumbnail_height_width_ratio=1.8113208 is_animated_sticker=0 file_hash=D0X47iuPxdcO74S33ib8gGHc9unz13ebG+CKaJSX2xU= file_path=null file_size=0 partial_media_hash=null face_x=0 face_y=0 height=640 trim_to=0 media_key_timestamp=1710471428000 message_url=https://mmg.whatsapp.net/v/t62.7161- 24/40752696_629751553003695_805354317630587978_n.enc?ccb=11- 4&oh=01_AdSHD2dT15L9zOOWfPhlS_Kpm4Zwfm4YyuxY4sWY5_LPeg&oe=661B150D&_nc_sid=5e03e0&m ms3=true media_caption=null trim_from=0 mime_type=video/mp4 partial_media_enc_hash=null width=352 original_file_hash=null has_streaming_sidecar=1 autotransfer_retry_enabled=1 media_upload_handle=null message_row_id=249 multicast_id=null enc_file_hash=v8YXpUcFywArDFzAqYSbAMst3BlW0BKnvwskDq4jMrk= mute_video=0 page_count=0 first_scan_sidecar=null suspicious_content=0 file_length=2803219 media_name=null media_duration=18 chat_row_id=27 media_key=[B@20bd6d
03-15 10:12:48.480 7318 7366 E SQLiteDatabase: android.database.sqlite.SQLiteConstraintException: UNIQUE constraint failed: message_media.message_row_id (code 1555 SQLITE_CONSTRAINT_PRIMARYKEY)
03-15 10:12:48.480 7318 7366 E SQLiteDatabase: at android.database.sqlite.SQLiteConnection.nativeExecuteForLastInsertedRowId(Native Method)
03-15 10:12:48.480 7318 7366 E SQLiteDatabase: at android.database.sqlite.SQLiteConnection.executeForLastInsertedRowId(SQLiteConnecti on.java:967)
03-15 10:12:48.480 7318 7366 E SQLiteDatabase: at android.database.sqlite.SQLiteSession.executeForLastInsertedRowId(SQLiteSession.jav a:790)
03-15 10:12:48.480 7318 7366 E SQLiteDatabase: at android.database.sqlite.SQLiteStatement.executeInsert(SQLiteStatement.java:89)
03-15 10:12:48.480 7318 7366 E SQLiteDatabase: at android.database.sqlite.SQLiteDatabase.insertWithOnConflict(SQLiteDatabase.java:186 8)
03-15 10:12:48.480 7318 7366 E SQLiteDatabase: at android.database.sqlite.SQLiteDatabase.insert(SQLiteDatabase.java:1737)
03-15 10:12:48.480 7318 7366 E SQLiteDatabase: at X.2tm.A08(Unknown Source:6)
03-15 10:12:48.480 7318 7366 E SQLiteDatabase: at X.35Y.A07(Unknown Source:212)
03-15 10:12:48.480 7318 7366 E SQLiteDatabase: at X.3QF.A14(Unknown Source:470)
03-15 10:12:48.480 7318 7366 E SQLiteDatabase: at X.3gU.run(Unknown Source:982)
03-15 10:12:48.480 7318 7366 E SQLiteDatabase: at android.os.Handler.handleCallback(Handler.java:942)
03-15 10:12:48.480 7318 7366 E SQLiteDatabase: at android.os.Handler.dispatchMessage(Handler.java:99)
03-15 10:12:48.480 7318 7366 E SQLiteDatabase: at X.0zq.dispatchMessage(Unknown Source:4)
03-15 10:12:48.480 7318 7366 E SQLiteDatabase: at android.os.Looper.loopOnce(Looper.java:240)
03-15 10:12:48.480 7318 7366 E SQLiteDatabase: at android.os.Looper.loop(Looper.java:351)
03-15 10:12:48.480 7318 7366 E SQLiteDatabase: at android.os.HandlerThread.run(HandlerThread.java:67)
03-15 10:12:51.134 7318 7698 W Codec2Client: query -- param skipped: index = 1342179345.
03-15 10:12:51.134 7318 7698 W Codec2Client: query -- param skipped: index = 2415921170.
03-15 10:12:51.134 7318 7698 W Codec2Client: query -- param skipped: index = 1610614798.
03-15 10:12:51.138 7318 7318 E RecyclerView: No adapter attached; skipping layout
03-15 10:12:51.139 7318 7721 W Codec2Client: query -- param skipped: index = 1342179345.
03-15 10:12:51.139 7318 7721 W Codec2Client: query -- param skipped: index = 2415921170.
03-15 10:12:51.139 7318 7721 W Codec2Client: query -- param skipped: index = 1610614798.
03-15 10:12:51.142 7318 7765 E ListServiceUtils: checkInListByUid module:audio- boost-blacklist uid:-1 cost 2151us return 0
03-15 10:12:51.192 7318 7693 W libc : Access denied finding property "vendor.oplus.media.vpp.stutter"
03-15 10:12:51.225 7318 7770 W ColorUtils: expected specified color aspects (2:0:0:0)
03-15 10:12:51.231 7318 7769 W AString : ctor got NULL, using empty string instead
03-15 10:12:51.240 7318 7770 W Codec2Client: query -- param skipped: index = 1107298332.
03-15 10:12:51.240 7318 7770 W CCodec : This behavior is subject to change. It is recommended that app developers double check whether the requested max input size is in reasonable range.
03-15 10:12:51.245 7318 7770 W Codec2Client: query -- param skipped: index = 1342179345.
03-15 10:12:51.245 7318 7770 W Codec2Client: query -- param skipped: index = 2415921170.
03-15 10:12:51.245 7318 7770 W Codec2Client: query -- param skipped: index = 1610614798.
03-15 10:12:51.276 7318 7693 W libc : Access denied finding property "vendor.oplus.media.vpp.stutter"
03-15 10:12:51.313 7318 7779 E ListServiceUtils: checkInListByUid module:media- sched-boost uid:10255 cost 2238us return 0
03-15 10:12:51.315 7318 7779 W Codec2Client: query -- param skipped: index = 1107298332.
03-15 10:12:51.316 7318 7779 W CCodec : This behavior is subject to change. It is recommended that app developers double check whether the requested max input size is in reasonable range.
03-15 10:12:51.317 7318 7779 W Codec2Client: query -- param skipped: index = 1342179345.
03-15 10:12:51.317 7318 7779 W Codec2Client: query -- param skipped: index = 2415921170.
03-15 10:12:51.317 7318 7779 W Codec2Client: query -- param skipped: index = 1610614798.
03-15 10:12:53.648 7318 7769 W Codec2Client: query -- param skipped: index = 1342179345.
03-15 10:12:53.648 7318 7769 W Codec2Client: query -- param skipped: index = 2415921170.
03-15 10:12:53.648 7318 7769 W Codec2Client: query -- param skipped: index = 1610614798.
03-15 10:12:53.653 7318 7779 W Codec2Client: query -- param skipped: index = 1342179345.
03-15 10:12:53.653 7318 7779 W Codec2Client: query -- param skipped: index = 2415921170.
03-15 10:12:53.653 7318 7779 W Codec2Client: query -- param skipped: index = 1610614798.
03-15 10:12:54.817 7318 7318 E OplusBracketLog: [OplusViewMirrorManager] updateHostViewRootIfNeeded, not support android.view.ViewRootImpl@dce2ca
03-15 10:12:54.845 7318 7318 E IPCThreadState: attemptIncStrongHandle(133): Not supported
03-15 10:12:54.857 7318 7375 W Parcel : Expecting binder but got null!
03-15 10:12:54.881 7318 7318 W BottomSheetBehavior: BottomSheetBehavior now supports multiple callbacks. `setBottomSheetCallback()` removes all existing callbacks, including ones set internally by library authors, which may result in unintended behavior. This may change in the future. Please use `addBottomSheetCallback()` and `removeBottomSheetCallback()` instead to set your own callbacks.
03-15 10:12:54.881 7318 7318 W BottomSheetBehavior: BottomSheetBehavior now supports multiple callbacks. `setBottomSheetCallback()` removes all existing callbacks, including ones set internally by library authors, which may result in unintended behavior. This may change in the future. Please use `addBottomSheetCallback()` and `removeBottomSheetCallback()` instead to set your own callbacks.
03-15 10:12:54.907 7318 7318 W BottomSheetBehavior: BottomSheetBehavior now supports multiple callbacks. `setBottomSheetCallback()` removes all existing callbacks, including ones set internally by library authors, which may result in unintended behavior. This may change in the future. Please use `addBottomSheetCallback()` and `removeBottomSheetCallback()` instead to set your own callbacks.
03-15 10:12:54.907 7318 7318 W BottomSheetBehavior: BottomSheetBehavior now supports multiple callbacks. `setBottomSheetCallback()` removes all existing callbacks, including ones set internally by library authors, which may result in unintended behavior. This may change in the future. Please use `addBottomSheetCallback()` and `removeBottomSheetCallback()` instead to set your own callbacks.
03-15 10:12:54.921 7318 7318 E RecyclerView: No adapter attached; skipping layout
03-15 10:12:54.951 7318 7794 W libc : Access denied finding property "vendor.oplus.media.vpp.stutter"
03-15 10:12:54.990 7318 7797 W ColorUtils: expected specified color aspects (2:0:0:0)
03-15 10:12:54.994 7318 7796 W AString : ctor got NULL, using empty string instead
03-15 10:12:55.004 7318 7797 W Codec2Client: query -- param skipped: index = 1107298332.
03-15 10:12:55.004 7318 7797 W CCodec : This behavior is subject to change. It is recommended that app developers double check whether the requested max input size is in reasonable range.
03-15 10:12:55.010 7318 7797 W Codec2Client: query -- param skipped: index = 1342179345.
03-15 10:12:55.010 7318 7797 W Codec2Client: query -- param skipped: index = 2415921170.
03-15 10:12:55.010 7318 7797 W Codec2Client: query -- param skipped: index = 1610614798.
03-15 10:12:55.050 7318 7794 W libc : Access denied finding property "vendor.oplus.media.vpp.stutter"
03-15 10:12:55.083 7318 7815 E ListServiceUtils: checkInListByUid module:sr-osie- whitelist uid:10255 cost 1687us return 0
03-15 10:12:55.086 7318 7815 W Codec2Client: query -- param skipped: index = 1107298332.
03-15 10:12:55.086 7318 7815 W CCodec : This behavior is subject to change. It is recommended that app developers double check whether the requested max input size is in reasonable range.
03-15 10:12:55.088 7318 7815 W Codec2Client: query -- param skipped: index = 1342179345.
03-15 10:12:55.088 7318 7815 W Codec2Client: query -- param skipped: index = 2415921170.
03-15 10:12:55.088 7318 7815 W Codec2Client: query -- param skipped: index = 1610614798.
03-15 10:12:55.746 7318 7796 W Codec2Client: query -- param skipped: index = 1342179345.
03-15 10:12:55.746 7318 7796 W Codec2Client: query -- param skipped: index = 2415921170.
03-15 10:12:55.746 7318 7796 W Codec2Client: query -- param skipped: index = 1610614798.
03-15 10:12:55.752 7318 7318 W BottomSheetBehavior: BottomSheetBehavior now supports multiple callbacks. `setBottomSheetCallback()` removes all existing callbacks, including ones set internally by library authors, which may result in unintended behavior. This may change in the future. Please use `addBottomSheetCallback()` and `removeBottomSheetCallback()` instead to set your own callbacks.
03-15 10:12:55.752 7318 7318 W BottomSheetBehavior: BottomSheetBehavior now supports multiple callbacks. `setBottomSheetCallback()` removes all existing callbacks, including ones set internally by library authors, which may result in unintended behavior. This may change in the future. Please use `addBottomSheetCallback()` and `removeBottomSheetCallback()` instead to set your own callbacks.
03-15 10:12:55.753 7318 7837 E ListServiceUtils: checkInListByUid module:control package:audioBoostEnable cost 1261us return 1
03-15 10:12:55.754 7318 7815 W Codec2Client: query -- param skipped: index = 1342179345.
03-15 10:12:55.754 7318 7815 W Codec2Client: query -- param skipped: index = 2415921170.
03-15 10:12:55.754 7318 7815 W Codec2Client: query -- param skipped: index = 1610614798.
03-15 10:12:55.758 7318 7318 E RecyclerView: No adapter attached; skipping layout
03-15 10:12:55.822 7318 7794 W libc : Access denied finding property "vendor.oplus.media.vpp.stutter"
03-15 10:12:55.854 7318 7842 W ColorUtils: expected specified color aspects (2:0:0:0)
03-15 10:12:55.858 7318 7841 W AString : ctor got NULL, using empty string instead
03-15 10:12:55.861 7318 7841 E ListServiceUtils: checkInListByUid module:notify- network-optimize uid:10255 cost 1233us return 0
03-15 10:12:55.867 7318 7842 W Codec2Client: query -- param skipped: index = 1107298332.
03-15 10:12:55.867 7318 7842 W CCodec : This behavior is subject to change. It is recommended that app developers double check whether the requested max input size is in reasonable range.
03-15 10:12:55.872 7318 7842 W Codec2Client: query -- param skipped: index = 1342179345.
03-15 10:12:55.872 7318 7842 W Codec2Client: query -- param skipped: index = 2415921170.
03-15 10:12:55.872 7318 7842 W Codec2Client: query -- param skipped: index = 1610614798.
03-15 10:12:55.904 7318 7794 W libc : Access denied finding property "vendor.oplus.media.vpp.stutter"
03-15 10:12:55.936 7318 7860 W Codec2Client: query -- param skipped: index = 1107298332.
03-15 10:12:55.936 7318 7860 W CCodec : This behavior is subject to change. It is recommended that app developers double check whether the requested max input size is in reasonable range.
03-15 10:12:55.938 7318 7860 W Codec2Client: query -- param skipped: index = 1342179345.
03-15 10:12:55.938 7318 7860 W Codec2Client: query -- param skipped: index = 2415921170.
03-15 10:12:55.938 7318 7860 W Codec2Client: query -- param skipped: index = 1610614798.
03-15 10:12:56.015 7318 7318 W BottomSheetBehavior: BottomSheetBehavior now supports multiple callbacks. `setBottomSheetCallback()` removes all existing callbacks, including ones set internally by library authors, which may result in unintended behavior. This may change in the future. Please use `addBottomSheetCallback()` and `removeBottomSheetCallback()` instead to set your own callbacks.
03-15 10:12:56.015 7318 7318 W BottomSheetBehavior: BottomSheetBehavior now supports multiple callbacks. `setBottomSheetCallback()` removes all existing callbacks, including ones set internally by library authors, which may result in unintended behavior. This may change in the future. Please use `addBottomSheetCallback()` and `removeBottomSheetCallback()` instead to set your own callbacks.
03-15 10:12:56.023 7318 7318 E RecyclerView: No adapter attached; skipping layout
03-15 10:12:56.047 7318 7794 E ListServiceUtils: checkInListByUid module:audio- boost-blacklist uid:10255 cost 1568us return 0
03-15 10:12:56.099 7318 7841 W Codec2Client: query -- param skipped: index = 1342179345.
03-15 10:12:56.099 7318 7841 W Codec2Client: query -- param skipped: index = 2415921170.
03-15 10:12:56.099 7318 7841 W Codec2Client: query -- param skipped: index = 1610614798.
03-15 10:12:56.104 7318 7860 W Codec2Client: query -- param skipped: index = 1342179345.
03-15 10:12:56.104 7318 7860 W Codec2Client: query -- param skipped: index = 2415921170.
03-15 10:12:56.104 7318 7860 W Codec2Client: query -- param skipped: index = 1610614798.
03-15 10:12:56.158 7318 7794 W libc : Access denied finding property "vendor.oplus.media.vpp.stutter"
03-15 10:12:56.185 7318 7874 W ColorUtils: expected specified color aspects (2:0:0:0)
03-15 10:12:56.188 7318 7873 W AString : ctor got NULL, using empty string instead
03-15 10:12:56.195 7318 7874 W Codec2Client: query -- param skipped: index = 1107298332.
03-15 10:12:56.195 7318 7874 W CCodec : This behavior is subject to change. It is recommended that app developers double check whether the requested max input size is in reasonable range.
03-15 10:12:56.198 7318 7874 W Codec2Client: query -- param skipped: index = 1342179345.
03-15 10:12:56.198 7318 7874 W Codec2Client: query -- param skipped: index = 2415921170.
03-15 10:12:56.198 7318 7874 W Codec2Client: query -- param skipped: index = 1610614798.
03-15 10:12:56.225 7318 7318 E RecyclerView: No adapter attached; skipping layout
03-15 10:12:56.232 7318 7366 E SQLiteDatabase: Error inserting transferred=0 media_job_uuid=93f3c3ed-0c31-44c5-bf93-7f26a10cc7d2 transcoded=0 gif_attribution=0 first_scan_length=0 direct_path=/v/t62.7161- 24/40752696_629751553003695_805354317630587978_n.enc?ccb=11- 4&oh=01_AdSHD2dT15L9zOOWfPhlS_Kpm4Zwfm4YyuxY4sWY5_LPeg&oe=661B150D&_nc_sid=5e03e0 thumbnail_height_width_ratio=1.8113208 is_animated_sticker=0 file_hash=D0X47iuPxdcO74S33ib8gGHc9unz13ebG+CKaJSX2xU= file_path=null file_size=0 partial_media_hash=null face_x=0 face_y=0 height=640 trim_to=0 media_key_timestamp=1710471428000 message_url=https://mmg.whatsapp.net/v/t62.7161- 24/40752696_629751553003695_805354317630587978_n.enc?ccb=11- 4&oh=01_AdSHD2dT15L9zOOWfPhlS_Kpm4Zwfm4YyuxY4sWY5_LPeg&oe=661B150D&_nc_sid=5e03e0&m ms3=true media_caption=null trim_from=0 mime_type=video/mp4 partial_media_enc_hash=null width=352 original_file_hash=null has_streaming_sidecar=1 autotransfer_retry_enabled=0 media_upload_handle=null message_row_id=249 multicast_id=null enc_file_hash=v8YXpUcFywArDFzAqYSbAMst3BlW0BKnvwskDq4jMrk= mute_video=0 page_count=0 first_scan_sidecar=null suspicious_content=0 file_length=2803219 media_name=null media_duration=18 chat_row_id=27 media_key=[B@20bd6d
03-15 10:12:56.232 7318 7366 E SQLiteDatabase: android.database.sqlite.SQLiteConstraintException: UNIQUE constraint failed: message_media.message_row_id (code 1555 SQLITE_CONSTRAINT_PRIMARYKEY)
03-15 10:12:56.232 7318 7366 E SQLiteDatabase: at android.database.sqlite.SQLiteConnection.nativeExecuteForLastInsertedRowId(Native Method)
03-15 10:12:56.232 7318 7366 E SQLiteDatabase: at android.database.sqlite.SQLiteConnection.executeForLastInsertedRowId(SQLiteConnecti on.java:967)
03-15 10:12:56.232 7318 7366 E SQLiteDatabase: at android.database.sqlite.SQLiteSession.executeForLastInsertedRowId(SQLiteSession.jav a:790)
03-15 10:12:56.232 7318 7366 E SQLiteDatabase: at android.database.sqlite.SQLiteStatement.executeInsert(SQLiteStatement.java:89)
03-15 10:12:56.232 7318 7366 E SQLiteDatabase: at android.database.sqlite.SQLiteDatabase.insertWithOnConflict(SQLiteDatabase.java:186 8)
03-15 10:12:56.232 7318 7366 E SQLiteDatabase: at android.database.sqlite.SQLiteDatabase.insert(SQLiteDatabase.java:1737)
03-15 10:12:56.232 7318 7366 E SQLiteDatabase: at X.2tm.A08(Unknown Source:6)
03-15 10:12:56.232 7318 7366 E SQLiteDatabase: at X.35Y.A07(Unknown Source:212)
03-15 10:12:56.232 7318 7366 E SQLiteDatabase: at X.3QF.A14(Unknown Source:470)
03-15 10:12:56.232 7318 7366 E SQLiteDatabase: at X.3gU.run(Unknown Source:982)
03-15 10:12:56.232 7318 7366 E SQLiteDatabase: at android.os.Handler.handleCallback(Handler.java:942)
03-15 10:12:56.232 7318 7366 E SQLiteDatabase: at android.os.Handler.dispatchMessage(Handler.java:99)
03-15 10:12:56.232 7318 7366 E SQLiteDatabase: at X.0zq.dispatchMessage(Unknown Source:4)
03-15 10:12:56.232 7318 7366 E SQLiteDatabase: at android.os.Looper.loopOnce(Looper.java:240)
03-15 10:12:56.232 7318 7366 E SQLiteDatabase: at android.os.Looper.loop(Looper.java:351)
03-15 10:12:56.232 7318 7366 E SQLiteDatabase: at android.os.HandlerThread.run(HandlerThread.java:67)
03-15 10:12:56.236 7318 7794 W libc : Access denied finding property "vendor.oplus.media.vpp.stutter"
03-15 10:12:56.247 7318 7366 E SQLiteDatabase: Error inserting transferred=0 media_job_uuid=93f3c3ed-0c31-44c5-bf93-7f26a10cc7d2 transcoded=0 gif_attribution=0 first_scan_length=0 direct_path=/v/t62.7161- 24/40752696_629751553003695_805354317630587978_n.enc?ccb=11- 4&oh=01_AdSHD2dT15L9zOOWfPhlS_Kpm4Zwfm4YyuxY4sWY5_LPeg&oe=661B150D&_nc_sid=5e03e0 thumbnail_height_width_ratio=1.8113208 is_animated_sticker=0 file_hash=D0X47iuPxdcO74S33ib8gGHc9unz13ebG+CKaJSX2xU= file_path=null file_size=0 partial_media_hash=null face_x=0 face_y=0 height=640 trim_to=0 media_key_timestamp=1710471428000 message_url=https://mmg.whatsapp.net/v/t62.7161- 24/40752696_629751553003695_805354317630587978_n.enc?ccb=11- 4&oh=01_AdSHD2dT15L9zOOWfPhlS_Kpm4Zwfm4YyuxY4sWY5_LPeg&oe=661B150D&_nc_sid=5e03e0&m ms3=true media_caption=null trim_from=0 mime_type=video/mp4 partial_media_enc_hash=null width=352 original_file_hash=null has_streaming_sidecar=1 autotransfer_retry_enabled=0 media_upload_handle=null message_row_id=249 multicast_id=null enc_file_hash=v8YXpUcFywArDFzAqYSbAMst3BlW0BKnvwskDq4jMrk= mute_video=0 page_count=0 first_scan_sidecar=null suspicious_content=0 file_length=2803219 media_name=null media_duration=18 chat_row_id=27 media_key=[B@20bd6d
03-15 10:12:56.247 7318 7366 E SQLiteDatabase: android.database.sqlite.SQLiteConstraintException: UNIQUE constraint failed: message_media.message_row_id (code 1555 SQLITE_CONSTRAINT_PRIMARYKEY)
03-15 10:12:56.247 7318 7366 E SQLiteDatabase: at android.database.sqlite.SQLiteConnection.nativeExecuteForLastInsertedRowId(Native Method)
03-15 10:12:56.247 7318 7366 E SQLiteDatabase: at android.database.sqlite.SQLiteConnection.executeForLastInsertedRowId(SQLiteConnecti on.java:967)
03-15 10:12:56.247 7318 7366 E SQLiteDatabase: at android.database.sqlite.SQLiteSession.executeForLastInsertedRowId(SQLiteSession.jav a:790)
03-15 10:12:56.247 7318 7366 E SQLiteDatabase: at android.database.sqlite.SQLiteStatement.executeInsert(SQLiteStatement.java:89)
03-15 10:12:56.247 7318 7366 E SQLiteDatabase: at android.database.sqlite.SQLiteDatabase.insertWithOnConflict(SQLiteDatabase.java:186 8)
03-15 10:12:56.247 7318 7366 E SQLiteDatabase: at android.database.sqlite.SQLiteDatabase.insert(SQLiteDatabase.java:1737)
03-15 10:12:56.247 7318 7366 E SQLiteDatabase: at X.2tm.A08(Unknown Source:6)
03-15 10:12:56.247 7318 7366 E SQLiteDatabase: at X.35Y.A07(Unknown Source:212)
03-15 10:12:56.247 7318 7366 E SQLiteDatabase: at X.3QF.A14(Unknown Source:470)
03-15 10:12:56.247 7318 7366 E SQLiteDatabase: at X.3gU.run(Unknown Source:982)
03-15 10:12:56.247 7318 7366 E SQLiteDatabase: at android.os.Handler.handleCallback(Handler.java:942)
03-15 10:12:56.247 7318 7366 E SQLiteDatabase: at android.os.Handler.dispatchMessage(Handler.java:99)
03-15 10:12:56.247 7318 7366 E SQLiteDatabase: at X.0zq.dispatchMessage(Unknown Source:4)
03-15 10:12:56.247 7318 7366 E SQLiteDatabase: at android.os.Looper.loopOnce(Looper.java:240)
03-15 10:12:56.247 7318 7366 E SQLiteDatabase: at android.os.Looper.loop(Looper.java:351)
03-15 10:12:56.247 7318 7366 E SQLiteDatabase: at android.os.HandlerThread.run(HandlerThread.java:67)
03-15 10:12:56.287 7318 7883 W Codec2Client: query -- param skipped: index = 1107298332.
03-15 10:12:56.287 7318 7883 W CCodec : This behavior is subject to change. It is recommended that app developers double check whether the requested max input size is in reasonable range.
03-15 10:12:56.290 7318 7883 W Codec2Client: query -- param skipped: index = 1342179345.
03-15 10:12:56.290 7318 7883 W Codec2Client: query -- param skipped: index = 2415921170.
03-15 10:12:56.290 7318 7883 W Codec2Client: query -- param skipped: index = 1610614798.
03-15 10:12:56.377 7318 7873 W Codec2Client: query -- param skipped: index = 1342179345.
03-15 10:12:56.377 7318 7873 W Codec2Client: query -- param skipped: index = 2415921170.
03-15 10:12:56.377 7318 7873 W Codec2Client: query -- param skipped: index = 1610614798.
03-15 10:12:56.380 7318 7883 W Codec2Client: query -- param skipped: index = 1342179345.
03-15 10:12:56.380 7318 7883 W Codec2Client: query -- param skipped: index = 2415921170.
03-15 10:12:56.380 7318 7883 W Codec2Client: query -- param skipped: index = 1610614798.
03-15 10:12:56.913 7318 7794 W libc : Access denied finding property "vendor.oplus.media.vpp.stutter"
03-15 10:12:56.949 7318 7893 W ColorUtils: expected specified color aspects (2:0:0:0)
03-15 10:12:56.954 7318 7892 W AString : ctor got NULL, using empty string instead
03-15 10:12:56.964 7318 7893 W Codec2Client: query -- param skipped: index = 1107298332.
03-15 10:12:56.964 7318 7893 W CCodec : This behavior is subject to change. It is recommended that app developers double check whether the requested max input size is in reasonable range.
03-15 10:12:56.968 7318 7893 W Codec2Client: query -- param skipped: index = 1342179345.
03-15 10:12:56.968 7318 7893 W Codec2Client: query -- param skipped: index = 2415921170.
03-15 10:12:56.968 7318 7893 W Codec2Client: query -- param skipped: index = 1610614798.
03-15 10:12:56.990 7318 7794 W libc : Access denied finding property "vendor.oplus.media.vpp.stutter"
03-15 10:12:57.037 7318 7902 W Codec2Client: query -- param skipped: index = 1107298332.
03-15 10:12:57.037 7318 7902 W CCodec : This behavior is subject to change. It is recommended that app developers double check whether the requested max input size is in reasonable range.
03-15 10:12:57.038 7318 7902 W Codec2Client: query -- param skipped: index = 1342179345.
03-15 10:12:57.038 7318 7902 W Codec2Client: query -- param skipped: index = 2415921170.
03-15 10:12:57.038 7318 7902 W Codec2Client: query -- param skipped: index = 1610614798.
03-15 10:13:03.844 7318 7892 W Codec2Client: query -- param skipped: index = 1342179345.
03-15 10:13:03.844 7318 7892 W Codec2Client: query -- param skipped: index = 2415921170.
03-15 10:13:03.844 7318 7892 W Codec2Client: query -- param skipped: index = 1610614798.
03-15 10:13:03.849 7318 7902 W Codec2Client: query -- param skipped: index = 1342179345.
03-15 10:13:03.849 7318 7902 W Codec2Client: query -- param skipped: index = 2415921170.
03-15 10:13:03.849 7318 7902 W Codec2Client: query -- param skipped: index = 1610614798.
03-15 10:13:04.198 7318 7318 E IPCThreadState: attemptIncStrongHandle(79): Not supported
03-15 10:13:06.007 7318 7366 E SQLiteDatabase: Error inserting transferred=0 media_job_uuid=86001bc9-c2df-4f94-9dcc-c7be3742b019 transcoded=0 gif_attribution=0 first_scan_length=0 direct_path=/v/t62.7161- 24/21425658_781281316801285_3318645764084909781_n.enc?ccb=11- 4&oh=01_AdQo1Dr69SS4YpRQTGP8ivlZq54girVC0jt-SGjGpDHqxA&oe=661B24EC&_nc_sid=5e03e0 thumbnail_height_width_ratio=1.7777778 is_animated_sticker=0 file_hash=FLqXC3hmWD3QpP1OA8/JIK0M2Xz+Hi5HuBhIaygLY4A= file_path=null file_size=0 partial_media_hash=null face_x=0 face_y=0 height=1024 trim_to=0 media_key_timestamp=1710471501000 message_url=https://mmg.whatsapp.net/v/t62.7161- 24/21425658_781281316801285_3318645764084909781_n.enc?ccb=11- 4&oh=01_AdQo1Dr69SS4YpRQTGP8ivlZq54girVC0jt- SGjGpDHqxA&oe=661B24EC&_nc_sid=5e03e0&mms3=true media_caption=null trim_from=0 mime_type=video/mp4 partial_media_enc_hash=null width=576 original_file_hash=null has_streaming_sidecar=1 autotransfer_retry_enabled=0 media_upload_handle=null message_row_id=250 multicast_id=null enc_file_hash=AOC5Ej6xlIUTa/jClW4WXqLSOklW1KwgIgGfrzSY0PY= mute_video=0 page_count=0 first_scan_sidecar=null suspicious_content=0 file_length=2436570 media_name=null media_duration=16 chat_row_id=27 media_key=[B@303668f
03-15 10:13:06.007 7318 7366 E SQLiteDatabase: android.database.sqlite.SQLiteConstraintException: UNIQUE constraint failed: message_media.message_row_id (code 1555 SQLITE_CONSTRAINT_PRIMARYKEY)
03-15 10:13:06.007 7318 7366 E SQLiteDatabase: at android.database.sqlite.SQLiteConnection.nativeExecuteForLastInsertedRowId(Native Method)
03-15 10:13:06.007 7318 7366 E SQLiteDatabase: at android.database.sqlite.SQLiteConnection.executeForLastInsertedRowId(SQLiteConnecti on.java:967)
03-15 10:13:06.007 7318 7366 E SQLiteDatabase: at android.database.sqlite.SQLiteSession.executeForLastInsertedRowId(SQLiteSession.jav a:790)
03-15 10:13:06.007 7318 7366 E SQLiteDatabase: at android.database.sqlite.SQLiteStatement.executeInsert(SQLiteStatement.java:89)
03-15 10:13:06.007 7318 7366 E SQLiteDatabase: at android.database.sqlite.SQLiteDatabase.insertWithOnConflict(SQLiteDatabase.java:186 8)
03-15 10:13:06.007 7318 7366 E SQLiteDatabase: at android.database.sqlite.SQLiteDatabase.insert(SQLiteDatabase.java:1737)
03-15 10:13:06.007 7318 7366 E SQLiteDatabase: at X.2tm.A08(Unknown Source:6)
03-15 10:13:06.007 7318 7366 E SQLiteDatabase: at X.35Y.A07(Unknown Source:212)
03-15 10:13:06.007 7318 7366 E SQLiteDatabase: at X.3QF.A14(Unknown Source:470)
03-15 10:13:06.007 7318 7366 E SQLiteDatabase: at X.3gU.run(Unknown Source:982)
03-15 10:13:06.007 7318 7366 E SQLiteDatabase: at android.os.Handler.handleCallback(Handler.java:942)
03-15 10:13:06.007 7318 7366 E SQLiteDatabase: at android.os.Handler.dispatchMessage(Handler.java:99)
03-15 10:13:06.007 7318 7366 E SQLiteDatabase: at X.0zq.dispatchMessage(Unknown Source:4)
03-15 10:13:06.007 7318 7366 E SQLiteDatabase: at android.os.Looper.loopOnce(Looper.java:240)
03-15 10:13:06.007 7318 7366 E SQLiteDatabase: at android.os.Looper.loop(Looper.java:351)
03-15 10:13:06.007 7318 7366 E SQLiteDatabase: at android.os.HandlerThread.run(HandlerThread.java:67)
03-15 10:13:06.020 7318 7366 E SQLiteDatabase: Error inserting transferred=0 media_job_uuid=86001bc9-c2df-4f94-9dcc-c7be3742b019 transcoded=0 gif_attribution=0 first_scan_length=0 direct_path=/v/t62.7161- 24/21425658_781281316801285_3318645764084909781_n.enc?ccb=11- 4&oh=01_AdQo1Dr69SS4YpRQTGP8ivlZq54girVC0jt-SGjGpDHqxA&oe=661B24EC&_nc_sid=5e03e0 thumbnail_height_width_ratio=1.7777778 is_animated_sticker=0 file_hash=FLqXC3hmWD3QpP1OA8/JIK0M2Xz+Hi5HuBhIaygLY4A= file_path=null file_size=0 partial_media_hash=null face_x=0 face_y=0 height=1024 trim_to=0 media_key_timestamp=1710471501000 message_url=https://mmg.whatsapp.net/v/t62.7161- 24/21425658_781281316801285_3318645764084909781_n.enc?ccb=11- 4&oh=01_AdQo1Dr69SS4YpRQTGP8ivlZq54girVC0jt- SGjGpDHqxA&oe=661B24EC&_nc_sid=5e03e0&mms3=true media_caption=null trim_from=0 mime_type=video/mp4 partial_media_enc_hash=null width=576 original_file_hash=null has_streaming_sidecar=1 autotransfer_retry_enabled=0 media_upload_handle=null message_row_id=250 multicast_id=null enc_file_hash=AOC5Ej6xlIUTa/jClW4WXqLSOklW1KwgIgGfrzSY0PY= mute_video=0 page_count=0 first_scan_sidecar=null suspicious_content=0 file_length=2436570 media_name=null media_duration=16 chat_row_id=27 media_key=[B@303668f
03-15 10:13:06.020 7318 7366 E SQLiteDatabase: android.database.sqlite.SQLiteConstraintException: UNIQUE constraint failed: message_media.message_row_id (code 1555 SQLITE_CONSTRAINT_PRIMARYKEY)
03-15 10:13:06.020 7318 7366 E SQLiteDatabase: at android.database.sqlite.SQLiteConnection.nativeExecuteForLastInsertedRowId(Native Method)
03-15 10:13:06.020 7318 7366 E SQLiteDatabase: at android.database.sqlite.SQLiteConnection.executeForLastInsertedRowId(SQLiteConnecti on.java:967)
03-15 10:13:06.020 7318 7366 E SQLiteDatabase: at android.database.sqlite.SQLiteSession.executeForLastInsertedRowId(SQLiteSession.jav a:790)
03-15 10:13:06.020 7318 7366 E SQLiteDatabase: at android.database.sqlite.SQLiteStatement.executeInsert(SQLiteStatement.java:89)
03-15 10:13:06.020 7318 7366 E SQLiteDatabase: at android.database.sqlite.SQLiteDatabase.insertWithOnConflict(SQLiteDatabase.java:186 8)
03-15 10:13:06.020 7318 7366 E SQLiteDatabase: at android.database.sqlite.SQLiteDatabase.insert(SQLiteDatabase.java:1737)
03-15 10:13:06.020 7318 7366 E SQLiteDatabase: at X.2tm.A08(Unknown Source:6)
03-15 10:13:06.020 7318 7366 E SQLiteDatabase: at X.35Y.A07(Unknown Source:212)
03-15 10:13:06.020 7318 7366 E SQLiteDatabase: at X.3QF.A14(Unknown Source:470)
03-15 10:13:06.020 7318 7366 E SQLiteDatabase: at X.3gU.run(Unknown Source:982)
03-15 10:13:06.020 7318 7366 E SQLiteDatabase: at android.os.Handler.handleCallback(Handler.java:942)
03-15 10:13:06.020 7318 7366 E SQLiteDatabase: at android.os.Handler.dispatchMessage(Handler.java:99)
03-15 10:13:06.020 7318 7366 E SQLiteDatabase: at X.0zq.dispatchMessage(Unknown Source:4)
03-15 10:13:06.020 7318 7366 E SQLiteDatabase: at android.os.Looper.loopOnce(Looper.java:240)
03-15 10:13:06.020 7318 7366 E SQLiteDatabase: at android.os.Looper.loop(Looper.java:351)
03-15 10:13:06.020 7318 7366 E SQLiteDatabase: at android.os.HandlerThread.run(HandlerThread.java:67)
03-15 10:46:16.695 7318 7327 W com.mbwhatsapp: Reducing the number of considered missed Gc histogram windows from 171 to 100
03-15 11:00:58.589 7318 7318 E IPCThreadState: attemptIncStrongHandle(76): Not supported
03-15 11:00:58.589 7318 7318 E IPCThreadState: attemptIncStrongHandle(122): Not supported
03-15 11:00:58.594 7318 7375 E OpenGLRenderer: Device claims wide gamut support, cannot find matching config, error = EGL_SUCCESS
03-15 11:00:58.595 7318 7375 W OpenGLRenderer: Failed to initialize 101010-2 format, error = EGL_SUCCESS
03-15 11:01:03.207 7318 7318 E OplusBracketLog: [OplusViewMirrorManager] updateHostViewRootIfNeeded, not support android.view.ViewRootImpl@f1bac21
03-15 11:01:03.232 7318 7375 W Parcel : Expecting binder but got null!
03-15 11:01:06.690 7318 7318 E IPCThreadState: attemptIncStrongHandle(71): Not supported
03-15 11:01:13.868 7318 7327 W com.mbwhatsapp: Cleared Reference was only reachable from finalizer (only reported once)
03-15 11:28:08.674 7318 7327 W com.mbwhatsapp: Reducing the number of considered missed Gc histogram windows from 160 to 100
03-15 11:53:42.499 7318 7318 E ANR_LOG : Blocked msg = { when=+8s197ms what=0 target=android.view.Choreographer$FrameHandler callback=android.view.Choreographer$FrameDisplayEventReceiver } , cost = 8197 ms
03-15 12:06:35.173 7318 7318 E IPCThreadState: attemptIncStrongHandle(108): Not supported
03-15 12:06:35.173 7318 7318 E IPCThreadState: attemptIncStrongHandle(116): Not supported
03-15 12:06:35.179 7318 7375 E OpenGLRenderer: Device claims wide gamut support, cannot find matching config, error = EGL_SUCCESS
03-15 12:06:35.180 7318 7375 W OpenGLRenderer: Failed to initialize 101010-2 format, error = EGL_SUCCESS
03-15 12:06:35.716 7318 7327 W com.mbwhatsapp: Reducing the number of considered missed Gc histogram windows from 231 to 100
03-15 12:06:35.752 7318 7318 E ArmVmp : Match on catch block at 0x0a in for 0x18d
03-15 12:06:35.774 7318 7318 E ArmVmp : Match on catch block at 0x0a in for 0x269
03-15 12:06:35.846 7318 7318 W Activity: Can request only one set of permissions at a time
03-15 12:06:35.954 7318 7318 W PhoneWindow: Previously focused view reported id 2131429103 during save, but can't be found during restore.
03-15 12:06:35.987 7318 7318 E OplusBracketLog: [OplusViewMirrorManager] updateHostViewRootIfNeeded, not support android.view.ViewRootImpl@3a35310
03-15 12:06:36.028 7318 7318 E IPCThreadState: attemptIncStrongHandle(71): Not supported
03-15 12:06:36.351 7318 7318 E RecyclerView: No adapter attached; skipping layout
03-15 12:06:36.458 7318 7375 W Parcel : Expecting binder but got null!
03-15 12:06:36.703 7318 7318 E RecyclerView: No adapter attached; skipping layout
03-15 12:06:36.739 7318 7318 E ArmVmp : Match on catch block at 0x0a in for 0x1a5
03-15 12:06:36.953 7318 7318 E ArmVmp : Match on catch block at 0x5b in for 0x105
03-15 12:06:36.968 7318 7318 E ArmVmp : Match on catch block at 0x5b in for 0x105
03-15 12:06:40.194 7318 7318 E OplusBracketLog: [OplusViewMirrorManager] updateHostViewRootIfNeeded, not support android.view.ViewRootImpl@975a063
03-15 12:06:40.223 7318 7375 W Parcel : Expecting binder but got null!
03-15 12:06:41.385 7318 7318 E IPCThreadState: attemptIncStrongHandle(80): Not supported
03-15 12:06:55.874 7318 7508 E ArmVmp : No matching catch block at 0x07
03-15 12:06:55.874 7318 7508 E ArmVmp : Match on catch block at 0x02 in for 0x4d
03-15 12:06:55.876 7318 7508 W System.err: java.net.UnknownHostException: Unable to resolve host "pastebin.com": No address associated with hostname
03-15 12:06:55.876 7318 7508 W System.err:
03-15 12:06:55.877 7318 7508 W System.err: at java.net.Inet6AddressImpl.lookupHostByName(Inet6AddressImpl.java:156)
03-15 12:06:55.877 7318 7508 W System.err:
03-15 12:06:55.878 7318 7508 W System.err: at java.net.Inet6AddressImpl.lookupAllHostAddr(Inet6AddressImpl.java:103)
03-15 12:06:55.878 7318 7508 W System.err:
03-15 12:06:55.880 7318 7508 W System.err: at java.net.InetAddress.getAllByName(InetAddress.java:1152)
03-15 12:06:55.880 7318 7508 W System.err:
03-15 12:06:55.880 7318 7508 W System.err: at com.android.okhttp.Dns$1.lookup(Dns.java:41)
03-15 12:06:55.880 7318 7508 W System.err:
03-15 12:06:55.880 7318 7508 W System.err: at com.android.okhttp.internal.http.RouteSelector.resetNextInetSocketAddress(RouteSele ctor.java:178)
03-15 12:06:55.880 7318 7508 W System.err:
03-15 12:06:55.880 7318 7508 W System.err: at com.android.okhttp.internal.http.RouteSelector.nextProxy(RouteSelector.java:144)
03-15 12:06:55.881 7318 7508 W System.err:
03-15 12:06:55.881 7318 7508 W System.err: at com.android.okhttp.internal.http.RouteSelector.next(RouteSelector.java:86)
03-15 12:06:55.881 7318 7508 W System.err:
03-15 12:06:55.881 7318 7508 W System.err: at com.android.okhttp.internal.http.StreamAllocation.findConnection(StreamAllocation.j ava:176)
03-15 12:06:55.882 7318 7508 W System.err:
03-15 12:06:55.882 7318 7508 W System.err: at com.android.okhttp.internal.http.StreamAllocation.findHealthyConnection(StreamAlloc ation.java:128)
03-15 12:06:55.882 7318 7508 W System.err:
03-15 12:06:55.883 7318 7508 W System.err: at com.android.okhttp.internal.http.StreamAllocation.newStream(StreamAllocation.java:9 7)
03-15 12:06:55.883 7318 7508 W System.err:
03-15 12:06:55.884 7318 7508 W System.err: at com.android.okhttp.internal.http.HttpEngine.connect(HttpEngine.java:289)
03-15 12:06:55.884 7318 7508 W System.err:
03-15 12:06:55.884 7318 7508 W System.err: at com.android.okhttp.internal.http.HttpEngine.sendRequest(HttpEngine.java:232)
03-15 12:06:55.884 7318 7508 W System.err:
03-15 12:06:55.885 7318 7508 W System.err: at com.android.okhttp.internal.huc.HttpURLConnectionImpl.execute(HttpURLConnectionImpl .java:465)
03-15 12:06:55.885 7318 7508 W System.err:
03-15 12:06:55.885 7318 7508 W System.err: at com.android.okhttp.internal.huc.HttpURLConnectionImpl.getResponse(HttpURLConnection Impl.java:411)
03-15 12:06:55.885 7318 7508 W System.err:
03-15 12:06:55.885 7318 7508 W System.err: at com.android.okhttp.internal.huc.HttpURLConnectionImpl.getInputStream(HttpURLConnect ionImpl.java:248)
03-15 12:06:55.886 7318 7508 W System.err:
03-15 12:06:55.886 7318 7508 W System.err: at com.android.okhttp.internal.huc.DelegatingHttpsURLConnection.getInputStream(Delegat ingHttpsURLConnection.java:211)
03-15 12:06:55.886 7318 7508 W System.err:
03-15 12:06:55.887 7318 7508 W System.err: at com.android.okhttp.internal.huc.HttpsURLConnectionImpl.getInputStream(HttpsURLConne ctionImpl.java:30)
03-15 12:06:55.887 7318 7508 W System.err:
03-15 12:06:55.887 7318 7508 W System.err: at java.net.URL.openStream(URL.java:1072)
03-15 12:06:55.887 7318 7508 W System.err:
03-15 12:06:55.888 7318 7508 W System.err: at mbmodsd.mbmodsw.mbdialog.MBDialogMan.loadJsonFromUrl(Native Method)
03-15 12:06:55.888 7318 7508 W System.err:
03-15 12:06:55.889 7318 7508 W System.err: at mbmodsd.mbmodsw.mbdialog.MBDialogMan.access$000(Native Method)
03-15 12:06:55.889 7318 7508 W System.err:
03-15 12:06:55.889 7318 7508 W System.err: at mbmodsd.mbmodsw.mbdialog.MBDialogMan$FetchJsonTask.doInBackground(Native Method)
03-15 12:06:55.889 7318 7508 W System.err:
03-15 12:06:55.889 7318 7508 W System.err: at mbmodsd.mbmodsw.mbdialog.MBDialogMan$FetchJsonTask.doInBackground(Native Method)
03-15 12:06:55.890 7318 7508 W System.err:
03-15 12:06:55.890 7318 7508 W System.err: at android.os.AsyncTask$3.call(AsyncTask.java:394)
03-15 12:06:55.890 7318 7508 W System.err:
03-15 12:06:55.890 7318 7508 W System.err: at java.util.concurrent.FutureTask.run(FutureTask.java:264)
03-15 12:06:55.891 7318 7508 W System.err:
03-15 12:06:55.891 7318 7508 W System.err: at android.os.AsyncTask$SerialExecutor$1.run(AsyncTask.java:305)
03-15 12:06:55.891 7318 7508 W System.err:
03-15 12:06:55.891 7318 7508 W System.err: at java.util.concurrent.ThreadPoolExecutor.runWorker(ThreadPoolExecutor.java:1137)
03-15 12:06:55.891 7318 7508 W System.err:
03-15 12:06:55.891 7318 7508 W System.err: at java.util.concurrent.ThreadPoolExecutor$Worker.run(ThreadPoolExecutor.java:637)
03-15 12:06:55.891 7318 7508 W System.err:
03-15 12:06:55.892 7318 7508 W System.err: at java.lang.Thread.run(Thread.java:1012)
03-15 12:06:55.892 7318 7508 W System.err:
03-15 12:06:55.892 7318 7508 W System.err: Caused by: android.system.GaiException: android_getaddrinfo failed: EAI_NODATA (No address associated with hostname)
03-15 12:06:55.892 7318 7508 W System.err:
03-15 12:06:55.893 7318 7508 W System.err: at libcore.io.Linux.android_getaddrinfo(Native Method)
03-15 12:06:55.893 7318 7508 W System.err:
03-15 12:06:55.893 7318 7508 W System.err: at libcore.io.ForwardingOs.android_getaddrinfo(ForwardingOs.java:133)
03-15 12:06:55.893 7318 7508 W System.err:
03-15 12:06:55.893 7318 7508 W System.err: at libcore.io.BlockGuardOs.android_getaddrinfo(BlockGuardOs.java:222)
03-15 12:06:55.893 7318 7508 W System.err:
03-15 12:06:55.893 7318 7508 W System.err: at libcore.io.ForwardingOs.android_getaddrinfo(ForwardingOs.java:133)
03-15 12:06:55.893 7318 7508 W System.err:
03-15 12:06:55.893 7318 7508 W System.err: at java.net.Inet6AddressImpl.lookupHostByName(Inet6AddressImpl.java:135)
03-15 12:06:55.893 7318 7508 W System.err:
03-15 12:06:55.894 7318 7508 W System.err: ... 27 more
03-15 12:06:55.894 7318 7508 W System.err:
03-15 12:07:56.894 7318 7366 E SQLiteDatabase: Error inserting transferred=1 media_job_uuid=1a5fb315-db40-442d-a224-9cd09d3329ce transcoded=0 gif_attribution=0 first_scan_length=0 direct_path=/m1/v/t24/An8lbvGfX37u691vPsbeLqGoalfE_Bak- n_i5k0XR-XimvFFHS18DYyHhppdqxJd_zDcTUNsBjIL6VVC01- 75pKbY_LDKEbDNo1Mx5Bf7LjkCSYZF14fkrsNtyk14Z8pyq8B?ccb=10- 5&oh=01_AdR3mQQSdzWdlmTL0fp3Cpesmeb9zSyHJc78WIkkBQg4hg&oe=661B3B30&_nc_sid=5e03e0 thumbnail_height_width_ratio=1.0 is_animated_sticker=0 file_hash=VhNcRRAbuVByf1b+eB1l5NM+AQVTPfT7t3rLP+zLNOg= file_path=Media/MBWhatsApp Video/VID-20240315-WA0002 file_size=2143158 partial_media_hash=null face_x=0 face_y=0 height=480 trim_to=0 media_key_timestamp=0 message_url=null media_caption=null trim_from=0 mime_type=video/mp4 partial_media_enc_hash=null width=480 original_file_hash=null has_streaming_sidecar=0 autotransfer_retry_enabled=1 media_upload_handle=null message_row_id=253 multicast_id=null enc_file_hash=null mute_video=0 page_count=0 first_scan_sidecar=null suspicious_content=0 file_length=2143158 media_name=null media_duration=14 chat_row_id=98 media_key=null
03-15 12:07:56.894 7318 7366 E SQLiteDatabase: android.database.sqlite.SQLiteConstraintException: UNIQUE constraint failed: message_media.message_row_id (code 1555 SQLITE_CONSTRAINT_PRIMARYKEY)
03-15 12:07:56.894 7318 7366 E SQLiteDatabase: at android.database.sqlite.SQLiteConnection.nativeExecuteForLastInsertedRowId(Native Method)
03-15 12:07:56.894 7318 7366 E SQLiteDatabase: at android.database.sqlite.SQLiteConnection.executeForLastInsertedRowId(SQLiteConnecti on.java:967)
03-15 12:07:56.894 7318 7366 E SQLiteDatabase: at android.database.sqlite.SQLiteSession.executeForLastInsertedRowId(SQLiteSession.jav a:790)
03-15 12:07:56.894 7318 7366 E SQLiteDatabase: at android.database.sqlite.SQLiteStatement.executeInsert(SQLiteStatement.java:89)
03-15 12:07:56.894 7318 7366 E SQLiteDatabase: at android.database.sqlite.SQLiteDatabase.insertWithOnConflict(SQLiteDatabase.java:186 8)
03-15 12:07:56.894 7318 7366 E SQLiteDatabase: at android.database.sqlite.SQLiteDatabase.insert(SQLiteDatabase.java:1737)
03-15 12:07:56.894 7318 7366 E SQLiteDatabase: at X.2tm.A08(Unknown Source:6)
03-15 12:07:56.894 7318 7366 E SQLiteDatabase: at X.35Y.A07(Unknown Source:212)
03-15 12:07:56.894 7318 7366 E SQLiteDatabase: at X.3QF.A14(Unknown Source:470)
03-15 12:07:56.894 7318 7366 E SQLiteDatabase: at X.3gU.run(Unknown Source:982)
03-15 12:07:56.894 7318 7366 E SQLiteDatabase: at android.os.Handler.handleCallback(Handler.java:942)
03-15 12:07:56.894 7318 7366 E SQLiteDatabase: at android.os.Handler.dispatchMessage(Handler.java:99)
03-15 12:07:56.894 7318 7366 E SQLiteDatabase: at X.0zq.dispatchMessage(Unknown Source:4)
03-15 12:07:56.894 7318 7366 E SQLiteDatabase: at android.os.Looper.loopOnce(Looper.java:240)
03-15 12:07:56.894 7318 7366 E SQLiteDatabase: at android.os.Looper.loop(Looper.java:351)
03-15 12:07:56.894 7318 7366 E SQLiteDatabase: at android.os.HandlerThread.run(HandlerThread.java:67)
03-15 12:13:54.569 7318 7318 E IPCThreadState: attemptIncStrongHandle(78): Not supported
03-15 12:13:54.569 7318 7318 E IPCThreadState: attemptIncStrongHandle(116): Not supported
03-15 12:13:58.143 7318 7318 E OplusBracketLog: [OplusViewMirrorManager] updateHostViewRootIfNeeded, not support android.view.ViewRootImpl@5438339
03-15 12:13:58.166 7318 7375 W Parcel : Expecting binder but got null!
03-15 12:14:02.788 7318 7318 W Choreographer: Already have a pending vsync event. There should only be one at a time.
03-15 12:14:03.625 7318 7318 W Choreographer: Already have a pending vsync event. There should only be one at a time.
03-15 12:14:03.822 7318 7318 W Choreographer: Already have a pending vsync event. There should only be one at a time.
03-15 12:48:55.065 7318 7327 W com.mbwhatsapp: Reducing the number of considered missed Gc histogram windows from 123 to 100
03-15 13:06:49.201 7318 7318 E IPCThreadState: attemptIncStrongHandle(105): Not supported
03-15 13:06:49.201 7318 7318 E IPCThreadState: attemptIncStrongHandle(85): Not supported
03-15 13:06:56.009 7318 7318 E OplusBracketLog: [OplusViewMirrorManager] updateHostViewRootIfNeeded, not support android.view.ViewRootImpl@42dcbaa
03-15 13:06:56.042 7318 7375 W Parcel : Expecting binder but got null!
03-15 13:06:56.098 7318 7327 W com.mbwhatsapp: Reducing the number of considered missed Gc histogram windows from 105 to 100
03-15 13:06:58.285 7318 7318 E IPCThreadState: attemptIncStrongHandle(71): Not supported
03-15 13:07:13.286 7318 7366 E SQLiteDatabase: Error inserting transferred=0 media_job_uuid=f6f34329-af12-4dc3-bb63-bd9fcfa96ddb transcoded=0 gif_attribution=0 first_scan_length=0 direct_path=/v/t62.7161- 24/32596137_887670753112036_2388012412315151225_n.enc?ccb=11-4&oh=01_AdTIXs42- Qek79-QRxhc2saGwRO6F8ztyyVxxQFVHhtBqA&oe=661B5607&_nc_sid=5e03e0 thumbnail_height_width_ratio=1.7777778 is_animated_sticker=0 file_hash=ytzw5MqoKMIrpsBGDSctsmGUo8mw5JqU8/38zvIni/g= file_path=null file_size=0 partial_media_hash=null face_x=0 face_y=0 height=1024 trim_to=0 media_key_timestamp=1710481585000 message_url=https://mmg.whatsapp.net/v/t62.7161- 24/32596137_887670753112036_2388012412315151225_n.enc?ccb=11-4&oh=01_AdTIXs42- Qek79-QRxhc2saGwRO6F8ztyyVxxQFVHhtBqA&oe=661B5607&_nc_sid=5e03e0&mms3=true media_caption=null trim_from=0 mime_type=video/mp4 partial_media_enc_hash=null width=576 original_file_hash=null has_streaming_sidecar=1 autotransfer_retry_enabled=1 media_upload_handle=null message_row_id=254 multicast_id=null enc_file_hash=hs9ytMOwuiLNLlM21wz74LxcFkj+TmkfsgeTdlRNi2Y= mute_video=0 page_count=0 first_scan_sidecar=null suspicious_content=0 file_length=606667 media_name=null media_duration=7 chat_row_id=27 media_key=[B@620f64e
03-15 13:07:13.286 7318 7366 E SQLiteDatabase: android.database.sqlite.SQLiteConstraintException: UNIQUE constraint failed: message_media.message_row_id (code 1555 SQLITE_CONSTRAINT_PRIMARYKEY)
03-15 13:07:13.286 7318 7366 E SQLiteDatabase: at android.database.sqlite.SQLiteConnection.nativeExecuteForLastInsertedRowId(Native Method)
