03-15 03:35:55.679 16487 16487 E RecyclerView: No adapter attached; skipping layout
03-15 03:35:55.716 16487 20629 W libc : Access denied finding property "vendor.oplus.media.vpp.stutter"
03-15 03:35:55.753 16487 20634 W ColorUtils: expected specified color aspects (2:0:0:0)
03-15 03:35:55.756 16487 20633 W AString : ctor got NULL, using empty string instead
03-15 03:35:55.766 16487 20634 W Codec2Client: query -- param skipped: index = 1107298332.
03-15 03:35:55.766 16487 20634 W CCodec : This behavior is subject to change. It is recommended that app developers double check whether the requested max input size is in reasonable range.
03-15 03:35:55.773 16487 20634 W Codec2Client: query -- param skipped: index = 1342179345.
03-15 03:35:55.773 16487 20634 W Codec2Client: query -- param skipped: index = 2415921170.
03-15 03:35:55.773 16487 20634 W Codec2Client: query -- param skipped: index = 1610614798.
03-15 03:35:55.797 16487 20629 W libc : Access denied finding property "vendor.oplus.media.vpp.stutter"
03-15 03:35:55.821 16487 20651 W Codec2Client: query -- param skipped: index = 1107298332.
03-15 03:35:55.821 16487 20651 W CCodec : This behavior is subject to change. It is recommended that app developers double check whether the requested max input size is in reasonable range.
03-15 03:35:55.825 16487 20651 W Codec2Client: query -- param skipped: index = 1342179345.
03-15 03:35:55.825 16487 20651 W Codec2Client: query -- param skipped: index = 2415921170.
03-15 03:35:55.825 16487 20651 W Codec2Client: query -- param skipped: index = 1610614798.
03-15 03:35:55.927 16487 20629 E ListServiceUtils: checkInListByUid module:control package:audioBoostEnable cost 1118us return 1
03-15 03:35:57.948 16487 20633 W Codec2Client: query -- param skipped: index = 1342179345.
03-15 03:35:57.948 16487 20633 W Codec2Client: query -- param skipped: index = 2415921170.
03-15 03:35:57.948 16487 20633 W Codec2Client: query -- param skipped: index = 1610614798.
03-15 03:35:57.952 16487 20674 E ListServiceUtils: checkInListByUid module:control package:audioBoostEnable cost 1078us return 1
03-15 03:35:57.952 16487 20651 W Codec2Client: query -- param skipped: index = 1342179345.
03-15 03:35:57.952 16487 20651 W Codec2Client: query -- param skipped: index = 2415921170.
03-15 03:35:57.952 16487 20651 W Codec2Client: query -- param skipped: index = 1610614798.
03-15 03:35:58.263 16487 16487 E OplusBracketLog: [OplusViewMirrorManager] updateHostViewRootIfNeeded, not support android.view.ViewRootImpl@9473d9e
03-15 03:35:58.298 16487 16487 E IPCThreadState: attemptIncStrongHandle(137): Not supported
03-15 03:35:58.316 16487 17535 W Parcel : Expecting binder but got null!
03-15 03:35:58.344 16487 16487 W BottomSheetBehavior: BottomSheetBehavior now supports multiple callbacks. `setBottomSheetCallback()` removes all existing callbacks, including ones set internally by library authors, which may result in unintended behavior. This may change in the future. Please use `addBottomSheetCallback()` and `removeBottomSheetCallback()` instead to set your own callbacks.
03-15 03:35:58.344 16487 16487 W BottomSheetBehavior: BottomSheetBehavior now supports multiple callbacks. `setBottomSheetCallback()` removes all existing callbacks, including ones set internally by library authors, which may result in unintended behavior. This may change in the future. Please use `addBottomSheetCallback()` and `removeBottomSheetCallback()` instead to set your own callbacks.
03-15 03:35:58.374 16487 16487 W BottomSheetBehavior: BottomSheetBehavior now supports multiple callbacks. `setBottomSheetCallback()` removes all existing callbacks, including ones set internally by library authors, which may result in unintended behavior. This may change in the future. Please use `addBottomSheetCallback()` and `removeBottomSheetCallback()` instead to set your own callbacks.
03-15 03:35:58.374 16487 16487 W BottomSheetBehavior: BottomSheetBehavior now supports multiple callbacks. `setBottomSheetCallback()` removes all existing callbacks, including ones set internally by library authors, which may result in unintended behavior. This may change in the future. Please use `addBottomSheetCallback()` and `removeBottomSheetCallback()` instead to set your own callbacks.
03-15 03:35:58.391 16487 16487 E RecyclerView: No adapter attached; skipping layout
03-15 03:35:58.643 16487 20681 W libc : Access denied finding property "vendor.oplus.media.vpp.stutter"
03-15 03:35:58.672 16487 20689 W ColorUtils: expected specified color aspects (2:0:0:0)
03-15 03:35:58.679 16487 20688 W AString : ctor got NULL, using empty string instead
03-15 03:35:58.685 16487 20688 E ListServiceUtils: checkInListByUid module:check- first-IRAP uid:10255 cost 1696us return 0
03-15 03:35:58.687 16487 20688 E ListServiceUtils: checkInListByUid module:notify- network-optimize uid:10255 cost 2678us return 0
03-15 03:35:58.690 16487 20688 E ListServiceUtils: checkInListByUid module:video- statistics uid:10255 cost 2035us return 0
03-15 03:35:58.693 16487 20688 E ListServiceUtils: checkInListByUid module:mtkomx- color-convert uid:10255 cost 1826us return 0
03-15 03:35:58.696 16487 20688 E ListServiceUtils: checkInListByUid module:codec2- input-delay uid:10255 cost 1164us return 0
03-15 03:35:58.702 16487 20689 W Codec2Client: query -- param skipped: index = 1107298332.
03-15 03:35:58.702 16487 20689 W CCodec : This behavior is subject to change. It is recommended that app developers double check whether the requested max input size is in reasonable range.
03-15 03:35:58.710 16487 20689 W Codec2Client: query -- param skipped: index = 1342179345.
03-15 03:35:58.710 16487 20689 W Codec2Client: query -- param skipped: index = 2415921170.
03-15 03:35:58.710 16487 20689 W Codec2Client: query -- param skipped: index = 1610614798.
03-15 03:35:58.754 16487 20681 W libc : Access denied finding property "vendor.oplus.media.vpp.stutter"
03-15 03:35:58.800 16487 20704 W Codec2Client: query -- param skipped: index = 1107298332.
03-15 03:35:58.800 16487 20704 W CCodec : This behavior is subject to change. It is recommended that app developers double check whether the requested max input size is in reasonable range.
03-15 03:35:58.802 16487 20704 W Codec2Client: query -- param skipped: index = 1342179345.
03-15 03:35:58.802 16487 20704 W Codec2Client: query -- param skipped: index = 2415921170.
03-15 03:35:58.802 16487 20704 W Codec2Client: query -- param skipped: index = 1610614798.
03-15 03:36:02.739 16487 16750 E SQLiteDatabase: Error inserting transferred=1 media_job_uuid=dd03cad8-d70e-4e38-8aa8-e359ad7cd563 transcoded=0 gif_attribution=0 first_scan_length=0 direct_path=/v/t62.7161- 24/20099654_383575341193757_4849440344378968817_n.enc?ccb=11- 4&oh=01_AdT5VtJTYTHGRekxBhqkbE5VUX4kvwp89UrMPSpbBnWM4A&oe=661AA563&_nc_sid=5e03e0 thumbnail_height_width_ratio=1.3333334 is_animated_sticker=0 file_hash=/6zBOpAJ6UXf9IN02iQJW9imJjdJQplcD/2AH9/ajDI= file_path=Media/.Statuses/1aa4ad338a294b5bb03b045dd256a44c.mp4 file_size=970284 partial_media_hash=null face_x=0 face_y=0 height=958 trim_to=0 media_key_timestamp=1710431289000 message_url=https://mmg.whatsapp.net/v/t62.7161- 24/20099654_383575341193757_4849440344378968817_n.enc?ccb=11- 4&oh=01_AdT5VtJTYTHGRekxBhqkbE5VUX4kvwp89UrMPSpbBnWM4A&oe=661AA563&_nc_sid=5e03e0&m ms3=true media_caption=null trim_from=0 mime_type=video/mp4 partial_media_enc_hash=null width=720 original_file_hash=null has_streaming_sidecar=1 autotransfer_retry_enabled=1 media_upload_handle=null message_row_id=215 multicast_id=null enc_file_hash=nHFrlxh538VE8ry/SBSKmYSX9JkjTid4IWVVQSklzMM= mute_video=0 page_count=0 first_scan_sidecar=null suspicious_content=0 file_length=970284 media_name=null media_duration=31 chat_row_id=27 media_key=[B@48594b6
03-15 03:36:02.739 16487 16750 E SQLiteDatabase: android.database.sqlite.SQLiteConstraintException: UNIQUE constraint failed: message_media.message_row_id (code 1555 SQLITE_CONSTRAINT_PRIMARYKEY)
03-15 03:36:02.739 16487 16750 E SQLiteDatabase: at android.database.sqlite.SQLiteConnection.nativeExecuteForLastInsertedRowId(Native Method)
03-15 03:36:02.739 16487 16750 E SQLiteDatabase: at android.database.sqlite.SQLiteConnection.executeForLastInsertedRowId(SQLiteConnecti on.java:967)
03-15 03:36:02.739 16487 16750 E SQLiteDatabase: at android.database.sqlite.SQLiteSession.executeForLastInsertedRowId(SQLiteSession.jav a:790)
03-15 03:36:02.739 16487 16750 E SQLiteDatabase: at android.database.sqlite.SQLiteStatement.executeInsert(SQLiteStatement.java:89)
03-15 03:36:02.739 16487 16750 E SQLiteDatabase: at android.database.sqlite.SQLiteDatabase.insertWithOnConflict(SQLiteDatabase.java:186 8)
03-15 03:36:02.739 16487 16750 E SQLiteDatabase: at android.database.sqlite.SQLiteDatabase.insert(SQLiteDatabase.java:1737)
03-15 03:36:02.739 16487 16750 E SQLiteDatabase: at X.2tm.A08(Unknown Source:6)
03-15 03:36:02.739 16487 16750 E SQLiteDatabase: at X.35Y.A07(Unknown Source:212)
03-15 03:36:02.739 16487 16750 E SQLiteDatabase: at X.3QF.A14(Unknown Source:470)
03-15 03:36:02.739 16487 16750 E SQLiteDatabase: at X.3gU.run(Unknown Source:982)
03-15 03:36:02.739 16487 16750 E SQLiteDatabase: at android.os.Handler.handleCallback(Handler.java:942)
03-15 03:36:02.739 16487 16750 E SQLiteDatabase: at android.os.Handler.dispatchMessage(Handler.java:99)
03-15 03:36:02.739 16487 16750 E SQLiteDatabase: at X.0zq.dispatchMessage(Unknown Source:4)
03-15 03:36:02.739 16487 16750 E SQLiteDatabase: at android.os.Looper.loopOnce(Looper.java:240)
03-15 03:36:02.739 16487 16750 E SQLiteDatabase: at android.os.Looper.loop(Looper.java:351)
03-15 03:36:02.739 16487 16750 E SQLiteDatabase: at android.os.HandlerThread.run(HandlerThread.java:67)
03-15 03:36:02.823 16487 16750 E SQLiteDatabase: Error inserting transferred=1 media_job_uuid=11b85fe7-c7d5-4493-8f86-217312119a16 transcoded=0 gif_attribution=0 first_scan_length=0 direct_path=/v/t62.7161- 24/23527927_373059385618710_4643712722867288954_n.enc?ccb=11- 4&oh=01_AdREPQesTSTsZUlgIZmPtqzwAw0HisCZ18c0VZUPY- j8yw&oe=661A79E1&_nc_sid=5e03e0&_nc_hot=1710431360 thumbnail_height_width_ratio=1.3333334 is_animated_sticker=0 file_hash=/6zBOpAJ6UXf9IN02iQJW9imJjdJQplcD/2AH9/ajDI= file_path=Media/.Statuses/1aa4ad338a294b5bb03b045dd256a44c.mp4 file_size=0 partial_media_hash=null face_x=0 face_y=0 height=958 trim_to=0 media_key_timestamp=1710431357000 message_url=https://mmg.whatsapp.net/v/t62.7161- 24/23527927_373059385618710_4643712722867288954_n.enc?ccb=11- 4&oh=01_AdREPQesTSTsZUlgIZmPtqzwAw0HisCZ18c0VZUPY- j8yw&oe=661A79E1&_nc_sid=5e03e0&mms3=true media_caption=null trim_from=0 mime_type=video/mp4 partial_media_enc_hash=null width=720 original_file_hash=null has_streaming_sidecar=1 autotransfer_retry_enabled=1 media_upload_handle=null message_row_id=216 multicast_id=null enc_file_hash=n+Pd2klqY38IlAx/9a5XcGRbhTjRsoFyrBXqayE3mqE= mute_video=0 page_count=0 first_scan_sidecar=null suspicious_content=0 file_length=970284 media_name=null media_duration=31 chat_row_id=27 media_key=[B@f89f48d
03-15 03:36:02.823 16487 16750 E SQLiteDatabase: android.database.sqlite.SQLiteConstraintException: UNIQUE constraint failed: message_media.message_row_id (code 1555 SQLITE_CONSTRAINT_PRIMARYKEY)
03-15 03:36:02.823 16487 16750 E SQLiteDatabase: at android.database.sqlite.SQLiteConnection.nativeExecuteForLastInsertedRowId(Native Method)
03-15 03:36:02.823 16487 16750 E SQLiteDatabase: at android.database.sqlite.SQLiteConnection.executeForLastInsertedRowId(SQLiteConnecti on.java:967)
03-15 03:36:02.823 16487 16750 E SQLiteDatabase: at android.database.sqlite.SQLiteSession.executeForLastInsertedRowId(SQLiteSession.jav a:790)
03-15 03:36:02.823 16487 16750 E SQLiteDatabase: at android.database.sqlite.SQLiteStatement.executeInsert(SQLiteStatement.java:89)
03-15 03:36:02.823 16487 16750 E SQLiteDatabase: at android.database.sqlite.SQLiteDatabase.insertWithOnConflict(SQLiteDatabase.java:186 8)
03-15 03:36:02.823 16487 16750 E SQLiteDatabase: at android.database.sqlite.SQLiteDatabase.insert(SQLiteDatabase.java:1737)
03-15 03:36:02.823 16487 16750 E SQLiteDatabase: at X.2tm.A08(Unknown Source:6)
03-15 03:36:02.823 16487 16750 E SQLiteDatabase: at X.35Y.A07(Unknown Source:212)
03-15 03:36:02.823 16487 16750 E SQLiteDatabase: at X.3QF.A14(Unknown Source:470)
03-15 03:36:02.823 16487 16750 E SQLiteDatabase: at X.3gU.run(Unknown Source:982)
03-15 03:36:02.823 16487 16750 E SQLiteDatabase: at android.os.Handler.handleCallback(Handler.java:942)
03-15 03:36:02.823 16487 16750 E SQLiteDatabase: at android.os.Handler.dispatchMessage(Handler.java:99)
03-15 03:36:02.823 16487 16750 E SQLiteDatabase: at X.0zq.dispatchMessage(Unknown Source:4)
03-15 03:36:02.823 16487 16750 E SQLiteDatabase: at android.os.Looper.loopOnce(Looper.java:240)
03-15 03:36:02.823 16487 16750 E SQLiteDatabase: at android.os.Looper.loop(Looper.java:351)
03-15 03:36:02.823 16487 16750 E SQLiteDatabase: at android.os.HandlerThread.run(HandlerThread.java:67)
03-15 03:36:02.853 16487 20688 W Codec2Client: query -- param skipped: index = 1342179345.
03-15 03:36:02.854 16487 20688 W Codec2Client: query -- param skipped: index = 2415921170.
03-15 03:36:02.854 16487 20688 W Codec2Client: query -- param skipped: index = 1610614798.
03-15 03:36:02.859 16487 20704 W Codec2Client: query -- param skipped: index = 1342179345.
03-15 03:36:02.859 16487 20704 W Codec2Client: query -- param skipped: index = 2415921170.
03-15 03:36:02.859 16487 20704 W Codec2Client: query -- param skipped: index = 1610614798.
03-15 03:36:02.859 16487 20740 E ListServiceUtils: checkInListByUid module:control package:audioBoostEnable cost 1378us return 1
03-15 03:36:02.861 16487 20740 E ListServiceUtils: checkInListByUid module:audio- boost-blacklist uid:-1 cost 1448us return 0
03-15 03:36:02.864 16487 16487 E RecyclerView: No adapter attached; skipping layout
03-15 03:36:02.865 16487 18750 W Codec2-OutputBufferQueue: receiving stale buffer: generation 16882696 , diff 1 : slot 6
03-15 03:36:02.921 16487 20681 W libc : Access denied finding property "vendor.oplus.media.vpp.stutter"
03-15 03:36:02.978 16487 20745 W ColorUtils: expected specified color aspects (2:0:0:0)
03-15 03:36:02.983 16487 20744 W AString : ctor got NULL, using empty string instead
03-15 03:36:02.993 16487 20745 W Codec2Client: query -- param skipped: index = 1107298332.
03-15 03:36:02.993 16487 20745 W CCodec : This behavior is subject to change. It is recommended that app developers double check whether the requested max input size is in reasonable range.
03-15 03:36:02.999 16487 20745 W Codec2Client: query -- param skipped: index = 1342179345.
03-15 03:36:02.999 16487 20745 W Codec2Client: query -- param skipped: index = 2415921170.
03-15 03:36:02.999 16487 20745 W Codec2Client: query -- param skipped: index = 1610614798.
03-15 03:36:03.034 16487 20681 W libc : Access denied finding property "vendor.oplus.media.vpp.stutter"
03-15 03:36:03.062 16487 20759 W Codec2Client: query -- param skipped: index = 1107298332.
03-15 03:36:03.062 16487 20759 W CCodec : This behavior is subject to change. It is recommended that app developers double check whether the requested max input size is in reasonable range.
03-15 03:36:03.063 16487 20759 W Codec2Client: query -- param skipped: index = 1342179345.
03-15 03:36:03.063 16487 20759 W Codec2Client: query -- param skipped: index = 2415921170.
03-15 03:36:03.063 16487 20759 W Codec2Client: query -- param skipped: index = 1610614798.
03-15 03:36:05.219 16487 20744 W Codec2Client: query -- param skipped: index = 1342179345.
03-15 03:36:05.219 16487 20744 W Codec2Client: query -- param skipped: index = 2415921170.
03-15 03:36:05.219 16487 20744 W Codec2Client: query -- param skipped: index = 1610614798.
03-15 03:36:05.224 16487 20759 W Codec2Client: query -- param skipped: index = 1342179345.
03-15 03:36:05.224 16487 20759 W Codec2Client: query -- param skipped: index = 2415921170.
03-15 03:36:05.224 16487 20759 W Codec2Client: query -- param skipped: index = 1610614798.
03-15 03:36:06.211 16487 16487 E OplusBracketLog: [OplusViewMirrorManager] updateHostViewRootIfNeeded, not support android.view.ViewRootImpl@b880557
03-15 03:36:06.246 16487 16487 E IPCThreadState: attemptIncStrongHandle(141): Not supported
03-15 03:36:06.263 16487 17535 W Parcel : Expecting binder but got null!
03-15 03:36:06.302 16487 16487 W BottomSheetBehavior: BottomSheetBehavior now supports multiple callbacks. `setBottomSheetCallback()` removes all existing callbacks, including ones set internally by library authors, which may result in unintended behavior. This may change in the future. Please use `addBottomSheetCallback()` and `removeBottomSheetCallback()` instead to set your own callbacks.
03-15 03:36:06.302 16487 16487 W BottomSheetBehavior: BottomSheetBehavior now supports multiple callbacks. `setBottomSheetCallback()` removes all existing callbacks, including ones set internally by library authors, which may result in unintended behavior. This may change in the future. Please use `addBottomSheetCallback()` and `removeBottomSheetCallback()` instead to set your own callbacks.
03-15 03:36:06.349 16487 16487 E RecyclerView: No adapter attached; skipping layout
03-15 03:36:06.355 16487 20787 W libc : Access denied finding property "vendor.oplus.media.vpp.stutter"
03-15 03:36:06.408 16487 20790 W ColorUtils: expected specified color aspects (2:0:0:0)
03-15 03:36:06.420 16487 20789 W AString : ctor got NULL, using empty string instead
03-15 03:36:06.428 16487 20790 W Codec2Client: query -- param skipped: index = 1107298332.
03-15 03:36:06.428 16487 20790 W CCodec : This behavior is subject to change. It is recommended that app developers double check whether the requested max input size is in reasonable range.
03-15 03:36:06.436 16487 20790 W Codec2Client: query -- param skipped: index = 1342179345.
03-15 03:36:06.436 16487 20790 W Codec2Client: query -- param skipped: index = 2415921170.
03-15 03:36:06.436 16487 20790 W Codec2Client: query -- param skipped: index = 1610614798.
03-15 03:36:06.468 16487 20787 W libc : Access denied finding property "vendor.oplus.media.vpp.stutter"
03-15 03:36:06.509 16487 20809 W Codec2Client: query -- param skipped: index = 1107298332.
03-15 03:36:06.509 16487 20809 W CCodec : This behavior is subject to change. It is recommended that app developers double check whether the requested max input size is in reasonable range.
03-15 03:36:06.512 16487 20809 W Codec2Client: query -- param skipped: index = 1342179345.
03-15 03:36:06.512 16487 20809 W Codec2Client: query -- param skipped: index = 2415921170.
03-15 03:36:06.512 16487 20809 W Codec2Client: query -- param skipped: index = 1610614798.
03-15 03:36:08.262 16487 16487 E OplusBracketLog: [OplusViewMirrorManager] updateHostViewRootIfNeeded, not support android.view.ViewRootImpl@4b52360
03-15 03:36:08.284 16487 17535 W Parcel : Expecting binder but got null!
03-15 03:36:13.052 16487 20789 W Codec2Client: query -- param skipped: index = 1342179345.
03-15 03:36:13.052 16487 20789 W Codec2Client: query -- param skipped: index = 2415921170.
03-15 03:36:13.052 16487 20789 W Codec2Client: query -- param skipped: index = 1610614798.
03-15 03:36:13.058 16487 20809 W Codec2Client: query -- param skipped: index = 1342179345.
03-15 03:36:13.058 16487 20809 W Codec2Client: query -- param skipped: index = 2415921170.
03-15 03:36:13.058 16487 20809 W Codec2Client: query -- param skipped: index = 1610614798.
03-15 03:36:13.059 16487 20859 E ListServiceUtils: checkInListByUid module:audio- boost-blacklist uid:-1 cost 1090us return 0
03-15 03:36:13.873 16487 16487 E IPCThreadState: attemptIncStrongHandle(145): Not supported
03-15 03:36:13.873 16487 16487 E IPCThreadState: attemptIncStrongHandle(144): Not supported
03-15 03:36:15.222 16487 16750 E SQLiteDatabase: Error inserting transferred=0 media_job_uuid=9653484c-5463-45ac-ae77-788938b412b1 transcoded=0 gif_attribution=0 first_scan_length=0 direct_path=/v/t62.7161- 24/22527490_1526081924625659_3165837602833693743_n.enc?ccb=11- 4&oh=01_AdTEZ9BV5XqpqQTgxFsUNAYOk9F8XLEfRafKjrn-7mX_gA&oe=661A7F18&_nc_sid=5e03e0 thumbnail_height_width_ratio=1.7777778 is_animated_sticker=0 file_hash=GRYRY3YvMnA/awwy3+Zggny1wL08snCiXDLLFIKBokw= file_path=null file_size=0 partial_media_hash=null face_x=0 face_y=0 height=1280 trim_to=0 media_key_timestamp=1710427136000 message_url=https://mmg.whatsapp.net/v/t62.7161- 24/22527490_1526081924625659_3165837602833693743_n.enc?ccb=11- 4&oh=01_AdTEZ9BV5XqpqQTgxFsUNAYOk9F8XLEfRafKjrn- 7mX_gA&oe=661A7F18&_nc_sid=5e03e0&mms3=true media_caption=null trim_from=0 mime_type=video/mp4 partial_media_enc_hash=null width=720 original_file_hash=null has_streaming_sidecar=1 autotransfer_retry_enabled=0 media_upload_handle=null message_row_id=214 multicast_id=null enc_file_hash=C3OupWOO0JqCLB1drQ5KRM5JN3MK3UMSBJr7FbyI0CA= mute_video=0 page_count=0 first_scan_sidecar=null suspicious_content=0 file_length=2527527 media_name=null media_duration=14 chat_row_id=27 media_key=[B@d883c8c
03-15 03:36:15.222 16487 16750 E SQLiteDatabase: android.database.sqlite.SQLiteConstraintException: UNIQUE constraint failed: message_media.message_row_id (code 1555 SQLITE_CONSTRAINT_PRIMARYKEY)
03-15 03:36:15.222 16487 16750 E SQLiteDatabase: at android.database.sqlite.SQLiteConnection.nativeExecuteForLastInsertedRowId(Native Method)
03-15 03:36:15.222 16487 16750 E SQLiteDatabase: at android.database.sqlite.SQLiteConnection.executeForLastInsertedRowId(SQLiteConnecti on.java:967)
03-15 03:36:15.222 16487 16750 E SQLiteDatabase: at android.database.sqlite.SQLiteSession.executeForLastInsertedRowId(SQLiteSession.jav a:790)
03-15 03:36:15.222 16487 16750 E SQLiteDatabase: at android.database.sqlite.SQLiteStatement.executeInsert(SQLiteStatement.java:89)
03-15 03:36:15.222 16487 16750 E SQLiteDatabase: at android.database.sqlite.SQLiteDatabase.insertWithOnConflict(SQLiteDatabase.java:186 8)
03-15 03:36:15.222 16487 16750 E SQLiteDatabase: at android.database.sqlite.SQLiteDatabase.insert(SQLiteDatabase.java:1737)
03-15 03:36:15.222 16487 16750 E SQLiteDatabase: at X.2tm.A08(Unknown Source:6)
03-15 03:36:15.222 16487 16750 E SQLiteDatabase: at X.35Y.A07(Unknown Source:212)
03-15 03:36:15.222 16487 16750 E SQLiteDatabase: at X.3QF.A14(Unknown Source:470)
03-15 03:36:15.222 16487 16750 E SQLiteDatabase: at X.3gU.run(Unknown Source:982)
03-15 03:36:15.222 16487 16750 E SQLiteDatabase: at android.os.Handler.handleCallback(Handler.java:942)
03-15 03:36:15.222 16487 16750 E SQLiteDatabase: at android.os.Handler.dispatchMessage(Handler.java:99)
03-15 03:36:15.222 16487 16750 E SQLiteDatabase: at X.0zq.dispatchMessage(Unknown Source:4)
03-15 03:36:15.222 16487 16750 E SQLiteDatabase: at android.os.Looper.loopOnce(Looper.java:240)
03-15 03:36:15.222 16487 16750 E SQLiteDatabase: at android.os.Looper.loop(Looper.java:351)
03-15 03:36:15.222 16487 16750 E SQLiteDatabase: at android.os.HandlerThread.run(HandlerThread.java:67)
03-15 03:36:15.239 16487 16750 E SQLiteDatabase: Error inserting transferred=0 media_job_uuid=9653484c-5463-45ac-ae77-788938b412b1 transcoded=0 gif_attribution=0 first_scan_length=0 direct_path=/v/t62.7161- 24/22527490_1526081924625659_3165837602833693743_n.enc?ccb=11- 4&oh=01_AdTEZ9BV5XqpqQTgxFsUNAYOk9F8XLEfRafKjrn-7mX_gA&oe=661A7F18&_nc_sid=5e03e0 thumbnail_height_width_ratio=1.7777778 is_animated_sticker=0 file_hash=GRYRY3YvMnA/awwy3+Zggny1wL08snCiXDLLFIKBokw= file_path=null file_size=0 partial_media_hash=null face_x=0 face_y=0 height=1280 trim_to=0 media_key_timestamp=1710427136000 message_url=https://mmg.whatsapp.net/v/t62.7161- 24/22527490_1526081924625659_3165837602833693743_n.enc?ccb=11- 4&oh=01_AdTEZ9BV5XqpqQTgxFsUNAYOk9F8XLEfRafKjrn- 7mX_gA&oe=661A7F18&_nc_sid=5e03e0&mms3=true media_caption=null trim_from=0 mime_type=video/mp4 partial_media_enc_hash=null width=720 original_file_hash=null has_streaming_sidecar=1 autotransfer_retry_enabled=0 media_upload_handle=null message_row_id=214 multicast_id=null enc_file_hash=C3OupWOO0JqCLB1drQ5KRM5JN3MK3UMSBJr7FbyI0CA= mute_video=0 page_count=0 first_scan_sidecar=null suspicious_content=0 file_length=2527527 media_name=null media_duration=14 chat_row_id=27 media_key=[B@d883c8c
03-15 03:36:15.239 16487 16750 E SQLiteDatabase: android.database.sqlite.SQLiteConstraintException: UNIQUE constraint failed: message_media.message_row_id (code 1555 SQLITE_CONSTRAINT_PRIMARYKEY)
03-15 03:36:15.239 16487 16750 E SQLiteDatabase: at android.database.sqlite.SQLiteConnection.nativeExecuteForLastInsertedRowId(Native Method)
03-15 03:36:15.239 16487 16750 E SQLiteDatabase: at android.database.sqlite.SQLiteConnection.executeForLastInsertedRowId(SQLiteConnecti on.java:967)
03-15 03:36:15.239 16487 16750 E SQLiteDatabase: at android.database.sqlite.SQLiteSession.executeForLastInsertedRowId(SQLiteSession.jav a:790)
03-15 03:36:15.239 16487 16750 E SQLiteDatabase: at android.database.sqlite.SQLiteStatement.executeInsert(SQLiteStatement.java:89)
03-15 03:36:15.239 16487 16750 E SQLiteDatabase: at android.database.sqlite.SQLiteDatabase.insertWithOnConflict(SQLiteDatabase.java:186 8)
03-15 03:36:15.239 16487 16750 E SQLiteDatabase: at android.database.sqlite.SQLiteDatabase.insert(SQLiteDatabase.java:1737)
03-15 03:36:15.239 16487 16750 E SQLiteDatabase: at X.2tm.A08(Unknown Source:6) 03-15 03:36:15.2--------- beginning of main
03-15 04:28:56.852 27672 27672 E com.mbwhatsapp: Unknown bits set in runtime_flags: 0x40000000
03-15 04:28:56.867 27672 27672 E com.mbwhatsapp: Not starting debugger since process cannot load the jdwp agent.
03-15 04:28:56.884 27672 27672 W ziparchive: Unable to open '/system/framework/mediatek-framework.dm': No such file or directory
03-15 04:28:56.884 27672 27672 W ziparchive: Unable to open '/system/framework/mediatek-framework.dm': No such file or directory
03-15 04:28:56.909 27672 27688 E com.mbwhatsapp: Could not write anonymous vdex /system/framework/oat/arm64/mediatek-framework.vdex: Could not open /system/framework/oat/arm64/mediatek-framework.vdex for writing
03-15 04:28:57.012 27672 27672 W libc : Access denied finding property "ro.odm.prev.product.name"
03-15 04:28:57.333 27672 27672 W System.err: java.lang.ClassNotFoundException: mbmodsd.mbmodsw.ui.views.btn.BtnBK
03-15 04:28:57.335 27672 27672 W System.err: at java.lang.Runtime.nativeLoad(Native Method)
03-15 04:28:57.335 27672 27672 W System.err: at java.lang.Runtime.nativeLoad(Runtime.java:1121)
03-15 04:28:57.335 27672 27672 W System.err: at java.lang.Runtime.loadLibrary0(Runtime.java:1075)
03-15 04:28:57.335 27672 27672 W System.err: at java.lang.Runtime.loadLibrary0(Runtime.java:998)
03-15 04:28:57.335 27672 27672 W System.err: at java.lang.System.loadLibrary(System.java:1661)
03-15 04:28:57.335 27672 27672 W System.err: at arm.EpicVm.<clinit>(Unknown Source:2)
03-15 04:28:57.335 27672 27672 W System.err: at java.lang.Class.newInstance(Native Method)
03-15 04:28:57.335 27672 27672 W System.err: at android.app.AppComponentFactory.instantiateApplication(AppComponentFactory.java:76)
03-15 04:28:57.335 27672 27672 W System.err: at androidx.core.app.CoreComponentFactory.instantiateApplication(Unknown Source:0)
03-15 04:28:57.335 27672 27672 W System.err: at android.app.Instrumentation.newApplication(Instrumentation.java:1251)
03-15 04:28:57.335 27672 27672 W System.err: at android.app.LoadedApk.makeApplicationInner(LoadedApk.java:1507)
03-15 04:28:57.335 27672 27672 W System.err: at android.app.LoadedApk.makeApplicationInner(LoadedApk.java:1443)
03-15 04:28:57.335 27672 27672 W System.err: at android.app.ActivityThread.handleBindApplication(ActivityThread.java:7232)
03-15 04:28:57.335 27672 27672 W System.err: at android.app.ActivityThread.-$ $Nest$mhandleBindApplication(Unknown Source:0)
03-15 04:28:57.335 27672 27672 W System.err: at android.app.ActivityThread$H.handleMessage(ActivityThread.java:2307)
03-15 04:28:57.335 27672 27672 W System.err: at android.os.Handler.dispatchMessage(Handler.java:106)
03-15 04:28:57.335 27672 27672 W System.err: at android.os.Looper.loopOnce(Looper.java:240)
03-15 04:28:57.335 27672 27672 W System.err: at android.os.Looper.loop(Looper.java:351)
03-15 04:28:57.335 27672 27672 W System.err: at android.app.ActivityThread.main(ActivityThread.java:8436)
03-15 04:28:57.335 27672 27672 W System.err: at java.lang.reflect.Method.invoke(Native Method)
03-15 04:28:57.335 27672 27672 W System.err: at com.android.internal.os.RuntimeInit$MethodAndArgsCaller.run(RuntimeInit.java:568)
03-15 04:28:57.335 27672 27672 W System.err: at com.android.internal.os.ZygoteInit.main(ZygoteInit.java:1013)
03-15 04:28:57.487 27672 27672 E CustomActivityOnCrash: IMPORTANT WARNING! You already have an UncaughtExceptionHandler, are you sure this is correct? If you use a custom UncaughtExceptionHandler, you must initialize it AFTER CustomActivityOnCrash! Installing anyway, but your original handler will not be called.
03-15 04:28:58.245 27672 27672 W com.mbwhatsapp: Accessing hidden method Lcom/android/org/conscrypt/OpenSSLSocketImpl;->setUseSessionTickets(Z)V (max- target-q,core-platform-api, reflection, denied)
03-15 04:28:58.245 27672 27672 W com.mbwhatsapp: Accessing hidden method Lcom/android/org/conscrypt/AbstractConscryptSocket;->setUseSessionTickets(Z)V (max- target-q, reflection, denied)
03-15 04:28:58.333 27672 27672 W com.mbwhatsapp: type=1400 audit(0.0:2243): avc: granted { execute } for path="/data/data/com.mbwhatsapp/files/decompressed/libs.spk.zst/libc++_shared.so" dev="dm-60" ino=53672 scontext=u:r:untrusted_app:s0:c255,c256,c512,c768 tcontext=u:object_r:app_data_file:s0:c255,c256,c512,c768 tclass=file app=com.mbwhatsapp
03-15 04:28:58.357 27672 27672 W com.mbwhatsapp: type=1400 audit(0.0:2244): avc: granted { execute } for path="/data/data/com.mbwhatsapp/files/decompressed/libs.spk.zst/libvlc.so" dev="dm- 60" ino=53694 scontext=u:r:untrusted_app:s0:c255,c256,c512,c768 tcontext=u:object_r:app_data_file:s0:c255,c256,c512,c768 tclass=file app=com.mbwhatsapp
03-15 04:28:58.389 27672 27672 W com.mbwhatsapp: type=1400 audit(0.0:2245): avc: granted { execute } for path="/data/data/com.mbwhatsapp/files/decompressed/libs.spk.zst/libwhatsapp.so" dev="dm-60" ino=53732 scontext=u:r:untrusted_app:s0:c255,c256,c512,c768 tcontext=u:object_r:app_data_file:s0:c255,c256,c512,c768 tclass=file app=com.mbwhatsapp
03-15 04:28:58.557 27672 27672 W com.mbwhatsapp: type=1400 audit(0.0:2246): avc: granted { execute } for path="/data/data/com.mbwhatsapp/files/decompressed/libs.spk.zst/libcurve25519.so" dev="dm-60" ino=53903 scontext=u:r:untrusted_app:s0:c255,c256,c512,c768 tcontext=u:object_r:app_data_file:s0:c255,c256,c512,c768 tclass=file app=com.mbwhatsapp
03-15 04:28:58.581 27672 27672 W com.mbwhatsapp: type=1400 audit(0.0:2247): avc: granted { execute } for path="/data/data/com.mbwhatsapp/files/decompressed/libs.spk.zst/libwhatsapp.so" dev="dm-60" ino=53732 scontext=u:r:untrusted_app:s0:c255,c256,c512,c768 tcontext=u:object_r:app_data_file:s0:c255,c256,c512,c768 tclass=file app=com.mbwhatsapp
03-15 04:28:58.806 27672 27672 E ANR_LOG : Blocked msg = { when=+1s860ms what=110 target=android.app.ActivityThread$H obj=AppBindData{appInfo=ApplicationInfo{5654f85 com.mbwhatsapp}} } , cost = 1860 ms
03-15 04:28:58.824 27672 27720 W com.mbwhatsapp: Method void X.2rL.A03(java.lang.Integer) failed lock verification and will run slower.
03-15 04:28:58.824 27672 27720 W com.mbwhatsapp: Common causes for lock verification issues are non-optimized dex code
03-15 04:28:58.824 27672 27720 W com.mbwhatsapp: and incorrect proguard optimizations. --------- beginning of system
03-15 04:28:59.710 27672 27672 E OplusCustomizeRestrictionManager: sInstance is null, start a new sInstance
03-15 04:28:59.770 27672 27672 E SchedAssist: ofbOpen failed with error=No such file or directory
03-15 04:28:59.770 27672 27672 E SchedAssist: sysOpen failed with error=No such file or directory
03-15 04:28:59.771 27672 27672 E SchedAssist: sharedImFd failed with error=Permission denied
03-15 04:29:03.884 27672 27717 E SQLiteDatabase: Error inserting transferred=0 media_job_uuid=3889800a-7961-43c9-9ccd-4bcaa58f8740 transcoded=0 gif_attribution=0 first_scan_length=0 direct_path=/v/t62.7161- 24/30774500_1608561623296427_2346119501129642415_n.enc?ccb=11- 4&oh=01_AdQEW4aTHvCE6agrfd8MApqflCXhks8X7I2TwS5_1sNEbA&oe=661ADB93&_nc_sid=5e03e0 thumbnail_height_width_ratio=1.7777778 is_animated_sticker=0 file_hash=TRXXyOWrVkNqFPHpEATogQ8WggIVfR4SD9wPoFivwag= file_path=null file_size=0 partial_media_hash=null face_x=0 face_y=0 height=1024 trim_to=0 media_key_timestamp=1710451022000 message_url=https://mmg.whatsapp.net/v/t62.7161- 24/30774500_1608561623296427_2346119501129642415_n.enc?ccb=11- 4&oh=01_AdQEW4aTHvCE6agrfd8MApqflCXhks8X7I2TwS5_1sNEbA&oe=661ADB93&_nc_sid=5e03e0&m ms3=true media_caption=null trim_from=0 mime_type=video/mp4 partial_media_enc_hash=null width=576 original_file_hash=null has_streaming_sidecar=1 autotransfer_retry_enabled=1 media_upload_handle=null message_row_id=220 multicast_id=null enc_file_hash=phni/NNBw7xtfdaby8NTKbDsu1u/JnGVNEuf6od38rY= mute_video=0 page_count=0 first_scan_sidecar=null suspicious_content=0 file_length=2753793 media_name=null media_duration=18 chat_row_id=27 media_key=[B@ebfa860
03-15 04:29:03.884 27672 27717 E SQLiteDatabase: android.database.sqlite.SQLiteConstraintException: UNIQUE constraint failed: message_media.message_row_id (code 1555 SQLITE_CONSTRAINT_PRIMARYKEY)
03-15 04:29:03.884 27672 27717 E SQLiteDatabase: at android.database.sqlit--------- beginning of main
03-15 05:05:50.382 29999 29999 E com.mbwhatsapp: Unknown bits set in runtime_flags: 0x40000000
03-15 05:05:50.388 29999 29999 E com.mbwhatsapp: Not starting debugger since process cannot load the jdwp agent.
03-15 05:05:50.398 29999 29999 W ziparchive: Unable to open '/system/framework/mediatek-framework.dm': No such file or directory
03-15 05:05:50.399 29999 29999 W ziparchive: Unable to open '/system/framework/mediatek-framework.dm': No such file or directory
03-15 05:05:50.408 29999 30014 E com.mbwhatsapp: Could not write anonymous vdex /system/framework/oat/arm64/mediatek-framework.vdex: Could not open /system/framework/oat/arm64/mediatek-framework.vdex for writing
03-15 05:05:50.457 29999 29999 W libc : Access denied finding property "ro.odm.prev.product.name"
03-15 05:05:50.522 29999 29999 W System.err: java.lang.ClassNotFoundException: mbmodsd.mbmodsw.ui.views.btn.BtnBK
03-15 05:05:50.522 29999 29999 W System.err: at java.lang.Runtime.nativeLoad(Native Method)
03-15 05:05:50.522 29999 29999 W System.err: at java.lang.Runtime.nativeLoad(Runtime.java:1121)
03-15 05:05:50.522 29999 29999 W System.err: at java.lang.Runtime.loadLibrary0(Runtime.java:1075)
03-15 05:05:50.522 29999 29999 W System.err: at java.lang.Runtime.loadLibrary0(Runtime.java:998)
03-15 05:05:50.522 29999 29999 W System.err: at java.lang.System.loadLibrary(System.java:1661)
03-15 05:05:50.522 29999 29999 W System.err: at arm.EpicVm.<clinit>(Unknown Source:2)
03-15 05:05:50.522 29999 29999 W System.err: at java.lang.Class.newInstance(Native Method)
03-15 05:05:50.522 29999 29999 W System.err: at android.app.AppComponentFactory.instantiateApplication(AppComponentFactory.java:76)
03-15 05:05:50.522 29999 29999 W System.err: at androidx.core.app.CoreComponentFactory.instantiateApplication(Unknown Source:0)
03-15 05:05:50.522 29999 29999 W System.err: at android.app.Instrumentation.newApplication(Instrumentation.java:1251)
03-15 05:05:50.522 29999 29999 W System.err: at android.app.LoadedApk.makeApplicationInner(LoadedApk.java:1507)
03-15 05:05:50.522 29999 29999 W System.err: at android.app.LoadedApk.makeApplicationInner(LoadedApk.java:1443)
03-15 05:05:50.522 29999 29999 W System.err: at android.app.ActivityThread.handleBindApplication(ActivityThread.java:7232)
03-15 05:05:50.522 29999 29999 W System.err: at android.app.ActivityThread.-$ $Nest$mhandleBindApplication(Unknown Source:0)
03-15 05:05:50.522 29999 29999 W System.err: at android.app.ActivityThread$H.handleMessage(ActivityThread.java:2307)
03-15 05:05:50.522 29999 29999 W System.err: at android.os.Handler.dispatchMessage(Handler.java:106)
03-15 05:05:50.522 29999 29999 W System.err: at android.os.Looper.loopOnce(Looper.java:240)
03-15 05:05:50.522 29999 29999 W System.err: at android.os.Looper.loop(Looper.java:351)
03-15 05:05:50.522 29999 29999 W System.err: at android.app.ActivityThread.main(ActivityThread.java:8436)
03-15 05:05:50.523 29999 29999 W System.err: at java.lang.reflect.Method.invoke(Native Method)
03-15 05:05:50.523 29999 29999 W System.err: at com.android.internal.os.RuntimeInit$MethodAndArgsCaller.run(RuntimeInit.java:568)
03-15 05:05:50.523 29999 29999 W System.err: at com.android.internal.os.ZygoteInit.main(ZygoteInit.java:1013)
03-15 05:05:50.569 29999 29999 E CustomActivityOnCrash: IMPORTANT WARNING! You already have an UncaughtExceptionHandler, are you sure this is correct? If you use a custom UncaughtExceptionHandler, you must initialize it AFTER CustomActivityOnCrash! Installing anyway, but your original handler will not be called.
03-15 05:05:50.748 29999 29999 W com.mbwhatsapp: Accessing hidden method Lcom/android/org/conscrypt/OpenSSLSocketImpl;->setUseSessionTickets(Z)V (max- target-q,core-platform-api, reflection, denied)
03-15 05:05:50.748 29999 29999 W com.mbwhatsapp: Accessing hidden method Lcom/android/org/conscrypt/AbstractConscryptSocket;->setUseSessionTickets(Z)V (max- target-q, reflection, denied)
03-15 05:05:50.762 29999 29999 W com.mbwhatsapp: type=1400 audit(0.0:2734): avc: granted { execute } for path="/data/data/com.mbwhatsapp/files/decompressed/libs.spk.zst/libc++_shared.so" dev="dm-60" ino=53672 scontext=u:r:untrusted_app:s0:c255,c256,c512,c768 tcontext=u:object_r:app_data_file:s0:c255,c256,c512,c768 tclass=file app=com.mbwhatsapp
03-15 05:05:50.766 29999 29999 W com.mbwhatsapp: type=1400 audit(0.0:2735): avc: granted { execute } for path="/data/data/com.mbwhatsapp/files/decompressed/libs.spk.zst/libvlc.so" dev="dm- 60" ino=53694 scontext=u:r:untrusted_app:s0:c255,c256,c512,c768 tcontext=u:object_r:app_data_file:s0:c255,c256,c512,c768 tclass=file app=com.mbwhatsapp
03-15 05:05:50.770 29999 29999 W com.mbwhatsapp: type=1400 audit(0.0:2736): avc: granted { execute } for path="/data/data/com.mbwhatsapp/files/decompressed/libs.spk.zst/libwhatsapp.so" dev="dm-60" ino=53732 scontext=u:r:untrusted_app:s0:c255,c256,c512,c768 tcontext=u:object_r:app_data_file:s0:c255,c256,c512,c768 tclass=file app=com.mbwhatsapp
03-15 05:05:50.782 29999 29999 W com.mbwhatsapp: type=1400 audit(0.0:2737): avc: granted { execute } for path="/data/data/com.mbwhatsapp/files/decompressed/libs.spk.zst/libcurve25519.so" dev="dm-60" ino=53903 scontext=u:r:untrusted_app:s0:c255,c256,c512,c768 tcontext=u:object_r:app_data_file:s0:c255,c256,c512,c768 tclass=file app=com.mbwhatsapp
03-15 05:05:50.790 29999 29999 W com.mbwhatsapp: type=1400 audit(0.0:2738): avc: granted { execute } for path="/data/data/com.mbwhatsapp/files/decompressed/libs.spk.zst/libwhatsapp.so" dev="dm-60" ino=53732 scontext=u:r:untrusted_app:s0:c255,c256,c512,c768 tcontext=u:object_r:app_data_file:s0:c255,c256,c512,c768 tclass=file app=com.mbwhatsapp
03-15 05:05:50.852 29999 30049 W com.mbwhatsapp: Method void X.2rL.A03(java.lang.Integer) failed lock verification and will run slower.
03-15 05:05:50.852 29999 30049 W com.mbwhatsapp: Common causes for lock verification issues are non-optimized dex code
03-15 05:05:50.852 29999 30049 W com.mbwhatsapp: and incorrect proguard optimizations.
03-15 05:05:50.864 29999 29999 W com.mbwhatsapp: Method void X.0eU.A0h(X.0tK, boolean) failed lock verification and will run slower.
03-15 05:05:51.054 29999 30061 E com.mbwhatsapp: Loaded layer handle (11755868686064493653) for layer /my_product/lib64/libcolorx-loader.so
03-15 05:05:51.054 29999 30061 E com.mbwhatsapp: Looking for entrypoint ColorX_Check
03-15 05:05:51.054 29999 30061 E com.mbwhatsapp: Found ColorX_Check for /my_product/lib64/libcolorx-loader.so
03-15 05:05:51.054 29999 30061 E com.mbwhatsapp: Check failed
03-15 05:05:51.056 29999 30061 E QT : [QT]file does not exist
03-15 05:05:51.058 29999 29999 W com.mbwhatsapp: Method void com.mbwhatsapp.HomeActivity.A6e() failed lock verification and will run slower. --------- beginning of system
03-15 05:05:51.127 29999 29999 E OplusCustomizeRestrictionManager: sInstance is null, start a new sInstance
03-15 05:05:51.500 29999 29999 E ArmVmp : Match on catch block at 0x0a in for 0x181
03-15 05:05:51.527 29999 29999 E ArmVmp : Match on catch block at 0x0a in for 0x279
03-15 05:05:51.541 29999 30066 W com.mbwhatsapp: Accessing hidden method Lcom/android/org/conscrypt/ConscryptEngineSocket;->setUseSessionTickets(Z)V (max- target-q,core-platform-api, reflection, denied)
03-15 05:05:51.541 29999 30066 W com.mbwhatsapp: Accessing hidden method Lcom/android/org/conscrypt/OpenSSLSocketImpl;->setUseSessionTickets(Z)V (max- target-q,core-platform-api, reflection, denied)
03-15 05:05:51.541 29999 30066 W com.mbwhatsapp: Accessing hidden method Lcom/android/org/conscrypt/AbstractConscryptSocket;->setUseSessionTickets(Z)V (max- target-q, reflection, denied)
03-15 05:05:51.541 29999 30066 W com.mbwhatsapp: Accessing hidden method Lcom/android/org/conscrypt/ConscryptEngineSocket;->setHostname(Ljava/lang/String;)V (max-target-q,core-platform-api, reflection, denied)
03-15 05:05:51.541 29999 30066 W com.mbwhatsapp: Accessing hidden method Lcom/android/org/conscrypt/OpenSSLSocketImpl;->setHostname(Ljava/lang/String;)V (max-target-q,core-platform-api, reflection, denied)
03-15 05:05:51.541 29999 30066 W com.mbwhatsapp: Accessing hidden method Lcom/android/org/conscrypt/AbstractConscryptSocket;->setHostname(Ljava/lang/ String;)V (max-target-q, reflection, denied)
03-15 05:05:51.542 29999 30066 W com.mbwhatsapp: Accessing hidden method Lcom/android/org/conscrypt/OpenSSLSocketImpl;->setAlpnProtocols([B)V (max-target- q,core-platform-api, reflection, denied)
03-15 05:05:51.542 29999 30066 W com.mbwhatsapp: Accessing hidden method Lcom/android/org/conscrypt/AbstractConscryptSocket;->setAlpnProtocols([B)V (max- target-q, reflection, denied)
03-15 05:05:51.583 29999 29999 W Activity: Can request only one set of permissions at a time
03-15 05:05:51.709 29999 30066 W com.mbwhatsapp: Accessing hidden method Lcom/android/org/conscrypt/OpenSSLSocketImpl;->getAlpnSelectedProtocol()[B (max- target-q,core-platform-api, reflection, denied)
03-15 05:05:51.709 29999 30066 W com.mbwhatsapp: Accessing hidden method Lcom/android/org/conscrypt/AbstractConscryptSocket;->getAlpnSelectedProtocol()[B (max-target-q, reflection, denied)
03-15 05:05:51.737 29999 29999 E SchedAssist: ofbOpen failed with error=No such file or directory
03-15 05:05:51.737 29999 29999 E SchedAssist: sysOpen failed with error=No such file or directory
03-15 05:05:51.737 29999 29999 E SchedAssist: sharedImFd failed with error=Permission denied
03-15 05:05:51.856 29999 29999 E OplusBracketLog: [OplusViewMirrorManager] updateHostViewRootIfNeeded, not support android.view.ViewRootImpl@7e538b
03-15 05:05:52.155 29999 30060 E OpenGLRenderer: Device claims wide gamut support, cannot find matching config, error = EGL_SUCCESS
03-15 05:05:52.155 29999 30060 W OpenGLRenderer: Failed to initialize 101010-2 format, error = EGL_SUCCESS
03-15 05:05:52.752 29999 29999 E RecyclerView: No adapter attached; skipping layout
03-15 05:05:52.810 29999 30060 W libc : Access denied finding property "ro.vendor.magt.mtk_magt_support"
03-15 05:05:52.864 29999 30060 W Parcel : Expecting binder but got null!
03-15 05:05:52.875 29999 29999 E ArmVmp : Match on catch block at 0x0a in for 0x1a9
03-15 05:05:52.943 29999 29999 E RecyclerView: No adapter attached; skipping layout
03-15 05:05:53.193 29999 30022 W LibraryVersion: Failed to get app version for libraryName: firebase-iid
03-15 05:05:53.276 29999 30199 W LOTTIE : Animation contains merge paths. Merge paths are only supported on KitKat+ and must be manually enabled by calling enableMergePathsForKitKatAndAbove().
03-15 05:05:53.583 29999 29999 W LOTTIE : Animation contains merge paths but they are disabled.
03-15 05:05:53.720 29999 29999 E ArmVmp : Match on catch block at 0x5b in for 0x109
03-15 05:05:53.741 29999 29999 E ArmVmp : Match on catch block at 0x5b in for 0x119
03-15 05:05:53.758 29999 29999 W pool-5-thread-1: type=1400 audit(0.0:2741): avc: granted { execute } for path="/data/data/com.mbwhatsapp/files/decompressed/libs.spk.zst/libgifimage.so" dev="dm-60" ino=53511 scontext=u:r:untrusted_app:s0:c255,c256,c512,c768 tcontext=u:object_r:app_data_file:s0:c255,c256,c512,c768 tclass=file app=com.mbwhatsapp
03-15 05:05:56.060 29999 29999 E OplusBracketLog: [OplusViewMirrorManager] updateHostViewRootIfNeeded, not support android.view.ViewRootImpl@f7bcc82
03-15 05:05:56.096 29999 30060 W Parcel : Expecting binder but got null!
03-15 05:05:56.861 29999 29999 W ResourceType: Bad XML block: header size 18254 or total size 169478669 is larger than data size 380
03-15 05:05:56.864 29999 29999 W ResourceType: Bad XML block: header size 18254 or total size 169478669 is larger than data size 633
03-15 05:05:56.876 29999 29999 W ResourceType: Bad XML block: header size 18254 or total size 169478669 is larger than data size 677
03-15 05:05:56.879 29999 29999 W ResourceType: Bad XML block: header size 18254 or total size 169478669 is larger than data size 248
03-15 05:05:56.887 29999 29999 W ResourceType: Bad XML block: header size 18254 or total size 169478669 is larger than data size 571
03-15 05:05:56.894 29999 29999 W ResourceType: Bad XML block: header size 18254 or total size 169478669 is larger than data size 333
03-15 05:05:56.899 29999 29999 W ResourceType: Bad XML block: header size 18254 or total size 169478669 is larger than data size 650
03-15 05:05:56.904 29999 29999 W ResourceType: Bad XML block: header size 18254 or total size 169478669 is larger than data size 1150
03-15 05:05:56.907 29999 29999 W ResourceType: Bad XML block: header size 18254 or total size 169478669 is larger than data size 491
03-15 05:05:56.910 29999 29999 W ResourceType: Bad XML block: header size 18254 or total size 169478669 is larger than data size 1150
03-15 05:05:56.915 29999 29999 W ResourceType: Bad XML block: header size 18254 or total size 169478669 is larger than data size 659
03-15 05:05:56.918 29999 29999 W ResourceType: Bad XML block: header size 18254 or total size 169478669 is larger than data size 593
03-15 05:05:57.064 29999 29999 W ResourceType: Bad XML block: header size 18254 or total size 169478669 is larger than data size 521
03-15 05:05:57.072 29999 29999 W ResourceType: Bad XML block: header size 18254 or total size 169478669 is larger than data size 853
03-15 05:05:57.095 29999 29999 W ResourceType: Bad XML block: header size 18254 or total size 169478669 is larger than data size 650
03-15 05:05:57.116 29999 29999 E OplusBracketLog: [OplusViewMirrorManager] updateHostViewRootIfNeeded, not support android.view.ViewRootImpl@5bc9fd5
03-15 05:05:57.192 29999 30060 W Parcel : Expecting binder but got null!
03-15 05:05:57.280 29999 29999 W View : requestLayout() improperly called by android.widget.Space{5f8dbdd I.ED..... ......I. 36,108-48,120 #7f0b00ba app:id/action_tile_spacing viewInfo = } during layout: running second layout pass
03-15 05:05:57.280 29999 29999 W View : requestLayout() improperly called by android.widget.Space{7e12352 I.ED..... ......I. 36,108-48,120 #7f0b00ba app:id/action_tile_spacing viewInfo = } during layout: running second layout pass
03-15 05:05:57.280 29999 29999 W View : requestLayout() improperly called by android.widget.Space{70b3623 I.ED..... ......I. 36,108-48,120 #7f0b00ba app:id/action_tile_spacing viewInfo = } during layout: running second layout pass
03-15 05:05:58.657 29999 29999 W View : requestLayout() improperly called by com.mbwhatsapp.TextEmojiLabel{2b3acca VFED..C.. ......ID 0,0-533,88 #7f0b06ab app:id/conversation_contact_name viewInfo = } during layout: running second layout pass
03-15 05:05:58.674 29999 29999 W View : requestLayout() improperly called by com.mbwhatsapp.TextEmojiLabel{2b3acca VFED..C.. ......ID 0,0-533,88 #7f0b06ab app:id/conversation_contact_name viewInfo = } during layout: running second layout pass
03-15 05:06:00.542 29999 29999 W ResourceType: Bad XML block: header size 18254 or total size 169478669 is larger than data size 853
03-15 05:06:00.565 29999 29999 W View : requestLayout() improperly called by com.mbwhatsapp.TextEmojiLabel{2b3acca VFED..C.. ......ID 0,0-533,88 #7f0b06ab app:id/conversation_contact_name viewInfo = } during layout: running second layout pass
03-15 05:06:00.657 29999 30008 W com.mbwhatsapp: Cleared Reference was only reachable from finalizer (only reported once)
03-15 05:06:01.773 29999 29999 E IPCThreadState: attemptIncStrongHandle(113): Not supported
03-15 05:06:01.774 29999 29999 E IPCThreadState: attemptIncStrongHandle(76): Not supported
03-15 05:06:02.834 29999 30282 E RenderScript: Failed loading RS driver: dlopen failed: library "libRSDriver_mtk.so" not found
03-15 05:06:02.834 29999 30282 E RenderScript: Failed to load runtime libRSDriver_mtk.so, loading default
03-15 05:06:03.059 29999 29999 E ArmVmp : Match on catch block at 0x0a in for 0x18d
03-15 05:06:03.065 29999 29999 E ArmVmp : Match on catch block at 0x0a in for 0x189
03-15 05:06:03.131 29999 29999 E OplusBracketLog: [OplusViewMirrorManager] updateHostViewRootIfNeeded, not support android.view.ViewRootImpl@dce2ca
03-15 05:06:03.157 29999 29999 E IPCThreadState: attemptIncStrongHandle(120): Not supported
03-15 05:06:03.239 29999 29999 E ArmVmp : Match on catch block at 0xc3 in for 0x179
03-15 05:06:03.242 29999 29999 E ArmVmp : Match on catch block at 0xc3 in for 0x179
03-15 05:06:03.245 29999 29999 E ArmVmp : Match on catch block at 0xc3 in for 0x171
03-15 05:06:03.283 29999 30060 W Parcel : Expecting binder but got null!
03-15 05:06:03.328 29999 29999 E ArmVmp : Match on catch block at 0xc3 in for 0x141
