03-14 19:14:35.031 3111 3111 W ResourceType: Bad XML block: header size 18254 or total size 169478669 is larger than data size 853
03-14 19:14:38.592 3111 3111 E OplusBracketLog: [OplusViewMirrorManager] updateHostViewRootIfNeeded, not support android.view.ViewRootImpl@f11f0dd
03-14 19:14:38.606 3111 3111 E IPCThreadState: attemptIncStrongHandle(107): Not supported
03-14 19:14:38.606 3111 3111 E IPCThreadState: attemptIncStrongHandle(73): Not supported
03-14 19:14:38.618 3111 3377 W Parcel : Expecting binder but got null!
03-14 19:14:39.507 3111 3111 W ResourceType: Bad XML block: header size 18254 or total size 169478669 is larger than data size 380
03-14 19:14:39.511 3111 3111 W ResourceType: Bad XML block: header size 18254 or total size 169478669 is larger than data size 633
03-14 19:14:39.522 3111 3111 W ResourceType: Bad XML block: header size 18254 or total size 169478669 is larger than data size 677
03-14 19:14:39.525 3111 3111 W ResourceType: Bad XML block: header size 18254 or total size 169478669 is larger than data size 248
03-14 19:14:39.532 3111 3111 W ResourceType: Bad XML block: header size 18254 or total size 169478669 is larger than data size 571
03-14 19:14:39.538 3111 3111 W ResourceType: Bad XML block: header size 18254 or total size 169478669 is larger than data size 333
03-14 19:14:39.541 3111 3111 W ResourceType: Bad XML block: header size 18254 or total size 169478669 is larger than data size 650
03-14 19:14:39.545 3111 3111 W ResourceType: Bad XML block: header size 18254 or total size 169478669 is larger than data size 1150
03-14 19:14:39.548 3111 3111 W ResourceType: Bad XML block: header size 18254 or total size 169478669 is larger than data size 491
03-14 19:14:39.551 3111 3111 W ResourceType: Bad XML block: header size 18254 or total size 169478669 is larger than data size 1150
03-14 19:14:39.554 3111 3111 W ResourceType: Bad XML block: header size 18254 or total size 169478669 is larger than data size 659
03-14 19:14:39.558 3111 3111 W ResourceType: Bad XML block: header size 18254 or total size 169478669 is larger than data size 593
03-14 19:14:39.566 3111 3111 W ResourceType: Bad XML block: header size 18254 or total size 169478669 is larger than data size 1171
03-14 19:14:39.569 3111 3111 W ResourceType: Bad XML block: header size 18254 or total size 169478669 is larger than data size 510
03-14 19:14:39.584 3111 3111 W ResourceType: Bad XML block: header size 18254 or total size 169478669 is larger than data size 853
03-14 19:14:39.631 3111 3111 W ResourceType: Bad XML block: header size 18254 or total size 169478669 is larger than data size 650
03-14 19:14:39.654 3111 3111 E OplusBracketLog: [OplusViewMirrorManager] updateHostViewRootIfNeeded, not support android.view.ViewRootImpl@897c88b
03-14 19:14:39.683 3111 3111 W View : requestLayout() improperly called by android.widget.Space{b5c68bd I.ED..... ......I. 36,108-48,120 #7f0b00ba app:id/action_tile_spacing viewInfo = } during layout: running second layout pass
03-14 19:14:39.683 3111 3111 W View : requestLayout() improperly called by android.widget.Space{d705eb2 I.ED..... ......I. 36,108-48,120 #7f0b00ba app:id/action_tile_spacing viewInfo = } during layout: running second layout pass
03-14 19:14:39.683 3111 3111 W View : requestLayout() improperly called by android.widget.Space{55ebe03 I.ED..... ......I. 36,108-48,120 #7f0b00ba app:id/action_tile_spacing viewInfo = } during layout: running second layout pass
03-14 19:14:39.683 3111 3111 W View : requestLayout() improperly called by android.widget.Space{8e0180 I.ED..... ......I. 36,108-48,120 #7f0b00ba app:id/action_tile_spacing viewInfo = } during layout: running second layout pass
03-14 19:14:39.723 3111 3377 W Parcel : Expecting binder but got null!
03-14 19:14:40.644 3111 3111 W ResourceType: Bad XML block: header size 18254 or total size 169478669 is larger than data size 853
03-14 19:14:40.965 3111 3111 E ArmVmp : Match on catch block at 0x0a in for 0x185
03-14 19:14:40.971 3111 3111 E ArmVmp : Match on catch block at 0x0a in for 0x199
03-14 19:14:41.029 3111 3111 E OplusBracketLog: [OplusViewMirrorManager] updateHostViewRootIfNeeded, not support android.view.ViewRootImpl@4d1e982
03-14 19:14:41.048 3111 3111 E IPCThreadState: attemptIncStrongHandle(118): Not supported
03-14 19:14:41.048 3111 3111 E IPCThreadState: attemptIncStrongHandle(115): Not supported
03-14 19:14:41.071 3111 3111 E ArmVmp : Match on catch block at 0xc3 in for 0x161
03-14 19:14:41.075 3111 3111 E ArmVmp : Match on catch block at 0xc3 in for 0x175
03-14 19:14:41.102 3111 3377 W Parcel : Expecting binder but got null!
03-14 19:14:41.133 3111 3111 E ArmVmp : Match on catch block at 0xc3 in for 0x159
03-14 19:14:41.136 3111 3111 E ArmVmp : Match on catch block at 0xc3 in for 0x155
03-14 19:14:41.161 3111 3111 E ArmVmp : Match on catch block at 0xc3 in for 0x151
03-14 19:14:41.163 3111 3111 E ArmVmp : Match on catch block at 0xc3 in for 0x14d
03-14 19:14:41.184 3111 3111 E ArmVmp : Match on catch block at 0xc3 in for 0x14d
03-14 19:14:41.186 3111 3111 E ArmVmp : Match on catch block at 0xc3 in for 0x149
03-14 19:14:41.197 3111 3111 E ArmVmp : Match on catch block at 0xc3 in for 0x151
03-14 19:14:41.200 3111 3111 E ArmVmp : Match on catch block at 0xc3 in for 0x14d
03-14 19:14:41.207 3111 3111 E ArmVmp : Match on catch block at 0xc3 in for 0x155
03-14 19:14:41.210 3111 3111 E ArmVmp : Match on catch block at 0xc3 in for 0x151
03-14 19:14:41.221 3111 3111 E ArmVmp : Match on catch block at 0xc3 in for 0x159
03-14 19:14:41.224 3111 3111 E ArmVmp : Match on catch block at 0xc3 in for 0x155
03-14 19:14:41.238 3111 3111 E ArmVmp : Match on catch block at 0xc3 in for 0x141
03-14 19:14:41.241 3111 3111 E ArmVmp : Match on catch block at 0xc3 in for 0x159
03-14 19:14:41.274 3111 3111 E ArmVmp : Match on catch block at 0xc3 in for 0x141
03-14 19:14:41.277 3111 3111 E ArmVmp : Match on catch block at 0xc3 in for 0x159
03-14 19:14:41.288 3111 3111 E ArmVmp : Match on catch block at 0xc3 in for 0x145
03-14 19:14:41.291 3111 3111 E ArmVmp : Match on catch block at 0xc3 in for 0x141
03-14 19:14:41.305 3111 3111 E ArmVmp : Match on catch block at 0xc3 in for 0x149
03-14 19:14:41.307 3111 3111 E ArmVmp : Match on catch block at 0xc3 in for 0x145
03-14 19:14:41.322 3111 3111 E ArmVmp : Match on catch block at 0xc3 in for 0x14d
03-14 19:14:41.325 3111 3111 E ArmVmp : Match on catch block at 0xc3 in for 0x149
03-14 19:14:41.338 3111 3111 E ArmVmp : Match on catch block at 0xc3 in for 0x151
03-14 19:14:41.341 3111 3111 E ArmVmp : Match on catch block at 0xc3 in for 0x14d
03-14 19:14:41.356 3111 3111 E ArmVmp : Match on catch block at 0xc3 in for 0x155
03-14 19:14:41.359 3111 3111 E ArmVmp : Match on catch block at 0xc3 in for 0x151
03-14 19:14:41.372 3111 3111 E ArmVmp : Match on catch block at 0xc3 in for 0x159
03-14 19:14:41.377 3111 3111 E ArmVmp : Match on catch block at 0xc3 in for 0x155
03-14 19:14:41.777 3111 3111 E ArmVmp : Match on catch block at 0xc3 in for 0x14d
03-14 19:14:41.790 3111 3111 E ArmVmp : Match on catch block at 0xc3 in for 0x149
03-14 19:14:42.270 3111 3111 E ArmVmp : Match on catch block at 0xc3 in for 0x151
03-14 19:14:42.273 3111 3111 E ArmVmp : Match on catch block at 0xc3 in for 0x14d
03-14 19:14:42.488 3111 3111 E ArmVmp : Match on catch block at 0xc3 in for 0x141
03-14 19:14:42.493 3111 3111 E ArmVmp : Match on catch block at 0xc3 in for 0x159
03-14 19:14:42.528 3111 3111 W OnBackInvokedCallback: OnBackInvokedCallback is not enabled for the application.
03-14 19:14:42.528 3111 3111 W OnBackInvokedCallback: Set 'android:enableOnBackInvokedCallback="true"' in the application manifest.
03-14 19:14:42.573 3111 3111 E ArmVmp : Match on catch block at 0xc3 in for 0x159
03-14 19:14:42.576 3111 3111 E ArmVmp : Match on catch block at 0xc3 in for 0x155
03-14 19:14:42.587 3111 3111 E ArmVmp : Match on catch block at 0xc3 in for 0x155
03-14 19:14:42.592 3111 3111 E ArmVmp : Match on catch block at 0xc3 in for 0x151
03-14 19:14:42.769 3111 3111 E ArmVmp : Match on catch block at 0xc3 in for 0x159
03-14 19:14:42.774 3111 3111 E ArmVmp : Match on catch block at 0xc3 in for 0x155
03-14 19:14:43.271 3111 3111 E ArmVmp : Match on catch block at 0xc3 in for 0x141
03-14 19:14:43.279 3111 3111 E ArmVmp : Match on catch block at 0xc3 in for 0x159
03-14 19:14:43.771 3111 3111 E ArmVmp : Match on catch block at 0xc3 in for 0x145
03-14 19:14:43.776 3111 3111 E ArmVmp : Match on catch block at 0xc3 in for 0x141
03-14 19:14:44.270 3111 3111 E ArmVmp : Match on catch block at 0xc3 in for 0x151
03-14 19:14:44.277 3111 3111 E ArmVmp : Match on catch block at 0xc3 in for 0x14d
03-14 19:14:44.785 3111 3111 E ArmVmp : Match on catch block at 0xc3 in for 0x155
03-14 19:14:44.791 3111 3111 E ArmVmp : Match on catch block at 0xc3 in for 0x151
03-14 19:14:45.284 3111 3111 E ArmVmp : Match on catch block at 0xc3 in for 0x159
03-14 19:14:45.289 3111 3111 E ArmVmp : Match on catch block at 0xc3 in for 0x155
03-14 19:14:45.783 3111 3111 E ArmVmp : Match on catch block at 0xc3 in for 0x141
03-14 19:14:45.789 3111 3111 E ArmVmp : Match on catch block at 0xc3 in for 0x159
03-14 19:14:46.279 3111 3111 E ArmVmp : Match on catch block at 0xc3 in for 0x145
03-14 19:14:46.284 3111 3111 E ArmVmp : Match on catch block at 0xc3 in for 0x141
03-14 19:14:46.780 3111 3111 E ArmVmp : Match on catch block at 0xc3 in for 0x149
03-14 19:14:46.788 3111 3111 E ArmVmp : Match on catch block at 0xc3 in for 0x145
03-14 19:14:47.278 3111 3111 E ArmVmp : Match on catch block at 0xc3 in for 0x14d
03-14 19:14:47.287 3111 3111 E ArmVmp : Match on catch block at 0xc3 in for 0x149
03-14 19:14:47.794 3111 3111 E ArmVmp : Match on catch block at 0xc3 in for 0x151
03-14 19:14:47.799 3111 3111 E ArmVmp : Match on catch block at 0xc3 in for 0x14d
03-14 19:14:48.199 3111 3111 E ArmVmp : Match on catch block at 0xc3 in for 0x151
03-14 19:14:48.206 3111 3111 E ArmVmp : Match on catch block at 0xc3 in for 0x14d
03-14 19:14:48.232 3111 3111 E ArmVmp : Match on catch block at 0xc3 in for 0x151
03-14 19:14:48.238 3111 3111 E ArmVmp : Match on catch block at 0xc3 in for 0x14d
03-14 19:14:48.248 3111 3111 E ArmVmp : Match on catch block at 0xc3 in for 0x155
03-14 19:14:48.253 3111 3111 E ArmVmp : Match on catch block at 0xc3 in for 0x151
03-14 19:14:48.263 3111 3111 E ArmVmp : Match on catch block at 0xc3 in for 0x159
03-14 19:14:48.268 3111 3111 E ArmVmp : Match on catch block at 0xc3 in for 0x155
03-14 19:14:48.278 3111 3111 E ArmVmp : Match on catch block at 0xc3 in for 0x141
03-14 19:14:48.283 3111 3111 E ArmVmp : Match on catch block at 0xc3 in for 0x159
03-14 19:14:48.292 3111 3111 E ArmVmp : Match on catch block at 0xc3 in for 0x145
03-14 19:14:48.296 3111 3111 E ArmVmp : Match on catch block at 0xc3 in for 0x141
03-14 19:14:48.310 3111 3111 E ArmVmp : Match on catch block at 0xc3 in for 0x149
03-14 19:14:48.314 3111 3111 E ArmVmp : Match on catch block at 0xc3 in for 0x145
03-14 19:14:48.324 3111 3111 E ArmVmp : Match on catch block at 0xc3 in for 0x14d
03-14 19:14:48.327 3111 3111 E ArmVmp : Match on catch block at 0xc3 in for 0x149
03-14 19:14:48.339 3111 3111 E ArmVmp : Match on catch block at 0xc3 in for 0x151
03-14 19:14:48.343 3111 3111 E ArmVmp : Match on catch block at 0xc3 in for 0x14d
03-14 19:14:48.357 3111 3111 E ArmVmp : Match on catch block at 0xc3 in for 0x155
03-14 19:14:48.361 3111 3111 E ArmVmp : Match on catch block at 0xc3 in for 0x151
03-14 19:14:48.373 3111 3111 E ArmVmp : Match on catch block at 0xc3 in for 0x159
03-14 19:14:48.376 3111 3111 E ArmVmp : Match on catch block at 0xc3 in for 0x155
03-14 19:14:48.389 3111 3111 E ArmVmp : Match on catch block at 0xc3 in for 0x141
03-14 19:14:48.393 3111 3111 E ArmVmp : Match on catch block at 0xc3 in for 0x159
03-14 19:14:48.689 3111 3111 E ArmVmp : Match on catch block at 0xc3 in for 0x145
03-14 19:14:48.693 3111 3111 E ArmVmp : Match on catch block at 0xc3 in for 0x141
03-14 19:14:49.205 3111 3111 E ArmVmp : Match on catch block at 0xc3 in for 0x149
03-14 19:14:49.209 3111 3111 E ArmVmp : Match on catch block at 0xc3 in for 0x145
03-14 19:14:49.703 3111 3111 E ArmVmp : Match on catch block at 0xc3 in for 0x14d
03-14 19:14:49.707 3111 3111 E ArmVmp : Match on catch block at 0xc3 in for 0x149
03-14 19:14:49.920 3111 3111 E ArmVmp : Match on catch block at 0xc3 in for 0x141
03-14 19:14:49.923 3111 3111 E ArmVmp : Match on catch block at 0xc3 in for 0x159
03-14 19:14:49.935 3111 3111 E ArmVmp : Match on catch block at 0xc3 in for 0x145
03-14 19:14:49.938 3111 3111 E ArmVmp : Match on catch block at 0xc3 in for 0x141
03-14 19:14:49.953 3111 3111 E ArmVmp : Match on catch block at 0xc3 in for 0x149
03-14 19:14:49.959 3111 3111 E ArmVmp : Match on catch block at 0xc3 in for 0x145
03-14 19:14:49.970 3111 3111 E ArmVmp : Match on catch block at 0xc3 in for 0x14d
03-14 19:14:49.974 3111 3111 E ArmVmp : Match on catch block at 0xc3 in for 0x149
03-14 19:14:49.987 3111 3111 E ArmVmp : Match on catch block at 0xc3 in for 0x151
03-14 19:14:49.991 3111 3111 E ArmVmp : Match on catch block at 0xc3 in for 0x14d
03-14 19:14:50.003 3111 3111 E ArmVmp : Match on catch block at 0xc3 in for 0x155
03-14 19:14:50.008 3111 3111 E ArmVmp : Match on catch block at 0xc3 in for 0x151
03-14 19:14:50.020 3111 3111 E ArmVmp : Match on catch block at 0xc3 in for 0x159
03-14 19:14:50.024 3111 3111 E ArmVmp : Match on catch block at 0xc3 in for 0x155
03-14 19:14:50.036 3111 3111 E ArmVmp : Match on catch block at 0xc3 in for 0x141
03-14 19:14:50.040 3111 3111 E ArmVmp : Match on catch block at 0xc3 in for 0x159
03-14 19:14:50.052 3111 3111 E ArmVmp : Match on catch block at 0xc3 in for 0x145
03-14 19:14:50.055 3111 3111 E ArmVmp : Match on catch block at 0xc3 in for 0x141
03-14 19:14:50.068 3111 3111 E ArmVmp : Match on catch block at 0xc3 in for 0x149
03-14 19:14:50.071 3111 3111 E ArmVmp : Match on catch block at 0xc3 in for 0x145
03-14 19:14:50.084 3111 3111 E ArmVmp : Match on catch block at 0xc3 in for 0x14d
03-14 19:14:50.088 3111 3111 E ArmVmp : Match on catch block at 0xc3 in for 0x149
03-14 19:14:50.101 3111 3111 E ArmVmp : Match on catch block at 0xc3 in for 0x151
03-14 19:14:50.104 3111 3111 E ArmVmp : Match on catch block at 0xc3 in for 0x14d
03-14 19:14:50.118 3111 3111 E ArmVmp : Match on catch block at 0xc3 in for 0x155
03-14 19:14:50.121 3111 3111 E ArmVmp : Match on catch block at 0xc3 in for 0x151
03-14 19:14:50.418 3111 3111 E ArmVmp : Match on catch block at 0xc3 in for 0x159
03-14 19:14:50.422 3111 3111 E ArmVmp : Match on catch block at 0xc3 in for 0x155
03-14 19:14:50.524 3111 3111 E ArmVmp : Match on catch block at 0xc3 in for 0x149
03-14 19:14:50.528 3111 3111 E ArmVmp : Match on catch block at 0xc3 in for 0x145
03-14 19:14:50.550 3111 3111 E ArmVmp : Match on catch block at 0xc3 in for 0x151
03-14 19:14:50.552 3111 3111 E ArmVmp : Match on catch block at 0xc3 in for 0x14d
03-14 19:14:50.600 3111 3111 E ArmVmp : Match on catch block at 0xc3 in for 0x155
03-14 19:14:50.603 3111 3111 E ArmVmp : Match on catch block at 0xc3 in for 0x151
03-14 19:14:50.633 3111 3111 E ArmVmp : Match on catch block at 0xc3 in for 0x145
03-14 19:14:50.635 3111 3111 E ArmVmp : Match on catch block at 0xc3 in for 0x141
03-14 19:14:50.680 3111 3111 E IPCThreadState: attemptIncStrongHandle(124): Not supported
03-14 19:14:50.694 3111 3111 E ArmVmp : Match on catch block at 0xc3 in for 0x14d
03-14 19:14:50.697 3111 3111 E ArmVmp : Match on catch block at 0xc3 in for 0x149
03-14 19:14:50.716 3111 3111 E ArmVmp : Match on catch block at 0xc3 in for 0x151
03-14 19:14:50.718 3111 3111 E ArmVmp : Match on catch block at 0xc3 in for 0x14d
03-14 19:14:50.732 3111 3111 E ArmVmp : Match on catch block at 0xc3 in for 0x155
03-14 19:14:50.735 3111 3111 E ArmVmp : Match on catch block at 0xc3 in for 0x151
03-14 19:14:50.749 3111 3111 E ArmVmp : Match on catch block at 0xc3 in for 0x159
03-14 19:14:50.752 3111 3111 E ArmVmp : Match on catch block at 0xc3 in for 0x155
03-14 19:14:50.766 3111 3111 E ArmVmp : Match on catch block at 0xc3 in for 0x141
03-14 19:14:50.770 3111 3111 E ArmVmp : Match on catch block at 0xc3 in for 0x159
03-14 19:14:50.782 3111 3111 E ArmVmp : Match on catch block at 0xc3 in for 0x145
03-14 19:14:50.786 3111 3111 E ArmVmp : Match on catch block at 0xc3 in for 0x141
03-14 19:14:50.805 3111 3111 E ArmVmp : Match on catch block at 0xc3 in for 0x149
03-14 19:14:50.808 3111 3111 E ArmVmp : Match on catch block at 0xc3 in for 0x145
03-14 19:14:51.261 3111 3111 E ArmVmp : Match on catch block at 0xc3 in for 0x14d
03-14 19:14:51.268 3111 3111 E ArmVmp : Match on catch block at 0xc3 in for 0x149
03-14 19:14:51.858 3111 3111 E IPCThreadState: attemptIncStrongHandle(135): Not supported
03-14 19:14:51.898 3111 3111 W View : requestLayout() improperly called by com.mbwhatsapp.TextEmojiLabel{17cdaf VFED..C.. ......ID 0,0-517,88 #7f0b06ab app:id/conversation_contact_name viewInfo = } during layout: running second layout pass
03-14 19:14:53.757 3111 3111 E OplusBracketLog: [OplusViewMirrorManager] updateHostViewRootIfNeeded, not support android.view.ViewRootImpl@cc9dc17
03-14 19:14:53.775 3111 3111 E IPCThreadState: attemptIncStrongHandle(139): Not supported
03-14 19:14:53.793 3111 3377 W Parcel : Expecting binder but got null!
03-14 19:14:54.819 3111 3111 W ResourceType: Bad XML block: header size 18254 or total size 169478669 is larger than data size 380
03-14 19:14:54.822 3111 3111 W ResourceType: Bad XML block: header size 18254 or total size 169478669 is larger than data size 633
03-14 19:14:54.830 3111 3111 W ResourceType: Bad XML block: header size 18254 or total size 169478669 is larger than data size 677
03-14 19:14:54.833 3111 3111 W ResourceType: Bad XML block: header size 18254 or total size 169478669 is larger than data size 248
03-14 19:14:54.839 3111 3111 W ResourceType: Bad XML block: header size 18254 or total size 169478669 is larger than data size 571
03-14 19:14:54.844 3111 3111 W ResourceType: Bad XML block: header size 18254 or total size 169478669 is larger than data size 333
03-14 19:14:54.847 3111 3111 W ResourceType: Bad XML block: header size 18254 or total size 169478669 is larger than data size 650
03-14 19:14:54.850 3111 3111 W ResourceType: Bad XML block: header size 18254 or total size 169478669 is larger than data size 1150
03-14 19:14:54.853 3111 3111 W ResourceType: Bad XML block: header size 18254 or total size 169478669 is larger than data size 491
03-14 19:14:54.856 3111 3111 W ResourceType: Bad XML block: header size 18254 or total size 169478669 is larger than data size 1150
03-14 19:14:54.858 3111 3111 W ResourceType: Bad XML block: header size 18254 or total size 169478669 is larger than data size 659
03-14 19:14:54.861 3111 3111 W ResourceType: Bad XML block: header size 18254 or total size 169478669 is larger than data size 593
03-14 19:14:54.868 3111 3111 W ResourceType: Bad XML block: header size 18254 or total size 169478669 is larger than data size 1171
03-14 19:14:54.871 3111 3111 W ResourceType: Bad XML block: header size 18254 or total size 169478669 is larger than data size 510
03-14 19:14:54.887 3111 3111 W ResourceType: Bad XML block: header size 18254 or total size 169478669 is larger than data size 853
03-14 19:14:54.922 3111 3111 W ResourceType: Bad XML block: header size 18254 or total size 169478669 is larger than data size 650
03-14 19:14:54.946 3111 3111 E OplusBracketLog: [OplusViewMirrorManager] updateHostViewRootIfNeeded, not support android.view.ViewRootImpl@6d86537
03-14 19:14:54.977 3111 3111 W View : requestLayout() improperly called by android.widget.Space{5434009 I.ED..... ......I. 36,108-48,120 #7f0b00ba app:id/action_tile_spacing viewInfo = } during layout: running second layout pass
03-14 19:14:54.977 3111 3111 W View : requestLayout() improperly called by android.widget.Space{b1b320e I.ED..... ......I. 36,108-48,120 #7f0b00ba app:id/action_tile_spacing viewInfo = } during layout: running second layout pass
03-14 19:14:54.977 3111 3111 W View : requestLayout() improperly called by android.widget.Space{8a8c42f I.ED..... ......I. 36,108-48,120 #7f0b00ba app:id/action_tile_spacing viewInfo = } during layout: running second layout pass
03-14 19:14:54.977 3111 3111 W View : requestLayout() improperly called by android.widget.Space{6fc0a3c I.ED..... ......I. 36,108-48,120 #7f0b00ba app:id/action_tile_spacing viewInfo = } during layout: running second layout pass
03-14 19:14:55.008 3111 3377 W Parcel : Expecting binder but got null!
03-14 19:14:55.872 3111 3111 E ArmVmp : Match on catch block at 0x0a in for 0x191
03-14 19:14:55.879 3111 3111 E ArmVmp : Match on catch block at 0x0a in for 0x189
03-14 19:14:55.946 3111 3111 E OplusBracketLog: [OplusViewMirrorManager] updateHostViewRootIfNeeded, not support android.view.ViewRootImpl@9d5452e
03-14 19:14:55.979 3111 3111 E IPCThreadState: attemptIncStrongHandle(143): Not supported
03-14 19:14:55.979 3111 3111 E IPCThreadState: attemptIncStrongHandle(127): Not supported
03-14 19:14:56.004 3111 3111 E ArmVmp : Match on catch block at 0xc3 in for 0x179
03-14 19:14:56.007 3111 3111 E ArmVmp : Match on catch block at 0xc3 in for 0x171
03-14 19:14:56.027 3111 3377 W Parcel : Expecting binder but got null!
03-14 19:14:56.055 3111 3111 E ArmVmp : Match on catch block at 0xc3 in for 0x14d
03-14 19:14:56.058 3111 3111 E ArmVmp : Match on catch block at 0xc3 in for 0x149
03-14 19:14:56.082 3111 3111 W ResourceType: Bad XML block: header size 18254 or total size 169478669 is larger than data size 853
03-14 19:14:56.088 3111 3111 E ArmVmp : Match on catch block at 0xc3 in for 0x155
03-14 19:14:56.091 3111 3111 E ArmVmp : Match on catch block at 0xc3 in for 0x151
03-14 19:14:56.106 3111 3111 E ArmVmp : Match on catch block at 0xc3 in for 0x149
03-14 19:14:56.109 3111 3111 E ArmVmp : Match on catch block at 0xc3 in for 0x145
03-14 19:14:56.120 3111 3111 E ArmVmp : Match on catch block at 0xc3 in for 0x14d
03-14 19:14:56.122 3111 3111 E ArmVmp : Match on catch block at 0xc3 in for 0x149
03-14 19:14:56.136 3111 3111 E ArmVmp : Match on catch block at 0xc3 in for 0x151
03-14 19:14:56.138 3111 3111 E ArmVmp : Match on catch block at 0xc3 in for 0x14d
03-14 19:14:56.153 3111 3111 E ArmVmp : Match on catch block at 0xc3 in for 0x155
03-14 19:14:56.155 3111 3111 E ArmVmp : Match on catch block at 0xc3 in for 0x151
03-14 19:14:56.188 3111 3111 E ArmVmp : Match on catch block at 0xc3 in for 0x155
03-14 19:14:56.192 3111 3111 E ArmVmp : Match on catch block at 0xc3 in for 0x151
03-14 19:14:56.203 3111 3111 E ArmVmp : Match on catch block at 0xc3 in for 0x159
03-14 19:14:56.206 3111 3111 E ArmVmp : Match on catch block at 0xc3 in for 0x155
03-14 19:14:56.219 3111 3111 E ArmVmp : Match on catch block at 0xc3 in for 0x141
03-14 19:14:56.222 3111 3111 E ArmVmp : Match on catch block at 0xc3 in for 0x159
03-14 19:14:56.236 3111 3111 E ArmVmp : Match on catch block at 0xc3 in for 0x145
03-14 19:14:56.240 3111 3111 E ArmVmp : Match on catch block at 0xc3 in for 0x141
03-14 19:14:56.253 3111 3111 E ArmVmp : Match on catch block at 0xc3 in for 0x149
03-14 19:14:56.257 3111 3111 E ArmVmp : Match on catch block at 0xc3 in for 0x145
03-14 19:14:56.271 3111 3111 E ArmVmp : Match on catch block at 0xc3 in for 0x14d
03-14 19:14:56.276 3111 3111 E ArmVmp : Match on catch block at 0xc3 in for 0x149
03-14 19:14:56.288 3111 3111 E ArmVmp : Match on catch block at 0xc3 in for 0x151
03-14 19:14:56.292 3111 3111 E ArmVmp : Match on catch block at 0xc3 in for 0x14d
03-14 19:14:56.588 3111 3111 E ArmVmp : Match on catch block at 0xc3 in for 0x151
03-14 19:14:56.591 3111 3111 E ArmVmp : Match on catch block at 0xc3 in for 0x14d
03-14 19:14:56.625 3111 3111 W OnBackInvokedCallback: OnBackInvokedCallback is not enabled for the application.
03-14 19:14:56.625 3111 3111 W OnBackInvokedCallback: Set 'android:enableOnBackInvokedCallback="true"' in the application manifest.
03-14 19:14:56.672 3111 3111 E ArmVmp : Match on catch block at 0xc3 in for 0x14d
03-14 19:14:56.676 3111 3111 E ArmVmp : Match on catch block at 0xc3 in for 0x149
03-14 19:14:56.685 3111 3111 E ArmVmp : Match on catch block at 0xc3 in for 0x149
03-14 19:14:56.689 3111 3111 E ArmVmp : Match on catch block at 0xc3 in for 0x145
03-14 19:14:57.184 3111 3111 E ArmVmp : Match on catch block at 0xc3 in for 0x14d
03-14 19:14:57.187 3111 3111 E ArmVmp : Match on catch block at 0xc3 in for 0x149
03-14 19:14:57.320 3111 3111 E ArmVmp : Match on catch block at 0xc3 in for 0x14d
03-14 19:14:57.323 3111 3111 E ArmVmp : Match on catch block at 0xc3 in for 0x149
03-14 19:14:57.341 3111 3111 E ArmVmp : Match on catch block at 0xc3 in for 0x149
03-14 19:14:57.344 3111 3111 E ArmVmp : Match on catch block at 0xc3 in for 0x145
03-14 19:14:57.351 3111 3111 E ArmVmp : Match on catch block at 0xc3 in for 0x14d
03-14 19:14:57.354 3111 3111 E ArmVmp : Match on catch block at 0xc3 in for 0x149
03-14 19:14:57.368 3111 3111 E ArmVmp : Match on catch block at 0xc3 in for 0x151
03-14 19:14:57.371 3111 3111 E ArmVmp : Match on catch block at 0xc3 in for 0x14d
03-14 19:14:57.385 3111 3111 E ArmVmp : Match on catch block at 0xc3 in for 0x155
03-14 19:14:57.388 3111 3111 E ArmVmp : Match on catch block at 0xc3 in for 0x151
03-14 19:14:57.401 3111 3111 E ArmVmp : Match on catch block at 0xc3 in for 0x159
03-14 19:14:57.404 3111 3111 E ArmVmp : Match on catch block at 0xc3 in for 0x155
03-14 19:14:57.419 3111 3111 E ArmVmp : Match on catch block at 0xc3 in for 0x141
03-14 19:14:57.423 3111 3111 E ArmVmp : Match on catch block at 0xc3 in for 0x159
03-14 19:14:57.434 3111 3111 E ArmVmp : Match on catch block at 0xc3 in for 0x145
03-14 19:14:57.437 3111 3111 E ArmVmp : Match on catch block at 0xc3 in for 0x141
03-14 19:14:57.454 3111 3111 E ArmVmp : Match on catch block at 0xc3 in for 0x149
03-14 19:14:57.457 3111 3111 E ArmVmp : Match on catch block at 0xc3 in for 0x145
03-14 19:14:57.468 3111 3111 E ArmVmp : Match on catch block at 0xc3 in for 0x14d
03-14 19:14:57.472 3111 3111 E ArmVmp : Match on catch block at 0xc3 in for 0x149
03-14 19:14:57.485 3111 3111 E ArmVmp : Match on catch block at 0xc3 in for 0x151
03-14 19:14:57.488 3111 3111 E ArmVmp : Match on catch block at 0xc3 in for 0x14d
03-14 19:14:57.501 3111 3111 E ArmVmp : Match on catch block at 0xc3 in for 0x155
03-14 19:14:57.505 3111 3111 E ArmVmp : Match on catch block at 0xc3 in for 0x151
03-14 19:14:57.518 3111 3111 E ArmVmp : Match on catch block at 0xc3 in for 0x155
03-14 19:14:57.522 3111 3111 E ArmVmp : Match on catch block at 0xc3 in for 0x151
03-14 19:14:57.568 3111 3111 E ArmVmp : Match on catch block at 0xc3 in for 0x145
03-14 19:14:57.572 3111 3111 E ArmVmp : Match on catch block at 0xc3 in for 0x141
03-14 19:14:57.592 3111 3111 E ArmVmp : Match on catch block at 0xc3 in for 0x155
03-14 19:14:57.597 3111 3111 E ArmVmp : Match on catch block at 0xc3 in for 0x151
03-14 19:14:57.620 3111 3111 E ArmVmp : Match on catch block at 0xc3 in for 0x141
03-14 19:14:57.624 3111 3111 E ArmVmp : Match on catch block at 0xc3 in for 0x159
03-14 19:14:57.664 3111 3111 E ArmVmp : Match on catch block at 0xc3 in for 0x145
03-14 19:14:57.669 3111 3111 E ArmVmp : Match on catch block at 0xc3 in for 0x141
03-14 19:14:57.696 3111 3111 E ArmVmp : Match on catch block at 0xc3 in for 0x151
03-14 19:14:57.702 3111 3111 E ArmVmp : Match on catch block at 0xc3 in for 0x14d
03-14 19:14:57.715 3111 3111 E ArmVmp : Match on catch block at 0xc3 in for 0x14d
03-14 19:14:57.719 3111 3111 E ArmVmp : Match on catch block at 0xc3 in for 0x149
03-14 19:14:57.730 3111 3111 E ArmVmp : Match on catch block at 0xc3 in for 0x151
03-14 19:14:57.733 3111 3111 E ArmVmp : Match on catch block at 0xc3 in for 0x14d
03-14 19:14:57.747 3111 3111 E ArmVmp : Match on catch block at 0xc3 in for 0x155
03-14 19:14:57.751 3111 3111 E ArmVmp : Match on catch block at 0xc3 in for 0x151
03-14 19:14:57.763 3111 3111 E ArmVmp : Match on catch block at 0xc3 in for 0x159
03-14 19:14:57.767 3111 3111 E ArmVmp : Match on catch block at 0xc3 in for 0x155
03-14 19:14:57.780 3111 3111 E ArmVmp : Match on catch block at 0xc3 in for 0x141
03-14 19:14:57.784 3111 3111 E ArmVmp : Match on catch block at 0xc3 in for 0x159
03-14 19:14:57.800 3111 3111 E ArmVmp : Match on catch block at 0xc3 in for 0x145
03-14 19:14:57.805 3111 3111 E ArmVmp : Match on catch block at 0xc3 in for 0x141
03-14 19:14:58.100 3111 3111 E ArmVmp : Match on catch block at 0xc3 in for 0x159
03-14 19:14:58.104 3111 3111 E ArmVmp : Match on catch block at 0xc3 in for 0x155
03-14 19:14:58.251 3111 3111 E ArmVmp : Match on catch block at 0xc3 in for 0x145
03-14 19:14:58.254 3111 3111 E ArmVmp : Match on catch block at 0xc3 in for 0x141
03-14 19:14:58.262 3111 5310 W MediaPlayer: Use of stream types is deprecated for operations other than volume control
03-14 19:14:58.262 3111 5310 W MediaPlayer: See the documentation of setAudioStreamType() for what to use instead with android.media.AudioAttributes to qualify your playback use case
03-14 19:14:58.307 3111 3111 E ArmVmp : Match on catch block at 0xc3 in for 0x159
03-14 19:14:58.310 3111 3111 E ArmVmp : Match on catch block at 0xc3 in for 0x155
03-14 19:14:58.336 3111 3111 E ArmVmp : Match on catch block at 0xc3 in for 0x155
03-14 19:14:58.338 3111 3111 E ArmVmp : Match on catch block at 0xc3 in for 0x151
03-14 19:14:58.347 3111 3111 E ArmVmp : Match on catch block at 0xc3 in for 0x151
03-14 19:14:58.350 3111 3111 E ArmVmp : Match on catch block at 0xc3 in for 0x14d
03-14 19:14:58.355 3111 3111 E ArmVmp : Match on catch block at 0xc3 in for 0x14d
03-14 19:14:58.357 3111 3111 E ArmVmp : Match on catch block at 0xc3 in for 0x149
03-14 19:14:58.365 3111 3111 E ArmVmp : Match on catch block at 0xc3 in for 0x151
03-14 19:14:58.369 3111 3111 E ArmVmp : Match on catch block at 0xc3 in for 0x14d
03-14 19:14:58.382 3111 3111 E ArmVmp : Match on catch block at 0xc3 in for 0x155
03-14 19:14:58.385 3111 3111 E ArmVmp : Match on catch block at 0xc3 in for 0x151
03-14 19:14:58.398 3111 3111 E ArmVmp : Match on catch block at 0xc3 in for 0x159
03-14 19:14:58.402 3111 3111 E ArmVmp : Match on catch block at 0xc3 in for 0x155
03-14 19:14:58.598 3111 3111 E ArmVmp : Match on catch block at 0xc3 in for 0x145
03-14 19:14:58.600 3111 3111 E ArmVmp : Match on catch block at 0xc3 in for 0x141
03-14 19:14:59.097 3111 3111 E ArmVmp : Match on catch block at 0xc3 in for 0x151
03-14 19:14:59.100 3111 3111 E ArmVmp : Match on catch block at 0xc3 in for 0x14d
03-14 19:14:59.249 3111 3111 E ArmVmp : Match on catch block at 0xc3 in for 0x141
03-14 19:14:59.251 3111 3111 E ArmVmp : Match on catch block at 0xc3 in for 0x159
03-14 19:14:59.262 3111 3111 E ArmVmp : Match on catch block at 0xc3 in for 0x14d
03-14 19:14:59.265 3111 3111 E ArmVmp : Match on catch block at 0xc3 in for 0x149
03-14 19:14:59.598 3111 3111 E ArmVmp : Match on catch block at 0xc3 in for 0x151
03-14 19:14:59.602 3111 3111 E ArmVmp : Match on catch block at 0xc3 in for 0x14d
03-14 19:15:00.096 3111 3111 E ArmVmp : Match on catch block at 0xc3 in for 0x155
03-14 19:15:00.101 3111 3111 E ArmVmp : Match on catch block at 0xc3 in for 0x151
03-14 19:15:00.593 3111 3111 E ArmVmp : Match on catch block at 0xc3 in for 0x141
03-14 19:15:00.595 3111 3111 E ArmVmp : Match on catch block at 0xc3 in for 0x159
03-14 19:15:00.648 3111 3111 E ArmVmp : Match on catch block at 0xc3 in for 0x149
03-14 19:15:00.650 3111 3111 E ArmVmp : Match on catch block at 0xc3 in for 0x145
03-14 19:15:00.660 3111 3111 E ArmVmp : Match on catch block at 0xc3 in for 0x145
03-14 19:15:00.663 3111 3111 E ArmVmp : Match on catch block at 0xc3 in for 0x141
03-14 19:15:00.746 3111 3111 E ArmVmp : Match on catch block at 0xc3 in for 0x159
03-14 19:15:00.751 3111 3111 E ArmVmp : Match on catch block at 0xc3 in for 0x155
03-14 19:15:00.823 3111 3111 E ArmVmp : Match on catch block at 0xc3 in for 0x149
03-14 19:15:00.829 3111 3111 E ArmVmp : Match on catch block at 0xc3 in for 0x145
03-14 19:15:00.900 3111 3111 W ResourceType: Bad XML block: header size 18254 or total size 169478669 is larger than data size 650
03-14 19:15:00.931 3111 3111 E IPCThreadState: attemptIncStrongHandle(151): Not supported
03-14 19:15:00.954 3111 3111 E ArmVmp : Match on catch block at 0xc3 in for 0x155
03-14 19:15:00.958 3111 3111 E ArmVmp : Match on catch block at 0xc3 in for 0x151
03-14 19:15:00.977 3111 3111 E ArmVmp : Match on catch block at 0xc3 in for 0x159
03-14 19:15:00.980 3111 3111 E ArmVmp : Match on catch block at 0xc3 in for 0x155
03-14 19:15:00.986 3111 3111 E ArmVmp : Match on catch block at 0xc3 in for 0x141
03-14 19:15:00.990 3111 3111 E ArmVmp : Match on catch block at 0xc3 in for 0x159
03-14 19:15:00.999 3111 3111 E ArmVmp : Match on catch block at 0xc3 in for 0x145
03-14 19:15:01.004 3111 3111 E ArmVmp : Match on catch block at 0xc3 in for 0x141
03-14 19:15:01.014 3111 3111 E ArmVmp : Match on catch block at 0xc3 in for 0x149
03-14 19:15:01.018 3111 3111 E ArmVmp : Match on catch block at 0xc3 in for 0x145
03-14 19:15:01.026 3111 3111 E ArmVmp : Match on catch block at 0xc3 in for 0x14d
03-14 19:15:01.030 3111 3111 E ArmVmp : Match on catch block at 0xc3 in for 0x149
03-14 19:15:01.043 3111 3111 E ArmVmp : Match on catch block at 0xc3 in for 0x151
03-14 19:15:01.047 3111 3111 E ArmVmp : Match on catch block at 0xc3 in for 0x14d
03-14 19:15:01.522 3111 3111 E ArmVmp : Match on catch block at 0xc3 in for 0x159
03-14 19:15:01.533 3111 3111 E ArmVmp : Match on catch block at 0xc3 in for 0x155
03-14 19:15:01.828 3111 3111 W ResourceType: Bad XML block: header size 18254 or total size 169478669 is larger than data size 853
03-14 19:15:01.850 3111 3111 E IPCThreadState: attemptIncStrongHandle(157): Not supported
03-14 19:15:01.865 3111 3111 W View : requestLayout() improperly called by com.mbwhatsapp.TextEmojiLabel{17cdaf VFED..C.. ......ID 0,0-517,88 #7f0b06ab app:id/conversation_contact_name viewInfo = } during layout: running second layout pass
03-14 19:15:01.919 3111 3111 W View : requestLayout() improperly called by com.mbwhatsapp.TextEmojiLabel{17cdaf VFED..C.. ......ID 0,0-517,88 #7f0b06ab app:id/conversation_contact_name viewInfo = } during layout: running second layout pass
03-14 19:15:03.194 3111 3111 E IPCThreadState: attemptIncStrongHandle(129): Not supported
03-14 19:15:06.171 3111 3111 E OplusBracketLog: [OplusViewMirrorManager] updateHostViewRootIfNeeded, not support android.view.ViewRootImpl@a66ccff
03-14 19:15:06.205 3111 3111 E IPCThreadState: attemptIncStrongHandle(34): Not supported
03-14 19:15:06.264 3111 3377 W Parcel : Expecting binder but got null!
03-14 19:15:06.948 3111 3111 W InputEventReceiver: Attempted to finish an input event but the input event receiver has already been disposed.
03-14 19:15:08.851 3111 3111 E OplusBracketLog: [OplusViewMirrorManager] updateHostViewRootIfNeeded, not support android.view.ViewRootImpl@b728481
03-14 19:15:08.886 3111 3111 E IPCThreadState: attemptIncStrongHandle(140): Not supported
03-14 19:15:08.945 3111 3377 W Parcel : Expecting binder but got null!
03-14 19:15:09.260 3111 3111 W InputEventReceiver: Attempted to finish an input event but the input event receiver has already been disposed.
03-14 19:30:56.272 3111 3111 E IPCThreadState: attemptIncStrongHandle(143): Not supported
03-14 19:30:56.273 3111 3111 E IPCThreadState: attemptIncStrongHandle(121): Not supported
03-14 19:30:56.278 3111 3377 E OpenGLRenderer: Device claims wide gamut support, cannot find matching config, error = EGL_SUCCESS
03-14 19:30:56.279 3111 3377 W OpenGLRenderer: Failed to initialize 101010-2 format, error = EGL_SUCCESS
03-14 19:30:57.710 3111 3111 E OplusBracketLog: [OplusViewMirrorManager] updateHostViewRootIfNeeded, not support android.view.ViewRootImpl@96136b7
03-14 19:30:57.784 3111 3377 W Parcel : Expecting binder but got null!
03-14 19:30:58.389 3111 3111 W InputEventReceiver: Attempted to finish an input event but the input event receiver has already been disposed.
03-14 19:31:01.120 3111 3111 E OplusBracketLog: [OplusViewMirrorManager] updateHostViewRootIfNeeded, not support android.view.ViewRootImpl@446fd7
03-14 19:31:01.142 3111 3111 E IPCThreadState: attemptIncStrongHandle(116): Not supported
03-14 19:31:01.178 3111 3377 W Parcel : Expecting binder but got null!
03-14 19:31:01.922 3111 3111 W InputEventReceiver: Attempted to finish an input event but the input event receiver has already been disposed.
03-14 19:54:45.446 3111 3716 W ConnectivityManager.CallbackHandler: callback not found for CALLBACK_CAP_CHANGED message
03-14 19:55:26.068 3111 3111 E IPCThreadState: attemptIncStrongHandle(98): Not supported
03-14 19:55:26.068 3111 3111 E IPCThreadState: attemptIncStrongHandle(84): Not supported
03-14 19:55:26.072 3111 3377 E OpenGLRenderer: Device claims wide gamut support, cannot find matching config, error = EGL_SUCCESS
03-14 19:55:26.072 3111 3377 W OpenGLRenderer: Failed to initialize 101010-2 format, error = EGL_SUCCESS
03-14 19:55:28.016 3111 3111 E OplusBracketLog: [OplusViewMirrorManager] updateHostViewRootIfNeeded, not support android.view.ViewRootImpl@218abd2
03-14 19:55:28.100 3111 3377 W Parcel : Expecting binder but got null!
03-14 19:55:28.191 3111 3111 W InputEventReceiver: Attempted to finish an input event but the input event receiver has already been disposed.
03-14 19:55:30.663 3111 3111 E OplusBracketLog: [OplusViewMirrorManager] updateHostViewRootIfNeeded, not support android.view.ViewRootImpl@4b5812
03-14 19:55:30.687 3111 3111 E IPCThreadState: attemptIncStrongHandle(117): Not supported
03-14 19:55:30.716 3111 3377 W Parcel : Expecting binder but got null!
03-14 19:55:30.807 3111 3111 W InputEventReceiver: Attempted to finish an input event but the input event receiver has already been disposed.
03-14 19:55:33.856 3111 3111 E OplusBracketLog: [OplusViewMirrorManager] updateHostViewRootIfNeeded, not support android.view.ViewRootImpl@89d9fb1
03-14 19:55:33.876 3111 3111 E IPCThreadState: attemptIncStrongHandle(86): Not supported
03-14 19:55:33.901 3111 3377 W Parcel : Expecting binder but got null!
03-14 19:55:34.072 3111 3111 W OnBackInvokedCallback: OnBackInvokedCallback is not enabled for the application.
03-14 19:55:34.072 3111 3111 W OnBackInvokedCallback: Set 'android:enableOnBackInvokedCallback="true"' in the application manifest.
03-14 19:55:34.891 3111 3111 E IPCThreadState: attemptIncStrongHandle(92): Not supported
03-14 19:55:35.951 3111 3111 E OplusBracketLog: [OplusViewMirrorManager] updateHostViewRootIfNeeded, not support android.view.ViewRootImpl@40bd72
03-14 19:55:35.976 3111 3111 E IPCThreadState: attemptIncStrongHandle(102): Not supported
03-14 19:55:36.026 3111 3377 W Parcel : Expecting binder but got null!
03-14 19:55:37.664 3111 3111 W InputEventReceiver: Attempted to finish an input event but the input event receiver has already been disposed.
03-14 19:55:38.362 3111 3111 E OplusBracketLog: [OplusViewMirrorManager] updateHostViewRootIfNeeded, not support android.view.ViewRootImpl@72e75f5
03-14 19:55:38.386 3111 3111 E IPCThreadState: attemptIncStrongHandle(115): Not supported
03-14 19:55:38.438 3111 3377 W Parcel : Expecting binder but got null!
03-14 19:55:39.771 3111 3111 E RippleDrawable: The RippleDrawable.STYLE_PATTERNED animation is not supported for a non-hardware accelerated Canvas. Skipping animation.
03-14 19:55:39.773 3111 3111 E RippleDrawable: The RippleDrawable.STYLE_PATTERNED animation is not supported for a non-hardware accelerated Canvas. Skipping animation.
03-14 19:55:39.885 3111 3111 E OplusBracketLog: [OplusViewMirrorManager] updateHostViewRootIfNeeded, not support android.view.ViewRootImpl@faf218f
03-14 19:55:39.907 3111 3111 E IPCThreadState: attemptIncStrongHandle(116): Not supported
03-14 19:55:39.933 3111 3377 W Parcel : Expecting binder but got null!
03-14 19:55:42.449 3111 3111 E OplusBracketLog: [OplusViewMirrorManager] updateHostViewRootIfNeeded, not support android.view.ViewRootImpl@65e7015
03-14 19:55:42.478 3111 3377 W Parcel : Expecting binder but got null!
03-14 19:55:48.874 3111 3111 E IPCThreadState: attemptIncStrongHandle(119): Not supported
03-14 19:55:48.874 3111 3111 E IPCThreadState: attemptIncStrongHandle(114): Not supported
03-14 19:55:48.874 3111 3111 E IPCThreadState: attemptIncStrongHandle(111): Not supported
03-14 19:55:48.944 3111 3111 E OplusBracketLog: [OplusViewMirrorManager] updateHostViewRootIfNeeded, not support android.view.ViewRootImpl@dd583e4
03-14 19:55:48.967 3111 3377 W Parcel : Expecting binder but got null!
03-14 19:55:54.320 3111 3111 E ArmVmp : Match on catch block at 0x0a in for 0x191
03-14 19:55:54.350 3111 3111 E ArmVmp : Match on catch block at 0x0a in for 0x26d
03-14 19:55:54.409 3111 3111 W Activity: Can request only one set of permissions at a time
03-14 19:55:54.552 3111 3111 E OplusBracketLog: [OplusViewMirrorManager] updateHostViewRootIfNeeded, not support android.view.ViewRootImpl@cc0959d
03-14 19:55:54.675 3111 3111 E IPCThreadState: attemptIncStrongHandle(114): Not supported
03-14 19:55:54.675 3111 3111 E IPCThreadState: attemptIncStrongHandle(111): Not supported
03-14 19:55:54.675 3111 3111 E IPCThreadState: attemptIncStrongHandle(117): Not supported
03-14 19:55:55.038 3111 3111 E RecyclerView: No adapter attached; skipping layout
03-14 19:55:55.112 3111 3377 W Parcel : Expecting binder but got null!
03-14 19:55:55.125 3111 3111 E ArmVmp : Match on catch block at 0x0a in for 0x1b5
03-14 19:55:55.176 3111 3111 E RecyclerView: No adapter attached; skipping layout
03-14 19:55:55.346 3111 3111 W VRI[HomeActivity]: Dropping event (window is stopped):MotionEvent { action=ACTION_DOWN, actionButton=0, id[0]=0, x[0]=240.25, y[0]=1256.0, toolType[0]=TOOL_TYPE_FINGER, buttonState=0, classification=NONE, metaState=0, flags=0x1, edgeFlags=0x0, pointerCount=1, historySize=0, eventTime=7396470, downTime=7396470, deviceId=3, source=0x1002, displayId=0, eventId=23954912 }
03-14 19:55:55.572 3111 3111 E OplusBracketLog: [OplusViewMirrorManager] updateHostViewRootIfNeeded, not support android.view.ViewRootImpl@1e90ca1
03-14 19:55:55.597 3111 3377 W Parcel : Expecting binder but got null!
03-14 19:56:04.428 3111 4170 E ArmVmp : No matching catch block at 0x07
03-14 19:56:04.430 3111 4170 E ArmVmp : Match on catch block at 0x02 in for 0x51
03-14 19:56:04.433 3111 4170 W System.err: java.net.UnknownHostException: Unable to resolve host "pastebin.com": No address associated with hostname
03-14 19:56:04.434 3111 4170 W System.err:
03-14 19:56:04.435 3111 4170 W System.err: at java.net.Inet6AddressImpl.lookupHostByName(Inet6AddressImpl.java:156)
03-14 19:56:04.436 3111 4170 W System.err:
03-14 19:56:04.436 3111 4170 W System.err: at java.net.Inet6AddressImpl.lookupAllHostAddr(Inet6AddressImpl.java:103)
03-14 19:56:04.437 3111 4170 W System.err:
03-14 19:56:04.437 3111 4170 W System.err: at java.net.InetAddress.getAllByName(InetAddress.java:1152)
03-14 19:56:04.437 3111 4170 W System.err:
03-14 19:56:04.437 3111 4170 W System.err: at com.android.okhttp.Dns$1.lookup(Dns.java:41)
03-14 19:56:04.437 3111 4170 W System.err:
03-14 19:56:04.438 3111 4170 W System.err: at com.android.okhttp.internal.http.RouteSelector.resetNextInetSocketAddress(RouteSele ctor.java:178)
03-14 19:56:04.438 3111 4170 W System.err:
03-14 19:56:04.438 3111 4170 W System.err: at com.android.okhttp.internal.http.RouteSelector.nextProxy(RouteSelector.java:144)
03-14 19:56:04.438 3111 4170 W System.err:
03-14 19:56:04.438 3111 4170 W System.err: at com.android.okhttp.internal.http.RouteSelector.next(RouteSelector.java:86)
03-14 19:56:04.438 3111 4170 W System.err:
03-14 19:56:04.439 3111 4170 W System.err: at com.android.okhttp.internal.http.StreamAllocation.findConnection(StreamAllocation.j ava:176)
03-14 19:56:04.439 3111 4170 W System.err:
03-14 19:56:04.439 3111 4170 W System.err: at com.android.okhttp.internal.http.StreamAllocation.findHealthyConnection(StreamAlloc ation.java:128)
03-14 19:56:04.439 3111 4170 W System.err:
03-14 19:56:04.439 3111 4170 W System.err: at com.android.okhttp.internal.http.StreamAllocation.newStream(StreamAllocation.java:9 7)
03-14 19:56:04.439 3111 4170 W System.err:
03-14 19:56:04.440 3111 4170 W System.err: at com.android.okhttp.internal.http.HttpEngine.connect(HttpEngine.java:289)
03-14 19:56:04.440 3111 4170 W System.err:
03-14 19:56:04.440 3111 4170 W System.err: at com.android.okhttp.internal.http.HttpEngine.sendRequest(HttpEngine.java:232)
03-14 19:56:04.440 3111 4170 W System.err:
03-14 19:56:04.440 3111 4170 W System.err: at com.android.okhttp.internal.huc.HttpURLConnectionImpl.execute(HttpURLConnectionImpl .java:465)
03-14 19:56:04.440 3111 4170 W System.err:
03-14 19:56:04.440 3111 4170 W System.err: at com.android.okhttp.internal.huc.HttpURLConnectionImpl.getResponse(HttpURLConnection Impl.java:411)
03-14 19:56:04.440 3111 4170 W System.err:
03-14 19:56:04.441 3111 4170 W System.err: at com.android.okhttp.internal.huc.HttpURLConnectionImpl.getInputStream(HttpURLConnect ionImpl.java:248)
03-14 19:56:04.441 3111 4170 W System.err:
03-14 19:56:04.441 3111 4170 W System.err: at com.android.okhttp.internal.huc.DelegatingHttpsURLConnection.getInputStream(Delegat ingHttpsURLConnection.java:211)
03-14 19:56:04.441 3111 4170 W System.err:
03-14 19:56:04.441 3111 4170 W System.err: at com.android.okhttp.internal.huc.HttpsURLConnectionImpl.getInputStream(HttpsURLConne ctionImpl.java:30)
03-14 19:56:04.441 3111 4170 W System.err:
03-14 19:56:04.441 3111 4170 W System.err: at java.net.URL.openStream(URL.java:1072)
03-14 19:56:04.442 3111 4170 W System.err:
03-14 19:56:04.442 3111 4170 W System.err: at mbmodsd.mbmodsw.mbdialog.MBDialogMan.loadJsonFromUrl(Native Method)
03-14 19:56:04.442 3111 4170 W System.err:
03-14 19:56:04.442 3111 4170 W System.err: at mbmodsd.mbmodsw.mbdialog.MBDialogMan.access$000(Native Method)
03-14 19:56:04.442 3111 4170 W System.err:
03-14 19:56:04.442 3111 4170 W System.err: at mbmodsd.mbmodsw.mbdialog.MBDialogMan$FetchJsonTask.doInBackground(Native Method)
03-14 19:56:04.442 3111 4170 W System.err:
03-14 19:56:04.443 3111 4170 W System.err: at mbmodsd.mbmodsw.mbdialog.MBDialogMan$FetchJsonTask.doInBackground(Native Method)
03-14 19:56:04.443 3111 4170 W System.err:
03-14 19:56:04.443 3111 4170 W System.err: at android.os.AsyncTask$3.call(AsyncTask.java:394)
03-14 19:56:04.443 3111 4170 W System.err:
03-14 19:56:04.443 3111 4170 W System.err: at java.util.concurrent.FutureTask.run(FutureTask.java:264)
03-14 19:56:04.443 3111 4170 W System.err:
03-14 19:56:04.443 3111 4170 W System.err: at android.os.AsyncTask$SerialExecutor$1.run(AsyncTask.java:305)
03-14 19:56:04.443 3111 4170 W System.err:
03-14 19:56:04.443 3111 4170 W System.err: at java.util.concurrent.ThreadPoolExecutor.runWorker(ThreadPoolExecutor.java:1137)
03-14 19:56:04.444 3111 4170 W System.err:
03-14 19:56:04.444 3111 4170 W System.err: at java.util.concurrent.ThreadPoolExecutor$Worker.run(ThreadPoolExecutor.java:637)
03-14 19:56:04.444 3111 4170 W System.err:
03-14 19:56:04.444 3111 4170 W System.err: at java.lang.Thread.run(Thread.java:1012)
03-14 19:56:04.444 3111 4170 W System.err:
03-14 19:56:04.445 3111 4170 W System.err: Caused by: android.system.GaiException: android_getaddrinfo failed: EAI_NODATA (No address associated with hostname)
03-14 19:56:04.445 3111 4170 W System.err:
03-14 19:56:04.446 3111 4170 W System.err: at libcore.io.Linux.android_getaddrinfo(Native Method)
03-14 19:56:04.446 3111 4170 W System.err:
03-14 19:56:04.446 3111 4170 W System.err: at libcore.io.ForwardingOs.android_getaddrinfo(ForwardingOs.java:133)
03-14 19:56:04.446 3111 4170 W System.err:
03-14 19:56:04.446 3111 4170 W System.err: at libcore.io.BlockGuardOs.android_getaddrinfo(BlockGuardOs.java:222)
03-14 19:56:04.446 3111 4170 W System.err:
03-14 19:56:04.446 3111 4170 W System.err: at libcore.io.ForwardingOs.android_getaddrinfo(ForwardingOs.java:133)
03-14 19:56:04.447 3111 4170 W System.err:
03-14 19:56:04.447 3111 4170 W System.err: at java.net.Inet6AddressImpl.lookupHostByName(Inet6AddressImpl.java:135)
03-14 19:56:04.447 3111 4170 W System.err:
03-14 19:56:04.447 3111 4170 W System.err: ... 27 more
03-14 19:56:04.447 3111 4170 W System.err:
03-14 19:56:17.312 3111 3111 E IPCThreadState: attemptIncStrongHandle(114): Not supported
03-14 19:56:17.312 3111 3111 E IPCThreadState: attemptIncStrongHandle(132): Not supported
03-14 19:56:19.390 3111 3111 E OplusBracketLog: [OplusViewMirrorManager] updateHostViewRootIfNeeded, not support android.view.ViewRootImpl@a62788d
03-14 19:56:19.438 3111 3377 W Parcel : Expecting binder but got null!
03-14 19:56:20.109 3111 3111 W InputEventReceiver: Attempted to finish an input event but the input event receiver has already been disposed.
03-14 19:56:21.911 3111 3111 E OplusBracketLog: [OplusViewMirrorManager] updateHostViewRootIfNeeded, not support android.view.ViewRootImpl@d29343d
03-14 19:56:21.937 3111 3111 E IPCThreadState: attemptIncStrongHandle(117): Not supported
03-14 19:56:21.987 3111 3377 W Parcel : Expecting binder but got null!
03-14 19:56:23.098 3111 3111 W InputEventReceiver: Attempted to finish an input event but the input event receiver has already been disposed.
03-14 19:56:33.667 3111 3111 E OplusBracketLog: [OplusViewMirrorManager] updateHostViewRootIfNeeded, not support android.view.ViewRootImpl@30a3d21
03-14 19:56:33.704 3111 3111 E IPCThreadState: attemptIncStrongHandle(131): Not supported
03-14 19:56:33.759 3111 3377 W Parcel : Expecting binder but got null!
03-14 19:56:34.225 3111 3111 W InputEventReceiver: Attempted to finish an input event but the input event receiver has already been disposed.
03-14 19:56:35.304 3111 3111 W TabLayout: MODE_SCROLLABLE + GRAVITY_FILL is not supported, GRAVITY_START will be used instead
