03-14 19:12:26.861 3111 3111 E ArmVmp : Match on catch block at 0xc3 in for 0x141
03-14 19:12:26.872 3111 3111 E ArmVmp : Match on catch block at 0xc3 in for 0x159
03-14 19:12:27.304 3111 3111 E ArmVmp : Match on catch block at 0xc3 in for 0x151
03-14 19:12:27.307 3111 3111 E ArmVmp : Match on catch block at 0xc3 in for 0x14d
03-14 19:12:27.319 3111 3111 E ArmVmp : Match on catch block at 0xc3 in for 0x155
03-14 19:12:27.322 3111 3111 E ArmVmp : Match on catch block at 0xc3 in for 0x151
03-14 19:12:27.336 3111 3111 E ArmVmp : Match on catch block at 0xc3 in for 0x159
03-14 19:12:27.338 3111 3111 E ArmVmp : Match on catch block at 0xc3 in for 0x155
03-14 19:12:27.352 3111 3111 E ArmVmp : Match on catch block at 0xc3 in for 0x141
03-14 19:12:27.355 3111 3111 E ArmVmp : Match on catch block at 0xc3 in for 0x159
03-14 19:12:27.370 3111 3111 E ArmVmp : Match on catch block at 0xc3 in for 0x145
03-14 19:12:27.376 3111 3111 E ArmVmp : Match on catch block at 0xc3 in for 0x141
03-14 19:12:27.387 3111 3111 E ArmVmp : Match on catch block at 0xc3 in for 0x149
03-14 19:12:27.394 3111 3111 E ArmVmp : Match on catch block at 0xc3 in for 0x145
03-14 19:12:27.404 3111 3111 E ArmVmp : Match on catch block at 0xc3 in for 0x14d
03-14 19:12:27.410 3111 3111 E ArmVmp : Match on catch block at 0xc3 in for 0x149
03-14 19:12:27.420 3111 3111 E ArmVmp : Match on catch block at 0xc3 in for 0x151
03-14 19:12:27.426 3111 3111 E ArmVmp : Match on catch block at 0xc3 in for 0x14d
03-14 19:12:27.437 3111 3111 E ArmVmp : Match on catch block at 0xc3 in for 0x155
03-14 19:12:27.442 3111 3111 E ArmVmp : Match on catch block at 0xc3 in for 0x151
03-14 19:12:27.453 3111 3111 E ArmVmp : Match on catch block at 0xc3 in for 0x159
03-14 19:12:27.459 3111 3111 E ArmVmp : Match on catch block at 0xc3 in for 0x155
03-14 19:12:27.470 3111 3111 E ArmVmp : Match on catch block at 0xc3 in for 0x141
03-14 19:12:27.476 3111 3111 E ArmVmp : Match on catch block at 0xc3 in for 0x159
03-14 19:12:27.487 3111 3111 E ArmVmp : Match on catch block at 0xc3 in for 0x145
03-14 19:12:27.493 3111 3111 E ArmVmp : Match on catch block at 0xc3 in for 0x141
03-14 19:12:27.503 3111 3111 E ArmVmp : Match on catch block at 0xc3 in for 0x149
03-14 19:12:27.509 3111 3111 E ArmVmp : Match on catch block at 0xc3 in for 0x145
03-14 19:12:27.804 3111 3111 E ArmVmp : Match on catch block at 0xc3 in for 0x14d
03-14 19:12:27.814 3111 3111 E ArmVmp : Match on catch block at 0xc3 in for 0x149
03-14 19:12:28.306 3111 3111 E ArmVmp : Match on catch block at 0xc3 in for 0x151
03-14 19:12:28.317 3111 3111 E ArmVmp : Match on catch block at 0xc3 in for 0x14d
03-14 19:12:28.805 3111 3111 E ArmVmp : Match on catch block at 0xc3 in for 0x155
03-14 19:12:28.816 3111 3111 E ArmVmp : Match on catch block at 0xc3 in for 0x151
03-14 19:12:29.321 3111 3111 E ArmVmp : Match on catch block at 0xc3 in for 0x159
03-14 19:12:29.332 3111 3111 E ArmVmp : Match on catch block at 0xc3 in for 0x155
03-14 19:12:29.820 3111 3111 E ArmVmp : Match on catch block at 0xc3 in for 0x141
03-14 19:12:29.831 3111 3111 E ArmVmp : Match on catch block at 0xc3 in for 0x159
03-14 19:12:30.319 3111 3111 E ArmVmp : Match on catch block at 0xc3 in for 0x145
03-14 19:12:30.330 3111 3111 E ArmVmp : Match on catch block at 0xc3 in for 0x141
03-14 19:12:30.818 3111 3111 E ArmVmp : Match on catch block at 0xc3 in for 0x149
03-14 19:12:30.829 3111 3111 E ArmVmp : Match on catch block at 0xc3 in for 0x145
03-14 19:12:31.317 3111 3111 E ArmVmp : Match on catch block at 0xc3 in for 0x14d
03-14 19:12:31.334 3111 3111 E ArmVmp : Match on catch block at 0xc3 in for 0x149
03-14 19:12:31.816 3111 3111 E ArmVmp : Match on catch block at 0xc3 in for 0x151
03-14 19:12:31.827 3111 3111 E ArmVmp : Match on catch block at 0xc3 in for 0x14d
03-14 19:12:32.314 3111 3111 E ArmVmp : Match on catch block at 0xc3 in for 0x155
03-14 19:12:32.325 3111 3111 E ArmVmp : Match on catch block at 0xc3 in for 0x151
03-14 19:12:32.830 3111 3111 E ArmVmp : Match on catch block at 0xc3 in for 0x159
03-14 19:12:32.841 3111 3111 E ArmVmp : Match on catch block at 0xc3 in for 0x155
03-14 19:12:32.983 3111 3111 E ArmVmp : Match on catch block at 0xc3 in for 0x141
03-14 19:12:32.994 3111 3111 E ArmVmp : Match on catch block at 0xc3 in for 0x159
03-14 19:12:33.012 3111 3111 E ArmVmp : Match on catch block at 0xc3 in for 0x145
03-14 19:12:33.021 3111 3111 E ArmVmp : Match on catch block at 0xc3 in for 0x141
03-14 19:12:33.044 3111 3111 E ArmVmp : Match on catch block at 0xc3 in for 0x149
03-14 19:12:33.054 3111 3111 E ArmVmp : Match on catch block at 0xc3 in for 0x145
03-14 19:12:33.079 3111 3111 E ArmVmp : Match on catch block at 0xc3 in for 0x14d
03-14 19:12:33.090 3111 3111 E ArmVmp : Match on catch block at 0xc3 in for 0x149
03-14 19:12:33.113 3111 3111 E ArmVmp : Match on catch block at 0xc3 in for 0x151
03-14 19:12:33.124 3111 3111 E ArmVmp : Match on catch block at 0xc3 in for 0x14d
03-14 19:12:33.146 3111 3111 E ArmVmp : Match on catch block at 0xc3 in for 0x155
03-14 19:12:33.154 3111 3111 E ArmVmp : Match on catch block at 0xc3 in for 0x151
03-14 19:12:33.177 3111 3111 E ArmVmp : Match on catch block at 0xc3 in for 0x159
03-14 19:12:33.187 3111 3111 E ArmVmp : Match on catch block at 0xc3 in for 0x155
03-14 19:12:33.210 3111 3111 E ArmVmp : Match on catch block at 0xc3 in for 0x141
03-14 19:12:33.220 3111 3111 E ArmVmp : Match on catch block at 0xc3 in for 0x159
03-14 19:12:33.246 3111 3111 E ArmVmp : Match on catch block at 0xc3 in for 0x145
03-14 19:12:33.257 3111 3111 E ArmVmp : Match on catch block at 0xc3 in for 0x141
03-14 19:12:33.276 3111 3111 E ArmVmp : Match on catch block at 0xc3 in for 0x149
03-14 19:12:33.285 3111 3111 E ArmVmp : Match on catch block at 0xc3 in for 0x145
03-14 19:12:33.324 3111 3111 E ArmVmp : Match on catch block at 0xc3 in for 0x14d
03-14 19:12:33.331 3111 3111 E ArmVmp : Match on catch block at 0xc3 in for 0x149
03-14 19:12:33.827 3111 3111 E ArmVmp : Match on catch block at 0xc3 in for 0x151
03-14 19:12:33.838 3111 3111 E ArmVmp : Match on catch block at 0xc3 in for 0x14d
03-14 19:12:34.136 3111 3111 E ArmVmp : Match on catch block at 0xc3 in for 0x159
03-14 19:12:34.138 3111 3111 E ArmVmp : Match on catch block at 0xc3 in for 0x155
03-14 19:12:34.174 3111 3111 E ArmVmp : Match on catch block at 0xc3 in for 0x145
03-14 19:12:34.177 3111 3111 E ArmVmp : Match on catch block at 0xc3 in for 0x141
03-14 19:12:34.191 3111 3377 E FrameEvents: updateAcquireFence: Did not find frame.
03-14 19:12:34.239 3111 3111 E ArmVmp : Match on catch block at 0xc3 in for 0x149
03-14 19:12:34.244 3111 3111 E ArmVmp : Match on catch block at 0xc3 in for 0x145
03-14 19:12:34.383 3111 3111 W ResourceType: Bad XML block: header size 18254 or total size 169478669 is larger than data size 380
03-14 19:12:34.386 3111 3111 W ResourceType: Bad XML block: header size 18254 or total size 169478669 is larger than data size 633
03-14 19:12:34.397 3111 3111 W ResourceType: Bad XML block: header size 18254 or total size 169478669 is larger than data size 677
03-14 19:12:34.400 3111 3111 W ResourceType: Bad XML block: header size 18254 or total size 169478669 is larger than data size 248
03-14 19:12:34.407 3111 3111 W ResourceType: Bad XML block: header size 18254 or total size 169478669 is larger than data size 571
03-14 19:12:34.415 3111 3111 W ResourceType: Bad XML block: header size 18254 or total size 169478669 is larger than data size 333
03-14 19:12:34.418 3111 3111 W ResourceType: Bad XML block: header size 18254 or total size 169478669 is larger than data size 650
03-14 19:12:34.421 3111 3111 W ResourceType: Bad XML block: header size 18254 or total size 169478669 is larger than data size 1150
03-14 19:12:34.425 3111 3111 W ResourceType: Bad XML block: header size 18254 or total size 169478669 is larger than data size 491
03-14 19:12:34.429 3111 3111 W ResourceType: Bad XML block: header size 18254 or total size 169478669 is larger than data size 1150
03-14 19:12:34.432 3111 3111 W ResourceType: Bad XML block: header size 18254 or total size 169478669 is larger than data size 659
03-14 19:12:34.436 3111 3111 W ResourceType: Bad XML block: header size 18254 or total size 169478669 is larger than data size 593
03-14 19:12:34.463 3111 3111 W ResourceType: Bad XML block: header size 18254 or total size 169478669 is larger than data size 473
03-14 19:12:34.466 3111 3111 W ResourceType: Bad XML block: header size 18254 or total size 169478669 is larger than data size 510
03-14 19:12:34.495 3111 3111 W ResourceType: Bad XML block: header size 18254 or total size 169478669 is larger than data size 473
03-14 19:12:34.533 3111 3111 E ArmVmp : Match on catch block at 0xc3 in for 0x149
03-14 19:12:34.536 3111 3111 E ArmVmp : Match on catch block at 0xc3 in for 0x145
03-14 19:12:34.544 3111 3111 E OplusBracketLog: [OplusViewMirrorManager] updateHostViewRootIfNeeded, not support android.view.ViewRootImpl@f0a1da1
03-14 19:12:34.577 3111 3111 E IPCThreadState: attemptIncStrongHandle(73): Not supported
03-14 19:12:34.589 3111 3111 W View : requestLayout() improperly called by android.widget.Space{8a9ee52 I.ED..... ......I. 36,108-48,120 #7f0b00ba app:id/action_tile_spacing viewInfo = } during layout: running second layout pass
03-14 19:12:34.589 3111 3111 W View : requestLayout() improperly called by android.widget.Space{c63a523 I.ED..... ......I. 36,108-48,120 #7f0b00ba app:id/action_tile_spacing viewInfo = } during layout: running second layout pass
03-14 19:12:34.589 3111 3111 W View : requestLayout() improperly called by android.widget.Space{ed02a20 I.ED..... ......I. 36,108-48,120 #7f0b00ba app:id/action_tile_spacing viewInfo = } during layout: running second layout pass
03-14 19:12:34.595 3111 3111 W ResourceType: Bad XML block: header size 18254 or total size 169478669 is larger than data size 853
03-14 19:12:34.607 3111 3111 E ArmVmp : Match on catch block at 0xc3 in for 0x159
03-14 19:12:34.610 3111 3111 E ArmVmp : Match on catch block at 0xc3 in for 0x155
03-14 19:12:34.636 3111 3111 E ArmVmp : Match on catch block at 0xc3 in for 0x145
03-14 19:12:34.640 3111 3111 E ArmVmp : Match on catch block at 0xc3 in for 0x141
03-14 19:12:34.707 3111 3377 W Parcel : Expecting binder but got null!
03-14 19:12:34.710 3111 3111 E ArmVmp : Match on catch block at 0xc3 in for 0x149
03-14 19:12:34.715 3111 3111 E ArmVmp : Match on catch block at 0xc3 in for 0x145
03-14 19:12:34.732 3111 3111 E ArmVmp : Match on catch block at 0xc3 in for 0x14d
03-14 19:12:34.739 3111 3111 E ArmVmp : Match on catch block at 0xc3 in for 0x149
03-14 19:12:34.768 3111 3111 E ArmVmp : Match on catch block at 0xc3 in for 0x155
03-14 19:12:34.772 3111 3111 E ArmVmp : Match on catch block at 0xc3 in for 0x151
03-14 19:12:34.791 3111 3111 W OnBackInvokedCallback: OnBackInvokedCallback is not enabled for the application.
03-14 19:12:34.791 3111 3111 W OnBackInvokedCallback: Set 'android:enableOnBackInvokedCallback="true"' in the application manifest.
03-14 19:12:34.813 3111 3111 W RemoteInputConnectionImpl: requestCursorAnchorInfo on inactive InputConnection
03-14 19:12:34.828 3111 3111 E ArmVmp : Match on catch block at 0xc3 in for 0x14d
03-14 19:12:34.832 3111 3111 E ArmVmp : Match on catch block at 0xc3 in for 0x149
03-14 19:12:34.855 3111 3111 E ArmVmp : Match on catch block at 0xc3 in for 0x151
03-14 19:12:34.859 3111 3111 E ArmVmp : Match on catch block at 0xc3 in for 0x14d
03-14 19:12:34.887 3111 3111 E ArmVmp : Match on catch block at 0xc3 in for 0x159
03-14 19:12:34.892 3111 3111 E ArmVmp : Match on catch block at 0xc3 in for 0x155
03-14 19:12:34.913 3111 3111 E ArmVmp : Match on catch block at 0xc3 in for 0x141
03-14 19:12:34.916 3111 3111 E ArmVmp : Match on catch block at 0xc3 in for 0x159
03-14 19:12:35.022 3111 3111 E ArmVmp : Match on catch block at 0xc3 in for 0x155
03-14 19:12:35.027 3111 3111 E ArmVmp : Match on catch block at 0xc3 in for 0x151
03-14 19:12:40.203 3111 3111 E OplusBracketLog: [OplusViewMirrorManager] updateHostViewRootIfNeeded, not support android.view.ViewRootImpl@907385f
03-14 19:12:40.218 3111 3111 E IPCThreadState: attemptIncStrongHandle(98): Not supported
03-14 19:12:40.230 3111 3377 W Parcel : Expecting binder but got null!
03-14 19:12:41.066 3111 3111 W ResourceType: Bad XML block: header size 18254 or total size 169478669 is larger than data size 380
03-14 19:12:41.068 3111 3111 W ResourceType: Bad XML block: header size 18254 or total size 169478669 is larger than data size 633
03-14 19:12:41.077 3111 3111 W ResourceType: Bad XML block: header size 18254 or total size 169478669 is larger than data size 677
03-14 19:12:41.080 3111 3111 W ResourceType: Bad XML block: header size 18254 or total size 169478669 is larger than data size 248
03-14 19:12:41.087 3111 3111 W ResourceType: Bad XML block: header size 18254 or total size 169478669 is larger than data size 571
03-14 19:12:41.094 3111 3111 W ResourceType: Bad XML block: header size 18254 or total size 169478669 is larger than data size 333
03-14 19:12:41.097 3111 3111 W ResourceType: Bad XML block: header size 18254 or total size 169478669 is larger than data size 650
03-14 19:12:41.100 3111 3111 W ResourceType: Bad XML block: header size 18254 or total size 169478669 is larger than data size 1150
03-14 19:12:41.103 3111 3111 W ResourceType: Bad XML block: header size 18254 or total size 169478669 is larger than data size 491
03-14 19:12:41.107 3111 3111 W ResourceType: Bad XML block: header size 18254 or total size 169478669 is larger than data size 1150
03-14 19:12:41.110 3111 3111 W ResourceType: Bad XML block: header size 18254 or total size 169478669 is larger than data size 659
03-14 19:12:41.113 3111 3111 W ResourceType: Bad XML block: header size 18254 or total size 169478669 is larger than data size 593
03-14 19:12:41.122 3111 3111 W ResourceType: Bad XML block: header size 18254 or total size 169478669 is larger than data size 1171
03-14 19:12:41.125 3111 3111 W ResourceType: Bad XML block: header size 18254 or total size 169478669 is larger than data size 510
03-14 19:12:41.149 3111 3111 W ResourceType: Bad XML block: header size 18254 or total size 169478669 is larger than data size 853
03-14 19:12:41.194 3111 3111 W ResourceType: Bad XML block: header size 18254 or total size 169478669 is larger than data size 650
03-14 19:12:41.215 3111 3111 E OplusBracketLog: [OplusViewMirrorManager] updateHostViewRootIfNeeded, not support android.view.ViewRootImpl@97a2862
03-14 19:12:41.243 3111 3111 W View : requestLayout() improperly called by android.widget.Space{fd668ae I.ED..... ......I. 36,108-48,120 #7f0b00ba app:id/action_tile_spacing viewInfo = } during layout: running second layout pass
03-14 19:12:41.243 3111 3111 W View : requestLayout() improperly called by android.widget.Space{6c3c64f I.ED..... ......I. 36,108-48,120 #7f0b00ba app:id/action_tile_spacing viewInfo = } during layout: running second layout pass
03-14 19:12:41.243 3111 3111 W View : requestLayout() improperly called by android.widget.Space{7e1b1dc I.ED..... ......I. 36,108-48,120 #7f0b00ba app:id/action_tile_spacing viewInfo = } during layout: running second layout pass
03-14 19:12:41.272 3111 3377 W Parcel : Expecting binder but got null!
03-14 19:12:41.679 3111 3111 W ResourceType: Bad XML block: header size 18254 or total size 169478669 is larger than data size 853
03-14 19:12:41.909 3111 3111 W ResourceType: Bad XML block: header size 18254 or total size 169478669 is larger than data size 650
03-14 19:12:43.131 3111 3111 E ArmVmp : Match on catch block at 0x0a in for 0x185
03-14 19:12:43.135 3111 3111 E ArmVmp : Match on catch block at 0x0a in for 0x199
03-14 19:12:43.186 3111 3111 E OplusBracketLog: [OplusViewMirrorManager] updateHostViewRootIfNeeded, not support android.view.ViewRootImpl@1519c60
03-14 19:12:43.208 3111 3111 E IPCThreadState: attemptIncStrongHandle(148): Not supported
03-14 19:12:43.208 3111 3111 E IPCThreadState: attemptIncStrongHandle(145): Not supported
03-14 19:12:43.229 3111 3111 E ArmVmp : Match on catch block at 0xc3 in for 0x169
03-14 19:12:43.232 3111 3111 E ArmVmp : Match on catch block at 0xc3 in for 0x161
03-14 19:12:43.259 3111 3377 W Parcel : Expecting binder but got null!
03-14 19:12:43.294 3111 3111 E ArmVmp : Match on catch block at 0xc3 in for 0x145
03-14 19:12:43.297 3111 3111 E ArmVmp : Match on catch block at 0xc3 in for 0x141
03-14 19:12:43.332 3111 3111 E ArmVmp : Match on catch block at 0xc3 in for 0x145
03-14 19:12:43.336 3111 3111 E ArmVmp : Match on catch block at 0xc3 in for 0x141
03-14 19:12:43.351 3111 3111 E ArmVmp : Match on catch block at 0xc3 in for 0x149
03-14 19:12:43.354 3111 3111 E ArmVmp : Match on catch block at 0xc3 in for 0x145
03-14 19:12:43.370 3111 3111 E ArmVmp : Match on catch block at 0xc3 in for 0x14d
03-14 19:12:43.373 3111 3111 E ArmVmp : Match on catch block at 0xc3 in for 0x149
03-14 19:12:43.387 3111 3111 E ArmVmp : Match on catch block at 0xc3 in for 0x151
03-14 19:12:43.392 3111 3111 E ArmVmp : Match on catch block at 0xc3 in for 0x14d
03-14 19:12:43.401 3111 3111 E ArmVmp : Match on catch block at 0xc3 in for 0x155
03-14 19:12:43.406 3111 3111 E ArmVmp : Match on catch block at 0xc3 in for 0x151
03-14 19:12:43.451 3111 3111 E ArmVmp : Match on catch block at 0xc3 in for 0x159
03-14 19:12:43.455 3111 3111 E ArmVmp : Match on catch block at 0xc3 in for 0x155
03-14 19:12:43.466 3111 3111 E ArmVmp : Match on catch block at 0xc3 in for 0x141
03-14 19:12:43.471 3111 3111 E ArmVmp : Match on catch block at 0xc3 in for 0x159
03-14 19:12:43.481 3111 3111 E ArmVmp : Match on catch block at 0xc3 in for 0x151
03-14 19:12:43.484 3111 3111 E ArmVmp : Match on catch block at 0xc3 in for 0x14d
03-14 19:12:43.498 3111 3111 E ArmVmp : Match on catch block at 0xc3 in for 0x155
03-14 19:12:43.500 3111 3111 E ArmVmp : Match on catch block at 0xc3 in for 0x151
03-14 19:12:43.516 3111 3111 E ArmVmp : Match on catch block at 0xc3 in for 0x159
03-14 19:12:43.519 3111 3111 E ArmVmp : Match on catch block at 0xc3 in for 0x155
03-14 19:12:43.531 3111 3111 E ArmVmp : Match on catch block at 0xc3 in for 0x141
03-14 19:12:43.535 3111 3111 E ArmVmp : Match on catch block at 0xc3 in for 0x159
03-14 19:12:43.548 3111 3111 E ArmVmp : Match on catch block at 0xc3 in for 0x145
03-14 19:12:43.553 3111 3111 E ArmVmp : Match on catch block at 0xc3 in for 0x141
03-14 19:12:43.952 3111 3111 E ArmVmp : Match on catch block at 0xc3 in for 0x145
03-14 19:12:43.955 3111 3111 E ArmVmp : Match on catch block at 0xc3 in for 0x141
03-14 19:12:44.032 3111 3111 E ArmVmp : Match on catch block at 0xc3 in for 0x151
03-14 19:12:44.036 3111 3111 E ArmVmp : Match on catch block at 0xc3 in for 0x14d
03-14 19:12:44.070 3111 3111 W OnBackInvokedCallback: OnBackInvokedCallback is not enabled for the application.
03-14 19:12:44.070 3111 3111 W OnBackInvokedCallback: Set 'android:enableOnBackInvokedCallback="true"' in the application manifest.
03-14 19:12:44.116 3111 3111 E ArmVmp : Match on catch block at 0xc3 in for 0x155
03-14 19:12:44.119 3111 3111 E ArmVmp : Match on catch block at 0xc3 in for 0x151
03-14 19:12:44.130 3111 3111 E ArmVmp : Match on catch block at 0xc3 in for 0x159
03-14 19:12:44.133 3111 3111 E ArmVmp : Match on catch block at 0xc3 in for 0x155
03-14 19:12:44.445 3111 3111 E ArmVmp : Match on catch block at 0xc3 in for 0x141
03-14 19:12:44.448 3111 3111 E ArmVmp : Match on catch block at 0xc3 in for 0x159
03-14 19:12:44.780 3111 3111 E ArmVmp : Match on catch block at 0xc3 in for 0x141
03-14 19:12:44.785 3111 3111 E ArmVmp : Match on catch block at 0xc3 in for 0x159
03-14 19:12:44.803 3111 3111 E ArmVmp : Match on catch block at 0xc3 in for 0x141
03-14 19:12:44.806 3111 3111 E ArmVmp : Match on catch block at 0xc3 in for 0x159
03-14 19:12:44.811 3111 3111 E ArmVmp : Match on catch block at 0xc3 in for 0x145
03-14 19:12:44.814 3111 3111 E ArmVmp : Match on catch block at 0xc3 in for 0x141
03-14 19:12:44.828 3111 3111 E ArmVmp : Match on catch block at 0xc3 in for 0x149
03-14 19:12:44.832 3111 3111 E ArmVmp : Match on catch block at 0xc3 in for 0x145
03-14 19:12:44.845 3111 3111 E ArmVmp : Match on catch block at 0xc3 in for 0x14d
03-14 19:12:44.848 3111 3111 E ArmVmp : Match on catch block at 0xc3 in for 0x149
03-14 19:12:44.862 3111 3111 E ArmVmp : Match on catch block at 0xc3 in for 0x151
03-14 19:12:44.865 3111 3111 E ArmVmp : Match on catch block at 0xc3 in for 0x14d
03-14 19:12:44.878 3111 3111 E ArmVmp : Match on catch block at 0xc3 in for 0x155
03-14 19:12:44.882 3111 3111 E ArmVmp : Match on catch block at 0xc3 in for 0x151
03-14 19:12:44.895 3111 3111 E ArmVmp : Match on catch block at 0xc3 in for 0x159
03-14 19:12:44.898 3111 3111 E ArmVmp : Match on catch block at 0xc3 in for 0x155
03-14 19:12:44.915 3111 3111 E ArmVmp : Match on catch block at 0xc3 in for 0x141
03-14 19:12:44.918 3111 3111 E ArmVmp : Match on catch block at 0xc3 in for 0x159
03-14 19:12:44.927 3111 3111 E ArmVmp : Match on catch block at 0xc3 in for 0x145
03-14 19:12:44.930 3111 3111 E ArmVmp : Match on catch block at 0xc3 in for 0x141
03-14 19:12:44.944 3111 3111 E ArmVmp : Match on catch block at 0xc3 in for 0x149
03-14 19:12:44.947 3111 3111 E ArmVmp : Match on catch block at 0xc3 in for 0x145
03-14 19:12:44.961 3111 3111 E ArmVmp : Match on catch block at 0xc3 in for 0x141
03-14 19:12:44.964 3111 3111 E ArmVmp : Match on catch block at 0xc3 in for 0x159
03-14 19:12:44.977 3111 3111 E ArmVmp : Match on catch block at 0xc3 in for 0x145
03-14 19:12:44.981 3111 3111 E ArmVmp : Match on catch block at 0xc3 in for 0x141
03-14 19:12:45.278 3111 3111 E ArmVmp : Match on catch block at 0xc3 in for 0x159
03-14 19:12:45.282 3111 3111 E ArmVmp : Match on catch block at 0xc3 in for 0x155
03-14 19:12:45.593 3111 3111 E ArmVmp : Match on catch block at 0xc3 in for 0x141
03-14 19:12:45.595 3111 3111 E ArmVmp : Match on catch block at 0xc3 in for 0x159
03-14 19:12:45.612 3111 3111 E ArmVmp : Match on catch block at 0xc3 in for 0x155
03-14 19:12:45.615 3111 3111 E ArmVmp : Match on catch block at 0xc3 in for 0x151
03-14 19:12:45.631 3111 3111 E ArmVmp : Match on catch block at 0xc3 in for 0x159
03-14 19:12:45.635 3111 3111 E ArmVmp : Match on catch block at 0xc3 in for 0x155
03-14 19:12:45.666 3111 3111 E ArmVmp : Match on catch block at 0xc3 in for 0x145
03-14 19:12:45.670 3111 3111 E ArmVmp : Match on catch block at 0xc3 in for 0x141
03-14 19:12:45.691 3111 3111 E ArmVmp : Match on catch block at 0xc3 in for 0x14d
03-14 19:12:45.694 3111 3111 E ArmVmp : Match on catch block at 0xc3 in for 0x149
03-14 19:12:45.709 3111 3111 E ArmVmp : Match on catch block at 0xc3 in for 0x151
03-14 19:12:45.713 3111 3111 E ArmVmp : Match on catch block at 0xc3 in for 0x14d
03-14 19:12:45.726 3111 3111 E ArmVmp : Match on catch block at 0xc3 in for 0x155
03-14 19:12:45.731 3111 3111 E ArmVmp : Match on catch block at 0xc3 in for 0x151
03-14 19:12:45.743 3111 3111 E ArmVmp : Match on catch block at 0xc3 in for 0x159
03-14 19:12:45.746 3111 3111 E ArmVmp : Match on catch block at 0xc3 in for 0x155
03-14 19:12:45.759 3111 3111 E ArmVmp : Match on catch block at 0xc3 in for 0x141
03-14 19:12:45.762 3111 3111 E ArmVmp : Match on catch block at 0xc3 in for 0x159
03-14 19:12:45.777 3111 3111 E ArmVmp : Match on catch block at 0xc3 in for 0x145
03-14 19:12:45.781 3111 3111 E ArmVmp : Match on catch block at 0xc3 in for 0x141
03-14 19:12:45.794 3111 3111 E ArmVmp : Match on catch block at 0xc3 in for 0x149
03-14 19:12:45.800 3111 3111 E ArmVmp : Match on catch block at 0xc3 in for 0x145
03-14 19:12:45.810 3111 3111 E ArmVmp : Match on catch block at 0xc3 in for 0x14d
03-14 19:12:45.815 3111 3111 E ArmVmp : Match on catch block at 0xc3 in for 0x149
03-14 19:12:46.097 3111 3111 E ArmVmp : Match on catch block at 0xc3 in for 0x14d
03-14 19:12:46.103 3111 3111 E ArmVmp : Match on catch block at 0xc3 in for 0x149
03-14 19:12:46.113 3111 3438 W MediaPlayer: Use of stream types is deprecated for operations other than volume control
03-14 19:12:46.113 3111 3438 W MediaPlayer: See the documentation of setAudioStreamType() for what to use instead with android.media.AudioAttributes to qualify your playback use case
03-14 19:12:46.125 3111 3111 E ArmVmp : Match on catch block at 0xc3 in for 0x149
03-14 19:12:46.128 3111 3111 E ArmVmp : Match on catch block at 0xc3 in for 0x145
03-14 19:12:46.624 3111 3111 E ArmVmp : Match on catch block at 0xc3 in for 0x14d
03-14 19:12:46.627 3111 3111 E ArmVmp : Match on catch block at 0xc3 in for 0x149
03-14 19:12:46.943 3111 3111 E ArmVmp : Match on catch block at 0xc3 in for 0x151
03-14 19:12:46.946 3111 3111 E ArmVmp : Match on catch block at 0xc3 in for 0x14d
03-14 19:12:46.958 3111 3111 E ArmVmp : Match on catch block at 0xc3 in for 0x151
03-14 19:12:46.960 3111 3111 E ArmVmp : Match on catch block at 0xc3 in for 0x14d
03-14 19:12:47.123 3111 3111 E ArmVmp : Match on catch block at 0xc3 in for 0x14d
03-14 19:12:47.126 3111 3111 E ArmVmp : Match on catch block at 0xc3 in for 0x149
03-14 19:12:47.622 3111 3111 E ArmVmp : Match on catch block at 0xc3 in for 0x145
03-14 19:12:47.624 3111 3111 E ArmVmp : Match on catch block at 0xc3 in for 0x141
03-14 19:12:48.122 3111 3111 E ArmVmp : Match on catch block at 0xc3 in for 0x149
03-14 19:12:48.127 3111 3111 E ArmVmp : Match on catch block at 0xc3 in for 0x145
03-14 19:12:48.621 3111 3111 E ArmVmp : Match on catch block at 0xc3 in for 0x14d
03-14 19:12:48.625 3111 3111 E ArmVmp : Match on catch block at 0xc3 in for 0x149
03-14 19:12:48.721 3111 3111 E ArmVmp : Match on catch block at 0xc3 in for 0x14d
03-14 19:12:48.724 3111 3111 E ArmVmp : Match on catch block at 0xc3 in for 0x149
03-14 19:12:48.738 3111 3111 E ArmVmp : Match on catch block at 0xc3 in for 0x149
03-14 19:12:48.742 3111 3111 E ArmVmp : Match on catch block at 0xc3 in for 0x145
03-14 19:12:48.753 3111 3111 E ArmVmp : Match on catch block at 0xc3 in for 0x14d
03-14 19:12:48.759 3111 3111 E ArmVmp : Match on catch block at 0xc3 in for 0x149
03-14 19:12:48.770 3111 3111 E ArmVmp : Match on catch block at 0xc3 in for 0x151
03-14 19:12:48.776 3111 3111 E ArmVmp : Match on catch block at 0xc3 in for 0x14d
03-14 19:12:48.789 3111 3111 E ArmVmp : Match on catch block at 0xc3 in for 0x155
03-14 19:12:48.794 3111 3111 E ArmVmp : Match on catch block at 0xc3 in for 0x151
03-14 19:12:48.804 3111 3111 E ArmVmp : Match on catch block at 0xc3 in for 0x159
03-14 19:12:48.809 3111 3111 E ArmVmp : Match on catch block at 0xc3 in for 0x155
03-14 19:12:48.819 3111 3111 E ArmVmp : Match on catch block at 0xc3 in for 0x141
03-14 19:12:48.824 3111 3111 E ArmVmp : Match on catch block at 0xc3 in for 0x159
03-14 19:12:48.840 3111 3111 E ArmVmp : Match on catch block at 0xc3 in for 0x145
03-14 19:12:48.844 3111 3111 E ArmVmp : Match on catch block at 0xc3 in for 0x141
03-14 19:12:48.852 3111 3111 E ArmVmp : Match on catch block at 0xc3 in for 0x149
03-14 19:12:48.856 3111 3111 E ArmVmp : Match on catch block at 0xc3 in for 0x145
03-14 19:12:48.869 3111 3111 E ArmVmp : Match on catch block at 0xc3 in for 0x14d
03-14 19:12:48.873 3111 3111 E ArmVmp : Match on catch block at 0xc3 in for 0x149
03-14 19:12:48.887 3111 3111 E ArmVmp : Match on catch block at 0xc3 in for 0x151
03-14 19:12:48.892 3111 3111 E ArmVmp : Match on catch block at 0xc3 in for 0x14d
03-14 19:12:48.908 3111 3111 E ArmVmp : Match on catch block at 0xc3 in for 0x141
03-14 19:12:48.914 3111 3111 E ArmVmp : Match on catch block at 0xc3 in for 0x159
03-14 19:12:48.935 3111 3111 E ArmVmp : Match on catch block at 0xc3 in for 0x145
03-14 19:12:48.939 3111 3111 E ArmVmp : Match on catch block at 0xc3 in for 0x141
03-14 19:12:48.969 3111 3111 E ArmVmp : Match on catch block at 0xc3 in for 0x151
03-14 19:12:48.974 3111 3111 E ArmVmp : Match on catch block at 0xc3 in for 0x14d
03-14 19:12:49.190 3111 3111 E ArmVmp : Match on catch block at 0xc3 in for 0x141
03-14 19:12:49.195 3111 3111 E ArmVmp : Match on catch block at 0xc3 in for 0x159
03-14 19:12:49.218 3111 3111 E ArmVmp : Match on catch block at 0xc3 in for 0x145
03-14 19:12:49.222 3111 3111 E ArmVmp : Match on catch block at 0xc3 in for 0x141
03-14 19:12:49.235 3111 3111 E ArmVmp : Match on catch block at 0xc3 in for 0x149
03-14 19:12:49.238 3111 3111 E ArmVmp : Match on catch block at 0xc3 in for 0x145
03-14 19:12:49.251 3111 3111 E ArmVmp : Match on catch block at 0xc3 in for 0x14d
03-14 19:12:49.254 3111 3111 E ArmVmp : Match on catch block at 0xc3 in for 0x149
03-14 19:12:49.269 3111 3111 E ArmVmp : Match on catch block at 0xc3 in for 0x151
03-14 19:12:49.273 3111 3111 E ArmVmp : Match on catch block at 0xc3 in for 0x14d
03-14 19:12:49.285 3111 3111 E ArmVmp : Match on catch block at 0xc3 in for 0x155
03-14 19:12:49.291 3111 3111 E ArmVmp : Match on catch block at 0xc3 in for 0x151
03-14 19:12:49.304 3111 3111 E ArmVmp : Match on catch block at 0xc3 in for 0x159
03-14 19:12:49.309 3111 3111 E ArmVmp : Match on catch block at 0xc3 in for 0x155
03-14 19:12:49.320 3111 3111 E ArmVmp : Match on catch block at 0xc3 in for 0x141
03-14 19:12:49.325 3111 3111 E ArmVmp : Match on catch block at 0xc3 in for 0x159
03-14 19:12:49.335 3111 3111 E ArmVmp : Match on catch block at 0xc3 in for 0x145
03-14 19:12:49.338 3111 3111 E ArmVmp : Match on catch block at 0xc3 in for 0x141
03-14 19:12:49.351 3111 3111 E ArmVmp : Match on catch block at 0xc3 in for 0x149
03-14 19:12:49.355 3111 3111 E ArmVmp : Match on catch block at 0xc3 in for 0x145
03-14 19:12:49.368 3111 3111 E ArmVmp : Match on catch block at 0xc3 in for 0x14d
03-14 19:12:49.374 3111 3111 E ArmVmp : Match on catch block at 0xc3 in for 0x149
03-14 19:12:49.384 3111 3111 E ArmVmp : Match on catch block at 0xc3 in for 0x151
03-14 19:12:49.389 3111 3111 E ArmVmp : Match on catch block at 0xc3 in for 0x14d
03-14 19:12:49.402 3111 3111 E ArmVmp : Match on catch block at 0xc3 in for 0x155
03-14 19:12:49.406 3111 3111 E ArmVmp : Match on catch block at 0xc3 in for 0x151
03-14 19:12:49.417 3111 3111 E ArmVmp : Match on catch block at 0xc3 in for 0x159
03-14 19:12:49.420 3111 3111 E ArmVmp : Match on catch block at 0xc3 in for 0x155
03-14 19:12:49.434 3111 3111 E ArmVmp : Match on catch block at 0xc3 in for 0x141
03-14 19:12:49.437 3111 3111 E ArmVmp : Match on catch block at 0xc3 in for 0x159
03-14 19:12:49.451 3111 3111 E ArmVmp : Match on catch block at 0xc3 in for 0x145
03-14 19:12:49.454 3111 3111 E ArmVmp : Match on catch block at 0xc3 in for 0x141
03-14 19:12:49.468 3111 3111 E ArmVmp : Match on catch block at 0xc3 in for 0x149
03-14 19:12:49.472 3111 3111 E ArmVmp : Match on catch block at 0xc3 in for 0x145
03-14 19:12:49.484 3111 3111 E ArmVmp : Match on catch block at 0xc3 in for 0x14d
03-14 19:12:49.488 3111 3111 E ArmVmp : Match on catch block at 0xc3 in for 0x149
03-14 19:12:49.501 3111 3111 E ArmVmp : Match on catch block at 0xc3 in for 0x151
03-14 19:12:49.504 3111 3111 E ArmVmp : Match on catch block at 0xc3 in for 0x14d
03-14 19:12:49.518 3111 3111 E ArmVmp : Match on catch block at 0xc3 in for 0x155
03-14 19:12:49.522 3111 3111 E ArmVmp : Match on catch block at 0xc3 in for 0x151
03-14 19:12:49.534 3111 3111 E ArmVmp : Match on catch block at 0xc3 in for 0x159
03-14 19:12:49.537 3111 3111 E ArmVmp : Match on catch block at 0xc3 in for 0x155
03-14 19:12:49.551 3111 3111 E ArmVmp : Match on catch block at 0xc3 in for 0x141
03-14 19:12:49.554 3111 3111 E ArmVmp : Match on catch block at 0xc3 in for 0x159
03-14 19:12:49.567 3111 3111 E ArmVmp : Match on catch block at 0xc3 in for 0x145
03-14 19:12:49.572 3111 3111 E ArmVmp : Match on catch block at 0xc3 in for 0x141
03-14 19:12:49.584 3111 3111 E ArmVmp : Match on catch block at 0xc3 in for 0x149
03-14 19:12:49.587 3111 3111 E ArmVmp : Match on catch block at 0xc3 in for 0x145
03-14 19:12:49.600 3111 3111 E ArmVmp : Match on catch block at 0xc3 in for 0x14d
03-14 19:12:49.604 3111 3111 E ArmVmp : Match on catch block at 0xc3 in for 0x149
03-14 19:12:49.701 3111 3111 E ArmVmp : Match on catch block at 0xc3 in for 0x151
03-14 19:12:49.708 3111 3111 E ArmVmp : Match on catch block at 0xc3 in for 0x14d
03-14 19:12:49.886 3111 3111 E ArmVmp : Match on catch block at 0xc3 in for 0x141
03-14 19:12:49.891 3111 3111 E ArmVmp : Match on catch block at 0xc3 in for 0x159
03-14 19:12:50.067 3111 3111 E ArmVmp : Match on catch block at 0xc3 in for 0x14d
03-14 19:12:50.074 3111 3111 E ArmVmp : Match on catch block at 0xc3 in for 0x149
03-14 19:12:50.334 3111 3111 E ArmVmp : Match on catch block at 0xc3 in for 0x159
03-14 19:12:50.342 3111 3111 E ArmVmp : Match on catch block at 0xc3 in for 0x155
03-14 19:12:50.834 3111 3111 E ArmVmp : Match on catch block at 0xc3 in for 0x141
03-14 19:12:50.840 3111 3111 E ArmVmp : Match on catch block at 0xc3 in for 0x159
03-14 19:12:51.017 3111 3111 E ArmVmp : Match on catch block at 0xc3 in for 0x14d
03-14 19:12:51.025 3111 3111 E ArmVmp : Match on catch block at 0xc3 in for 0x149
03-14 19:12:51.167 3111 3111 E ArmVmp : Match on catch block at 0xc3 in for 0x159
03-14 19:12:51.174 3111 3111 E ArmVmp : Match on catch block at 0xc3 in for 0x155
03-14 19:12:51.450 3111 3111 E ArmVmp : Match on catch block at 0xc3 in for 0x149
03-14 19:12:51.458 3111 3111 E ArmVmp : Match on catch block at 0xc3 in for 0x145
03-14 19:12:51.665 3111 3111 E ArmVmp : Match on catch block at 0xc3 in for 0x155
03-14 19:12:51.672 3111 3111 E ArmVmp : Match on catch block at 0xc3 in for 0x151
03-14 19:12:51.881 3111 3111 E ArmVmp : Match on catch block at 0xc3 in for 0x145
03-14 19:12:51.887 3111 3111 E ArmVmp : Match on catch block at 0xc3 in for 0x141
03-14 19:12:52.379 3111 3111 E ArmVmp : Match on catch block at 0xc3 in for 0x149
03-14 19:12:52.384 3111 3111 E ArmVmp : Match on catch block at 0xc3 in for 0x145
03-14 19:12:52.414 3111 3111 E ArmVmp : Match on catch block at 0xc3 in for 0x155
03-14 19:12:52.420 3111 3111 E ArmVmp : Match on catch block at 0xc3 in for 0x151
03-14 19:12:52.613 3111 3111 E ArmVmp : Match on catch block at 0xc3 in for 0x159
03-14 19:12:52.619 3111 3111 E ArmVmp : Match on catch block at 0xc3 in for 0x155
03-14 19:12:52.809 3111 3111 E ArmVmp : Match on catch block at 0xc3 in for 0x149
03-14 19:12:52.812 3111 3111 E ArmVmp : Match on catch block at 0xc3 in for 0x145
03-14 19:12:52.994 3111 3111 E ArmVmp : Match on catch block at 0xc3 in for 0x155
03-14 19:12:52.998 3111 3111 E ArmVmp : Match on catch block at 0xc3 in for 0x151
03-14 19:12:53.125 3111 3111 E ArmVmp : Match on catch block at 0xc3 in for 0x145
03-14 19:12:53.128 3111 3111 E ArmVmp : Match on catch block at 0xc3 in for 0x141
03-14 19:12:53.409 3111 3111 E ArmVmp : Match on catch block at 0xc3 in for 0x151
03-14 19:12:53.413 3111 3111 E ArmVmp : Match on catch block at 0xc3 in for 0x14d
03-14 19:12:53.508 3111 3111 E ArmVmp : Match on catch block at 0xc3 in for 0x141
03-14 19:12:53.510 3111 3111 E ArmVmp : Match on catch block at 0xc3 in for 0x159
03-14 19:12:53.757 3111 3111 E ArmVmp : Match on catch block at 0xc3 in for 0x14d
03-14 19:12:53.760 3111 3111 E ArmVmp : Match on catch block at 0xc3 in for 0x149
03-14 19:12:53.807 3111 3111 E ArmVmp : Match on catch block at 0xc3 in for 0x151
03-14 19:12:53.810 3111 3111 E ArmVmp : Match on catch block at 0xc3 in for 0x14d
03-14 19:12:53.966 3111 3111 E ArmVmp : Match on catch block at 0xc3 in for 0x141
03-14 19:12:53.969 3111 3111 E ArmVmp : Match on catch block at 0xc3 in for 0x159
03-14 19:12:53.989 3111 3111 E ArmVmp : Match on catch block at 0xc3 in for 0x145
03-14 19:12:53.992 3111 3111 E ArmVmp : Match on catch block at 0xc3 in for 0x141
03-14 19:12:54.006 3111 3111 E ArmVmp : Match on catch block at 0xc3 in for 0x151
03-14 19:12:54.008 3111 3111 E ArmVmp : Match on catch block at 0xc3 in for 0x14d
03-14 19:12:54.174 3111 3111 E ArmVmp : Match on catch block at 0xc3 in for 0x141
03-14 19:12:54.180 3111 3111 E ArmVmp : Match on catch block at 0xc3 in for 0x159
03-14 19:12:54.340 3111 3111 E ArmVmp : Match on catch block at 0xc3 in for 0x14d
03-14 19:12:54.344 3111 3111 E ArmVmp : Match on catch block at 0xc3 in for 0x149
03-14 19:12:54.374 3111 3111 E ArmVmp : Match on catch block at 0xc3 in for 0x151
03-14 19:12:54.381 3111 3111 E ArmVmp : Match on catch block at 0xc3 in for 0x14d
03-14 19:12:54.588 3111 3111 E ArmVmp : Match on catch block at 0xc3 in for 0x141
03-14 19:12:54.591 3111 3111 E ArmVmp : Match on catch block at 0xc3 in for 0x159
03-14 19:12:54.740 3111 3111 E ArmVmp : Match on catch block at 0xc3 in for 0x14d
03-14 19:12:54.746 3111 3111 E ArmVmp : Match on catch block at 0xc3 in for 0x149
03-14 19:12:54.823 3111 3111 E ArmVmp : Match on catch block at 0xc3 in for 0x159
03-14 19:12:54.828 3111 3111 E ArmVmp : Match on catch block at 0xc3 in for 0x155
03-14 19:12:55.022 3111 3111 E ArmVmp : Match on catch block at 0xc3 in for 0x149
03-14 19:12:55.028 3111 3111 E ArmVmp : Match on catch block at 0xc3 in for 0x145
03-14 19:12:55.470 3111 3111 E ArmVmp : Match on catch block at 0xc3 in for 0x14d
03-14 19:12:55.472 3111 3111 E ArmVmp : Match on catch block at 0xc3 in for 0x149
03-14 19:12:55.492 3111 3111 E ArmVmp : Match on catch block at 0xc3 in for 0x141
03-14 19:12:55.496 3111 3111 E ArmVmp : Match on catch block at 0xc3 in for 0x159
03-14 19:12:55.513 3111 3111 E ArmVmp : Match on catch block at 0xc3 in for 0x149
03-14 19:12:55.516 3111 3111 E ArmVmp : Match on catch block at 0xc3 in for 0x145
03-14 19:12:55.550 3111 3111 E ArmVmp : Match on catch block at 0xc3 in for 0x141
03-14 19:12:55.552 3111 3111 E ArmVmp : Match on catch block at 0xc3 in for 0x159
03-14 19:12:55.572 3111 3111 E ArmVmp : Match on catch block at 0xc3 in for 0x149
03-14 19:12:55.575 3111 3111 E ArmVmp : Match on catch block at 0xc3 in for 0x145
03-14 19:12:55.586 3111 3111 E ArmVmp : Match on catch block at 0xc3 in for 0x141
03-14 19:12:55.589 3111 3111 E ArmVmp : Match on catch block at 0xc3 in for 0x159
03-14 19:12:55.602 3111 3111 E ArmVmp : Match on catch block at 0xc3 in for 0x145
03-14 19:12:55.606 3111 3111 E ArmVmp : Match on catch block at 0xc3 in for 0x141
03-14 19:12:55.619 3111 3111 E ArmVmp : Match on catch block at 0xc3 in for 0x149
03-14 19:12:55.623 3111 3111 E ArmVmp : Match on catch block at 0xc3 in for 0x145
03-14 19:12:55.636 3111 3111 E ArmVmp : Match on catch block at 0xc3 in for 0x14d
03-14 19:12:55.640 3111 3111 E ArmVmp : Match on catch block at 0xc3 in for 0x149
03-14 19:12:55.653 3111 3111 E ArmVmp : Match on catch block at 0xc3 in for 0x151
03-14 19:12:55.658 3111 3111 E ArmVmp : Match on catch block at 0xc3 in for 0x14d
03-14 19:12:55.670 3111 3111 E ArmVmp : Match on catch block at 0xc3 in for 0x155
03-14 19:12:55.675 3111 3111 E ArmVmp : Match on catch block at 0xc3 in for 0x151
03-14 19:12:55.687 3111 3111 E ArmVmp : Match on catch block at 0xc3 in for 0x159
03-14 19:12:55.691 3111 3111 E ArmVmp : Match on catch block at 0xc3 in for 0x155
03-14 19:12:55.954 3111 3111 E ArmVmp : Match on catch block at 0xc3 in for 0x151
03-14 19:12:55.957 3111 3111 E ArmVmp : Match on catch block at 0xc3 in for 0x14d
03-14 19:12:55.963 3111 3438 W MediaPlayer: Use of stream types is deprecated for operations other than volume control
03-14 19:12:55.963 3111 3438 W MediaPlayer: See the documentation of setAudioStreamType() for what to use instead with android.media.AudioAttributes to qualify your playback use case
03-14 19:12:55.984 3111 3111 E ArmVmp : Match on catch block at 0xc3 in for 0x14d
03-14 19:12:55.988 3111 3111 E ArmVmp : Match on catch block at 0xc3 in for 0x149
03-14 19:12:56.025 3111 3111 E ArmVmp : Match on catch block at 0xc3 in for 0x155
03-14 19:12:56.028 3111 3111 E ArmVmp : Match on catch block at 0xc3 in for 0x151
03-14 19:12:56.036 3111 3111 E ArmVmp : Match on catch block at 0xc3 in for 0x159
03-14 19:12:56.039 3111 3111 E ArmVmp : Match on catch block at 0xc3 in for 0x155
03-14 19:12:56.102 3111 3111 E ArmVmp : Match on catch block at 0xc3 in for 0x145
03-14 19:12:56.105 3111 3111 E ArmVmp : Match on catch block at 0xc3 in for 0x141
03-14 19:12:56.142 3111 3111 E ArmVmp : Match on catch block at 0xc3 in for 0x141
03-14 19:12:56.145 3111 3111 E ArmVmp : Match on catch block at 0xc3 in for 0x159
03-14 19:12:56.206 3111 3111 E IPCThreadState: attemptIncStrongHandle(159): Not supported
03-14 19:12:56.329 3111 3111 E ArmVmp : Match on catch block at 0xc3 in for 0x145
03-14 19:12:56.332 3111 3111 E ArmVmp : Match on catch block at 0xc3 in for 0x141
03-14 19:12:56.356 3111 3111 E ArmVmp : Match on catch block at 0xc3 in for 0x155
03-14 19:12:56.359 3111 3111 E ArmVmp : Match on catch block at 0xc3 in for 0x151
03-14 19:12:56.388 3111 3111 E ArmVmp : Match on catch block at 0xc3 in for 0x145
03-14 19:12:56.390 3111 3111 E ArmVmp : Match on catch block at 0xc3 in for 0x141
03-14 19:12:56.397 3111 3111 E ArmVmp : Match on catch block at 0xc3 in for 0x159
03-14 19:12:56.400 3111 3111 E ArmVmp : Match on catch block at 0xc3 in for 0x155
03-14 19:12:56.422 3111 3111 E ArmVmp : Match on catch block at 0xc3 in for 0x141
03-14 19:12:56.426 3111 3111 E ArmVmp : Match on catch block at 0xc3 in for 0x159
03-14 19:12:56.445 3111 3111 E ArmVmp : Match on catch block at 0xc3 in for 0x159
03-14 19:12:56.450 3111 3111 E ArmVmp : Match on catch block at 0xc3 in for 0x155
03-14 19:12:56.569 3111 3111 E ArmVmp : Match on catch block at 0xc3 in for 0x149
03-14 19:12:56.571 3111 3111 E ArmVmp : Match on catch block at 0xc3 in for 0x145
03-14 19:12:56.586 3111 3111 E ArmVmp : Match on catch block at 0xc3 in for 0x145
03-14 19:12:56.588 3111 3111 E ArmVmp : Match on catch block at 0xc3 in for 0x141
03-14 19:12:56.856 3111 3111 E ArmVmp : Match on catch block at 0xc3 in for 0x151
03-14 19:12:56.864 3111 3111 E ArmVmp : Match on catch block at 0xc3 in for 0x14d
03-14 19:12:58.546 3111 3111 E OplusBracketLog: [OplusViewMirrorManager] updateHostViewRootIfNeeded, not support android.view.ViewRootImpl@e4a4972
03-14 19:12:58.561 3111 3111 E IPCThreadState: attemptIncStrongHandle(166): Not supported
03-14 19:12:58.590 3111 3377 W Parcel : Expecting binder but got null!
03-14 19:12:59.788 3111 3111 W InputEventReceiver: Attempted to finish an input event but the input event receiver has already been disposed.
03-14 19:13:02.719 3111 3111 E OplusBracketLog: [OplusViewMirrorManager] updateHostViewRootIfNeeded, not support android.view.ViewRootImpl@50d5b2
03-14 19:13:02.739 3111 3111 E IPCThreadState: attemptIncStrongHandle(183): Not supported
03-14 19:13:02.784 3111 3377 W Parcel : Expecting binder but got null!
03-14 19:13:04.378 3111 3111 E OplusBracketLog: [OplusViewMirrorManager] updateHostViewRootIfNeeded, not support android.view.ViewRootImpl@df02c15
03-14 19:13:04.396 3111 3377 W Parcel : Expecting binder but got null!
03-14 19:13:04.455 3111 3111 W BottomSheetBehavior: BottomSheetBehavior now supports multiple callbacks. `setBottomSheetCallback()` removes all existing callbacks, including ones set internally by library authors, which may result in unintended behavior. This may change in the future. Please use `addBottomSheetCallback()` and `removeBottomSheetCallback()` instead to set your own callbacks.
03-14 19:13:04.475 3111 3111 E OplusBracketLog: [OplusViewMirrorManager] updateHostViewRootIfNeeded, not support android.view.ViewRootImpl@a44b9c1
03-14 19:13:04.512 3111 3377 W Parcel : Expecting binder but got null!
03-14 19:13:05.527 3111 3111 W InputEventReceiver: Attempted to finish an input event but the input event receiver has already been disposed.
03-14 19:13:06.280 3111 3111 E OplusBracketLog: [OplusViewMirrorManager] updateHostViewRootIfNeeded, not support android.view.ViewRootImpl@5dc722f
03-14 19:13:06.290 3111 3111 E IPCThreadState: attemptIncStrongHandle(123): Not supported
03-14 19:13:06.290 3111 3111 E IPCThreadState: attemptIncStrongHandle(111): Not supported
03-14 19:13:06.290 3111 3111 E IPCThreadState: attemptIncStrongHandle(84): Not supported
03-14 19:13:06.306 3111 3377 W Parcel : Expecting binder but got null!
03-14 19:13:07.049 3111 3111 E OplusBracketLog: [OplusViewMirrorManager] updateHostViewRootIfNeeded, not support android.view.ViewRootImpl@795402e
03-14 19:13:07.066 3111 3377 W Parcel : Expecting binder but got null!
03-14 19:13:07.120 3111 3111 E OplusBracketLog: [OplusViewMirrorManager] updateHostViewRootIfNeeded, not support android.view.ViewRootImpl@9986008
03-14 19:13:07.142 3111 3377 W Parcel : Expecting binder but got null!
03-14 19:13:08.866 3111 3111 W BottomSheetBehavior: BottomSheetBehavior now supports multiple callbacks. `setBottomSheetCallback()` removes all existing callbacks, including ones set internally by library authors, which may result in unintended behavior. This may change in the future. Please use `addBottomSheetCallback()` and `removeBottomSheetCallback()` instead to set your own callbacks.
03-14 19:13:08.914 3111 3111 E OplusBracketLog: [OplusViewMirrorManager] updateHostViewRootIfNeeded, not support android.view.ViewRootImpl@8061f18
03-14 19:13:08.935 3111 3111 E IPCThreadState: attemptIncStrongHandle(142): Not supported
03-14 19:13:08.935 3111 3111 E IPCThreadState: attemptIncStrongHandle(131): Not supported
03-14 19:13:08.964 3111 3377 W Parcel : Expecting binder but got null!
03-14 19:13:11.308 3111 3111 E OplusBracketLog: [OplusViewMirrorManager] updateHostViewRootIfNeeded, not support android.view.ViewRootImpl@4273137
03-14 19:13:11.313 3111 3111 W Chip : Chip text must be vertically center and start aligned
03-14 19:13:11.314 3111 3111 W Chip : Chip text must be vertically center and start aligned
03-14 19:13:11.323 3111 3111 W Chip : Chip text must be vertically center and start aligned
03-14 19:13:11.323 3111 3111 W Chip : Chip text must be vertically center and start aligned
03-14 19:13:11.328 3111 3111 W Chip : Chip text must be vertically center and start aligned
03-14 19:13:11.328 3111 3111 W Chip : Chip text must be vertically center and start aligned
03-14 19:13:11.332 3111 3111 W Chip : Chip text must be vertically center and start aligned
03-14 19:13:11.332 3111 3111 W Chip : Chip text must be vertically center and start aligned
03-14 19:13:11.336 3111 3111 W Chip : Chip text must be vertically center and start aligned
03-14 19:13:11.336 3111 3111 W Chip : Chip text must be vertically center and start aligned
03-14 19:13:11.401 3111 3377 W Parcel : Expecting binder but got null!
03-14 19:13:13.813 3111 3111 E IPCThreadState: attemptIncStrongHandle(134): Not supported
03-14 19:13:13.813 3111 3111 E IPCThreadState: attemptIncStrongHandle(146): Not supported
03-14 19:13:13.814 3111 3111 E IPCThreadState: attemptIncStrongHandle(181): Not supported
03-14 19:13:15.611 3111 3121 W System : A resource failed to call end.
03-14 19:14:30.260 3111 3111 E IPCThreadState: attemptIncStrongHandle(148): Not supported
03-14 19:14:30.260 3111 3111 E IPCThreadState: attemptIncStrongHandle(131): Not supported
03-14 19:14:33.705 3111 3111 E OplusBracketLog: [OplusViewMirrorManager] updateHostViewRootIfNeeded, not support android.view.ViewRootImpl@6abc5f4
03-14 19:14:33.734 3111 3377 W Parcel : Expecting binder but got null!
03-14 19:14:34.843 3111 3111 W ResourceType: Bad XML block: header size 18254 or total size 169478669 is larger than data size 380
03-14 19:14:34.846 3111 3111 W ResourceType: Bad XML block: header size 18254 or total size 169478669 is larger than data size 633
03-14 19:14:34.854 3111 3111 W ResourceType: Bad XML block: header size 18254 or total size 169478669 is larger than data size 677
03-14 19:14:34.857 3111 3111 W ResourceType: Bad XML block: header size 18254 or total size 169478669 is larger than data size 248
03-14 19:14:34.862 3111 3111 W ResourceType: Bad XML block: header size 18254 or total size 169478669 is larger than data size 571
03-14 19:14:34.868 3111 3111 W ResourceType: Bad XML block: header size 18254 or total size 169478669 is larger than data size 333
03-14 19:14:34.871 3111 3111 W ResourceType: Bad XML block: header size 18254 or total size 169478669 is larger than data size 650
03-14 19:14:34.874 3111 3111 W ResourceType: Bad XML block: header size 18254 or total size 169478669 is larger than data size 1150
03-14 19:14:34.877 3111 3111 W ResourceType: Bad XML block: header size 18254 or total size 169478669 is larger than data size 491
03-14 19:14:34.880 3111 3111 W ResourceType: Bad XML block: header size 18254 or total size 169478669 is larger than data size 1150
03-14 19:14:34.882 3111 3111 W ResourceType: Bad XML block: header size 18254 or total size 169478669 is larger than data size 659
03-14 19:14:34.885 3111 3111 W ResourceType: Bad XML block: header size 18254 or total size 169478669 is larger than data size 593
03-14 19:14:34.908 3111 3111 W ResourceType: Bad XML block: header size 18254 or total size 169478669 is larger than data size 473
03-14 19:14:34.911 3111 3111 W ResourceType: Bad XML block: header size 18254 or total size 169478669 is larger than data size 510
03-14 19:14:34.932 3111 3111 W ResourceType: Bad XML block: header size 18254 or total size 169478669 is larger than data size 473
03-14 19:14:34.963 3111 3111 E OplusBracketLog: [OplusViewMirrorManager] updateHostViewRootIfNeeded, not support android.view.ViewRootImpl@21d9a8e
03-14 19:14:34.993 3111 3111 W View : requestLayout() improperly called by android.widget.Space{795d8a7 I.ED..... ......I. 36,108-48,120 #7f0b00ba app:id/action_tile_spacing viewInfo = } during layout: running second layout pass
03-14 19:14:34.993 3111 3111 W View : requestLayout() improperly called by android.widget.Space{afa5154 I.ED..... ......I. 36,108-48,120 #7f0b00ba app:id/action_tile_spacing viewInfo = } during layout: running second layout pass
03-14 19:14:34.993 3111 3111 W View : requestLayout() improperly called by android.widget.Space{c5468fd I.ED..... ......I. 36,108-48,120 #7f0b00ba app:id/action_tile_spacing viewInfo = } during layout: running second layout pass
03-14 19:14:34.993 3111 3111 W View : requestLayout() improperly called by android.widget.Space{89bf9f2 I.ED..... ......I. 36,108-48,120 #7f0b00ba app:id/action_tile_spacing viewInfo = } during layout: running second layout pass
03-14 19:14:35.024 3111 3377 W Parcel : Expecting binder but got null!
