03-14 20:59:37.729 29330 29330 E ArmVmp : Match on catch block at 0xc3 in for 0x155
03-14 20:59:37.731 29330 29330 E ArmVmp : Match on catch block at 0xc3 in for 0x151
03-14 20:59:37.734 29330 29330 E ArmVmp : Match on catch block at 0xc3 in for 0x155
03-14 20:59:37.762 29330 29330 E ArmVmp : Match on catch block at 0xc3 in for 0x155
03-14 20:59:37.765 29330 29330 E ArmVmp : Match on catch block at 0xc3 in for 0x151
03-14 20:59:37.767 29330 29330 E ArmVmp : Match on catch block at 0xc3 in for 0x155
03-14 20:59:38.263 29330 29330 E ArmVmp : Match on catch block at 0xc3 in for 0x159
03-14 20:59:38.268 29330 29330 E ArmVmp : Match on catch block at 0xc3 in for 0x155
03-14 20:59:38.272 29330 29330 E ArmVmp : Match on catch block at 0xc3 in for 0x159
03-14 20:59:38.674 29330 29330 E ArmVmp : Match on catch block at 0xc3 in for 0x145
03-14 20:59:38.677 29330 29330 E ArmVmp : Match on catch block at 0xc3 in for 0x141
03-14 20:59:38.680 29330 29330 E ArmVmp : Match on catch block at 0xc3 in for 0x145
03-14 20:59:38.694 29330 29330 E ArmVmp : Match on catch block at 0xc3 in for 0x141
03-14 20:59:38.697 29330 29330 E ArmVmp : Match on catch block at 0xc3 in for 0x159
03-14 20:59:38.700 29330 29330 E ArmVmp : Match on catch block at 0xc3 in for 0x141
03-14 20:59:38.710 29330 29330 E ArmVmp : Match on catch block at 0xc3 in for 0x141
03-14 20:59:38.713 29330 29330 E ArmVmp : Match on catch block at 0xc3 in for 0x159
03-14 20:59:38.715 29330 29330 E ArmVmp : Match on catch block at 0xc3 in for 0x141
03-14 20:59:38.727 29330 29330 E ArmVmp : Match on catch block at 0xc3 in for 0x141
03-14 20:59:38.729 29330 29330 E ArmVmp : Match on catch block at 0xc3 in for 0x159
03-14 20:59:38.731 29330 29330 E ArmVmp : Match on catch block at 0xc3 in for 0x141
03-14 20:59:38.743 29330 29330 E ArmVmp : Match on catch block at 0xc3 in for 0x141
03-14 20:59:38.745 29330 29330 E ArmVmp : Match on catch block at 0xc3 in for 0x159
03-14 20:59:38.748 29330 29330 E ArmVmp : Match on catch block at 0xc3 in for 0x141
03-14 20:59:38.760 29330 29330 E ArmVmp : Match on catch block at 0xc3 in for 0x141
03-14 20:59:38.764 29330 29330 E ArmVmp : Match on catch block at 0xc3 in for 0x159
03-14 20:59:38.766 29330 29330 E ArmVmp : Match on catch block at 0xc3 in for 0x141
03-14 20:59:38.780 29330 29330 E ArmVmp : Match on catch block at 0xc3 in for 0x149
03-14 20:59:38.787 29330 29330 E ArmVmp : Match on catch block at 0xc3 in for 0x145
03-14 20:59:38.795 29330 29330 E ArmVmp : Match on catch block at 0xc3 in for 0x149
03-14 20:59:38.815 29330 29330 E ArmVmp : Match on catch block at 0xc3 in for 0x149
03-14 20:59:38.820 29330 29330 E ArmVmp : Match on catch block at 0xc3 in for 0x145
03-14 20:59:38.825 29330 29330 E ArmVmp : Match on catch block at 0xc3 in for 0x149
03-14 20:59:38.845 29330 29330 E ArmVmp : Match on catch block at 0xc3 in for 0x149
03-14 20:59:38.850 29330 29330 E ArmVmp : Match on catch block at 0xc3 in for 0x145
03-14 20:59:38.855 29330 29330 E ArmVmp : Match on catch block at 0xc3 in for 0x149
03-14 20:59:38.864 29330 29330 E ArmVmp : Match on catch block at 0xc3 in for 0x149
03-14 20:59:38.869 29330 29330 E ArmVmp : Match on catch block at 0xc3 in for 0x145
03-14 20:59:38.874 29330 29330 E ArmVmp : Match on catch block at 0xc3 in for 0x149
03-14 20:59:38.897 29330 29330 E ArmVmp : Match on catch block at 0xc3 in for 0x151
03-14 20:59:38.904 29330 29330 E ArmVmp : Match on catch block at 0xc3 in for 0x14d
03-14 20:59:38.912 29330 29330 E ArmVmp : Match on catch block at 0xc3 in for 0x151
03-14 20:59:38.946 29330 29330 E ArmVmp : Match on catch block at 0xc3 in for 0x145
03-14 20:59:38.954 29330 29330 E ArmVmp : Match on catch block at 0xc3 in for 0x141
03-14 20:59:38.960 29330 29330 E ArmVmp : Match on catch block at 0xc3 in for 0x145
03-14 20:59:39.449 29330 29330 E ArmVmp : Match on catch block at 0xc3 in for 0x145
03-14 20:59:39.460 29330 29330 E ArmVmp : Match on catch block at 0xc3 in for 0x141
03-14 20:59:39.470 29330 29330 E ArmVmp : Match on catch block at 0xc3 in for 0x145
03-14 20:59:39.959 29330 29330 E ArmVmp : Match on catch block at 0xc3 in for 0x145
03-14 20:59:39.962 29330 29330 E ArmVmp : Match on catch block at 0xc3 in for 0x141
03-14 20:59:39.964 29330 29330 E ArmVmp : Match on catch block at 0xc3 in for 0x145
03-14 20:59:40.062 29330 29330 E ArmVmp : Match on catch block at 0xc3 in for 0x14d
03-14 20:59:40.068 29330 29330 E ArmVmp : Match on catch block at 0xc3 in for 0x149
03-14 20:59:40.073 29330 29330 E ArmVmp : Match on catch block at 0xc3 in for 0x14d
03-14 20:59:40.558 29330 29330 E ArmVmp : Match on catch block at 0xc3 in for 0x14d
03-14 20:59:40.569 29330 29330 E ArmVmp : Match on catch block at 0xc3 in for 0x149
03-14 20:59:40.581 29330 29330 E ArmVmp : Match on catch block at 0xc3 in for 0x14d
03-14 20:59:40.810 29330 29330 E ArmVmp : Match on catch block at 0xc3 in for 0x155
03-14 20:59:40.819 29330 29330 E ArmVmp : Match on catch block at 0xc3 in for 0x151
03-14 20:59:40.826 29330 29330 E ArmVmp : Match on catch block at 0xc3 in for 0x155
03-14 20:59:41.308 29330 29330 E ArmVmp : Match on catch block at 0xc3 in for 0x155
03-14 20:59:41.314 29330 29330 E ArmVmp : Match on catch block at 0xc3 in for 0x151
03-14 20:59:41.321 29330 29330 E ArmVmp : Match on catch block at 0xc3 in for 0x155
03-14 20:59:41.475 29330 29330 E ArmVmp : Match on catch block at 0xc3 in for 0x141
03-14 20:59:41.481 29330 29330 E ArmVmp : Match on catch block at 0xc3 in for 0x159
03-14 20:59:41.490 29330 29330 E ArmVmp : Match on catch block at 0xc3 in for 0x141
03-14 20:59:41.655 29330 29330 E ArmVmp : Match on catch block at 0xc3 in for 0x149
03-14 20:59:41.661 29330 29330 E ArmVmp : Match on catch block at 0xc3 in for 0x145
03-14 20:59:41.665 29330 29330 E ArmVmp : Match on catch block at 0xc3 in for 0x149
03-14 20:59:41.806 29330 29330 E ArmVmp : Match on catch block at 0xc3 in for 0x151
03-14 20:59:41.813 29330 29330 E ArmVmp : Match on catch block at 0xc3 in for 0x14d
03-14 20:59:41.817 29330 29330 E ArmVmp : Match on catch block at 0xc3 in for 0x151
03-14 20:59:42.306 29330 29330 E ArmVmp : Match on catch block at 0xc3 in for 0x151
03-14 20:59:42.312 29330 29330 E ArmVmp : Match on catch block at 0xc3 in for 0x14d
03-14 20:59:42.319 29330 29330 E ArmVmp : Match on catch block at 0xc3 in for 0x151
03-14 20:59:42.670 29330 29330 E ArmVmp : Match on catch block at 0xc3 in for 0x159
03-14 20:59:42.675 29330 29330 E ArmVmp : Match on catch block at 0xc3 in for 0x155
03-14 20:59:42.679 29330 29330 E ArmVmp : Match on catch block at 0xc3 in for 0x159
03-14 20:59:42.819 29330 29330 E ArmVmp : Match on catch block at 0xc3 in for 0x145
03-14 20:59:42.823 29330 29330 E ArmVmp : Match on catch block at 0xc3 in for 0x141
03-14 20:59:42.829 29330 29330 E ArmVmp : Match on catch block at 0xc3 in for 0x145
03-14 20:59:43.316 29330 29330 E ArmVmp : Match on catch block at 0xc3 in for 0x145
03-14 20:59:43.319 29330 29330 E ArmVmp : Match on catch block at 0xc3 in for 0x141
03-14 20:59:43.321 29330 29330 E ArmVmp : Match on catch block at 0xc3 in for 0x145
03-14 20:59:43.350 29330 29330 E ArmVmp : Match on catch block at 0xc3 in for 0x14d
03-14 20:59:43.355 29330 29330 E ArmVmp : Match on catch block at 0xc3 in for 0x149
03-14 20:59:43.360 29330 29330 E ArmVmp : Match on catch block at 0xc3 in for 0x14d
03-14 20:59:43.500 29330 29330 E ArmVmp : Match on catch block at 0xc3 in for 0x155
03-14 20:59:43.504 29330 29330 E ArmVmp : Match on catch block at 0xc3 in for 0x151
03-14 20:59:43.509 29330 29330 E ArmVmp : Match on catch block at 0xc3 in for 0x155
03-14 20:59:43.999 29330 29330 E ArmVmp : Match on catch block at 0xc3 in for 0x155
03-14 20:59:44.003 29330 29330 E ArmVmp : Match on catch block at 0xc3 in for 0x151
03-14 20:59:44.007 29330 29330 E ArmVmp : Match on catch block at 0xc3 in for 0x155
03-14 20:59:44.498 29330 29330 E ArmVmp : Match on catch block at 0xc3 in for 0x155
03-14 20:59:44.502 29330 29330 E ArmVmp : Match on catch block at 0xc3 in for 0x151
03-14 20:59:44.506 29330 29330 E ArmVmp : Match on catch block at 0xc3 in for 0x155
03-14 20:59:44.997 29330 29330 E ArmVmp : Match on catch block at 0xc3 in for 0x155
03-14 20:59:45.001 29330 29330 E ArmVmp : Match on catch block at 0xc3 in for 0x151
03-14 20:59:45.005 29330 29330 E ArmVmp : Match on catch block at 0xc3 in for 0x155
03-14 20:59:45.494 29330 29330 E ArmVmp : Match on catch block at 0xc3 in for 0x155
03-14 20:59:45.498 29330 29330 E ArmVmp : Match on catch block at 0xc3 in for 0x151
03-14 20:59:45.501 29330 29330 E ArmVmp : Match on catch block at 0xc3 in for 0x155
03-14 20:59:45.994 29330 29330 E ArmVmp : Match on catch block at 0xc3 in for 0x155
03-14 20:59:45.999 29330 29330 E ArmVmp : Match on catch block at 0xc3 in for 0x151
03-14 20:59:46.004 29330 29330 E ArmVmp : Match on catch block at 0xc3 in for 0x155
03-14 20:59:46.293 29330 29330 E ArmVmp : Match on catch block at 0xc3 in for 0x159
03-14 20:59:46.296 29330 29330 E ArmVmp : Match on catch block at 0xc3 in for 0x155
03-14 20:59:46.299 29330 29330 E ArmVmp : Match on catch block at 0xc3 in for 0x159
03-14 20:59:46.316 29330 29330 E ArmVmp : Match on catch block at 0xc3 in for 0x149
03-14 20:59:46.318 29330 29330 E ArmVmp : Match on catch block at 0xc3 in for 0x145
03-14 20:59:46.320 29330 29330 E ArmVmp : Match on catch block at 0xc3 in for 0x149
03-14 20:59:46.342 29330 29330 E ArmVmp : Match on catch block at 0xc3 in for 0x14d
03-14 20:59:46.348 29330 29330 E ArmVmp : Match on catch block at 0xc3 in for 0x149
03-14 20:59:46.360 29330 29330 E ArmVmp : Match on catch block at 0xc3 in for 0x159
03-14 20:59:46.364 29330 29330 E ArmVmp : Match on catch block at 0xc3 in for 0x155
03-14 20:59:46.411 29330 29330 E ArmVmp : Match on catch block at 0xc3 in for 0x149
03-14 20:59:46.414 29330 29330 E ArmVmp : Match on catch block at 0xc3 in for 0x145
03-14 20:59:46.436 29330 29330 E ArmVmp : Match on catch block at 0xc3 in for 0x159
03-14 20:59:46.439 29330 29330 E ArmVmp : Match on catch block at 0xc3 in for 0x155
03-14 20:59:46.456 29330 29330 E ArmVmp : Match on catch block at 0xc3 in for 0x149
03-14 20:59:46.459 29330 29330 E ArmVmp : Match on catch block at 0xc3 in for 0x145
03-14 20:59:46.471 29330 29330 E ArmVmp : Match on catch block at 0xc3 in for 0x155
03-14 20:59:46.474 29330 29330 E ArmVmp : Match on catch block at 0xc3 in for 0x151
03-14 20:59:46.481 29330 29330 E ArmVmp : Match on catch block at 0xc3 in for 0x145
03-14 20:59:46.484 29330 29330 E ArmVmp : Match on catch block at 0xc3 in for 0x141
03-14 20:59:46.494 29330 29330 E ArmVmp : Match on catch block at 0xc3 in for 0x151
03-14 20:59:46.501 29330 29330 E ArmVmp : Match on catch block at 0xc3 in for 0x14d
03-14 20:59:46.513 29330 29330 E ArmVmp : Match on catch block at 0xc3 in for 0x141
03-14 20:59:46.517 29330 29330 E ArmVmp : Match on catch block at 0xc3 in for 0x159
03-14 20:59:46.824 29330 29330 E ArmVmp : Match on catch block at 0xc3 in for 0x145
03-14 20:59:46.828 29330 29330 E ArmVmp : Match on catch block at 0xc3 in for 0x141
03-14 20:59:46.905 29330 29330 E ArmVmp : Match on catch block at 0xc3 in for 0x155
03-14 20:59:46.910 29330 29330 E ArmVmp : Match on catch block at 0xc3 in for 0x151
03-14 20:59:46.926 29330 29330 E ArmVmp : Match on catch block at 0xc3 in for 0x145
03-14 20:59:46.931 29330 29330 E ArmVmp : Match on catch block at 0xc3 in for 0x141
03-14 20:59:46.996 29330 29330 E ArmVmp : Match on catch block at 0xc3 in for 0x14d
03-14 20:59:47.004 29330 29330 E ArmVmp : Match on catch block at 0xc3 in for 0x149
03-14 20:59:47.042 29330 29330 E ArmVmp : Match on catch block at 0xc3 in for 0x14d
03-14 20:59:47.046 29330 29330 E ArmVmp : Match on catch block at 0xc3 in for 0x149
03-14 20:59:47.126 29330 29330 E IPCThreadState: attemptIncStrongHandle(39): Not supported
03-14 20:59:47.126 29330 29330 E IPCThreadState: attemptIncStrongHandle(176): Not supported
03-14 20:59:47.176 29330 29330 E ArmVmp : Match on catch block at 0xc3 in for 0x145
03-14 20:59:47.180 29330 29330 E ArmVmp : Match on catch block at 0xc3 in for 0x141
03-14 20:59:47.232 29330 29330 E ArmVmp : Match on catch block at 0xc3 in for 0x141
03-14 20:59:47.236 29330 29330 E ArmVmp : Match on catch block at 0xc3 in for 0x159
03-14 20:59:47.279 29330 29330 E ArmVmp : Match on catch block at 0xc3 in for 0x14d
03-14 20:59:47.282 29330 29330 E ArmVmp : Match on catch block at 0xc3 in for 0x149
03-14 20:59:47.314 29330 29330 E ArmVmp : Match on catch block at 0xc3 in for 0x14d
03-14 20:59:47.328 29330 29330 E ArmVmp : Match on catch block at 0xc3 in for 0x149
03-14 20:59:47.466 29330 29330 E ArmVmp : Match on catch block at 0xc3 in for 0x141
03-14 20:59:47.471 29330 29330 E ArmVmp : Match on catch block at 0xc3 in for 0x159
03-14 20:59:47.755 29330 29330 E ArmVmp : Match on catch block at 0xc3 in for 0x145
03-14 20:59:47.765 29330 29330 E ArmVmp : Match on catch block at 0xc3 in for 0x141
03-14 20:59:48.803 29330 29330 W Choreographer: Already have a pending vsync event. There should only be one at a time.
03-14 20:59:50.411 29330 29330 E OplusBracketLog: [OplusViewMirrorManager] updateHostViewRootIfNeeded, not support android.view.ViewRootImpl@bc64ad1
03-14 20:59:50.428 29330 29330 E IPCThreadState: attemptIncStrongHandle(192): Not supported
03-14 20:59:50.465 29330 29404 W Parcel : Expecting binder but got null!
03-14 20:59:50.765 29330 29330 W InputEventReceiver: Attempted to finish an input event but the input event receiver has already been disposed.
03-14 20:59:56.111 29330 29330 E OplusBracketLog: [OplusViewMirrorManager] updateHostViewRootIfNeeded, not support android.view.ViewRootImpl@7378436
03-14 20:59:56.149 29330 29330 E IPCThreadState: attemptIncStrongHandle(149): Not supported
03-14 20:59:56.210 29330 29404 W Parcel : Expecting binder but got null!
03-14 20:59:56.369 29330 29330 W InputEventReceiver: Attempted to finish an input event but the input event receiver has already been disposed.
03-14 21:03:25.010 29330 29330 E IPCThreadState: attemptIncStrongHandle(155): Not supported
03-14 21:03:25.011 29330 29330 E IPCThreadState: attemptIncStrongHandle(138): Not supported
03-14 21:25:47.770 29330 29330 E IPCThreadState: attemptIncStrongHandle(75): Not supported
03-14 21:25:47.778 29330 29404 E OpenGLRenderer: Device claims wide gamut support, cannot find matching config, error = EGL_SUCCESS
03-14 21:25:47.779 29330 29404 W OpenGLRenderer: Failed to initialize 101010-2 format, error = EGL_SUCCESS
03-14 21:25:48.353 29330 29330 E ArmVmp : Match on catch block at 0x0a in for 0x189
03-14 21:25:48.373 29330 29330 E ArmVmp : Match on catch block at 0x0a in for 0x269
03-14 21:25:48.477 29330 29330 W Activity: Can request only one set of permissions at a time
03-14 21:25:48.688 29330 29349 W com.mbwhatsapp: Reducing the number of considered missed Gc histogram windows from 134 to 100
03-14 21:25:48.746 29330 29330 E OplusBracketLog: [OplusViewMirrorManager] updateHostViewRootIfNeeded, not support android.view.ViewRootImpl@9c1639b
03-14 21:25:48.806 29330 29330 E IPCThreadState: attemptIncStrongHandle(83): Not supported
03-14 21:25:48.871 29330 21911 W com.mbwhatsapp: Accessing hidden method Lcom/android/org/conscrypt/ConscryptEngineSocket;->setUseSessionTickets(Z)V (max- target-q,core-platform-api, reflection, denied)
03-14 21:25:48.871 29330 21911 W com.mbwhatsapp: Accessing hidden method Lcom/android/org/conscrypt/OpenSSLSocketImpl;->setUseSessionTickets(Z)V (max- target-q,core-platform-api, reflection, denied)
03-14 21:25:48.872 29330 21911 W com.mbwhatsapp: Accessing hidden method Lcom/android/org/conscrypt/AbstractConscryptSocket;->setUseSessionTickets(Z)V (max- target-q, reflection, denied)
03-14 21:25:48.872 29330 21911 W com.mbwhatsapp: Accessing hidden method Lcom/android/org/conscrypt/ConscryptEngineSocket;->setHostname(Ljava/lang/String;)V (max-target-q,core-platform-api, reflection, denied)
03-14 21:25:48.872 29330 21911 W com.mbwhatsapp: Accessing hidden method Lcom/android/org/conscrypt/OpenSSLSocketImpl;->setHostname(Ljava/lang/String;)V (max-target-q,core-platform-api, reflection, denied)
03-14 21:25:48.872 29330 21911 W com.mbwhatsapp: Accessing hidden method Lcom/android/org/conscrypt/AbstractConscryptSocket;->setHostname(Ljava/lang/ String;)V (max-target-q, reflection, denied)
03-14 21:25:48.872 29330 21911 W com.mbwhatsapp: Accessing hidden method Lcom/android/org/conscrypt/OpenSSLSocketImpl;->setAlpnProtocols([B)V (max-target- q,core-platform-api, reflection, denied)
03-14 21:25:48.872 29330 21911 W com.mbwhatsapp: Accessing hidden method Lcom/android/org/conscrypt/AbstractConscryptSocket;->setAlpnProtocols([B)V (max- target-q, reflection, denied)
03-14 21:25:49.144 29330 21911 W com.mbwhatsapp: Accessing hidden method Lcom/android/org/conscrypt/OpenSSLSocketImpl;->getAlpnSelectedProtocol()[B (max- target-q,core-platform-api, reflection, denied)
03-14 21:25:49.144 29330 21911 W com.mbwhatsapp: Accessing hidden method Lcom/android/org/conscrypt/AbstractConscryptSocket;->getAlpnSelectedProtocol()[B (max-target-q, reflection, denied)
03-14 21:25:49.299 29330 29330 E RecyclerView: No adapter attached; skipping layout
03-14 21:25:49.343 29330 29404 W Parcel : Expecting binder but got null!
03-14 21:25:49.508 29330 29330 E RecyclerView: No adapter attached; skipping layout
03-14 21:25:49.543 29330 29330 E ArmVmp : Match on catch block at 0x0a in for 0x1b5
03-14 21:25:53.502 29330 29330 E OplusBracketLog: [OplusViewMirrorManager] updateHostViewRootIfNeeded, not support android.view.ViewRootImpl@192f885
03-14 21:25:53.524 29330 29404 W Parcel : Expecting binder but got null!
03-14 21:25:55.435 29330 29330 W Choreographer: Already have a pending vsync event. There should only be one at a time.
03-14 21:26:02.934 29330 29330 E OplusBracketLog: [OplusViewMirrorManager] updateHostViewRootIfNeeded, not support android.view.ViewRootImpl@ebe8c27
03-14 21:26:02.946 29330 29330 E IPCThreadState: attemptIncStrongHandle(112): Not supported
03-14 21:26:02.977 29330 29404 W Parcel : Expecting binder but got null!
03-14 21:26:04.324 29330 29330 E OplusBracketLog: [OplusViewMirrorManager] updateHostViewRootIfNeeded, not support android.view.ViewRootImpl@7ccc342
03-14 21:26:04.328 29330 29330 W Chip : Chip text must be vertically center and start aligned
03-14 21:26:04.329 29330 29330 W Chip : Chip text must be vertically center and start aligned
03-14 21:26:04.336 29330 29330 W Chip : Chip text must be vertically center and start aligned
03-14 21:26:04.337 29330 29330 W Chip : Chip text must be vertically center and start aligned
03-14 21:26:04.343 29330 29330 W Chip : Chip text must be vertically center and start aligned
03-14 21:26:04.343 29330 29330 W Chip : Chip text must be vertically center and start aligned
03-14 21:26:04.347 29330 29330 W Chip : Chip text must be vertically center and start aligned
03-14 21:26:04.347 29330 29330 W Chip : Chip text must be vertically center and start aligned
03-14 21:26:04.352 29330 29330 W Chip : Chip text must be vertically center and start aligned
03-14 21:26:04.352 29330 29330 W Chip : Chip text must be vertically center and start aligned
03-14 21:26:04.409 29330 29404 W Parcel : Expecting binder but got null!
03-14 21:26:20.827 29330 29330 W OnBackInvokedCallback: OnBackInvokedCallback is not enabled for the application.
03-14 21:26:20.827 29330 29330 W OnBackInvokedCallback: Set 'android:enableOnBackInvokedCallback="true"' in the application manifest.
03-14 21:27:06.003 29330 29330 W RecyclerView: Cannot call this method in a scroll callback. Scroll callbacks mightbe run during a measure & layout pass where you cannot change theRecyclerView data. Any method call that might change the structureof the RecyclerView or the adapter contents should be postponed tothe next frame.
03-14 21:27:06.003 29330 29330 W RecyclerView: java.lang.IllegalStateException: com.mbwhatsapp.collections.ObservableRecyclerView{168ad89 VFED..... ......ID 0,171- 1080,2161 #7f0b1098 app:id/newsletter_list viewInfo = }, adapter:X.4TW@bb21ae4, layout:androidx.recyclerview.widget.LinearLayoutManager@f5f1b4d, context:com.mbwhatsapp.newsletter.ui.directory.NewsletterDirectoryActivity@4a0e8d7
03-14 21:27:06.003 29330 29330 W RecyclerView: at X.000.A0G(Unknown Source:9)
03-14 21:27:06.003 29330 29330 W RecyclerView: at androidx.recyclerview.widget.RecyclerView.A0t(Unknown Source:46)
03-14 21:27:06.003 29330 29330 W RecyclerView: at X.09O.A04(Unknown Source:3)
03-14 21:27:06.003 29330 29330 W RecyclerView: at X.00x.A03(Unknown Source:18)
03-14 21:27:06.003 29330 29330 W RecyclerView: at X.0Rl.A08(Unknown Source:4)
03-14 21:27:06.003 29330 29330 W RecyclerView: at X.4TW.A0K(Unknown Source:27)
03-14 21:27:06.003 29330 29330 W RecyclerView: at X.6Hq.A04(Unknown Source:1004)
03-14 21:27:06.003 29330 29330 W RecyclerView: at androidx.recyclerview.widget.RecyclerView.A0e(Unknown Source:48)
03-14 21:27:06.003 29330 29330 W RecyclerView: at androidx.recyclerview.widget.RecyclerView.A0K(Unknown Source:939)
03-14 21:27:06.003 29330 29330 W RecyclerView: at androidx.recyclerview.widget.RecyclerView.onLayout(Unknown Source:5)
03-14 21:27:06.003 29330 29330 W RecyclerView: at com.mbwhatsapp.collections.ObservableRecyclerView.onLayout(Unknown Source:5)
03-14 21:27:06.003 29330 29330 W RecyclerView: at android.view.View.layout(View.java:24031)
03-14 21:27:06.003 29330 29330 W RecyclerView: at android.view.ViewGroup.layout(ViewGroup.java:6522)
03-14 21:27:06.003 29330 29330 W RecyclerView: at com.google.android.material.appbar.ViewOffsetBehavior.A0I(Unknown Source:162)
03-14 21:27:06.003 29330 29330 W RecyclerView: at androidx.coordinatorlayout.widget.CoordinatorLayout.onLayout(Unknown Source:35)
03-14 21:27:06.003 29330 29330 W RecyclerView: at android.view.View.layout(View.java:24031)
03-14 21:27:06.003 29330 29330 W RecyclerView: at android.view.ViewGroup.layout(ViewGroup.java:6522)
03-14 21:27:06.003 29330 29330 W RecyclerView: at android.widget.FrameLayout.layoutChildren(FrameLayout.java:332)
03-14 21:27:06.003 29330 29330 W RecyclerView: at android.widget.FrameLayout.onLayout(FrameLayout.java:270)
03-14 21:27:06.003 29330 29330 W RecyclerView: at android.view.View.layout(View.java:24031)
03-14 21:27:06.003 29330 29330 W RecyclerView: at android.view.ViewGroup.layout(ViewGroup.java:6522)
03-14 21:27:06.003 29330 29330 W RecyclerView: at android.widget.FrameLayout.layoutChildren(FrameLayout.java:332)
03-14 21:27:06.003 29330 29330 W RecyclerView: at android.widget.FrameLayout.onLayout(FrameLayout.java:270)
03-14 21:27:06.003 29330 29330 W RecyclerView: at android.view.View.layout(View.java:24031)
03-14 21:27:06.003 29330 29330 W RecyclerView: at android.view.ViewGroup.layout(ViewGroup.java:6522)
03-14 21:27:06.003 29330 29330 W RecyclerView: at android.widget.FrameLayout.layoutChildren(FrameLayout.java:332)
03-14 21:27:06.003 29330 29330 W RecyclerView: at android.widget.FrameLayout.onLayout(FrameLayout.java:270)
03-14 21:27:06.003 29330 29330 W RecyclerView: at android.view.View.layout(View.java:24031)
03-14 21:27:06.003 29330 29330 W RecyclerView: at android.view.ViewGroup.layout(ViewGroup.java:6522)
03-14 21:27:06.003 29330 29330 W RecyclerView: at android.widget.LinearLayout.setChildFrame(LinearLayout.java:1841)
03-14 21:27:06.003 29330 29330 W RecyclerView: at android.widget.LinearLayout.layoutVertical(LinearLayout.java:1673)
03-14 21:27:06.003 29330 29330 W RecyclerView: at android.widget.LinearLayout.onLayout(LinearLayout.java:1582)
03-14 21:27:06.003 29330 29330 W RecyclerView: at android.view.View.layout(View.java:24031)
03-14 21:27:06.003 29330 29330 W RecyclerView: at android.view.ViewGroup.layout(ViewGroup.java:6522)
03-14 21:27:06.003 29330 29330 W RecyclerView: at android.widget.FrameLayout.layoutChildren(FrameLayout.java:332)
03-14 21:27:06.003 29330 29330 W RecyclerView: at android.widget.FrameLayout.onLayout(FrameLayout.java:270)
03-14 21:27:06.003 29330 29330 W RecyclerView: at com.android.internal.policy.DecorView.onLayout(DecorView.java:876)
03-14 21:27:06.003 29330 29330 W RecyclerView: at android.view.View.layout(View.java:24031)
03-14 21:27:06.003 29330 29330 W RecyclerView: at android.view.ViewGroup.layout(ViewGroup.java:6522)
03-14 21:27:06.003 29330 29330 W RecyclerView: at android.view.ViewRootImpl.performLayout(ViewRootImpl.java:4297)
03-14 21:27:06.003 29330 29330 W RecyclerView: at android.view.ViewRootImpl.performTraversals(ViewRootImpl.java:3608)
03-14 21:27:06.003 29330 29330 W RecyclerView: at android.view.ViewRootImpl.doTraversal(ViewRootImpl.java:2475)
03-14 21:27:06.003 29330 29330 W RecyclerView: at android.view.ViewRootImpl$TraversalRunnable.run(ViewRootImpl.java:9592)
03-14 21:27:06.003 29330 29330 W RecyclerView: at android.view.Choreographer$CallbackRecord.run(Choreographer.java:1414)
03-14 21:27:06.003 29330 29330 W RecyclerView: at android.view.Choreographer$CallbackRecord.run(Choreographer.java:1422)
03-14 21:27:06.003 29330 29330 W RecyclerView: at android.view.Choreographer.doCallbacks(Choreographer.java:1049)
03-14 21:27:06.003 29330 29330 W RecyclerView: at android.view.Choreographer.doFrame(Choreographer.java:937)
03-14 21:27:06.003 29330 29330 W RecyclerView: at android.view.Choreographer$FrameDisplayEventReceiver.run(Choreographer.java:1397)
03-14 21:27:06.003 29330 29330 W RecyclerView: at android.os.Handler.handleCallback(Handler.java:942)
03-14 21:27:06.003 29330 29330 W RecyclerView: at android.os.Handler.dispatchMessage(Handler.java:99)
03-14 21:27:06.003 29330 29330 W RecyclerView: at android.os.Looper.loopOnce(Looper.java:240)
03-14 21:27:06.003 29330 29330 W RecyclerView: at android.os.Looper.loop(Looper.java:351)
03-14 21:27:06.003 29330 29330 W RecyclerView: at android.app.ActivityThread.main(ActivityThread.java:8436)
03-14 21:27:06.003 29330 29330 W RecyclerView: at java.lang.reflect.Method.invoke(Native Method)
03-14 21:27:06.003 29330 29330 W RecyclerView: at com.android.internal.os.RuntimeInit$MethodAndArgsCaller.run(RuntimeInit.java:568)
03-14 21:27:06.003 29330 29330 W RecyclerView: at com.android.internal.os.ZygoteInit.main(ZygoteInit.java:1013)
03-14 21:27:10.781 29330 29330 E IPCThreadState: attemptIncStrongHandle(83): Not supported
03-14 21:27:10.781 29330 29330 E IPCThreadState: attemptIncStrongHandle(77): Not supported
03-14 21:27:11.137 29330 29330 E ArmVmp : Match on catch block at 0x5b in for 0x115
03-14 21:27:11.164 29330 29330 E ArmVmp : Match on catch block at 0x5b in for 0x115
03-14 21:27:23.617 29330 29330 E OplusBracketLog: [OplusViewMirrorManager] updateHostViewRootIfNeeded, not support android.view.ViewRootImpl@e9b5ba6
03-14 21:27:23.631 29330 29330 E IPCThreadState: attemptIncStrongHandle(111): Not supported
03-14 21:27:23.657 29330 29404 W Parcel : Expecting binder but got null!
03-14 21:27:24.508 29330 29330 W ResourceType: Bad XML block: header size 18254 or total size 169478669 is larger than data size 380
03-14 21:27:24.512 29330 29330 W ResourceType: Bad XML block: header size 18254 or total size 169478669 is larger than data size 633
03-14 21:27:24.522 29330 29330 W ResourceType: Bad XML block: header size 18254 or total size 169478669 is larger than data size 677
03-14 21:27:24.525 29330 29330 W ResourceType: Bad XML block: header size 18254 or total size 169478669 is larger than data size 248
03-14 21:27:24.533 29330 29330 W ResourceType: Bad XML block: header size 18254 or total size 169478669 is larger than data size 571
03-14 21:27:24.542 29330 29330 W ResourceType: Bad XML block: header size 18254 or total size 169478669 is larger than data size 333
03-14 21:27:24.548 29330 29330 W ResourceType: Bad XML block: header size 18254 or total size 169478669 is larger than data size 650
03-14 21:27:24.553 29330 29330 W ResourceType: Bad XML block: header size 18254 or total size 169478669 is larger than data size 1150
03-14 21:27:24.558 29330 29330 W ResourceType: Bad XML block: header size 18254 or total size 169478669 is larger than data size 491
03-14 21:27:24.561 29330 29330 W ResourceType: Bad XML block: header size 18254 or total size 169478669 is larger than data size 1150
03-14 21:27:24.565 29330 29330 W ResourceType: Bad XML block: header size 18254 or total size 169478669 is larger than data size 659
03-14 21:27:24.569 29330 29330 W ResourceType: Bad XML block: header size 18254 or total size 169478669 is larger than data size 593
03-14 21:27:24.629 29330 29330 W ResourceType: Bad XML block: header size 18254 or total size 169478669 is larger than data size 473
03-14 21:27:24.633 29330 29330 W ResourceType: Bad XML block: header size 18254 or total size 169478669 is larger than data size 510
03-14 21:27:24.676 29330 29330 W ResourceType: Bad XML block: header size 18254 or total size 169478669 is larger than data size 473
03-14 21:27:24.717 29330 29330 E OplusBracketLog: [OplusViewMirrorManager] updateHostViewRootIfNeeded, not support android.view.ViewRootImpl@d5cde8c
03-14 21:27:24.750 29330 29330 W View : requestLayout() improperly called by android.widget.Space{56efe51 I.ED..... ......I. 36,108-48,120 #7f0b00ba app:id/action_tile_spacing viewInfo = } during layout: running second layout pass
03-14 21:27:24.751 29330 29330 W View : requestLayout() improperly called by android.widget.Space{56526b6 I.ED..... ......I. 36,108-48,120 #7f0b00ba app:id/action_tile_spacing viewInfo = } during layout: running second layout pass
03-14 21:27:24.751 29330 29330 W View : requestLayout() improperly called by android.widget.Space{4a11fb7 I.ED..... ......I. 36,108-48,120 #7f0b00ba app:id/action_tile_spacing viewInfo = } during layout: running second layout pass
03-14 21:27:24.802 29330 29404 W Parcel : Expecting binder but got null!
03-14 21:27:24.807 29330 29330 W ResourceType: Bad XML block: header size 18254 or total size 169478669 is larger than data size 853
03-14 21:27:26.175 29330 29330 W View : requestLayout() improperly called by com.mbwhatsapp.TextEmojiLabel{405a3f5 VFED..C.. ......ID 0,0-464,88 #7f0b06ab app:id/conversation_contact_name viewInfo = } during layout: running second layout pass
03-14 21:27:30.943 29330 29330 E IPCThreadState: attemptIncStrongHandle(110): Not supported
03-14 21:27:30.943 29330 29330 E IPCThreadState: attemptIncStrongHandle(79): Not supported
03-14 21:27:55.201 29330 29390 E SQLiteDatabase: Error inserting transferred=1 media_job_uuid=1d819d57-e75b-4824-83aa-6defcd4f4344 transcoded=0 gif_attribution=0 first_scan_length=0 direct_path=/m1/v/t24/An8dVAQWDqG0w7gulUz8A7pfcaut_CRlOf19TjNE5Gmg3- LShYD3AbEMzYSfq081504cs6uMdFx11xkB_LSHNrcEEfuNisJBB8DjREdR2m6aLHhItRlyHLGqUbvgXacFY c1M?ccb=10-5&oh=01_AdTxOXZrxAVjNafGPrPf3OYa-J_BBL-l- RCNdxJ9i6j0gQ&oe=661A0AFA&_nc_sid=5e03e0 thumbnail_height_width_ratio=1.0 is_animated_sticker=0 file_hash=OaDECejjXZZ+4ZCA5+AOK2bWX/L9abqtV8xs2yLN8jQ= file_path=Media/MBWhatsApp Video/VID-20240314-WA0000 file_size=2932800 partial_media_hash=null face_x=0 face_y=0 height=480 trim_to=0 media_key_timestamp=0 message_url=null media_caption=null trim_from=0 mime_type=video/mp4 partial_media_enc_hash=null width=480 original_file_hash=null has_streaming--------- beginning of main
03-15 03:28:35.947 16487 16487 E com.mbwhatsapp: Unknown bits set in runtime_flags: 0x40000000
03-15 03:28:35.958 16487 16487 E com.mbwhatsapp: Not starting debugger since process cannot load the jdwp agent.
03-15 03:28:35.972 16487 16487 W ziparchive: Unable to open '/system/framework/mediatek-framework.dm': No such file or directory
03-15 03:28:35.972 16487 16487 W ziparchive: Unable to open '/system/framework/mediatek-framework.dm': No such file or directory
03-15 03:28:36.008 16487 16510 E com.mbwhatsapp: Could not write anonymous vdex /system/framework/oat/arm64/mediatek-framework.vdex: Could not open /system/framework/oat/arm64/mediatek-framework.vdex for writing
03-15 03:28:36.027 16487 16487 W libc : Access denied finding property "ro.odm.prev.product.name"
03-15 03:28:36.358 16487 16487 W System.err: java.lang.ClassNotFoundException: mbmodsd.mbmodsw.ui.views.btn.BtnBK
03-15 03:28:36.359 16487 16487 W System.err: at java.lang.Runtime.nativeLoad(Native Method)
03-15 03:28:36.359 16487 16487 W System.err: at java.lang.Runtime.nativeLoad(Runtime.java:1121)
03-15 03:28:36.359 16487 16487 W System.err: at java.lang.Runtime.loadLibrary0(Runtime.java:1075)
03-15 03:28:36.359 16487 16487 W System.err: at java.lang.Runtime.loadLibrary0(Runtime.java:998)
03-15 03:28:36.359 16487 16487 W System.err: at java.lang.System.loadLibrary(System.java:1661)
03-15 03:28:36.359 16487 16487 W System.err: at arm.EpicVm.<clinit>(Unknown Source:2)
03-15 03:28:36.359 16487 16487 W System.err: at java.lang.Class.newInstance(Native Method)
03-15 03:28:36.359 16487 16487 W System.err: at android.app.AppComponentFactory.instantiateApplication(AppComponentFactory.java:76)
03-15 03:28:36.359 16487 16487 W System.err: at androidx.core.app.CoreComponentFactory.instantiateApplication(Unknown Source:0)
03-15 03:28:36.359 16487 16487 W System.err: at android.app.Instrumentation.newApplication(Instrumentation.java:1251)
03-15 03:28:36.359 16487 16487 W System.err: at android.app.LoadedApk.makeApplicationInner(LoadedApk.java:1507)
03-15 03:28:36.359 16487 16487 W System.err: at android.app.LoadedApk.makeApplicationInner(LoadedApk.java:1443)
03-15 03:28:36.359 16487 16487 W System.err: at android.app.ActivityThread.handleBindApplication(ActivityThread.java:7232)
03-15 03:28:36.359 16487 16487 W System.err: at android.app.ActivityThread.-$ $Nest$mhandleBindApplication(Unknown Source:0)
03-15 03:28:36.359 16487 16487 W System.err: at android.app.ActivityThread$H.handleMessage(ActivityThread.java:2307)
03-15 03:28:36.359 16487 16487 W System.err: at android.os.Handler.dispatchMessage(Handler.java:106)
03-15 03:28:36.359 16487 16487 W System.err: at android.os.Looper.loopOnce(Looper.java:240)
03-15 03:28:36.359 16487 16487 W System.err: at android.os.Looper.loop(Looper.java:351)
03-15 03:28:36.359 16487 16487 W System.err: at android.app.ActivityThread.main(ActivityThread.java:8436)
03-15 03:28:36.359 16487 16487 W System.err: at java.lang.reflect.Method.invoke(Native Method)
03-15 03:28:36.359 16487 16487 W System.err: at com.android.internal.os.RuntimeInit$MethodAndArgsCaller.run(RuntimeInit.java:568)
03-15 03:28:36.359 16487 16487 W System.err: at com.android.internal.os.ZygoteInit.main(ZygoteInit.java:1013)
03-15 03:28:36.449 16487 16487 E CustomActivityOnCrash: IMPORTANT WARNING! You already have an UncaughtExceptionHandler, are you sure this is correct? If you use a custom UncaughtExceptionHandler, you must initialize it AFTER CustomActivityOnCrash! Installing anyway, but your original handler will not be called.
03-15 03:28:37.739 16487 16487 W com.mbwhatsapp: Accessing hidden method Lcom/android/org/conscrypt/OpenSSLSocketImpl;->setUseSessionTickets(Z)V (max- target-q,core-platform-api, reflection, denied)
03-15 03:28:37.739 16487 16487 W com.mbwhatsapp: Accessing hidden method Lcom/android/org/conscrypt/AbstractConscryptSocket;->setUseSessionTickets(Z)V (max- target-q, reflection, denied)
03-15 03:28:37.876 16487 16487 W com.mbwhatsapp: type=1400 audit(0.0:1676): avc: granted { execute } for path="/data/data/com.mbwhatsapp/files/decompressed/libs.spk.zst/libc++_shared.so" dev="dm-60" ino=53672 scontext=u:r:untrusted_app:s0:c255,c256,c512,c768 tcontext=u:object_r:app_data_file:s0:c255,c256,c512,c768 tclass=file app=com.mbwhatsapp
03-15 03:28:37.888 16487 16487 W com.mbwhatsapp: type=1400 audit(0.0:1677): avc: granted { execute } for path="/data/data/com.mbwhatsapp/files/decompressed/libs.spk.zst/libvlc.so" dev="dm- 60" ino=53694 scontext=u:r:untrusted_app:s0:c255,c256,c512,c768 tcontext=u:object_r:app_data_file:s0:c255,c256,c512,c768 tclass=file app=com.mbwhatsapp
03-15 03:28:37.900 16487 16487 W com.mbwhatsapp: type=1400 audit(0.0:1678): avc: granted { execute } for path="/data/data/com.mbwhatsapp/files/decompressed/libs.spk.zst/libwhatsapp.so" dev="dm-60" ino=53732 scontext=u:r:untrusted_app:s0:c255,c256,c512,c768 tcontext=u:object_r:app_data_file:s0:c255,c256,c512,c768 tclass=file app=com.mbwhatsapp
03-15 03:28:38.024 16487 16487 W com.mbwhatsapp: type=1400 audit(0.0:1679): avc: granted { execute } for path="/data/data/com.mbwhatsapp/files/decompressed/libs.spk.zst/libcurve25519.so" dev="dm-60" ino=53903 scontext=u:r:untrusted_app:s0:c255,c256,c512,c768 tcontext=u:object_r:app_data_file:s0:c255,c256,c512,c768 tclass=file app=com.mbwhatsapp
03-15 03:28:38.060 16487 16487 W com.mbwhatsapp: type=1400 audit(0.0:1680): avc: granted { execute } for path="/data/data/com.mbwhatsapp/files/decompressed/libs.spk.zst/libwhatsapp.so" dev="dm-60" ino=53732 scontext=u:r:untrusted_app:s0:c255,c256,c512,c768 tcontext=u:object_r:app_data_file:s0:c255,c256,c512,c768 tclass=file app=com.mbwhatsapp
03-15 03:28:38.060 16487 16487 W com.mbwhatsapp: type=1400 audit(0.0:1681): avc: granted { execute } for path="/data/data/com.mbwhatsapp/files/decompressed/libs.spk.zst/libwhatsapp.so" dev="dm-60" ino=53732 scontext=u:r:untrusted_app:s0:c255,c256,c512,c768 tcontext=u:object_r:app_data_file:s0:c255,c256,c512,c768 tclass=file app=com.mbwhatsapp
03-15 03:28:38.060 16487 16487 W com.mbwhatsapp: type=1400 audit(0.0:1682): avc: granted { execute } for path="/data/data/com.mbwhatsapp/files/decompressed/libs.spk.zst/libwhatsapp.so" dev="dm-60" ino=53732 scontext=u:r:untrusted_app:s0:c255,c256,c512,c768 tcontext=u:object_r:app_data_file:s0:c255,c256,c512,c768 tclass=file app=com.mbwhatsapp
03-15 03:28:38.386 16487 16487 E ANR_LOG : Blocked msg = { when=+2s383ms what=110 target=android.app.ActivityThread$H obj=AppBindData{appInfo=ApplicationInfo{a8c1cfc com.mbwhatsapp}} } , cost = 2383 ms
03-15 03:28:38.722 16487 16756 W com.mbwhatsapp: Method void X.2rL.A03(java.lang.Integer) failed lock verification and will run slower.
03-15 03:28:38.722 16487 16756 W com.mbwhatsapp: Common causes for lock verification issues are non-optimized dex code
03-15 03:28:38.722 16487 16756 W com.mbwhatsapp: and incorrect proguard optimizations.
03-15 03:28:43.892 16487 16502 W com.mbwhatsapp: Suspending all threads took: 19.074ms
03-15 03:28:46.442 16487 16502 W com.mbwhatsapp: Suspending all threads took: 9.791ms
03-15 03:28:46.620 16487 17541 E com.mbwhatsapp: Loaded layer handle (11741856006875330483) for layer /my_product/lib64/libcolorx-loader.so
03-15 03:28:46.620 16487 17541 E com.mbwhatsapp: Looking for entrypoint ColorX_Check
03-15 03:28:46.620 16487 17541 E com.mbwhatsapp: Found ColorX_Check for /my_product/lib64/libcolorx-loader.so
03-15 03:28:46.620 16487 17541 E com.mbwhatsapp: Check failed
03-15 03:28:46.625 16487 16487 W com.mbwhatsapp: Method void com.mbwhatsapp.HomeActivity.A6e() failed lock verification and will run slower.
03-15 03:28:46.632 16487 17541 E QT : [QT]file does not exist
03-15 03:28:46.675 16487 16487 W com.mbwhatsapp: Method void X.0eU.A0h(X.0tK, boolean) failed lock verification and will run slower. --------- beginning of system
03-15 03:28:46.840 16487 16487 E OplusCustomizeRestrictionManager: sInstance is null, start a new sInstance
03-15 03:28:47.274 16487 16487 E ArmVmp : Match on catch block at 0x0a in for 0x191
03-15 03:28:47.332 16487 17595 W com.mbwhatsapp: Accessing hidden method Lcom/android/org/conscrypt/ConscryptEngineSocket;->setUseSessionTickets(Z)V (max- target-q,core-platform-api, reflection, denied)
03-15 03:28:47.332 16487 16487 E ArmVmp : Match on catch block at 0x0a in for 0x269
03-15 03:28:47.332 16487 17595 W com.mbwhatsapp: Accessing hidden method Lcom/android/org/conscrypt/OpenSSLSocketImpl;->setUseSessionTickets(Z)V (max- target-q,core-platform-api, reflection, denied)
03-15 03:28:47.332 16487 17595 W com.mbwhatsapp: Accessing hidden method Lcom/android/org/conscrypt/AbstractConscryptSocket;->setUseSessionTickets(Z)V (max- target-q, reflection, denied)
03-15 03:28:47.332 16487 17595 W com.mbwhatsapp: Accessing hidden method Lcom/android/org/conscrypt/ConscryptEngineSocket;->setHostname(Ljava/lang/String;)V (max-target-q,core-platform-api, reflection, denied)
03-15 03:28:47.332 16487 17595 W com.mbwhatsapp: Accessing hidden method Lcom/android/org/conscrypt/OpenSSLSocketImpl;->setHostname(Ljava/lang/String;)V (max-target-q,core-platform-api, reflection, denied)
03-15 03:28:47.332 16487 17595 W com.mbwhatsapp: Accessing hidden method Lcom/android/org/conscrypt/AbstractConscryptSocket;->setHostname(Ljava/lang/ String;)V (max-target-q, reflection, denied)
03-15 03:28:47.332 16487 17595 W com.mbwhatsapp: Accessing hidden method Lcom/android/org/conscrypt/OpenSSLSocketImpl;->setAlpnProtocols([B)V (max-target- q,core-platform-api, reflection, denied)
03-15 03:28:47.332 16487 17595 W com.mbwhatsapp: Accessing hidden method Lcom/android/org/conscrypt/AbstractConscryptSocket;->setAlpnProtocols([B)V (max- target-q, reflection, denied)
03-15 03:28:47.399 16487 16487 W Activity: Can request only one set of permissions at a time
03-15 03:28:47.408 16487 17595 W com.mbwhatsapp: Accessing hidden method Lcom/android/org/conscrypt/OpenSSLSocketImpl;->getAlpnSelectedProtocol()[B (max- target-q,core-platform-api, reflection, denied)
03-15 03:28:47.408 16487 17595 W com.mbwhatsapp: Accessing hidden method Lcom/android/org/conscrypt/AbstractConscryptSocket;->getAlpnSelectedProtocol()[B (max-target-q, reflection, denied)
03-15 03:28:47.652 16487 16487 E SchedAssist: ofbOpen failed with error=No such file or directory
03-15 03:28:47.652 16487 16487 E SchedAssist: sysOpen failed with error=No such file or directory
03-15 03:28:47.652 16487 16487 E SchedAssist: sharedImFd failed with error=Permission denied
03-15 03:28:47.786 16487 17677 W LOTTIE : Animation contains merge paths. Merge paths are only supported on KitKat+ and must be manually enabled by calling enableMergePathsForKitKatAndAbove().
03-15 03:28:48.157 16487 16487 W LOTTIE : Animation contains merge paths but they are disabled.
03-15 03:28:48.162 16487 16487 E OplusBracketLog: [OplusViewMirrorManager] updateHostViewRootIfNeeded, not support android.view.ViewRootImpl@feef51d
03-15 03:28:48.270 16487 17535 E OpenGLRenderer: Device claims wide gamut support, cannot find matching config, error = EGL_SUCCESS
03-15 03:28:48.271 16487 17535 W OpenGLRenderer: Failed to initialize 101010-2 format, error = EGL_SUCCESS
03-15 03:28:48.520 16487 16502 W com.mbwhatsapp: Cleared Reference was only reachable from finalizer (only reported once)
03-15 03:28:48.987 16487 16506 W System : A resource failed to call end.
03-15 03:28:49.033 16487 16487 E RecyclerView: No adapter attached; skipping layout
03-15 03:28:49.094 16487 17535 W libc : Access denied finding property "ro.vendor.magt.mtk_magt_support"
03-15 03:28:49.147 16487 17535 W Parcel : Expecting binder but got null!
03-15 03:28:49.159 16487 16487 E ArmVmp : Match on catch block at 0x0a in for 0x1a1
03-15 03:28:49.226 16487 16506 W System : A resource failed to call end.
03-15 03:28:49.226 16487 16506 W System : A resource failed to call end.
03-15 03:28:49.265 16487 16487 E RecyclerView: No adapter attached; skipping layout
03-15 03:28:49.420 16487 16568 W LibraryVersion: Failed to get app version for libraryName: firebase-iid
03-15 03:28:49.523 16487 16506 W System : A resource failed to call end.
03-15 03:28:49.734 16487 16487 E OplusBracketLog: [OplusViewMirrorManager] updateHostViewRootIfNeeded, not support android.view.ViewRootImpl@f321022
03-15 03:28:49.776 16487 17535 W Parcel : Expecting binder but got null!
03-15 03:28:49.823 16487 16750 E SQLiteDatabase: Error inserting transferred=0 media_job_uuid=1e334d5e-8bf0-4f7d-8ce2-be974397d595 transcoded=0 gif_attribution=0 first_scan_length=0 direct_path=/v/t62.7161- 24/30437250_387291437399016_5183457451714329357_n.enc?ccb=11- 4&oh=01_AdRIbydktOOgHNop4camV62MCBrAVhKBrNurs5ngIKMKiA&oe=661A985A&_nc_sid=5e03e0 thumbnail_height_width_ratio=1.0 is_animated_sticker=0 file_hash=NFxzLA5Jspd4Djn7hJaGKZkJeGr/ycnAvAiBzDiVDTI= file_path=null file_size=0 partial_media_hash=null face_x=0 face_y=0 height=576 trim_to=0 media_key_timestamp=1710432815000 message_url=https://mmg.whatsapp.net/v/t62.7161- 24/30437250_387291437399016_5183457451714329357_n.enc?ccb=11- 4&oh=01_AdRIbydktOOgHNop4camV62MCBrAVhKBrNurs5ngIKMKiA&oe=661A985A&_nc_sid=5e03e0&m ms3=true media_caption=null trim_from=0 mime_type=video/mp4 partial_media_enc_hash=null width=576 original_file_hash=null has_streaming_sidecar=1 autotransfer_retry_enabled=0 media_upload_handle=null message_row_id=217 multicast_id=null enc_file_hash=hSmIE0ht7k+d4HCwdDHbQFoX7MzSxhyMePUA1274Rh4= mute_video=0 page_count=0 first_scan_sidecar=null suspicious_content=0 file_length=380841 media_name=null media_duration=22 chat_row_id=27 media_key=[B@c0eee63
03-15 03:28:49.823 16487 16750 E SQLiteDatabase: android.database.sqlite.SQLiteConstraintException: UNIQUE constraint failed: message_media.message_row_id (code 1555 SQLITE_CONSTRAINT_PRIMARYKEY)
03-15 03:28:49.823 16487 16750 E SQLiteDatabase: at android.database.sqlite.SQLiteConnection.nativeExecuteForLastInsertedRowId(Native Method)
03-15 03:28:49.823 16487 16750 E SQLiteDatabase: at android.database.sqlite.SQLiteConnection.executeForLastInsertedRowId(SQLiteConnecti on.java:967)
03-15 03:28:49.823 16487 16750 E SQLiteDatabase: at android.database.sqlite.SQLiteSession.executeForLastInsertedRowId(SQLiteSession.jav a:790)
03-15 03:28:49.823 16487 16750 E SQLiteDatabase: at android.database.sqlite.SQLiteStatement.executeInsert(SQLiteStatement.java:89)
03-15 03:28:49.823 16487 16750 E SQLiteDatabase: at android.database.sqlite.SQLiteDatabase.insertWithOnConflict(SQLiteDatabase.java:186 8)
03-15 03:28:49.823 16487 16750 E SQLiteDatabase: at android.database.sqlite.SQLiteDatabase.insert(SQLiteDatabase.java:1737)
03-15 03:28:49.823 16487 16750 E SQLiteDatabase: at X.2tm.A08(Unknown Source:6)
03-15 03:28:49.823 16487 16750 E SQLiteDatabase: at X.35Y.A07(Unknown Source:212)
03-15 03:28:49.823 16487 16750 E SQLiteDatabase: at X.3QF.A14(Unknown Source:470)
03-15 03:28:49.823 16487 16750 E SQLiteDatabase: at X.3gU.run(Unknown Source:982)
03-15 03:28:49.823 16487 16750 E SQLiteDatabase: at android.os.Handler.handleCallback(Handler.java:942)
03-15 03:28:49.823 16487 16750 E SQLiteDatabase: at android.os.Handler.dispatchMessage(Handler.java:99)
03-15 03:28:49.823 16487 16750 E SQLiteDatabase: at X.0zq.dispatchMessage(Unknown Source:4)
03-15 03:28:49.823 16487 16750 E SQLiteDatabase: at android.os.Looper.loopOnce(Looper.java:240)
03-15 03:28:49.823 16487 16750 E SQLiteDatabase: at android.os.Looper.loop(Looper.java:351)
03-15 03:28:49.823 16487 16750 E SQLiteDatabase: at android.os.HandlerThread.run(HandlerThread.java:67)
03-15 03:28:49.828 16487 16750 E SQLiteDatabase: Error inserting transferred=0 media_job_uuid=9653484c-5463-45ac-ae77-788938b412b1 transcoded=0 gif_attribution=0 first_scan_length=0 direct_path=/v/t62.7161- 24/22527490_1526081924625659_3165837602833693743_n.enc?ccb=11- 4&oh=01_AdTEZ9BV5XqpqQTgxFsUNAYOk9F8XLEfRafKjrn-7mX_gA&oe=661A7F18&_nc_sid=5e03e0 thumbnail_height_width_ratio=1.7777778 is_animated_sticker=0 file_hash=GRYRY3YvMnA/awwy3+Zggny1wL08snCiXDLLFIKBokw= file_path=null file_size=0 partial_media_hash=null face_x=0 face_y=0 height=1280 trim_to=0 media_key_timestamp=1710427136000 message_url=https://mmg.whatsapp.net/v/t62.7161- 24/22527490_1526081924625659_3165837602833693743_n.enc?ccb=11- 4&oh=01_AdTEZ9BV5XqpqQTgxFsUNAYOk9F8XLEfRafKjrn- 7mX_gA&oe=661A7F18&_nc_sid=5e03e0&mms3=true media_caption=null trim_from=0 mime_type=video/mp4 partial_media_enc_hash=null width=720 original_file_hash=null has_streaming_sidecar=1 autotransfer_retry_enabled=0 media_upload_handle=null message_row_id=214 multicast_id=null enc_file_hash=C3OupWOO0JqCLB1drQ5KRM5JN3MK3UMSBJr7FbyI0CA= mute_video=0 page_count=0 first_scan_sidecar=null suspicious_content=0 file_length=2527527 media_name=null media_duration=14 chat_row_id=27 media_key=[B@d883c8c
03-15 03:28:49.828 16487 16750 E SQLiteDatabase: android.database.sqlite.SQLiteConstraintException: UNIQUE constraint failed: message_media.message_row_id (code 1555 SQLITE_CONSTRAINT_PRIMARYKEY)
03-15 03:28:49.828 16487 16750 E SQLiteDatabase: at android.database.sqlite.SQLiteConnection.nativeExecuteForLastInsertedRowId(Native Method)
03-15 03:28:49.828 16487 16750 E SQLiteDatabase: at android.database.sqlite.SQLiteConnection.executeForLastInsertedRowId(SQLiteConnecti on.java:967)
03-15 03:28:49.828 16487 16750 E SQLiteDatabase: at android.database.sqlite.SQLiteSession.executeForLastInsertedRowId(SQLiteSession.jav a:790)
03-15 03:28:49.828 16487 16750 E SQLiteDatabase: at android.database.sqlite.SQLiteStatement.executeInsert(SQLiteStatement.java:89)
03-15 03:28:49.828 16487 16750 E SQLiteDatabase: at android.database.sqlite.SQLiteDatabase.insertWithOnConflict(SQLiteDatabase.java:186 8)
03-15 03:28:49.828 16487 16750 E SQLiteDatabase: at android.database.sqlite.SQLiteDatabase.insert(SQLiteDatabase.java:1737)
03-15 03:28:49.828 16487 16750 E SQLiteDatabase: at X.2tm.A08(Unknown Source:6)
03-15 03:28:49.828 16487 16750 E SQLiteDatabase: at X.35Y.A07(Unknown Source:212)
03-15 03:28:49.828 16487 16750 E SQLiteDatabase: at X.3QF.A14(Unknown Source:470)
03-15 03:28:49.828 16487 16750 E SQLiteDatabase: at X.3gU.run(Unknown Source:982)
03-15 03:28:49.828 16487 16750 E SQLiteDatabase: at android.os.Handler.handleCallback(Handler.java:942)
03-15 03:28:49.828 16487 16750 E SQLiteDatabase: at android.os.Handler.dispatchMessage(Handler.java:99)
03-15 03:28:49.828 16487 16750 E SQLiteDatabase: at X.0zq.dispatchMessage(Unknown Source:4)
03-15 03:28:49.828 16487 16750 E SQLiteDatabase: at android.os.Looper.loopOnce(Looper.java:240)
03-15 03:28:49.828 16487 16750 E SQLiteDatabase: at android.os.Looper.loop(Looper.java:351)
03-15 03:28:49.828 16487 16750 E SQLiteDatabase: at android.os.HandlerThread.run(HandlerThread.java:67)
