03-15 05:06:03.331 29999 29999 E ArmVmp : Match on catch block at 0xc3 in for 0x141
03-15 05:06:03.334 29999 29999 E ArmVmp : Match on catch block at 0xc3 in for 0x145
03-15 05:06:03.369 29999 29999 E ArmVmp : Match on catch block at 0xc3 in for 0x151
03-15 05:06:03.372 29999 29999 E ArmVmp : Match on catch block at 0xc3 in for 0x14d
03-15 05:06:03.374 29999 29999 E ArmVmp : Match on catch block at 0xc3 in for 0x151
03-15 05:06:03.400 29999 29999 E ArmVmp : Match on catch block at 0xc3 in for 0x14d
03-15 05:06:03.403 29999 29999 E ArmVmp : Match on catch block at 0xc3 in for 0x149
03-15 05:06:03.406 29999 29999 E ArmVmp : Match on catch block at 0xc3 in for 0x14d
03-15 05:06:03.420 29999 29999 E ArmVmp : Match on catch block at 0xc3 in for 0x145
03-15 05:06:03.424 29999 29999 E ArmVmp : Match on catch block at 0xc3 in for 0x141
03-15 05:06:03.427 29999 29999 E ArmVmp : Match on catch block at 0xc3 in for 0x145
03-15 05:06:03.475 29999 29999 E ArmVmp : Match on catch block at 0xc3 in for 0x159
03-15 05:06:03.478 29999 29999 E ArmVmp : Match on catch block at 0xc3 in for 0x155
03-15 05:06:03.480 29999 29999 E ArmVmp : Match on catch block at 0xc3 in for 0x159
03-15 05:06:03.509 29999 29999 E ArmVmp : Match on catch block at 0xc3 in for 0x14d
03-15 05:06:03.512 29999 29999 E ArmVmp : Match on catch block at 0xc3 in for 0x149
03-15 05:06:03.515 29999 29999 E ArmVmp : Match on catch block at 0xc3 in for 0x14d
03-15 05:06:03.541 29999 29999 E ArmVmp : Match on catch block at 0xc3 in for 0x159
03-15 05:06:03.544 29999 29999 E ArmVmp : Match on catch block at 0xc3 in for 0x155
03-15 05:06:03.546 29999 29999 E ArmVmp : Match on catch block at 0xc3 in for 0x159
03-15 05:06:03.561 29999 29999 E ArmVmp : Match on catch block at 0xc3 in for 0x159
03-15 05:06:03.564 29999 29999 E ArmVmp : Match on catch block at 0xc3 in for 0x155
03-15 05:06:03.566 29999 29999 E ArmVmp : Match on catch block at 0xc3 in for 0x159
03-15 05:06:03.572 29999 29999 E ArmVmp : Match on catch block at 0xc3 in for 0x159
03-15 05:06:03.576 29999 29999 E ArmVmp : Match on catch block at 0xc3 in for 0x155
03-15 05:06:03.577 29999 29999 E ArmVmp : Match on catch block at 0xc3 in for 0x159
03-15 05:06:03.586 29999 29999 E ArmVmp : Match on catch block at 0xc3 in for 0x159
03-15 05:06:03.590 29999 29999 E ArmVmp : Match on catch block at 0xc3 in for 0x155
03-15 05:06:03.593 29999 29999 E ArmVmp : Match on catch block at 0xc3 in for 0x159
03-15 05:06:03.965 29999 29999 E ArmVmp : Match on catch block at 0xc3 in for 0x149
03-15 05:06:03.970 29999 29999 E ArmVmp : Match on catch block at 0xc3 in for 0x145
03-15 05:06:03.973 29999 29999 E ArmVmp : Match on catch block at 0xc3 in for 0x149
03-15 05:06:04.381 29999 29999 E ArmVmp : Match on catch block at 0xc3 in for 0x141
03-15 05:06:04.384 29999 29999 E ArmVmp : Match on catch block at 0xc3 in for 0x159
03-15 05:06:04.386 29999 29999 E ArmVmp : Match on catch block at 0xc3 in for 0x141
03-15 05:06:04.460 29999 29999 E ArmVmp : Match on catch block at 0xc3 in for 0x141
03-15 05:06:04.463 29999 29999 E ArmVmp : Match on catch block at 0xc3 in for 0x159
03-15 05:06:04.466 29999 29999 E ArmVmp : Match on catch block at 0xc3 in for 0x141
03-15 05:06:04.499 29999 29999 W OnBackInvokedCallback: OnBackInvokedCallback is not enabled for the application.
03-15 05:06:04.499 29999 29999 W OnBackInvokedCallback: Set 'android:enableOnBackInvokedCallback="true"' in the application manifest.
03-15 05:06:04.786 29999 29999 E ArmVmp : Match on catch block at 0xc3 in for 0x141
03-15 05:06:04.791 29999 29999 E ArmVmp : Match on catch block at 0xc3 in for 0x159
03-15 05:06:04.796 29999 29999 E ArmVmp : Match on catch block at 0xc3 in for 0x141
03-15 05:06:04.808 29999 29999 E ArmVmp : Match on catch block at 0xc3 in for 0x141
03-15 05:06:04.813 29999 29999 E ArmVmp : Match on catch block at 0xc3 in for 0x159
03-15 05:06:04.817 29999 29999 E ArmVmp : Match on catch block at 0xc3 in for 0x141
03-15 05:06:04.958 29999 29999 E ArmVmp : Match on catch block at 0xc3 in for 0x141
03-15 05:06:04.962 29999 29999 E ArmVmp : Match on catch block at 0xc3 in for 0x159
03-15 05:06:04.966 29999 29999 E ArmVmp : Match on catch block at 0xc3 in for 0x141
03-15 05:06:05.081 29999 29999 E ArmVmp : Match on catch block at 0xc3 in for 0x141
03-15 05:06:05.087 29999 29999 E ArmVmp : Match on catch block at 0xc3 in for 0x159
03-15 05:06:05.090 29999 29999 E ArmVmp : Match on catch block at 0xc3 in for 0x141
03-15 05:06:05.109 29999 29999 E ArmVmp : Match on catch block at 0xc3 in for 0x155
03-15 05:06:05.113 29999 29999 E ArmVmp : Match on catch block at 0xc3 in for 0x151
03-15 05:06:05.117 29999 29999 E ArmVmp : Match on catch block at 0xc3 in for 0x155
03-15 05:06:05.125 29999 29999 E ArmVmp : Match on catch block at 0xc3 in for 0x155
03-15 05:06:05.130 29999 29999 E ArmVmp : Match on catch block at 0xc3 in for 0x151
03-15 05:06:05.133 29999 29999 E ArmVmp : Match on catch block at 0xc3 in for 0x155
03-15 05:06:05.142 29999 29999 E ArmVmp : Match on catch block at 0xc3 in for 0x155
03-15 05:06:05.147 29999 29999 E ArmVmp : Match on catch block at 0xc3 in for 0x151
03-15 05:06:05.150 29999 29999 E ArmVmp : Match on catch block at 0xc3 in for 0x155
03-15 05:06:05.161 29999 29999 E ArmVmp : Match on catch block at 0xc3 in for 0x155
03-15 05:06:05.165 29999 29999 E ArmVmp : Match on catch block at 0xc3 in for 0x151
03-15 05:06:05.169 29999 29999 E ArmVmp : Match on catch block at 0xc3 in for 0x155
03-15 05:06:05.177 29999 29999 E ArmVmp : Match on catch block at 0xc3 in for 0x155
03-15 05:06:05.182 29999 29999 E ArmVmp : Match on catch block at 0xc3 in for 0x151
03-15 05:06:05.187 29999 29999 E ArmVmp : Match on catch block at 0xc3 in for 0x155
03-15 05:06:05.195 29999 29999 E ArmVmp : Match on catch block at 0xc3 in for 0x155
03-15 05:06:05.200 29999 29999 E ArmVmp : Match on catch block at 0xc3 in for 0x151
03-15 05:06:05.204 29999 29999 E ArmVmp : Match on catch block at 0xc3 in for 0x155
03-15 05:06:05.228 29999 29999 E ArmVmp : Match on catch block at 0xc3 in for 0x155
03-15 05:06:05.232 29999 29999 E ArmVmp : Match on catch block at 0xc3 in for 0x151
03-15 05:06:05.235 29999 29999 E ArmVmp : Match on catch block at 0xc3 in for 0x155
03-15 05:06:05.241 29999 29999 E ArmVmp : Match on catch block at 0xc3 in for 0x155
03-15 05:06:05.244 29999 29999 E ArmVmp : Match on catch block at 0xc3 in for 0x151
03-15 05:06:05.247 29999 29999 E ArmVmp : Match on catch block at 0xc3 in for 0x155
03-15 05:06:05.257 29999 29999 E ArmVmp : Match on catch block at 0xc3 in for 0x155
03-15 05:06:05.261 29999 29999 E ArmVmp : Match on catch block at 0xc3 in for 0x151
03-15 05:06:05.265 29999 29999 E ArmVmp : Match on catch block at 0xc3 in for 0x155
03-15 05:06:05.274 29999 29999 E ArmVmp : Match on catch block at 0xc3 in for 0x155
03-15 05:06:05.277 29999 29999 E ArmVmp : Match on catch block at 0xc3 in for 0x151
03-15 05:06:05.279 29999 29999 E ArmVmp : Match on catch block at 0xc3 in for 0x155
03-15 05:06:05.558 29999 29999 E ArmVmp : Match on catch block at 0xc3 in for 0x145
03-15 05:06:05.561 29999 29999 E ArmVmp : Match on catch block at 0xc3 in for 0x141
03-15 05:06:05.564 29999 29999 E ArmVmp : Match on catch block at 0xc3 in for 0x145
03-15 05:06:05.573 29999 29999 E ArmVmp : Match on catch block at 0xc3 in for 0x145
03-15 05:06:05.576 29999 29999 E ArmVmp : Match on catch block at 0xc3 in for 0x141
03-15 05:06:05.578 29999 29999 E ArmVmp : Match on catch block at 0xc3 in for 0x145
03-15 05:06:05.590 29999 29999 E ArmVmp : Match on catch block at 0xc3 in for 0x145
03-15 05:06:05.592 29999 29999 E ArmVmp : Match on catch block at 0xc3 in for 0x141
03-15 05:06:05.594 29999 29999 E ArmVmp : Match on catch block at 0xc3 in for 0x145
03-15 05:06:05.606 29999 29999 E ArmVmp : Match on catch block at 0xc3 in for 0x145
03-15 05:06:05.609 29999 29999 E ArmVmp : Match on catch block at 0xc3 in for 0x141
03-15 05:06:05.611 29999 29999 E ArmVmp : Match on catch block at 0xc3 in for 0x145
03-15 05:06:05.624 29999 29999 E ArmVmp : Match on catch block at 0xc3 in for 0x145
03-15 05:06:05.628 29999 29999 E ArmVmp : Match on catch block at 0xc3 in for 0x141
03-15 05:06:05.631 29999 29999 E ArmVmp : Match on catch block at 0xc3 in for 0x145
03-15 05:06:05.641 29999 29999 E ArmVmp : Match on catch block at 0xc3 in for 0x145
03-15 05:06:05.645 29999 29999 E ArmVmp : Match on catch block at 0xc3 in for 0x141
03-15 05:06:05.648 29999 29999 E ArmVmp : Match on catch block at 0xc3 in for 0x145
03-15 05:06:05.657 29999 29999 E ArmVmp : Match on catch block at 0xc3 in for 0x145
03-15 05:06:05.661 29999 29999 E ArmVmp : Match on catch block at 0xc3 in for 0x141
03-15 05:06:05.664 29999 29999 E ArmVmp : Match on catch block at 0xc3 in for 0x145
03-15 05:06:05.673 29999 29999 E ArmVmp : Match on catch block at 0xc3 in for 0x145
03-15 05:06:05.677 29999 29999 E ArmVmp : Match on catch block at 0xc3 in for 0x141
03-15 05:06:05.680 29999 29999 E ArmVmp : Match on catch block at 0xc3 in for 0x145
03-15 05:06:05.690 29999 29999 E ArmVmp : Match on catch block at 0xc3 in for 0x145
03-15 05:06:05.694 29999 29999 E ArmVmp : Match on catch block at 0xc3 in for 0x141
03-15 05:06:05.697 29999 29999 E ArmVmp : Match on catch block at 0xc3 in for 0x145
03-15 05:06:05.706 29999 29999 E ArmVmp : Match on catch block at 0xc3 in for 0x145
03-15 05:06:05.711 29999 29999 E ArmVmp : Match on catch block at 0xc3 in for 0x141
03-15 05:06:05.715 29999 29999 E ArmVmp : Match on catch block at 0xc3 in for 0x145
03-15 05:06:05.724 29999 29999 E ArmVmp : Match on catch block at 0xc3 in for 0x145
03-15 05:06:05.727 29999 29999 E ArmVmp : Match on catch block at 0xc3 in for 0x141
03-15 05:06:05.731 29999 29999 E ArmVmp : Match on catch block at 0xc3 in for 0x145
03-15 05:06:05.745 29999 29999 E ArmVmp : Match on catch block at 0xc3 in for 0x145
03-15 05:06:05.750 29999 29999 E ArmVmp : Match on catch block at 0xc3 in for 0x141
03-15 05:06:05.754 29999 29999 E ArmVmp : Match on catch block at 0xc3 in for 0x145
03-15 05:06:05.772 29999 29999 E ArmVmp : Match on catch block at 0xc3 in for 0x149
03-15 05:06:05.776 29999 29999 E ArmVmp : Match on catch block at 0xc3 in for 0x145
03-15 05:06:05.780 29999 29999 E ArmVmp : Match on catch block at 0xc3 in for 0x149
03-15 05:06:05.786 29999 29999 E ArmVmp : Match on catch block at 0xc3 in for 0x149
03-15 05:06:05.790 29999 29999 E ArmVmp : Match on catch block at 0xc3 in for 0x145
03-15 05:06:05.793 29999 29999 E ArmVmp : Match on catch block at 0xc3 in for 0x149
03-15 05:06:05.799 29999 29999 E ArmVmp : Match on catch block at 0xc3 in for 0x149
03-15 05:06:05.802 29999 29999 E ArmVmp : Match on catch block at 0xc3 in for 0x145
03-15 05:06:05.806 29999 29999 E ArmVmp : Match on catch block at 0xc3 in for 0x149
03-15 05:06:05.812 29999 29999 E ArmVmp : Match on catch block at 0xc3 in for 0x149
03-15 05:06:05.816 29999 29999 E ArmVmp : Match on catch block at 0xc3 in for 0x145
03-15 05:06:05.819 29999 29999 E ArmVmp : Match on catch block at 0xc3 in for 0x149
03-15 05:06:05.827 29999 29999 E ArmVmp : Match on catch block at 0xc3 in for 0x149
03-15 05:06:05.832 29999 29999 E ArmVmp : Match on catch block at 0xc3 in for 0x145
03-15 05:06:05.835 29999 29999 E ArmVmp : Match on catch block at 0xc3 in for 0x149
03-15 05:06:05.843 29999 29999 E ArmVmp : Match on catch block at 0xc3 in for 0x149
03-15 05:06:05.847 29999 29999 E ArmVmp : Match on catch block at 0xc3 in for 0x145
03-15 05:06:05.850 29999 29999 E ArmVmp : Match on catch block at 0xc3 in for 0x149
03-15 05:06:05.856 29999 29999 E ArmVmp : Match on catch block at 0xc3 in for 0x149
03-15 05:06:05.860 29999 29999 E ArmVmp : Match on catch block at 0xc3 in for 0x145
03-15 05:06:05.864 29999 29999 E ArmVmp : Match on catch block at 0xc3 in for 0x149
03-15 05:06:05.873 29999 29999 E ArmVmp : Match on catch block at 0xc3 in for 0x149
03-15 05:06:05.878 29999 29999 E ArmVmp : Match on catch block at 0xc3 in for 0x145
03-15 05:06:05.883 29999 29999 E ArmVmp : Match on catch block at 0xc3 in for 0x149
03-15 05:06:05.891 29999 29999 E ArmVmp : Match on catch block at 0xc3 in for 0x149
03-15 05:06:05.897 29999 29999 E ArmVmp : Match on catch block at 0xc3 in for 0x145
03-15 05:06:05.901 29999 29999 E ArmVmp : Match on catch block at 0xc3 in for 0x149
03-15 05:06:05.911 29999 29999 E ArmVmp : Match on catch block at 0xc3 in for 0x151
03-15 05:06:05.915 29999 29999 E ArmVmp : Match on catch block at 0xc3 in for 0x14d
03-15 05:06:05.918 29999 29999 E ArmVmp : Match on catch block at 0xc3 in for 0x151
03-15 05:06:05.924 29999 29999 E ArmVmp : Match on catch block at 0xc3 in for 0x151
03-15 05:06:05.927 29999 29999 E ArmVmp : Match on catch block at 0xc3 in for 0x14d
03-15 05:06:05.930 29999 29999 E ArmVmp : Match on catch block at 0xc3 in for 0x151
03-15 05:06:05.941 29999 29999 E ArmVmp : Match on catch block at 0xc3 in for 0x151
03-15 05:06:05.946 29999 29999 E ArmVmp : Match on catch block at 0xc3 in for 0x14d
03-15 05:06:05.950 29999 29999 E ArmVmp : Match on catch block at 0xc3 in for 0x151
03-15 05:06:05.957 29999 29999 E ArmVmp : Match on catch block at 0xc3 in for 0x151
03-15 05:06:05.961 29999 29999 E ArmVmp : Match on catch block at 0xc3 in for 0x14d
03-15 05:06:05.964 29999 29999 E ArmVmp : Match on catch block at 0xc3 in for 0x151
03-15 05:06:05.972 29999 29999 E ArmVmp : Match on catch block at 0xc3 in for 0x151
03-15 05:06:05.976 29999 29999 E ArmVmp : Match on catch block at 0xc3 in for 0x14d
03-15 05:06:05.979 29999 29999 E ArmVmp : Match on catch block at 0xc3 in for 0x151
03-15 05:06:05.990 29999 29999 E ArmVmp : Match on catch block at 0xc3 in for 0x151
03-15 05:06:05.994 29999 29999 E ArmVmp : Match on catch block at 0xc3 in for 0x14d
03-15 05:06:05.997 29999 29999 E ArmVmp : Match on catch block at 0xc3 in for 0x151
03-15 05:06:06.006 29999 29999 E ArmVmp : Match on catch block at 0xc3 in for 0x151
03-15 05:06:06.009 29999 29999 E ArmVmp : Match on catch block at 0xc3 in for 0x14d
03-15 05:06:06.012 29999 29999 E ArmVmp : Match on catch block at 0xc3 in for 0x151
03-15 05:06:06.023 29999 29999 E ArmVmp : Match on catch block at 0xc3 in for 0x151
03-15 05:06:06.026 29999 29999 E ArmVmp : Match on catch block at 0xc3 in for 0x14d
03-15 05:06:06.029 29999 29999 E ArmVmp : Match on catch block at 0xc3 in for 0x151
03-15 05:06:06.039 29999 29999 E ArmVmp : Match on catch block at 0xc3 in for 0x151
03-15 05:06:06.043 29999 29999 E ArmVmp : Match on catch block at 0xc3 in for 0x14d
03-15 05:06:06.046 29999 29999 E ArmVmp : Match on catch block at 0xc3 in for 0x151
03-15 05:06:06.056 29999 29999 E ArmVmp : Match on catch block at 0xc3 in for 0x151
03-15 05:06:06.060 29999 29999 E ArmVmp : Match on catch block at 0xc3 in for 0x14d
03-15 05:06:06.063 29999 29999 E ArmVmp : Match on catch block at 0xc3 in for 0x151
03-15 05:06:06.073 29999 29999 E ArmVmp : Match on catch block at 0xc3 in for 0x151
03-15 05:06:06.076 29999 29999 E ArmVmp : Match on catch block at 0xc3 in for 0x14d
03-15 05:06:06.079 29999 29999 E ArmVmp : Match on catch block at 0xc3 in for 0x151
03-15 05:06:06.089 29999 29999 E ArmVmp : Match on catch block at 0xc3 in for 0x151
03-15 05:06:06.092 29999 29999 E ArmVmp : Match on catch block at 0xc3 in for 0x14d
03-15 05:06:06.095 29999 29999 E ArmVmp : Match on catch block at 0xc3 in for 0x151
03-15 05:06:06.107 29999 29999 E ArmVmp : Match on catch block at 0xc3 in for 0x151
03-15 05:06:06.110 29999 29999 E ArmVmp : Match on catch block at 0xc3 in for 0x14d
03-15 05:06:06.114 29999 29999 E ArmVmp : Match on catch block at 0xc3 in for 0x151
03-15 05:06:06.123 29999 29999 E ArmVmp : Match on catch block at 0xc3 in for 0x159
03-15 05:06:06.126 29999 29999 E ArmVmp : Match on catch block at 0xc3 in for 0x155
03-15 05:06:06.130 29999 29999 E ArmVmp : Match on catch block at 0xc3 in for 0x159
03-15 05:06:06.139 29999 29999 E ArmVmp : Match on catch block at 0xc3 in for 0x159
03-15 05:06:06.143 29999 29999 E ArmVmp : Match on catch block at 0xc3 in for 0x155
03-15 05:06:06.146 29999 29999 E ArmVmp : Match on catch block at 0xc3 in for 0x159
03-15 05:06:06.156 29999 29999 E ArmVmp : Match on catch block at 0xc3 in for 0x159
03-15 05:06:06.160 29999 29999 E ArmVmp : Match on catch block at 0xc3 in for 0x155
03-15 05:06:06.162 29999 29999 E ArmVmp : Match on catch block at 0xc3 in for 0x159
03-15 05:06:06.173 29999 29999 E ArmVmp : Match on catch block at 0xc3 in for 0x159
03-15 05:06:06.176 29999 29999 E ArmVmp : Match on catch block at 0xc3 in for 0x155
03-15 05:06:06.179 29999 29999 E ArmVmp : Match on catch block at 0xc3 in for 0x159
03-15 05:06:06.189 29999 29999 E ArmVmp : Match on catch block at 0xc3 in for 0x159
03-15 05:06:06.192 29999 29999 E ArmVmp : Match on catch block at 0xc3 in for 0x155
03-15 05:06:06.195 29999 29999 E ArmVmp : Match on catch block at 0xc3 in for 0x159
03-15 05:06:06.206 29999 29999 E ArmVmp : Match on catch block at 0xc3 in for 0x159
03-15 05:06:06.210 29999 29999 E ArmVmp : Match on catch block at 0xc3 in for 0x155
03-15 05:06:06.214 29999 29999 E ArmVmp : Match on catch block at 0xc3 in for 0x159
03-15 05:06:06.222 29999 29999 E ArmVmp : Match on catch block at 0xc3 in for 0x159
03-15 05:06:06.226 29999 29999 E ArmVmp : Match on catch block at 0xc3 in for 0x155
03-15 05:06:06.229 29999 29999 E ArmVmp : Match on catch block at 0xc3 in for 0x159
03-15 05:06:06.239 29999 29999 E ArmVmp : Match on catch block at 0xc3 in for 0x145
03-15 05:06:06.242 29999 29999 E ArmVmp : Match on catch block at 0xc3 in for 0x141
03-15 05:06:06.244 29999 29999 E ArmVmp : Match on catch block at 0xc3 in for 0x145
03-15 05:06:06.255 29999 29999 E ArmVmp : Match on catch block at 0xc3 in for 0x145
03-15 05:06:06.258 29999 29999 E ArmVmp : Match on catch block at 0xc3 in for 0x141
03-15 05:06:06.261 29999 29999 E ArmVmp : Match on catch block at 0xc3 in for 0x145
03-15 05:06:06.272 29999 29999 E ArmVmp : Match on catch block at 0xc3 in for 0x145
03-15 05:06:06.276 29999 29999 E ArmVmp : Match on catch block at 0xc3 in for 0x141
03-15 05:06:06.279 29999 29999 E ArmVmp : Match on catch block at 0xc3 in for 0x145
03-15 05:06:06.289 29999 29999 E ArmVmp : Match on catch block at 0xc3 in for 0x145
03-15 05:06:06.292 29999 29999 E ArmVmp : Match on catch block at 0xc3 in for 0x141
03-15 05:06:06.294 29999 29999 E ArmVmp : Match on catch block at 0xc3 in for 0x145
03-15 05:06:06.305 29999 29999 E ArmVmp : Match on catch block at 0xc3 in for 0x145
03-15 05:06:06.309 29999 29999 E ArmVmp : Match on catch block at 0xc3 in for 0x141
03-15 05:06:06.312 29999 29999 E ArmVmp : Match on catch block at 0xc3 in for 0x145
03-15 05:06:06.322 29999 29999 E ArmVmp : Match on catch block at 0xc3 in for 0x145
03-15 05:06:06.325 29999 29999 E ArmVmp : Match on catch block at 0xc3 in for 0x141
03-15 05:06:06.328 29999 29999 E ArmVmp : Match on catch block at 0xc3 in for 0x145
03-15 05:06:06.339 29999 29999 E ArmVmp : Match on catch block at 0xc3 in for 0x145
03-15 05:06:06.342 29999 29999 E ArmVmp : Match on catch block at 0xc3 in for 0x141
03-15 05:06:06.345 29999 29999 E ArmVmp : Match on catch block at 0xc3 in for 0x145
03-15 05:06:06.356 29999 29999 E ArmVmp : Match on catch block at 0xc3 in for 0x145
03-15 05:06:06.359 29999 29999 E ArmVmp : Match on catch block at 0xc3 in for 0x141
03-15 05:06:06.362 29999 29999 E ArmVmp : Match on catch block at 0xc3 in for 0x145
03-15 05:06:06.372 29999 29999 E ArmVmp : Match on catch block at 0xc3 in for 0x145
03-15 05:06:06.376 29999 29999 E ArmVmp : Match on catch block at 0xc3 in for 0x141
03-15 05:06:06.379 29999 29999 E ArmVmp : Match on catch block at 0xc3 in for 0x145
03-15 05:06:06.389 29999 29999 E ArmVmp : Match on catch block at 0xc3 in for 0x145
03-15 05:06:06.393 29999 29999 E ArmVmp : Match on catch block at 0xc3 in for 0x141
03-15 05:06:06.396 29999 29999 E ArmVmp : Match on catch block at 0xc3 in for 0x145
03-15 05:06:06.405 29999 29999 E ArmVmp : Match on catch block at 0xc3 in for 0x145
03-15 05:06:06.409 29999 29999 E ArmVmp : Match on catch block at 0xc3 in for 0x141
03-15 05:06:06.412 29999 29999 E ArmVmp : Match on catch block at 0xc3 in for 0x145
03-15 05:06:06.422 29999 29999 E ArmVmp : Match on catch block at 0xc3 in for 0x145
03-15 05:06:06.426 29999 29999 E ArmVmp : Match on catch block at 0xc3 in for 0x141
03-15 05:06:06.428 29999 29999 E ArmVmp : Match on catch block at 0xc3 in for 0x145
03-15 05:06:06.439 29999 29999 E ArmVmp : Match on catch block at 0xc3 in for 0x145
03-15 05:06:06.443 29999 29999 E ArmVmp : Match on catch block at 0xc3 in for 0x141
03-15 05:06:06.446 29999 29999 E ArmVmp : Match on catch block at 0xc3 in for 0x145
03-15 05:06:06.455 29999 29999 E ArmVmp : Match on catch block at 0xc3 in for 0x145
03-15 05:06:06.458 29999 29999 E ArmVmp : Match on catch block at 0xc3 in for 0x141
03-15 05:06:06.462 29999 29999 E ArmVmp : Match on catch block at 0xc3 in for 0x145
03-15 05:06:06.472 29999 29999 E ArmVmp : Match on catch block at 0xc3 in for 0x145
03-15 05:06:06.477 29999 29999 E ArmVmp : Match on catch block at 0xc3 in for 0x141
03-15 05:06:06.482 29999 29999 E ArmVmp : Match on catch block at 0xc3 in for 0x145
03-15 05:06:06.488 29999 29999 E ArmVmp : Match on catch block at 0xc3 in for 0x145
03-15 05:06:06.492 29999 29999 E ArmVmp : Match on catch block at 0xc3 in for 0x141
03-15 05:06:06.495 29999 29999 E ArmVmp : Match on catch block at 0xc3 in for 0x145
03-15 05:06:06.505 29999 29999 E ArmVmp : Match on catch block at 0xc3 in for 0x145
03-15 05:06:06.508 29999 29999 E ArmVmp : Match on catch block at 0xc3 in for 0x141
03-15 05:06:06.511 29999 29999 E ArmVmp : Match on catch block at 0xc3 in for 0x145
03-15 05:06:06.521 29999 29999 E ArmVmp : Match on catch block at 0xc3 in for 0x145
03-15 05:06:06.524 29999 29999 E ArmVmp : Match on catch block at 0xc3 in for 0x141
03-15 05:06:06.527 29999 29999 E ArmVmp : Match on catch block at 0xc3 in for 0x145
03-15 05:06:06.538 29999 29999 E ArmVmp : Match on catch block at 0xc3 in for 0x145
03-15 05:06:06.541 29999 29999 E ArmVmp : Match on catch block at 0xc3 in for 0x141
03-15 05:06:06.544 29999 29999 E ArmVmp : Match on catch block at 0xc3 in for 0x145
03-15 05:06:06.555 29999 29999 E ArmVmp : Match on catch block at 0xc3 in for 0x145
03-15 05:06:06.558 29999 29999 E ArmVmp : Match on catch block at 0xc3 in for 0x141
03-15 05:06:06.560 29999 29999 E ArmVmp : Match on catch block at 0xc3 in for 0x145
03-15 05:06:06.571 29999 29999 E ArmVmp : Match on catch block at 0xc3 in for 0x145
03-15 05:06:06.574 29999 29999 E ArmVmp : Match on catch block at 0xc3 in for 0x141
03-15 05:06:06.577 29999 29999 E ArmVmp : Match on catch block at 0xc3 in for 0x145
03-15 05:06:06.588 29999 29999 E ArmVmp : Match on catch block at 0xc3 in for 0x145
03-15 05:06:06.592 29999 29999 E ArmVmp : Match on catch block at 0xc3 in for 0x141
03-15 05:06:06.595 29999 29999 E ArmVmp : Match on catch block at 0xc3 in for 0x145
03-15 05:06:06.604 29999 29999 E ArmVmp : Match on catch block at 0xc3 in for 0x145
03-15 05:06:06.608 29999 29999 E ArmVmp : Match on catch block at 0xc3 in for 0x141
03-15 05:06:06.610 29999 29999 E ArmVmp : Match on catch block at 0xc3 in for 0x145
03-15 05:06:06.621 29999 29999 E ArmVmp : Match on catch block at 0xc3 in for 0x145
03-15 05:06:06.625 29999 29999 E ArmVmp : Match on catch block at 0xc3 in for 0x141
03-15 05:06:06.628 29999 29999 E ArmVmp : Match on catch block at 0xc3 in for 0x145
03-15 05:06:07.120 29999 29999 E ArmVmp : Match on catch block at 0xc3 in for 0x145
03-15 05:06:07.123 29999 29999 E ArmVmp : Match on catch block at 0xc3 in for 0x141
03-15 05:06:07.126 29999 29999 E ArmVmp : Match on catch block at 0xc3 in for 0x145
03-15 05:06:07.636 29999 29999 E ArmVmp : Match on catch block at 0xc3 in for 0x145
03-15 05:06:07.640 29999 29999 E ArmVmp : Match on catch block at 0xc3 in for 0x141
03-15 05:06:07.644 29999 29999 E ArmVmp : Match on catch block at 0xc3 in for 0x145
03-15 05:06:08.122 29999 29999 E ArmVmp : Match on catch block at 0xc3 in for 0x149
03-15 05:06:08.126 29999 29999 E ArmVmp : Match on catch block at 0xc3 in for 0x145
03-15 05:06:08.128 29999 29999 E ArmVmp : Match on catch block at 0xc3 in for 0x149
03-15 05:06:08.136 29999 29999 E ArmVmp : Match on catch block at 0xc3 in for 0x149
03-15 05:06:08.139 29999 29999 E ArmVmp : Match on catch block at 0xc3 in for 0x145
03-15 05:06:08.144 29999 29999 E ArmVmp : Match on catch block at 0xc3 in for 0x149
03-15 05:06:08.153 29999 29999 E ArmVmp : Match on catch block at 0xc3 in for 0x149
03-15 05:06:08.158 29999 29999 E ArmVmp : Match on catch block at 0xc3 in for 0x145
03-15 05:06:08.163 29999 29999 E ArmVmp : Match on catch block at 0xc3 in for 0x149
03-15 05:06:08.171 29999 29999 E ArmVmp : Match on catch block at 0xc3 in for 0x149
03-15 05:06:08.176 29999 29999 E ArmVmp : Match on catch block at 0xc3 in for 0x145
03-15 05:06:08.180 29999 29999 E ArmVmp : Match on catch block at 0xc3 in for 0x149
03-15 05:06:08.187 29999 29999 E ArmVmp : Match on catch block at 0xc3 in for 0x149
03-15 05:06:08.192 29999 29999 E ArmVmp : Match on catch block at 0xc3 in for 0x145
03-15 05:06:08.196 29999 29999 E ArmVmp : Match on catch block at 0xc3 in for 0x149
03-15 05:06:08.204 29999 29999 E ArmVmp : Match on catch block at 0xc3 in for 0x149
03-15 05:06:08.208 29999 29999 E ArmVmp : Match on catch block at 0xc3 in for 0x145
03-15 05:06:08.212 29999 29999 E ArmVmp : Match on catch block at 0xc3 in for 0x149
03-15 05:06:08.220 29999 29999 E ArmVmp : Match on catch block at 0xc3 in for 0x149
03-15 05:06:08.225 29999 29999 E ArmVmp : Match on catch block at 0xc3 in for 0x145
03-15 05:06:08.228 29999 29999 E ArmVmp : Match on catch block at 0xc3 in for 0x149
03-15 05:06:08.235 29999 29999 E ArmVmp : Match on catch block at 0xc3 in for 0x149
03-15 05:06:08.239 29999 29999 E ArmVmp : Match on catch block at 0xc3 in for 0x145
03-15 05:06:08.242 29999 29999 E ArmVmp : Match on catch block at 0xc3 in for 0x149
03-15 05:06:08.251 29999 29999 E ArmVmp : Match on catch block at 0xc3 in for 0x149
03-15 05:06:08.254 29999 29999 E ArmVmp : Match on catch block at 0xc3 in for 0x145
03-15 05:06:08.257 29999 29999 E ArmVmp : Match on catch block at 0xc3 in for 0x149
03-15 05:06:08.267 29999 29999 E ArmVmp : Match on catch block at 0xc3 in for 0x149
03-15 05:06:08.270 29999 29999 E ArmVmp : Match on catch block at 0xc3 in for 0x145
03-15 05:06:08.273 29999 29999 E ArmVmp : Match on catch block at 0xc3 in for 0x149
03-15 05:06:08.284 29999 29999 E ArmVmp : Match on catch block at 0xc3 in for 0x149
03-15 05:06:08.287 29999 29999 E ArmVmp : Match on catch block at 0xc3 in for 0x145
03-15 05:06:08.290 29999 29999 E ArmVmp : Match on catch block at 0xc3 in for 0x149
03-15 05:06:08.300 29999 29999 E ArmVmp : Match on catch block at 0xc3 in for 0x149
03-15 05:06:08.303 29999 29999 E ArmVmp : Match on catch block at 0xc3 in for 0x145
03-15 05:06:08.306 29999 29999 E ArmVmp : Match on catch block at 0xc3 in for 0x149
03-15 05:06:08.317 29999 29999 E ArmVmp : Match on catch block at 0xc3 in for 0x149
03-15 05:06:08.320 29999 29999 E ArmVmp : Match on catch block at 0xc3 in for 0x145
03-15 05:06:08.322 29999 29999 E ArmVmp : Match on catch block at 0xc3 in for 0x149
03-15 05:06:08.333 29999 29999 E ArmVmp : Match on catch block at 0xc3 in for 0x149
03-15 05:06:08.336 29999 29999 E ArmVmp : Match on catch block at 0xc3 in for 0x145
03-15 05:06:08.339 29999 29999 E ArmVmp : Match on catch block at 0xc3 in for 0x149
03-15 05:06:08.350 29999 29999 E ArmVmp : Match on catch block at 0xc3 in for 0x149
03-15 05:06:08.353 29999 29999 E ArmVmp : Match on catch block at 0xc3 in for 0x145
03-15 05:06:08.355 29999 29999 E ArmVmp : Match on catch block at 0xc3 in for 0x149
03-15 05:06:08.367 29999 29999 E ArmVmp : Match on catch block at 0xc3 in for 0x149
03-15 05:06:08.370 29999 29999 E ArmVmp : Match on catch block at 0xc3 in for 0x145
03-15 05:06:08.373 29999 29999 E ArmVmp : Match on catch block at 0xc3 in for 0x149
03-15 05:06:08.383 29999 29999 E ArmVmp : Match on catch block at 0xc3 in for 0x149
03-15 05:06:08.386 29999 29999 E ArmVmp : Match on catch block at 0xc3 in for 0x145
03-15 05:06:08.389 29999 29999 E ArmVmp : Match on catch block at 0xc3 in for 0x149
03-15 05:06:08.400 29999 29999 E ArmVmp : Match on catch block at 0xc3 in for 0x149
03-15 05:06:08.402 29999 29999 E ArmVmp : Match on catch block at 0xc3 in for 0x145
03-15 05:06:08.405 29999 29999 E ArmVmp : Match on catch block at 0xc3 in for 0x149
03-15 05:06:08.417 29999 29999 E ArmVmp : Match on catch block at 0xc3 in for 0x149
03-15 05:06:08.420 29999 29999 E ArmVmp : Match on catch block at 0xc3 in for 0x145
03-15 05:06:08.422 29999 29999 E ArmVmp : Match on catch block at 0xc3 in for 0x149
03-15 05:06:08.434 29999 29999 E ArmVmp : Match on catch block at 0xc3 in for 0x149
03-15 05:06:08.437 29999 29999 E ArmVmp : Match on catch block at 0xc3 in for 0x145
03-15 05:06:08.440 29999 29999 E ArmVmp : Match on catch block at 0xc3 in for 0x149
03-15 05:06:08.450 29999 29999 E ArmVmp : Match on catch block at 0xc3 in for 0x149
03-15 05:06:08.454 29999 29999 E ArmVmp : Match on catch block at 0xc3 in for 0x145
03-15 05:06:08.457 29999 29999 E ArmVmp : Match on catch block at 0xc3 in for 0x149
03-15 05:06:08.650 29999 29999 E ArmVmp : Match on catch block at 0xc3 in for 0x141
03-15 05:06:08.653 29999 29999 E ArmVmp : Match on catch block at 0xc3 in for 0x159
03-15 05:06:08.656 29999 29999 E ArmVmp : Match on catch block at 0xc3 in for 0x141
03-15 05:06:09.150 29999 29999 E ArmVmp : Match on catch block at 0xc3 in for 0x141
03-15 05:06:09.155 29999 29999 E ArmVmp : Match on catch block at 0xc3 in for 0x159
03-15 05:06:09.158 29999 29999 E ArmVmp : Match on catch block at 0xc3 in for 0x141
03-15 05:06:09.649 29999 29999 E ArmVmp : Match on catch block at 0xc3 in for 0x141
03-15 05:06:09.653 29999 29999 E ArmVmp : Match on catch block at 0xc3 in for 0x159
03-15 05:06:09.656 29999 29999 E ArmVmp : Match on catch block at 0xc3 in for 0x141
03-15 05:06:10.147 29999 29999 E ArmVmp : Match on catch block at 0xc3 in for 0x141
03-15 05:06:10.153 29999 29999 E ArmVmp : Match on catch block at 0xc3 in for 0x159
03-15 05:06:10.156 29999 29999 E ArmVmp : Match on catch block at 0xc3 in for 0x141
03-15 05:06:10.652 29999 29999 E ArmVmp : Match on catch block at 0xc3 in for 0x141
03-15 05:06:10.660 29999 29999 E ArmVmp : Match on catch block at 0xc3 in for 0x159
03-15 05:06:10.666 29999 29999 E ArmVmp : Match on catch block at 0xc3 in for 0x141
03-15 05:06:11.148 29999 29999 E ArmVmp : Match on catch block at 0xc3 in for 0x141
03-15 05:06:11.156 29999 29999 E ArmVmp : Match on catch block at 0xc3 in for 0x159
03-15 05:06:11.162 29999 29999 E ArmVmp : Match on catch block at 0xc3 in for 0x141
03-15 05:06:11.664 29999 29999 E ArmVmp : Match on catch block at 0xc3 in for 0x141
03-15 05:06:11.673 29999 29999 E ArmVmp : Match on catch block at 0xc3 in for 0x159
03-15 05:06:11.678 29999 29999 E ArmVmp : Match on catch block at 0xc3 in for 0x141
03-15 05:06:11.918 29999 29999 E ArmVmp : Match on catch block at 0xc3 in for 0x151
03-15 05:06:11.923 29999 29999 E ArmVmp : Match on catch block at 0xc3 in for 0x14d
03-15 05:06:11.928 29999 29999 E ArmVmp : Match on catch block at 0xc3 in for 0x151
03-15 05:06:12.162 29999 29999 E ArmVmp : Match on catch block at 0xc3 in for 0x151
03-15 05:06:12.170 29999 29999 E ArmVmp : Match on catch block at 0xc3 in for 0x14d
03-15 05:06:12.176 29999 29999 E ArmVmp : Match on catch block at 0xc3 in for 0x151
03-15 05:06:12.662 29999 29999 E ArmVmp : Match on catch block at 0xc3 in for 0x151
03-15 05:06:12.671 29999 29999 E ArmVmp : Match on catch block at 0xc3 in for 0x14d
03-15 05:06:12.678 29999 29999 E ArmVmp : Match on catch block at 0xc3 in for 0x151
03-15 05:06:13.160 29999 29999 E ArmVmp : Match on catch block at 0xc3 in for 0x151
03-15 05:06:13.171 29999 29999 E ArmVmp : Match on catch block at 0xc3 in for 0x14d
03-15 05:06:13.181 29999 29999 E ArmVmp : Match on catch block at 0xc3 in for 0x151
03-15 05:06:13.657 29999 29999 E ArmVmp : Match on catch block at 0xc3 in for 0x151
03-15 05:06:13.665 29999 29999 E ArmVmp : Match on catch block at 0xc3 in for 0x14d
03-15 05:06:13.670 29999 29999 E ArmVmp : Match on catch block at 0xc3 in for 0x151
03-15 05:06:14.155 29999 29999 E ArmVmp : Match on catch block at 0xc3 in for 0x151
03-15 05:06:14.159 29999 29999 E ArmVmp : Match on catch block at 0xc3 in for 0x14d
03-15 05:06:14.164 29999 29999 E ArmVmp : Match on catch block at 0xc3 in for 0x151
03-15 05:06:14.674 29999 29999 E ArmVmp : Match on catch block at 0xc3 in for 0x151
03-15 05:06:14.682 29999 29999 E ArmVmp : Match on catch block at 0xc3 in for 0x14d
03-15 05:06:14.687 29999 29999 E ArmVmp : Match on catch block at 0xc3 in for 0x151
03-15 05:06:15.172 29999 29999 E ArmVmp : Match on catch block at 0xc3 in for 0x151
03-15 05:06:15.181 29999 29999 E ArmVmp : Match on catch block at 0xc3 in for 0x14d
03-15 05:06:15.187 29999 29999 E ArmVmp : Match on catch block at 0xc3 in for 0x151
03-15 05:06:15.670 29999 29999 E ArmVmp : Match on catch block at 0xc3 in for 0x151
03-15 05:06:15.679 29999 29999 E ArmVmp : Match on catch block at 0xc3 in for 0x14d
03-15 05:06:15.685 29999 29999 E ArmVmp : Match on catch block at 0xc3 in for 0x151
03-15 05:06:16.170 29999 29999 E ArmVmp : Match on catch block at 0xc3 in for 0x151
03-15 05:06:16.181 29999 29999 E ArmVmp : Match on catch block at 0xc3 in for 0x14d
03-15 05:06:16.190 29999 29999 E ArmVmp : Match on catch block at 0xc3 in for 0x151
03-15 05:06:16.664 29999 29999 E ArmVmp : Match on catch block at 0xc3 in for 0x151
03-15 05:06:16.667 29999 29999 E ArmVmp : Match on catch block at 0xc3 in for 0x14d
03-15 05:06:16.673 29999 29999 E ArmVmp : Match on catch block at 0xc3 in for 0x151
03-15 05:06:16.707 29999 29999 E ArmVmp : Match on catch block at 0xc3 in for 0x14d
03-15 05:06:16.712 29999 29999 E ArmVmp : Match on catch block at 0xc3 in for 0x149
03-15 05:06:16.718 29999 29999 E ArmVmp : Match on catch block at 0xc3 in for 0x14d
03-15 05:06:16.737 29999 29999 E ArmVmp : Match on catch block at 0xc3 in for 0x145
03-15 05:06:16.743 29999 29999 E ArmVmp : Match on catch block at 0xc3 in for 0x141
03-15 05:06:16.748 29999 29999 E ArmVmp : Match on catch block at 0xc3 in for 0x145
03-15 05:06:16.757 29999 29999 E ArmVmp : Match on catch block at 0xc3 in for 0x145
03-15 05:06:16.762 29999 29999 E ArmVmp : Match on catch block at 0xc3 in for 0x141
03-15 05:06:16.768 29999 29999 E ArmVmp : Match on catch block at 0xc3 in for 0x145
03-15 05:06:16.777 29999 29999 E ArmVmp : Match on catch block at 0xc3 in for 0x145
03-15 05:06:16.781 29999 29999 E ArmVmp : Match on catch block at 0xc3 in for 0x141
03-15 05:06:16.786 29999 29999 E ArmVmp : Match on catch block at 0xc3 in for 0x145
03-15 05:06:16.795 29999 29999 E ArmVmp : Match on catch block at 0xc3 in for 0x145
03-15 05:06:16.802 29999 29999 E ArmVmp : Match on catch block at 0xc3 in for 0x141
03-15 05:06:16.807 29999 29999 E ArmVmp : Match on catch block at 0xc3 in for 0x145
03-15 05:06:16.816 29999 29999 E ArmVmp : Match on catch block at 0xc3 in for 0x145
03-15 05:06:16.822 29999 29999 E ArmVmp : Match on catch block at 0xc3 in for 0x141
03-15 05:06:16.828 29999 29999 E ArmVmp : Match on catch block at 0xc3 in for 0x145
03-15 05:06:16.851 29999 29999 E ArmVmp : Match on catch block at 0xc3 in for 0x145
03-15 05:06:16.858 29999 29999 E ArmVmp : Match on catch block at 0xc3 in for 0x141
03-15 05:06:16.863 29999 29999 E ArmVmp : Match on catch block at 0xc3 in for 0x145
03-15 05:06:16.881 29999 29999 E ArmVmp : Match on catch block at 0xc3 in for 0x145
03-15 05:06:16.886 29999 29999 E ArmVmp : Match on catch block at 0xc3 in for 0x141
03-15 05:06:16.889 29999 29999 E ArmVmp : Match on catch block at 0xc3 in for 0x145
03-15 05:06:16.901 29999 29999 E ArmVmp : Match on catch block at 0xc3 in for 0x14d
03-15 05:06:16.907 29999 29999 E ArmVmp : Match on catch block at 0xc3 in for 0x149
03-15 05:06:16.913 29999 29999 E ArmVmp : Match on catch block at 0xc3 in for 0x14d
03-15 05:06:16.931 29999 29999 E ArmVmp : Match on catch block at 0xc3 in for 0x14d
03-15 05:06:16.936 29999 29999 E ArmVmp : Match on catch block at 0xc3 in for 0x149
03-15 05:06:16.941 29999 29999 E ArmVmp : Match on catch block at 0xc3 in for 0x14d
03-15 05:06:17.414 29999 29999 E ArmVmp : Match on catch block at 0xc3 in for 0x14d
03-15 05:06:17.419 29999 29999 E ArmVmp : Match on catch block at 0xc3 in for 0x149
03-15 05:06:17.426 29999 29999 E ArmVmp : Match on catch block at 0xc3 in for 0x14d
03-15 05:06:17.514 29999 29999 E ArmVmp : Match on catch block at 0xc3 in for 0x155
03-15 05:06:17.519 29999 29999 E ArmVmp : Match on catch block at 0xc3 in for 0x151
03-15 05:06:17.525 29999 29999 E ArmVmp : Match on catch block at 0xc3 in for 0x155
03-15 05:06:18.012 29999 29999 E ArmVmp : Match on catch block at 0xc3 in for 0x155
03-15 05:06:18.017 29999 29999 E ArmVmp : Match on catch block at 0xc3 in for 0x151
03-15 05:06:18.021 29999 29999 E ArmVmp : Match on catch block at 0xc3 in for 0x155
03-15 05:06:18.130 29999 29999 E ArmVmp : Match on catch block at 0xc3 in for 0x141
03-15 05:06:18.136 29999 29999 E ArmVmp : Match on catch block at 0xc3 in for 0x159
03-15 05:06:18.141 29999 29999 E ArmVmp : Match on catch block at 0xc3 in for 0x141
03-15 05:06:18.629 29999 29999 E ArmVmp : Match on catch block at 0xc3 in for 0x149
03-15 05:06:18.634 29999 29999 E ArmVmp : Match on catch block at 0xc3 in for 0x145
03-15 05:06:18.643 29999 29999 E ArmVmp : Match on catch block at 0xc3 in for 0x149
03-15 05:06:18.778 29999 29999 E ArmVmp : Match on catch block at 0xc3 in for 0x151
03-15 05:06:18.784 29999 29999 E ArmVmp : Match on catch block at 0xc3 in for 0x14d
03-15 05:06:18.789 29999 29999 E ArmVmp : Match on catch block at 0xc3 in for 0x151
03-15 05:06:18.960 29999 29999 E ArmVmp : Match on catch block at 0xc3 in for 0x159
03-15 05:06:18.967 29999 29999 E ArmVmp : Match on catch block at 0xc3 in for 0x155
03-15 05:06:18.973 29999 29999 E ArmVmp : Match on catch block at 0xc3 in for 0x159
03-15 05:06:19.008 29999 29999 E ArmVmp : Match on catch block at 0xc3 in for 0x149
03-15 05:06:19.013 29999 29999 E ArmVmp : Match on catch block at 0xc3 in for 0x145
03-15 05:06:19.019 29999 29999 E ArmVmp : Match on catch block at 0xc3 in for 0x149
03-15 05:06:19.045 29999 29999 E ArmVmp : Match on catch block at 0xc3 in for 0x14d
03-15 05:06:19.049 29999 29999 E ArmVmp : Match on catch block at 0xc3 in for 0x149
03-15 05:06:19.075 29999 29999 E ArmVmp : Match on catch block at 0xc3 in for 0x159
03-15 05:06:19.080 29999 29999 E ArmVmp : Match on catch block at 0xc3 in for 0x155
03-15 05:06:19.130 29999 29999 E ArmVmp : Match on catch block at 0xc3 in for 0x151
03-15 05:06:19.135 29999 29999 E ArmVmp : Match on catch block at 0xc3 in for 0x14d
03-15 05:06:19.150 29999 29999 E ArmVmp : Match on catch block at 0xc3 in for 0x145
03-15 05:06:19.153 29999 29999 E ArmVmp : Match on catch block at 0xc3 in for 0x141
03-15 05:06:19.168 29999 29999 E ArmVmp : Match on catch block at 0xc3 in for 0x149
03-15 05:06:19.171 29999 29999 E ArmVmp : Match on catch block at 0xc3 in for 0x145
03-15 05:06:19.178 29999 29999 E ArmVmp : Match on catch block at 0xc3 in for 0x155
03-15 05:06:19.183 29999 29999 E ArmVmp : Match on catch block at 0xc3 in for 0x151
03-15 05:06:19.191 29999 29999 E ArmVmp : Match on catch block at 0xc3 in for 0x145
03-15 05:06:19.194 29999 29999 E ArmVmp : Match on catch block at 0xc3 in for 0x141
03-15 05:06:19.208 29999 29999 E ArmVmp : Match on catch block at 0xc3 in for 0x151
03-15 05:06:19.211 29999 29999 E ArmVmp : Match on catch block at 0xc3 in for 0x14d
03-15 05:06:19.225 29999 29999 E ArmVmp : Match on catch block at 0xc3 in for 0x141
03-15 05:06:19.229 29999 29999 E ArmVmp : Match on catch block at 0xc3 in for 0x159
03-15 05:06:19.493 29999 29999 E ArmVmp : Match on catch block at 0xc3 in for 0x145
03-15 05:06:19.497 29999 29999 E ArmVmp : Match on catch block at 0xc3 in for 0x141
03-15 05:06:19.510 29999 29999 E ArmVmp : Match on catch block at 0xc3 in for 0x149
03-15 05:06:19.510 29999 30074 W MediaPlayer: Use of stream types is deprecated for operations other than volume control
03-15 05:06:19.510 29999 30074 W MediaPlayer: See the documentation of setAudioStreamType() for what to use instead with android.media.AudioAttributes to qualify your playback use case
03-15 05:06:19.513 29999 29999 E ArmVmp : Match on catch block at 0xc3 in for 0x145
03-15 05:06:19.644 29999 29999 E ArmVmp : Match on catch block at 0xc3 in for 0x151
03-15 05:06:19.647 29999 29999 E ArmVmp : Match on catch block at 0xc3 in for 0x14d
03-15 05:06:20.005 29999 29999 E ArmVmp : Match on catch block at 0xc3 in for 0x155
03-15 05:06:20.008 29999 29999 E ArmVmp : Match on catch block at 0xc3 in for 0x151
03-15 05:06:20.521 29999 29999 E ArmVmp : Match on catch block at 0xc3 in for 0x145
03-15 05:06:20.524 29999 29999 E ArmVmp : Match on catch block at 0xc3 in for 0x141
03-15 05:06:21.025 29999 29999 E ArmVmp : Match on catch block at 0xc3 in for 0x151
03-15 05:06:21.034 29999 29999 E ArmVmp : Match on catch block at 0xc3 in for 0x14d
03-15 05:06:21.521 29999 29999 E ArmVmp : Match on catch block at 0xc3 in for 0x141
03-15 05:06:21.525 29999 29999 E ArmVmp : Match on catch block at 0xc3 in for 0x159
03-15 05:06:22.020 29999 29999 E ArmVmp : Match on catch block at 0xc3 in for 0x14d
03-15 05:06:22.027 29999 29999 E ArmVmp : Match on catch block at 0xc3 in for 0x149
03-15 05:06:22.154 29999 29999 E ArmVmp : Match on catch block at 0xc3 in for 0x141
03-15 05:06:22.160 29999 29999 E ArmVmp : Match on catch block at 0xc3 in for 0x159
03-15 05:06:22.184 29999 29999 E ArmVmp : Match on catch block at 0xc3 in for 0x151
03-15 05:06:22.190 29999 29999 E ArmVmp : Match on catch block at 0xc3 in for 0x14d
03-15 05:06:22.240 29999 29999 E ArmVmp : Match on catch block at 0xc3 in for 0x141
03-15 05:06:22.249 29999 29999 E ArmVmp : Match on catch block at 0xc3 in for 0x159
03-15 05:06:22.296 29999 29999 E ArmVmp : Match on catch block at 0xc3 in for 0x159
03-15 05:06:22.302 29999 29999 E ArmVmp : Match on catch block at 0xc3 in for 0x155
03-15 05:06:22.333 29999 29999 E IPCThreadState: attemptIncStrongHandle(75): Not supported
03-15 05:06:22.382 29999 29999 E ArmVmp : Match on catch block at 0xc3 in for 0x141
03-15 05:06:22.385 29999 29999 E ArmVmp : Match on catch block at 0xc3 in for 0x159
03-15 05:06:22.413 29999 29999 E ArmVmp : Match on catch block at 0xc3 in for 0x151
03-15 05:06:22.416 29999 29999 E ArmVmp : Match on catch block at 0xc3 in for 0x14d
03-15 05:06:22.446 29999 29999 E ArmVmp : Match on catch block at 0xc3 in for 0x159
03-15 05:06:22.451 29999 29999 E ArmVmp : Match on catch block at 0xc3 in for 0x155
03-15 05:06:22.492 29999 29999 E ArmVmp : Match on catch block at 0xc3 in for 0x151
03-15 05:06:22.496 29999 29999 E ArmVmp : Match on catch block at 0xc3 in for 0x14d
03-15 05:06:22.501 29999 29999 W OnBackInvokedCallback: OnBackInvokedCallback is not enabled for the application.
03-15 05:06:22.501 29999 29999 W OnBackInvokedCallback: Set 'android:enableOnBackInvokedCallback="true"' in the application manifest.
03-15 05:06:22.520 29999 29999 W RemoteInputConnectionImpl: requestCursorAnchorInfo on inactive InputConnection
03-15 05:06:22.551 29999 29999 E ArmVmp : Match on catch block at 0xc3 in for 0x151
03-15 05:06:22.559 29999 29999 E ArmVmp : Match on catch block at 0xc3 in for 0x14d
03-15 05:06:22.583 29999 29999 E ArmVmp : Match on catch block at 0xc3 in for 0x155
03-15 05:06:22.587 29999 29999 E ArmVmp : Match on catch block at 0xc3 in for 0x151
03-15 05:06:22.606 29999 29999 E ArmVmp : Match on catch block at 0xc3 in for 0x145
03-15 05:06:22.609 29999 29999 E ArmVmp : Match on catch block at 0xc3 in for 0x141
03-15 05:06:22.621 29999 29999 E ArmVmp : Match on catch block at 0xc3 in for 0x149
03-15 05:06:22.625 29999 29999 E ArmVmp : Match on catch block at 0xc3 in for 0x145
03-15 05:06:22.666 29999 29999 E ArmVmp : Match on catch block at 0xc3 in for 0x151
03-15 05:06:22.669 29999 29999 E ArmVmp : Match on catch block at 0xc3 in for 0x14d
03-15 05:06:22.686 29999 29999 E ArmVmp : Match on catch block at 0xc3 in for 0x151
03-15 05:06:22.689 29999 29999 E ArmVmp : Match on catch block at 0xc3 in for 0x14d
03-15 05:06:22.931 29999 29999 E ArmVmp : Match on catch block at 0xc3 in for 0x141
03-15 05:06:22.941 29999 29999 E ArmVmp : Match on catch block at 0xc3 in for 0x159
03-15 05:06:23.263 29999 29999 E OplusBracketLog: [OplusViewMirrorManager] updateHostViewRootIfNeeded, not support android.view.ViewRootImpl@16023a5
03-15 05:06:23.277 29999 29999 E IPCThreadState: attemptIncStrongHandle(98): Not supported
03-15 05:06:23.286 29999 30060 W Parcel : Expecting binder but got null!
03-15 05:06:24.171 29999 29999 W ResourceType: Bad XML block: header size 18254 or total size 169478669 is larger than data size 380
03-15 05:06:24.175 29999 29999 W ResourceType: Bad XML block: header size 18254 or total size 169478669 is larger than data size 633
03-15 05:06:24.185 29999 29999 W ResourceType: Bad XML block: header size 18254 or total size 169478669 is larger than data size 677
03-15 05:06:24.189 29999 29999 W ResourceType: Bad XML block: header size 18254 or total size 169478669 is larger than data size 248
03-15 05:06:24.196 29999 29999 W ResourceType: Bad XML block: header size 18254 or total size 169478669 is larger than data size 571
03-15 05:06:24.203 29999 29999 W ResourceType: Bad XML block: header size 18254 or total size 169478669 is larger than data size 333
03-15 05:06:24.207 29999 29999 W ResourceType: Bad XML block: header size 18254 or total size 169478669 is larger than data size 650
03-15 05:06:24.211 29999 29999 W ResourceType: Bad XML block: header size 18254 or total size 169478669 is larger than data size 1150
03-15 05:06:24.214 29999 29999 W ResourceType: Bad XML block: header size 18254 or total size 169478669 is larger than data size 491
03-15 05:06:24.218 29999 29999 W ResourceType: Bad XML block: header size 18254 or total size 169478669 is larger than data size 1150
03-15 05:06:24.222 29999 29999 W ResourceType: Bad XML block: header size 18254 or total size 169478669 is larger than data size 659
03-15 05:06:24.225 29999 29999 W ResourceType: Bad XML block: header size 18254 or total size 169478669 is larger than data size 593
03-15 05:06:24.328 29999 29999 W ResourceType: Bad XML block: header size 18254 or total size 169478669 is larger than data size 521
03-15 05:06:24.332 29999 29999 W ResourceType: Bad XML block: header size 18254 or total size 169478669 is larger than data size 853
03-15 05:06:24.345 29999 29999 W ResourceType: Bad XML block: header size 18254 or total size 169478669 is larger than data size 650
03-15 05:06:24.364 29999 29999 E OplusBracketLog: [OplusViewMirrorManager] updateHostViewRootIfNeeded, not support android.view.ViewRootImpl@74c100
03-15 05:06:24.440 29999 30060 W Parcel : Expecting binder but got null!
03-15 05:06:24.498 29999 29999 W View : requestLayout() improperly called by android.widget.Space{ee1589a I.ED..... ......I. 36,108-48,120 #7f0b00ba app:id/action_tile_spacing viewInfo = } during layout: running second layout pass
03-15 05:06:24.498 29999 29999 W View : requestLayout() improperly called by android.widget.Space{dd5cb I.ED..... ......I. 36,108-48,120 #7f0b00ba app:id/action_tile_spacing viewInfo = } during layout: running second layout pass
03-15 05:06:24.498 29999 29999 W View : requestLayout() improperly called by android.widget.Space{30a11a8 I.ED..... ......I. 36,108-48,120 #7f0b00ba app:id/action_tile_spacing viewInfo = } during layout: running second layout pass
03-15 05:06:24.977 29999 29999 E OplusBracketLog: [OplusViewMirrorManager] updateHostViewRootIfNeeded, not support android.view.ViewRootImpl@16290d1
03-15 05:06:24.994 29999 29999 E IPCThreadState: attemptIncStrongHandle(136): Not supported
03-15 05:06:24.994 29999 29999 E IPCThreadState: attemptIncStrongHandle(131): Not supported
03-15 05:06:25.026 29999 30060 W Parcel : Expecting binder but got null!
03-15 05:06:26.120 29999 29999 E OplusBracketLog: [OplusViewMirrorManager] updateHostViewRootIfNeeded, not support android.view.ViewRootImpl@3b9afae
03-15 05:06:26.269 29999 30060 W Parcel : Expecting binder but got null!
03-15 05:06:26.281 29999 29999 W BottomSheetBehavior: BottomSheetBehavior now supports multiple callbacks. `setBottomSheetCallback()` removes all existing callbacks, including ones set internally by library authors, which may result in unintended behavior. This may change in the future. Please use `addBottomSheetCallback()` and `removeBottomSheetCallback()` instead to set your own callbacks.
03-15 05:06:30.082 29999 29999 E OplusBracketLog: [OplusViewMirrorManager] updateHostViewRootIfNeeded, not support android.view.ViewRootImpl@a3e5aae
03-15 05:06:30.113 29999 29999 E IPCThreadState: attemptIncStrongHandle(111): Not supported
03-15 05:06:30.149 29999 30060 W Parcel : Expecting binder but got null!
03-15 05:06:32.920 29999 29999 E OplusBracketLog: [OplusViewMirrorManager] updateHostViewRootIfNeeded, not support android.view.ViewRootImpl@56f9584
03-15 05:06:32.927 29999 29999 E IPCThreadState: attemptIncStrongHandle(130): Not supported
03-15 05:06:32.940 29999 30060 W Parcel : Expecting binder but got null!
03-15 05:06:33.026 29999 29999 W OnBackInvokedCallback: OnBackInvokedCallback is not enabled for the application.
03-15 05:06:33.026 29999 29999 W OnBackInvokedCallback: Set 'android:enableOnBackInvokedCallback="true"' in the application manifest.
03-15 05:06:34.848 29999 29999 W RemoteInputConnectionImpl: requestCursorAnchorInfo on inactive InputConnection
03-15 05:06:34.853 29999 29999 E OplusBracketLog: [OplusViewMirrorManager] updateHostViewRootIfNeeded, not support android.view.ViewRootImpl@541d63c
03-15 05:06:34.862 29999 29999 E IPCThreadState: attemptIncStrongHandle(131): Not supported
03-15 05:06:34.875 29999 30060 W Parcel : Expecting binder but got null!
