03-14 18:32:58.302 11874 11874 E OplusBracketLog: [OplusViewMirrorManager] updateHostViewRootIfNeeded, not support android.view.ViewRootImpl@8e4c070
03-14 18:32:58.326 11874 11874 E IPCThreadState: attemptIncStrongHandle(125): Not supported
03-14 18:32:58.374 11874 12169 W Parcel : Expecting binder but got null!
03-14 18:32:58.468 11874 11874 W OnBackInvokedCallback: OnBackInvokedCallback is not enabled for the application.
03-14 18:32:58.468 11874 11874 W OnBackInvokedCallback: Set 'android:enableOnBackInvokedCallback="true"' in the application manifest.
03-14 18:32:58.492 11874 11874 W RemoteInputConnectionImpl: requestCursorAnchorInfo on inactive InputConnection
03-14 18:33:00.535 11874 11874 E OplusBracketLog: [OplusViewMirrorManager] updateHostViewRootIfNeeded, not support android.view.ViewRootImpl@b2d0fe8
03-14 18:33:00.550 11874 11874 E IPCThreadState: attemptIncStrongHandle(134): Not supported
03-14 18:33:00.565 11874 12169 W Parcel : Expecting binder but got null!
03-14 18:33:01.612 11874 11874 E OplusBracketLog: [OplusViewMirrorManager] updateHostViewRootIfNeeded, not support android.view.ViewRootImpl@afdbedb
03-14 18:33:01.628 11874 11874 E IPCThreadState: attemptIncStrongHandle(125): Not supported
03-14 18:33:01.638 11874 12169 W Parcel : Expecting binder but got null!
03-14 18:33:01.749 11874 11874 W OnBackInvokedCallback: OnBackInvokedCallback is not enabled for the application.
03-14 18:33:01.749 11874 11874 W OnBackInvokedCallback: Set 'android:enableOnBackInvokedCallback="true"' in the application manifest.
03-14 18:33:04.244 11874 11874 W OnBackInvokedCallback: OnBackInvokedCallback is not enabled for the application.
03-14 18:33:04.244 11874 11874 W OnBackInvokedCallback: Set 'android:enableOnBackInvokedCallback="true"' in the application manifest.
03-14 18:33:07.045 11874 11874 W RemoteInputConnectionImpl: requestCursorAnchorInfo on inactive InputConnection
03-14 18:33:07.052 11874 11874 E ImeBackDispatcher: Ime callback not found. Ignoring unregisterReceivedCallback. callbackId: 34789536
03-14 18:33:11.401 11874 13435 W libc : Access denied finding property "vendor.debug.forcibly_enable_mtk_ray_tracing"
03-14 18:39:08.020 11874 11874 E IPCThreadState: attemptIncStrongHandle(140): Not supported
03-14 18:39:08.020 11874 11874 E IPCThreadState: attemptIncStrongHandle(116): Not supported
03-14 18:39:08.317 11874 11874 W OnBackInvokedCallback: OnBackInvokedCallback is not enabled for the application.
03-14 18:39:08.317 11874 11874 W OnBackInvokedCallback: Set 'android:enableOnBackInvokedCallback="true"' in the application manifest.
03-14 18:39:10.892 11874 11874 W OnBackInvokedCallback: OnBackInvokedCallback is not enabled for the application.
03-14 18:39:10.892 11874 11874 W OnBackInvokedCallback: Set 'android:enableOnBackInvokedCallback="true"' in the application manifest.
03-14 18:39:33.085 11874 11874 W OnBackInvokedCallback: OnBackInvokedCallback is not enabled for the application.
03-14 18:39:33.085 11874 11874 W OnBackInvokedCallback: Set 'android:enableOnBackInvokedCallback="true"' in the application manifest.
03-14 18:39:33.743 11874 11874 W RemoteInputConnectionImpl: requestCursorAnchorInfo on inactive InputConnection
03-14 18:39:33.747 11874 11874 E ImeBackDispatcher: Ime callback not found. Ignoring unregisterReceivedCallback. callbackId: 34789536
03-14 18:42:44.034 11874 11874 E IPCThreadState: attemptIncStrongHandle(69): Not supported
03-14 18:42:44.287 11874 11874 W OnBackInvokedCallback: OnBackInvokedCallback is not enabled for the application.
03-14 18:42:44.287 11874 11874 W OnBackInvokedCallback: Set 'android:enableOnBackInvokedCallback="true"' in the application manifest.
03-14 18:42:46.929 11874 11874 W OnBackInvokedCallback: OnBackInvokedCallback is not enabled for the application.
03-14 18:42:46.929 11874 11874 W OnBackInvokedCallback: Set 'android:enableOnBackInvokedCallback="true"' in the application manifest.
03-14 18:42:48.487 11874 11874 W X.0Z6 : Invalid or missing region code (Indonesia) provided.
03-14 18:42:48.554 11874 11874 E OplusBracketLog: [OplusViewMirrorManager] updateHostViewRootIfNeeded, not support android.view.ViewRootImpl@6aef7da
03-14 18:42:48.588 11874 12169 W Parcel : Expecting binder but got null!
03-14 18:42:49.000 11874 11874 W OnBackInvokedCallback: OnBackInvokedCallback is not enabled for the application.
03-14 18:42:49.000 11874 11874 W OnBackInvokedCallback: Set 'android:enableOnBackInvokedCallback="true"' in the application manifest.
03-14 18:44:11.911 11874 11874 E IPCThreadState: attemptIncStrongHandle(97): Not supported
03-14 18:44:11.911 11874 11874 E IPCThreadState: attemptIncStrongHandle(71): Not supported
03-14 18:44:12.036 11874 11874 W OnBackInvokedCallback: OnBackInvokedCallback is not enabled for the application.
03-14 18:44:12.036 11874 11874 W OnBackInvokedCallback: Set 'android:enableOnBackInvokedCallback="true"' in the application manifest.
03-14 19:04:56.995 11874 11874 W Activity: Can request only one set of permissions at a time
03-14 19:04:57.069 11874 11874 E OplusBracketLog: [OplusViewMirrorManager] updateHostViewRootIfNeeded, not support android.view.ViewRootImpl@45f61ad
03-14 19:04:57.094 11874 11874 E IPCThreadState: attemptIncStrongHandle(63): Not supported
03-14 19:04:57.122 11874 12169 W Parcel : Expecting binder but got null!
03-14 19:05:01.309 11874 11874 W X.0Z6 : Invalid or missing region code (Indonesia) provided.
03-14 19:05:01.340 11874 11874 E OplusBracketLog: [OplusViewMirrorManager] updateHostViewRootIfNeeded, not support android.view.ViewRootImpl@11e71c8
03-14 19:05:01.387 11874 12169 W Parcel : Expecting binder but got null!
03-14 19:05:01.854 11874 11874 W OnBackInvokedCallback: OnBackInvokedCallback is not enabled for the application.
03-14 19:05:01.854 11874 11874 W OnBackInvokedCallback: Set 'android:enableOnBackInvokedCallback="true"' in the application manifest.
03-14 19:05:05.272 11874 11874 W Activity: Can request only one set of permissions at a time
03-14 19:05:05.308 11874 11874 E OplusBracketLog: [OplusViewMirrorManager] updateHostViewRootIfNeeded, not support android.view.ViewRootImpl@5b2f562
03-14 19:05:05.326 11874 11874 E IPCThreadState: attemptIncStrongHandle(100): Not supported
03-14 19:05:05.326 11874 11874 E IPCThreadState: attemptIncStrongHandle(75): Not supported
03-14 19:05:05.346 11874 12169 W Parcel : Expecting binder but got null!
03-14 19:05:08.135 11874 11874 W X.0Z6 : Invalid or missing region code (Indonesia) provided.
03-14 19:05:08.163 11874 11874 E OplusBracketLog: [OplusViewMirrorManager] updateHostViewRootIfNeeded, not support android.view.ViewRootImpl@2c572e2
03-14 19:05:08.199 11874 12169 W Parcel : Expecting binder but got null!
03-14 19:05:08.502 11874 11874 W OnBackInvokedCallback: OnBackInvokedCallback is not enabled for the application.
03-14 19:05:08.502 11874 11874 W OnBackInvokedCallback: Set 'android:enableOnBackInvokedCallback="true"' in the application manifest.
03-14 19:05:23.241 11874 11874 E OplusBracketLog: [OplusViewMirrorManager] updateHostViewRootIfNeeded, not support android.view.ViewRootImpl@2f265f3
03-14 19:05:23.259 11874 11874 E IPCThreadState: attemptIncStrongHandle(88): Not supported
03-14 19:05:23.283 11874 12169 W Parcel : Expecting binder but got null!
03-14 19:05:25.403 11874 11874 E OplusBracketLog: [OplusViewMirrorManager] updateHostViewRootIfNeeded, not support android.view.ViewRootImpl@9f8bdb3
03-14 19:05:25.425 11874 11874 E IPCThreadState: attemptIncStrongHandle(130): Not supported
03-14 19:05:25.452 11874 12169 W Parcel : Expecting binder but got null!
03-14 19:05:28.940 11874 11874 W OnBackInvokedCallback: OnBackInvokedCallback is not enabled for the application.
03-14 19:05:28.940 11874 11874 W OnBackInvokedCallback: Set 'android:enableOnBackInvokedCallback="true"' in the application manifest.
03-14 19:05:29.825 11874 11874 E OplusBracketLog: [OplusViewMirrorManager] updateHostViewRootIfNeeded, not support android.view.ViewRootImpl@a8d4923
03-14 19:05:29.838 11874 11874 E IPCThreadState: attemptIncStrongHandle(134): Not supported
03-14 19:05:29.852 11874 12169 W Parcel : Expecting binder but got null!
03-14 19:05:29.852 11874 11874 E OplusBracketLog: [OplusViewMirrorManager] updateHostViewRootIfNeeded, not support android.view.ViewRootImpl@9c43676
03-14 19:05:29.904 11874 12169 W Parcel : Expecting binder but got null!
03-14 19:05:31.091 11874 11874 E OplusBracketLog: [OplusViewMirrorManager] updateHostViewRootIfNeeded, not support android.view.ViewRootImpl@186ee5c
03-14 19:05:31.119 11874 11874 E IPCThreadState: attemptIncStrongHandle(144): Not supported
03-14 19:05:31.119 11874 11874 E IPCThreadState: attemptIncStrongHandle(110): Not supported
03-14 19:05:31.142 11874 12169 W Parcel : Expecting binder but got null!
03-14 19:05:31.217 11874 11874 W RemoteInputConnectionImpl: requestCursorAnchorInfo on inactive InputConnection
03-14 19:05:31.239 11874 11874 E ImeBackDispatcher: Ime callback not found. Ignoring unregisterReceivedCallback. callbackId: 34789536
03-14 19:05:31.287 11874 11874 W OnBackInvokedCallback: OnBackInvokedCallback is not enabled for the application.
03-14 19:05:31.287 11874 11874 W OnBackInvokedCallback: Set 'android:enableOnBackInvokedCallback="true"' in the application manifest.
03-14 19:05:37.900 11874 11874 W OnBackInvokedCallback: OnBackInvokedCallback is not enabled for the application.
03-14 19:05:37.900 11874 11874 W OnBackInvokedCallback: Set 'android:enableOnBackInvokedCallback="true"' in the application manifest.
03-14 19:05:56.674 11874 11874 E OplusBracketLog: [OplusViewMirrorManager] updateHostViewRootIfNeeded, not support android.view.ViewRootImpl@aa2b426
03-14 19:05:56.705 11874 11874 E IPCThreadState: attemptIncStrongHandle(142): Not supported
03-14 19:05:56.739 11874 12169 W Parcel : Expecting binder but got null!
03-14 19:05:56.829 11874 11874 W OnBackInvokedCallback: OnBackInvokedCallback is not enabled for the application.
03-14 19:05:56.829 11874 11874 W OnBackInvokedCallback: Set 'android:enableOnBackInvokedCallback="true"' in the application manifest.
03-14 19:05:56.854 11874 11874 W RemoteInputConnectionImpl: requestCursorAnchorInfo on inactive InputConnection
03-14 19:05:59.085 11874 11874 E OplusBracketLog: [OplusViewMirrorManager] updateHostViewRootIfNeeded, not support android.view.ViewRootImpl@6e7a2ed
03-14 19:05:59.104 11874 11874 E IPCThreadState: attemptIncStrongHandle(153): Not supported
03-14 19:05:59.120 11874 12169 W Parcel : Expecting binder but got null!
03-14 19:06:03.300 11874 11874 E OplusBracketLog: [OplusViewMirrorManager] updateHostViewRootIfNeeded, not support android.view.ViewRootImpl@c84a7c9
03-14 19:06:03.336 11874 12169 W Parcel : Expecting binder but got null!
03-14 19:06:11.992 11874 11874 E OplusBracketLog: [OplusViewMirrorManager] updateHostViewRootIfNeeded, not support android.view.ViewRootImpl@a155ef0
03-14 19:06:12.007 11874 11874 E IPCThreadState: attemptIncStrongHandle(153): Not supported
03-14 19:06:12.007 11874 11874 E IPCThreadState: attemptIncStrongHandle(110): Not supported
03-14 19:06:12.022 11874 12169 W Parcel : Expecting binder but got null!
03-14 19:06:12.157 11874 11874 W OnBackInvokedCallback: OnBackInvokedCallback is not enabled for the application.
03-14 19:06:12.157 11874 11874 W OnBackInvokedCallback: Set 'android:enableOnBackInvokedCallback="true"' in the application manifest.
03-14 19:06:16.072 11874 11874 E OplusBracketLog: [OplusViewMirrorManager] updateHostViewRootIfNeeded, not support android.view.ViewRootImpl@86e9210
03-14 19:06:16.095 11874 11874 E IPCThreadState: attemptIncStrongHandle(163): Not supported
03-14 19:06:16.107 11874 12169 W Parcel : Expecting binder but got null!
03-14 19:06:17.306 11874 11874 E OplusBracketLog: [OplusViewMirrorManager] updateHostViewRootIfNeeded, not support android.view.ViewRootImpl@60e8d48
03-14 19:06:17.380 11874 12169 W Parcel : Expecting binder but got null!
03-14 19:06:17.471 11874 11874 E OplusBracketLog: [OplusViewMirrorManager] updateHostViewRootIfNeeded, not support android.view.ViewRootImpl@98ba92
03-14 19:06:17.508 11874 12169 W Parcel : Expecting binder but got null!
03-14 19:06:17.575 11874 11874 W OnBackInvokedCallback: OnBackInvokedCallback is not enabled for the application.
03-14 19:06:17.575 11874 11874 W OnBackInvokedCallback: Set 'android:enableOnBackInvokedCallback="true"' in the application manifest.
03-14 19:06:17.585 11874 11874 W RemoteInputConnectionImpl: requestCursorAnchorInfo on inactive InputConnection
03-14 19:06:29.461 11874 11874 E OplusBracketLog: [OplusViewMirrorManager] updateHostViewRootIfNeeded, not support android.view.ViewRootImpl@3d85fac
03-14 19:06:29.475 11874 11874 E IPCThreadState: attemptIncStrongHandle(84): Not supported
03-14 19:06:29.475 11874 11874 E IPCThreadState: attemptIncStrongHandle(134): Not supported
03-14 19:06:29.487 11874 12169 W Parcel : Expecting binder but got null!
03-14 19:06:30.021 11874 11874 E OplusBracketLog: [OplusViewMirrorManager] updateHostViewRootIfNeeded, not support android.view.ViewRootImpl@31a8a24
03-14 19:06:30.034 11874 11874 E IPCThreadState: attemptIncStrongHandle(78): Not supported
03-14 19:06:30.034 11874 11874 E IPCThreadState: attemptIncStrongHandle(104): Not supported
03-14 19:06:30.046 11874 12169 W Parcel : Expecting binder but got null!
03-14 19:06:35.370 11874 11874 E OplusBracketLog: [OplusViewMirrorManager] updateHostViewRootIfNeeded, not support android.view.ViewRootImpl@502e514
03-14 19:06:35.405 11874 11874 E IPCThreadState: attemptIncStrongHandle(103): Not supported
03-14 19:06:35.437 11874 12169 W Parcel : Expecting binder but got null!
03-14 19:06:38.652 11874 11874 E IPCThreadState: attemptIncStrongHandle(147): Not supported
03-14 19:06:38.839 11874 11874 W OnBackInvokedCallback: OnBackInvokedCallback is not enabled for the application.
03-14 19:06:38.839 11874 11874 W OnBackInvokedCallback: Set 'android:enableOnBackInvokedCallback="true"' in the application manifest.
03-14 19:06:45.627 11874 11874 E OplusBracketLog: [OplusViewMirrorManager] updateHostViewRootIfNeeded, not support android.view.ViewRootImpl@800024a
03-14 19:06:45.644 11874 11874 E IPCThreadState: attemptIncStrongHandle(127): Not supported
03-14 19:06:45.670 11874 12169 W Parcel : Expecting binder but got null!
03-14 19:06:45.741 11874 11874 W OnBackInvokedCallback: OnBackInvokedCallback is not enabled for the application.
03-14 19:06:45.741 11874 11874 W OnBackInvokedCallback: Set 'android:enableOnBackInvokedCallback="true"' in the application manifest.
03-14 19:06:45.764 11874 11874 W RemoteInputConnectionImpl: requestCursorAnchorInfo on inactive InputConnection
03-14 19:06:49.515 11874 11874 W com.mbwhatsapp: Method void com.mbwhatsapp.HomeActivity.A6e() failed lock verification and will run slower.
03-14 19:06:49.921 11874 11874 E ArmVmp : Match on catch block at 0x0a in for 0x189
03-14 19:06:49.947 11874 11874 E ArmVmp : Match on catch block at 0x0a in for 0x279
03-14 19:06:49.997 11874 11874 W Activity: Can request only one set of permissions at a time
03-14 19:06:50.019 11874 32338 W MediaCodec-JNI: try to release MediaCodec from JMediaCodec::~JMediaCodec()...
03-14 19:06:50.020 11874 32338 W MediaCodec-JNI: done releasing MediaCodec from JMediaCodec::~JMediaCodec().
03-14 19:06:50.023 11874 32338 W libc : Access denied finding property "vendor.oplus.media.vpp.stutter"
03-14 19:06:50.079 11874 539 W ColorUtils: expected specified color aspects (0:0:0:0)
03-14 19:06:50.089 11874 32338 W libc : Access denied finding property "vendor.oplus.media.vpp.stutter"
03-14 19:06:50.092 11874 32338 E ListServiceUtils: checkInListByUid module:sr-osie- whitelist uid:10255 cost 2905us return 0
03-14 19:06:50.166 11874 11874 E OplusBracketLog: [OplusViewMirrorManager] updateHostViewRootIfNeeded, not support android.view.ViewRootImpl@89dd05f
03-14 19:06:50.169 11874 570 W ColorUtils: expected specified color aspects (2:0:0:0)
03-14 19:06:50.194 11874 32338 W libc : Access denied finding property "vendor.oplus.media.vpp.stutter"
03-14 19:06:50.196 11874 32338 E ListServiceUtils: checkInListByUid module:video- setsurface-error uid:10255 cost 1316us return 0
03-14 19:06:50.231 11874 583 W ColorUtils: expected specified color aspects (2:0:0:0)
03-14 19:06:50.355 11874 529 W com.mbwhatsapp: Accessing hidden method Lcom/android/org/conscrypt/ConscryptEngineSocket;->setUseSessionTickets(Z)V (max- target-q,core-platform-api, reflection, denied)
03-14 19:06:50.355 11874 529 W com.mbwhatsapp: Accessing hidden method Lcom/android/org/conscrypt/OpenSSLSocketImpl;->setUseSessionTickets(Z)V (max- target-q,core-platform-api, reflection, denied)
03-14 19:06:50.355 11874 529 W com.mbwhatsapp: Accessing hidden method Lcom/android/org/conscrypt/AbstractConscryptSocket;->setUseSessionTickets(Z)V (max- target-q, reflection, denied)
03-14 19:06:50.356 11874 529 W com.mbwhatsapp: Accessing hidden method Lcom/android/org/conscrypt/ConscryptEngineSocket;->setHostname(Ljava/lang/String;)V (max-target-q,core-platform-api, reflection, denied)
03-14 19:06:50.356 11874 529 W com.mbwhatsapp: Accessing hidden method Lcom/android/org/conscrypt/OpenSSLSocketImpl;->setHostname(Ljava/lang/String;)V (max-target-q,core-platform-api, reflection, denied)
03-14 19:06:50.356 11874 529 W com.mbwhatsapp: Accessing hidden method Lcom/android/org/conscrypt/AbstractConscryptSocket;->setHostname(Ljava/lang/ String;)V (max-target-q, reflection, denied)
03-14 19:06:50.356 11874 529 W com.mbwhatsapp: Accessing hidden method Lcom/android/org/conscrypt/OpenSSLSocketImpl;->setAlpnProtocols([B)V (max-target- q,core-platform-api, reflection, denied)
03-14 19:06:50.358 11874 529 W com.mbwhatsapp: Accessing hidden method Lcom/android/org/conscrypt/AbstractConscryptSocket;->setAlpnProtocols([B)V (max- target-q, reflection, denied)
03-14 19:06:50.491 11874 529 W com.mbwhatsapp: Accessing hidden method Lcom/android/org/conscrypt/OpenSSLSocketImpl;->getAlpnSelectedProtocol()[B (max- target-q,core-platform-api, reflection, denied)
03-14 19:06:50.492 11874 529 W com.mbwhatsapp: Accessing hidden method Lcom/android/org/conscrypt/AbstractConscryptSocket;->getAlpnSelectedProtocol()[B (max-target-q, reflection, denied)
03-14 19:06:50.710 11874 11874 E RecyclerView: No adapter attached; skipping layout
03-14 19:06:50.833 11874 12169 W Parcel : Expecting binder but got null!
03-14 19:06:50.844 11874 11874 E ArmVmp : Match on catch block at 0x0a in for 0x1a5
03-14 19:06:51.056 11874 627 W LOTTIE : Animation contains merge paths. Merge paths are only supported on KitKat+ and must be manually enabled by calling enableMergePathsForKitKatAndAbove().
03-14 19:06:51.314 11874 11874 W LOTTIE : Animation contains merge paths but they are disabled.
03-14 19:06:52.307 11874 11884 W System : A resource failed to call end.
03-14 19:07:04.763 11874 11874 E ArmVmp : Match on catch block at 0x0a in for 0x249
03-14 19:07:04.773 11874 11874 E OplusBracketLog: [OplusViewMirrorManager] updateHostViewRootIfNeeded, not support android.view.ViewRootImpl@e4cce01
03-14 19:07:04.791 11874 11874 E IPCThreadState: attemptIncStrongHandle(104): Not supported
03-14 19:07:04.791 11874 11874 E IPCThreadState: attemptIncStrongHandle(142): Not supported
03-14 19:07:04.827 11874 12169 W Parcel : Expecting binder but got null!
03-14 19:07:07.010 11874 11874 W InputEventReceiver: Attempted to finish an input event but the input event receiver has already been disposed.
03-14 19:07:08.851 11874 11874 E OplusBracketLog: [OplusViewMirrorManager] updateHostViewRootIfNeeded, not support android.view.ViewRootImpl@2bc0e7b
03-14 19:07:08.881 11874 11874 E IPCThreadState: attemptIncStrongHandle(60): Not supported
03-14 19:07:08.939 11874 12169 W Parcel : Expecting binder but got null!
03-14 19:07:09.601 11874 11874 W InputEventReceiver: Attempted to finish an input event but the input event receiver has already been disposed.
03-14 19:07:10.112 11874 11874 W Choreographer: Already have a pending vsync event. There should only be one at a time.
03-14 19:07:13.438 11874 11874 W Choreographer: Already have a pending vsync event. There should only be one at a time.
03-14 19:07:13.488 11874 11874 W Choreographer: Already have a pending vsync event. There should only be one at a time.
03-14 19:07:22.194 11874 11874 E OplusBracketLog: [OplusViewMirrorManager] updateHostViewRootIfNeeded, not support android.view.ViewRootImpl@d0226b4
03-14 19:07:22.207 11874 11874 E IPCThreadState: attemptIncStrongHandle(78): Not supported
03-14 19:07:22.277 11874 12169 W Parcel : Expecting binder but got null!
03-14 19:07:24.865 11874 11874 W ResourceType: Bad XML block: header size 18254 or total size 169478669 is larger than data size 380
03-14 19:07:24.869 11874 11874 W ResourceType: Bad XML block: header size 18254 or total size 169478669 is larger than data size 633
03-14 19:07:24.883 11874 11874 W ResourceType: Bad XML block: header size 18254 or total size 169478669 is larger than data size 677
03-14 19:07:24.887 11874 11874 W ResourceType: Bad XML block: header size 18254 or total size 169478669 is larger than data size 248
03-14 19:07:24.894 11874 11874 W ResourceType: Bad XML block: header size 18254 or total size 169478669 is larger than data size 571
03-14 19:07:24.900 11874 11874 W ResourceType: Bad XML block: header size 18254 or total size 169478669 is larger than data size 333
03-14 19:07:24.903 11874 11874 W ResourceType: Bad XML block: header size 18254 or total size 169478669 is larger than data size 650
03-14 19:07:24.907 11874 11874 W ResourceType: Bad XML block: header size 18254 or total size 169478669 is larger than data size 1150
03-14 19:07:24.910 11874 11874 W ResourceType: Bad XML block: header size 18254 or total size 169478669 is larger than data size 491
03-14 19:07:24.913 11874 11874 W ResourceType: Bad XML block: header size 18254 or total size 169478669 is larger than data size 1150
03-14 19:07:24.917 11874 11874 W ResourceType: Bad XML block: header size 18254 or total size 169478669 is larger than data size 659
03-14 19:07:24.920 11874 11874 W ResourceType: Bad XML block: header size 18254 or total size 169478669 is larger than data size 593
03-14 19:07:24.959 11874 11874 W ResourceType: Bad XML block: header size 18254 or total size 169478669 is larger than data size 473
03-14 19:07:24.962 11874 11874 W ResourceType: Bad XML block: header size 18254 or total size 169478669 is larger than data size 510
03-14 19:07:25.014 11874 11874 W ResourceType: Bad XML block: header size 18254 or total size 169478669 is larger than data size 473
03-14 19:07:25.044 11874 11874 E OplusBracketLog: [OplusViewMirrorManager] updateHostViewRootIfNeeded, not support android.view.ViewRootImpl@b269b9d
03-14 19:07:25.086 11874 11874 W View : requestLayout() improperly called by android.widget.Space{e5ed35e I.ED..... ......I. 36,108-48,120 #7f0b00ba app:id/action_tile_spacing viewInfo = } during layout: running second layout pass
03-14 19:07:25.087 11874 11874 W View : requestLayout() improperly called by android.widget.Space{b7ad33f I.ED..... ......I. 36,108-48,120 #7f0b00ba app:id/action_tile_spacing viewInfo = } during layout: running second layout pass
03-14 19:07:25.087 11874 11874 W View : requestLayout() improperly called by android.widget.Space{163540c I.ED..... ......I. 36,108-48,120 #7f0b00ba app:id/action_tile_spacing viewInfo = } during layout: running second layout pass
03-14 19:07:25.164 11874 12169 W Parcel : Expecting binder but got null!
03-14 19:07:25.169 11874 11874 W ResourceType: Bad XML block: header size 18254 or total size 169478669 is larger than data size 853
03-14 19:07:28.277 11874 11874 W View : requestLayout() improperly called by com.mbwhatsapp.TextEmojiLabel{8acde77 VFED..C.. ......ID 0,0-1280,121 #7f0b06ab app:id/conversation_contact_name viewInfo = } during layout: running second layout pass
03-14 19:07:29.097 11874 11874 W View : requestLayout() improperly called by com.mbwhatsapp.TextEmojiLabel{8acde77 VFED..C.. ......ID 0,0-1280,121 #7f0b06ab app:id/conversation_contact_name viewInfo = } during layout: running second layout pass
03-14 19:07:32.094 11874 11874 W View : requestLayout() improperly called by com.mbwhatsapp.TextEmojiLabel{8acde77 VFED..C.. ......ID 0,0-1280,121 #7f0b06ab app:id/conversation_contact_name viewInfo = } during layout: running second layout pass
03-14 19:07:32.826 11874 11874 W View : requestLayout() improperly called by com.mbwhatsapp.TextEmojiLabel{8acde77 VFED..C.. ......ID 0,0-1280,121 #7f0b06ab app:id/conversation_contact_name viewInfo = } during layout: running second layout pass
03-14 19:07:32.908 11874 11874 W View : requestLayout() improperly called by com.mbwhatsapp.TextEmojiLabel{8acde77 VFED..C.. ......ID 0,0-1280,121 #7f0b06ab app:id/conversation_contact_name viewInfo = } during layout: running second layout pass
03-14 19:07:34.088 11874 11874 E OplusBracketLog: [OplusViewMirrorManager] updateHostViewRootIfNeeded, not support android.view.ViewRootImpl@c9a6de4
03-14 19:07:34.102 11874 11874 E IPCThreadState: attemptIncStrongHandle(98): Not supported
03-14 19:07:34.102 11874 11874 E IPCThreadState: attemptIncStrongHandle(173): Not supported
03-14 19:07:34.118 11874 12169 W Parcel : Expecting binder but got null!
03-14 19:07:35.352 11874 11874 W View : requestLayout() improperly called by com.mbwhatsapp.TextEmojiLabel{8acde77 VFED..C.. ......ID 0,0-1280,121 #7f0b06ab app:id/conversation_contact_name viewInfo = } during layout: running second layout pass
03-14 19:07:36.220 11874 11874 W ResourceType: Bad XML block: header size 18254 or total size 169478669 is larger than data size 380
03-14 19:07:36.223 11874 11874 W ResourceType: Bad XML block: header size 18254 or total size 169478669 is larger than data size 633
03-14 19:07:36.231 11874 11874 W ResourceType: Bad XML block: header size 18254 or total size 169478669 is larger than data size 677
03-14 19:07:36.234 11874 11874 W ResourceType: Bad XML block: header size 18254 or total size 169478669 is larger than data size 248
03-14 19:07:36.239 11874 11874 W ResourceType: Bad XML block: header size 18254 or total size 169478669 is larger than data size 571
03-14 19:07:36.245 11874 11874 W ResourceType: Bad XML block: header size 18254 or total size 169478669 is larger than data size 333
03-14 19:07:36.248 11874 11874 W ResourceType: Bad XML block: header size 18254 or total size 169478669 is larger than data size 650
03-14 19:07:36.250 11874 11874 W ResourceType: Bad XML block: header size 18254 or total size 169478669 is larger than data size 1150
03-14 19:07:36.253 11874 11874 W ResourceType: Bad XML block: header size 18254 or total size 169478669 is larger than data size 491
03-14 19:07:36.256 11874 11874 W ResourceType: Bad XML block: header size 18254 or total size 169478669 is larger than data size 1150
03-14 19:07:36.259 11874 11874 W ResourceType: Bad XML block: header size 18254 or total size 169478669 is larger than data size 659
03-14 19:07:36.261 11874 11874 W ResourceType: Bad XML block: header size 18254 or total size 169478669 is larger than data size 593
03-14 19:07:36.268 11874 11874 W ResourceType: Bad XML block: header size 18254 or total size 169478669 is larger than data size 1171
03-14 19:07:36.271 11874 11874 W ResourceType: Bad XML block: header size 18254 or total size 169478669 is larger than data size 510
03-14 19:07:36.292 11874 11874 W ResourceType: Bad XML block: header size 18254 or total size 169478669 is larger than data size 853
03-14 19:07:36.336 11874 11874 W ResourceType: Bad XML block: header size 18254 or total size 169478669 is larger than data size 650
03-14 19:07:36.351 11874 11874 E OplusBracketLog: [OplusViewMirrorManager] updateHostViewRootIfNeeded, not support android.view.ViewRootImpl@7a39025
03-14 19:07:36.381 11874 11874 W View : requestLayout() improperly called by android.widget.Space{4fee387 I.ED..... ......I. 36,108-48,120 #7f0b00ba app:id/action_tile_spacing viewInfo = } during layout: running second layout pass
03-14 19:07:36.381 11874 11874 W View : requestLayout() improperly called by android.widget.Space{b4432b4 I.ED..... ......I. 36,108-48,120 #7f0b00ba app:id/action_tile_spacing viewInfo = } during layout: running second layout pass
03-14 19:07:36.381 11874 11874 W View : requestLayout() improperly called by android.widget.Space{eb49edd I.ED..... ......I. 36,108-48,120 #7f0b00ba app:id/action_tile_spacing viewInfo = } during layout: running second layout pass
03-14 19:07:36.381 11874 11874 W View : requestLayout() improperly called by android.widget.Space{73d2a52 I.ED..... ......I. 36,108-48,120 #7f0b00ba app:id/action_tile_spacing viewInfo = } during layout: running second layout pass
03-14 19:07:36.425 11874 12169 W Parcel : Expecting binder but got null!
03-14 19:07:36.859 11874 11874 W ResourceType: Bad XML block: header size 18254 or total size 169478669 is larger than data size 853
03-14 19:07:37.087 11874 11874 E OplusBracketLog: [OplusViewMirrorManager] updateHostViewRootIfNeeded, not support android.view.ViewRootImpl@104b90f
03-14 19:07:37.109 11874 11874 E IPCThreadState: attemptIncStrongHandle(108): Not supported
03-14 19:07:37.109 11874 11874 E IPCThreadState: attemptIncStrongHandle(63): Not supported
03-14 19:07:37.141 11874 12169 W Parcel : Expecting binder but got null!
03-14 19:07:38.328 11874 11874 E OplusBracketLog: [OplusViewMirrorManager] updateHostViewRootIfNeeded, not support android.view.ViewRootImpl@aa46909
03-14 19:07:38.468 11874 12169 W Parcel : Expecting binder but got null!
03-14 19:07:38.479 11874 11874 W BottomSheetBehavior: BottomSheetBehavior now supports multiple callbacks. `setBottomSheetCallback()` removes all existing callbacks, including ones set internally by library authors, which may result in unintended behavior. This may change in the future. Please use `addBottomSheetCallback()` and `removeBottomSheetCallback()` instead to set your own callbacks.
03-14 19:07:38.673 11874 11874 W OnBackInvokedCallback: OnBackInvokedCallback is not enabled for the application.
03-14 19:07:38.673 11874 11874 W OnBackInvokedCallback: Set 'android:enableOnBackInvokedCallback="true"' in the application manifest.
03-14 19:07:43.277 11874 11874 E OplusBracketLog: [OplusViewMirrorManager] updateHostViewRootIfNeeded, not support android.view.ViewRootImpl@c7bfa82
03-14 19:07:43.306 11874 11874 E IPCThreadState: attemptIncStrongHandle(142): Not supported
03-14 19:07:43.325 11874 12169 W Parcel : Expecting binder but got null!
03-14 19:07:44.316 11874 11874 W InputEventReceiver: Attempted to finish an input event but the input event receiver has already been disposed.
03-14 19:07:44.368 11874 11874 W OnBackInvokedCallback: OnBackInvokedCallback is not enabled for the application.
03-14 19:07:44.368 11874 11874 W OnBackInvokedCallback: Set 'android:enableOnBackInvokedCallback="true"' in the application manifest.
03-14 19:07:45.080 11874 11874 E OplusBracketLog: [OplusViewMirrorManager] updateHostViewRootIfNeeded, not support android.view.ViewRootImpl@54afff0
03-14 19:07:45.096 11874 11874 E IPCThreadState: attemptIncStrongHandle(150): Not supported
03-14 19:07:45.120 11874 12169 W Parcel : Expecting binder but got null!
03-14 19:07:49.015 11874 11874 W OnBackInvokedCallback: OnBackInvokedCallback is not enabled for the application.
03-14 19:07:49.015 11874 11874 W OnBackInvokedCallback: Set 'android:enableOnBackInvokedCallback="true"' in the application manifest.
03-14 19:07:57.141 11874 11874 W RemoteInputConnectionImpl: requestCursorAnchorInfo on inactive InputConnection
03-14 19:07:57.182 11874 11874 E ImeBackDispatcher: Ime callback not found. Ignoring unregisterReceivedCallback. callbackId: 34789536
03-14 19:07:58.282 11874 11874 W ResourceType: Bad XML block: header size 18254 or total size 169478669 is larger than data size 650
03-14 19:07:58.328 11874 11874 W ResourceType: Bad XML block: header size 18254 or total size 169478669 is larger than data size 650
03-14 19:07:58.542 11874 11874 W ResourceType: Bad XML block: header size 18254 or total size 169478669 is larger than data size 650
03-14 19:07:58.607 11874 11874 W ResourceType: Bad XML block: header size 18254 or total size 169478669 is larger than data size 853
03-14 19:07:58.630 11874 11874 E IPCThreadState: attemptIncStrongHandle(153): Not supported
03-14 19:07:58.630 11874 11874 E IPCThreadState: attemptIncStrongHandle(152): Not supported
03-14 19:07:58.682 11874 11874 W View : requestLayout() improperly called by com.mbwhatsapp.TextEmojiLabel{8acde77 VFED..C.. ......ID 0,0-1280,121 #7f0b06ab app:id/conversation_contact_name viewInfo = } during layout: running second layout pass
03-14 19:07:58.781 11874 11874 W View : requestLayout() improperly called by com.mbwhatsapp.TextEmojiLabel{8acde77 VFED..C.. ......ID 0,0-1280,121 #7f0b06ab app:id/conversation_contact_name viewInfo = } during layout: running second layout pass
03-14 19:07:59.458 11874 11874 W View : requestLayout() improperly called by com.mbwhatsapp.TextEmojiLabel{8acde77 VFED..C.. ......ID 0,0-1280,121 #7f0b06ab app:id/conversation_contact_name viewInfo = } during layout: running second layout pass
03-14 19:07:59.566 11874 11874 W Choreographer: Already have a pending vsync event. There should only be one at a time.
03-14 19:07:59.599 11874 11874 W Choreographer: Already have a pending vsync event. There should only be one at a time.
03-14 19:07:59.633 11874 11874 W Choreographer: Already have a pending vsync event. There should only be one at a time.
03-14 19:07:59.718 11874 11874 W View : requestLayout() improperly called by com.mbwhatsapp.TextEmojiLabel{8acde77 VFED..C.. ......ID 0,0-1280,121 #7f0b06ab app:id/conversation_contact_name viewInfo = } during layout: running second layout pass
03-14 19:07:59.763 11874 11874 W View : requestLayout() improperly called by com.mbwhatsapp.TextEmojiLabel{8acde77 VFED..C.. ......ID 0,0-1280,121 #7f0b06ab app:id/conversation_contact_name viewInfo = } during layout: running second layout pass
03-14 19:08:02.056 11874 11874 E OplusBracketLog: [OplusViewMirrorManager] updateHostViewRootIfNeeded, not support android.view.ViewRootImpl@e7dde36
03-14 19:08:02.072 11874 11874 E IPCThreadState: attemptIncStrongHandle(122): Not supported
03-14 19:08:02.091 11874 12169 W Parcel : Expecting binder but got null!
03-14 19:08:03.017 11874 11874 W ResourceType: Bad XML block: header size 18254 or total size 169478669 is larger than data size 380
03-14 19:08:03.020 11874 11874 W ResourceType: Bad XML block: header size 18254 or total size 169478669 is larger than data size 633
03-14 19:08:03.030 11874 11874 W ResourceType: Bad XML block: header size 18254 or total size 169478669 is larger than data size 677
03-14 19:08:03.033 11874 11874 W ResourceType: Bad XML block: header size 18254 or total size 169478669 is larger than data size 248
03-14 19:08:03.040 11874 11874 W ResourceType: Bad XML block: header size 18254 or total size 169478669 is larger than data size 571
03-14 19:08:03.047 11874 11874 W ResourceType: Bad XML block: header size 18254 or total size 169478669 is larger than data size 333
03-14 19:08:03.050 11874 11874 W ResourceType: Bad XML block: header size 18254 or total size 169478669 is larger than data size 650
03-14 19:08:03.053 11874 11874 W ResourceType: Bad XML block: header size 18254 or total size 169478669 is larger than data size 1150
03-14 19:08:03.057 11874 11874 W ResourceType: Bad XML block: header size 18254 or total size 169478669 is larger than data size 491
03-14 19:08:03.061 11874 11874 W ResourceType: Bad XML block: header size 18254 or total size 169478669 is larger than data size 1150
03-14 19:08:03.064 11874 11874 W ResourceType: Bad XML block: header size 18254 or total size 169478669 is larger than data size 659
03-14 19:08:03.067 11874 11874 W ResourceType: Bad XML block: header size 18254 or total size 169478669 is larger than data size 593
03-14 19:08:03.076 11874 11874 W ResourceType: Bad XML block: header size 18254 or total size 169478669 is larger than data size 1171
03-14 19:08:03.079 11874 11874 W ResourceType: Bad XML block: header size 18254 or total size 169478669 is larger than data size 510
03-14 19:08:03.095 11874 11874 W ResourceType: Bad XML block: header size 18254 or total size 169478669 is larger than data size 853
03-14 19:08:03.136 11874 11874 W ResourceType: Bad XML block: header size 18254 or total size 169478669 is larger than data size 650
03-14 19:08:03.156 11874 11874 E OplusBracketLog: [OplusViewMirrorManager] updateHostViewRootIfNeeded, not support android.view.ViewRootImpl@1e0a90e
03-14 19:08:03.185 11874 11874 W View : requestLayout() improperly called by android.widget.Space{11f4d28 I.ED..... ......I. 36,108-48,120 #7f0b00ba app:id/action_tile_spacing viewInfo = } during layout: running second layout pass
03-14 19:08:03.185 11874 11874 W View : requestLayout() improperly called by android.widget.Space{8c63a41 I.ED..... ......I. 36,108-48,120 #7f0b00ba app:id/action_tile_spacing viewInfo = } during layout: running second layout pass
03-14 19:08:03.185 11874 11874 W View : requestLayout() improperly called by android.widget.Space{16ccbe6 I.ED..... ......I. 36,108-48,120 #7f0b00ba app:id/action_tile_spacing viewInfo = } during layout: running second layout pass
03-14 19:08:03.185 11874 11874 W View : requestLayout() improperly called by android.widget.Space{b571527 I.ED..... ......I. 36,108-48,120 #7f0b00ba app:id/action_tile_spacing viewInfo = } during layout: running second layout pass
03-14 19:08:03.225 11874 12169 W Parcel : Expecting binder but got null!
03-14 19:08:03.411 11874 11874 W ResourceType: Bad XML block: header size 18254 or total size 169478669 is larger than data size 650
03-14 19:08:03.752 11874 11874 W ResourceType: Bad XML block: header size 18254 or total size 169478669 is larger than data size 853
03-14 19:08:04.172 11874 11874 W View : requestLayout() improperly called by com.mbwhatsapp.TextEmojiLabel{c5836a8 VFED..C.. ......ID 0,0-786,121 #7f0b06ab app:id/conversation_contact_name viewInfo = } during layout: running second layout pass
03-14 19:08:04.186 11874 11874 W View : requestLayout() improperly called by com.mbwhatsapp.TextEmojiLabel{c5836a8 VFED..C.. ......ID 0,0-786,121 #7f0b06ab app:id/conversation_contact_name viewInfo = } during layout: running second layout pass
03-14 19:08:04.236 11874 11874 W View : requestLayout() improperly called by com.mbwhatsapp.TextEmojiLabel{c5836a8 VFED..C.. ......ID 0,0-786,121 #7f0b06ab app:id/conversation_contact_name viewInfo = } during layout: running second layout pass
03-14 19:08:05.942 11874 11874 W View : requestLayout() improperly called by com.mbwhatsapp.TextEmojiLabel{c5836a8 VFED..C.. ......ID 0,0-786,121 #7f0b06ab app:id/conversation_contact_name viewInfo = } during layout: running second layout pass
03-14 19:08:05.975 11874 11874 W View : requestLayout() improperly called by com.mbwhatsapp.TextEmojiLabel{c5836a8 VFED..C.. ......ID 0,0-786,121 #7f0b06ab app:id/conversation_contact_name viewInfo = } during layout: running second layout pass
03-14 19:08:06.351 11874 11874 W View : requestLayout() improperly called by com.mbwhatsapp.TextEmojiLabel{c5836a8 VFED..C.. ......ID 0,0-786,121 #7f0b06ab app:id/conversation_contact_name viewInfo = } during layout: running second layout pass
03-14 19:08:06.421 11874 11874 W View : requestLayout() improperly called by com.mbwhatsapp.TextEmojiLabel{c5836a8 VFED..C.. ......ID 0,0-786,121 #7f0b06ab app:id/conversation_contact_name viewInfo = } during layout: running second layout pass
03-14 19:08:06.481 11874 11874 W View : requestLayout() improperly called by com.mbwhatsapp.TextEmojiLabel{c5836a8 VFED..C.. ......ID 0,0-786,121 #7f0b06ab app:id/conversation_contact_name viewInfo = } during layout: running second layout pass
03-14 19:08:07.078 11874 11874 E IPCThreadState: attemptIncStrongHandle(181): Not supported
03-14 19:08:07.078 11874 11874 E IPCThreadState: attemptIncStrongHandle(176): Not supported
03-14 19:08:07.160 11874 11874 W View : requestLayout() improperly called by com.mbwhatsapp.TextEmojiLabel{8acde77 VFED..C.. ......ID 0,0-1280,121 #7f0b06ab app:id/conversation_contact_name viewInfo = } during layout: running second layout pass
03-14 19:08:07.297 11874 11874 W View : requestLayout() improperly called by com.mbwhatsapp.TextEmojiLabel{8acde77 VFED..C.. ......ID 0,0-1280,121 #7f0b06ab app:id/conversation_contact_name viewInfo = } during layout: running second layout pass
03-14 19:08:08.791 11874 11874 E OplusBracketLog: [OplusViewMirrorManager] updateHostViewRootIfNeeded, not support android.view.ViewRootImpl@6c581b
03-14 19:08:08.806 11874 11874 E IPCThreadState: attemptIncStrongHandle(187): Not supported
03-14 19:08:08.818 11874 12169 W Parcel : Expecting binder but got null!
03-14 19:08:09.934 11874 11874 W View : requestLayout() improperly called by com.mbwhatsapp.TextEmojiLabel{8acde77 VFED..C.. ......ID 0,0-1280,121 #7f0b06ab app:id/conversation_contact_name viewInfo = } during layout: running second layout pass
03-14 19:08:10.912 11874 11874 W View : requestLayout() improperly called by com.mbwhatsapp.TextEmojiLabel{8acde77 VFED..C.. ......ID 0,0-1280,121 #7f0b06ab app:id/conversation_contact_name viewInfo = } during layout: running second layout pass
03-14 19:08:11.284 11874 11874 E OplusBracketLog: [OplusViewMirrorManager] updateHostViewRootIfNeeded, not support android.view.ViewRootImpl@66c96ac
03-14 19:08:11.296 11874 11874 E IPCThreadState: attemptIncStrongHandle(100): Not supported
03-14 19:08:11.308 11874 12169 W Parcel : Expecting binder but got null!
03-14 19:08:12.280 11874 11874 W ResourceType: Bad XML block: header size 18254 or total size 169478669 is larger than data size 380
03-14 19:08:12.284 11874 11874 W ResourceType: Bad XML block: header size 18254 or total size 169478669 is larger than data size 633
03-14 19:08:12.292 11874 11874 W ResourceType: Bad XML block: header size 18254 or total size 169478669 is larger than data size 677
03-14 19:08:12.295 11874 11874 W ResourceType: Bad XML block: header size 18254 or total size 169478669 is larger than data size 248
03-14 19:08:12.300 11874 11874 W ResourceType: Bad XML block: header size 18254 or total size 169478669 is larger than data size 571
03-14 19:08:12.307 11874 11874 W ResourceType: Bad XML block: header size 18254 or total size 169478669 is larger than data size 333
03-14 19:08:12.309 11874 11874 W ResourceType: Bad XML block: header size 18254 or total size 169478669 is larger than data size 650
03-14 19:08:12.312 11874 11874 W ResourceType: Bad XML block: header size 18254 or total size 169478669 is larger than data size 1150
03-14 19:08:12.315 11874 11874 W ResourceType: Bad XML block: header size 18254 or total size 169478669 is larger than data size 491
03-14 19:08:12.318 11874 11874 W ResourceType: Bad XML block: header size 18254 or total size 169478669 is larger than data size 1150
03-14 19:08:12.321 11874 11874 W ResourceType: Bad XML block: header size 18254 or total size 169478669 is larger than data size 659
03-14 19:08:12.324 11874 11874 W ResourceType: Bad XML block: header size 18254 or total size 169478669 is larger than data size 593
03-14 19:08:12.331 11874 11874 W ResourceType: Bad XML block: header size 18254 or total size 169478669 is larger than data size 1171
03-14 19:08:12.334 11874 11874 W ResourceType: Bad XML block: header size 18254 or total size 169478669 is larger than data size 510
03-14 19:08:12.347 11874 11874 W ResourceType: Bad XML block: header size 18254 or total size 169478669 is larger than data size 853
03-14 19:08:12.385 11874 11874 W ResourceType: Bad XML block: header size 18254 or total size 169478669 is larger than data size 650
03-14 19:08:12.400 11874 11874 E OplusBracketLog: [OplusViewMirrorManager] updateHostViewRootIfNeeded, not support android.view.ViewRootImpl@1796f2d
03-14 19:08:12.429 11874 11874 W View : requestLayout() improperly called by android.widget.Space{7b08a4f I.ED..... ......I. 36,108-48,120 #7f0b00ba app:id/action_tile_spacing viewInfo = } during layout: running second layout pass
03-14 19:08:12.429 11874 11874 W View : requestLayout() improperly called by android.widget.Space{86925dc I.ED..... ......I. 36,108-48,120 #7f0b00ba app:id/action_tile_spacing viewInfo = } during layout: running second layout pass
03-14 19:08:12.429 11874 11874 W View : requestLayout() improperly called by android.widget.Space{27656e5 I.ED..... ......I. 36,108-48,120 #7f0b00ba app:id/action_tile_spacing viewInfo = } during layout: running second layout pass
03-14 19:08:12.429 11874 11874 W View : requestLayout() improperly called by android.widget.Space{4faf5ba I.ED..... ......I. 36,108-48,120 #7f0b00ba app:id/action_tile_spacing viewInfo = } during layout: running second layout pass
03-14 19:08:12.458 11874 12169 W Parcel : Expecting binder but got null!
03-14 19:08:12.903 11874 11874 W ResourceType: Bad XML block: header size 18254 or total size 169478669 is larger than data size 853
03-14 19:08:12.991 11874 11874 E OplusBracketLog: [OplusViewMirrorManager] updateHostViewRootIfNeeded, not support android.view.ViewRootImpl@46c0e56
03-14 19:08:13.005 11874 11874 E IPCThreadState: attemptIncStrongHandle(106): Not supported
03-14 19:08:13.005 11874 11874 E IPCThreadState: attemptIncStrongHandle(60): Not supported
03-14 19:08:13.029 11874 12169 W Parcel : Expecting binder but got null!
03-14 19:08:13.907 11874 11874 E OplusBracketLog: [OplusViewMirrorManager] updateHostViewRootIfNeeded, not support android.view.ViewRootImpl@b2cbe1e
03-14 19:08:13.989 11874 12169 W Parcel : Expecting binder but got null!
03-14 19:08:14.000 11874 11874 W BottomSheetBehavior: BottomSheetBehavior now supports multiple callbacks. `setBottomSheetCallback()` removes all existing callbacks, including ones set internally by library authors, which may result in unintended behavior. This may change in the future. Please use `addBottomSheetCallback()` and `removeBottomSheetCallback()` instead to set your own callbacks.
03-14 19:08:14.139 11874 11874 W OnBackInvokedCallback: OnBackInvokedCallback is not enabled for the application.
03-14 19:08:14.139 11874 11874 W OnBackInvokedCallback: Set 'android:enableOnBackInvokedCallback="true"' in the application manifest.
03-14 19:08:15.918 11874 11874 E OplusBracketLog: [OplusViewMirrorManager] updateHostViewRootIfNeeded, not support android.view.ViewRootImpl@4299132
03-14 19:08:15.968 11874 11874 E IPCThreadState: attemptIncStrongHandle(127): Not supported
03-14 19:08:15.998 11874 12169 W Parcel : Expecting binder but got null!
03-14 19:08:18.830 11874 11874 W OnBackInvokedCallback: OnBackInvokedCallback is not enabled for the application.
03-14 19:08:18.830 11874 11874 W OnBackInvokedCallback: Set 'android:enableOnBackInvokedCallback="true"' in the application manifest.
03-14 19:08:32.058 11874 11874 W RemoteInputConnectionImpl: requestCursorAnchorInfo on inactive InputConnection
03-14 19:08:32.078 11874 11874 E ImeBackDispatcher: Ime callback not found. Ignoring unregisterReceivedCallback. callbackId: 34789536
03-14 19:08:33.796 11874 11874 W ResourceType: Bad XML block: header size 18254 or total size 169478669 is larger than data size 650
03-14 19:08:33.819 11874 11874 W ResourceType: Bad XML block: header size 18254 or total size 169478669 is larger than data size 650
03-14 19:08:33.952 11874 11874 E IPCThreadState: attemptIncStrongHandle(135): Not supported
03-14 19:08:33.952 11874 11874 E IPCThreadState: attemptIncStrongHandle(142): Not supported
03-14 19:08:34.001 11874 11874 W View : requestLayout() improperly called by com.mbwhatsapp.TextEmojiLabel{8acde77 VFED..C.. ......ID 0,0-1280,121 #7f0b06ab app:id/conversation_contact_name viewInfo = } during layout: running second layout pass
03-14 19:08:34.047 11874 11874 W ResourceType: Bad XML block: header size 18254 or total size 169478669 is larger than data size 650
03-14 19:08:34.062 11874 11874 W ResourceType: Bad XML block: header size 18254 or total size 169478669 is larger than data size 853
03-14 19:08:34.126 11874 11874 W View : requestLayout() improperly called by com.mbwhatsapp.TextEmojiLabel{8acde77 VFED..C.. ......ID 0,0-1280,121 #7f0b06ab app:id/conversation_contact_name viewInfo = } during layout: running second layout pass
03-14 19:08:34.790 11874 11874 W View : requestLayout() improperly called by com.mbwhatsapp.TextEmojiLabel{8acde77 VFED..C.. ......ID 0,0-1280,121 #7f0b06ab app:id/conversation_contact_name viewInfo = } during layout: running second layout pass
03-14 19:08:34.814 11874 11874 W View : requestLayout() improperly called by com.mbwhatsapp.TextEmojiLabel{8acde77 VFED..C.. ......ID 0,0-1280,121 #7f0b06ab app:id/conversation_contact_name viewInfo = } during layout: running second layout pass
03-14 19:08:35.168 11874 11874 W Choreographer: Already have a pending vsync event. There should only be one at a time.
03-14 19:08:35.202 11874 11874 W Choreographer: Already have a pending vsync event. There should only be one at a time.
03-14 19:08:35.252 11874 11874 W Choreographer: Already have a pending vsync event. There should only be one at a time.
03-14 19:08:35.285 11874 11874 W Choreographer: Already have a pending vsync event. There should only be one at a time.
03-14 19:08:35.321 11874 11874 W Choreographer: Already have a pending vsync event. There should only be one at a time.
03-14 19:08:35.599 11874 11874 W View : requestLayout() improperly called by com.mbwhatsapp.TextEmojiLabel{8acde77 VFED..C.. ......ID 0,0-1280,121 #7f0b06ab app:id/conversation_contact_name viewInfo = } during layout: running second layout pass
03-14 19:08:38.024 11874 11874 E OplusBracketLog: [OplusViewMirrorManager] updateHostViewRootIfNeeded, not support android.view.ViewRootImpl@834dcfc
03-14 19:08:38.038 11874 11874 E IPCThreadState: attemptIncStrongHandle(122): Not supported
03-14 19:08:38.058 11874 12169 W Parcel : Expecting binder but got null!
