03-14 19:11:29.374 3111 3111 W ResourceType: Bad XML block: header size 18254 or total size 169478669 is larger than data size 659
03-14 19:11:29.377 3111 3111 W ResourceType: Bad XML block: header size 18254 or total size 169478669 is larger than data size 593
03-14 19:11:29.384 3111 3111 W ResourceType: Bad XML block: header size 18254 or total size 169478669 is larger than data size 1171
03-14 19:11:29.387 3111 3111 W ResourceType: Bad XML block: header size 18254 or total size 169478669 is larger than data size 510
03-14 19:11:29.399 3111 3111 W ResourceType: Bad XML block: header size 18254 or total size 169478669 is larger than data size 853
03-14 19:11:29.436 3111 3111 W ResourceType: Bad XML block: header size 18254 or total size 169478669 is larger than data size 650
03-14 19:11:29.456 3111 3111 E OplusBracketLog: [OplusViewMirrorManager] updateHostViewRootIfNeeded, not support android.view.ViewRootImpl@85f6dee
03-14 19:11:29.484 3111 3111 W View : requestLayout() improperly called by android.widget.Space{7d4eb08 I.ED..... ......I. 36,108-48,120 #7f0b00ba app:id/action_tile_spacing viewInfo = } during layout: running second layout pass
03-14 19:11:29.484 3111 3111 W View : requestLayout() improperly called by android.widget.Space{574b2a1 I.ED..... ......I. 36,108-48,120 #7f0b00ba app:id/action_tile_spacing viewInfo = } during layout: running second layout pass
03-14 19:11:29.484 3111 3111 W View : requestLayout() improperly called by android.widget.Space{aa34cc6 I.ED..... ......I. 36,108-48,120 #7f0b00ba app:id/action_tile_spacing viewInfo = } during layout: running second layout pass
03-14 19:11:29.484 3111 3111 W View : requestLayout() improperly called by android.widget.Space{103487 I.ED..... ......I. 36,108-48,120 #7f0b00ba app:id/action_tile_spacing viewInfo = } during layout: running second layout pass
03-14 19:11:29.521 3111 3377 W Parcel : Expecting binder but got null!
03-14 19:11:30.021 3111 3111 W ResourceType: Bad XML block: header size 18254 or total size 169478669 is larger than data size 853
03-14 19:11:30.432 3111 3111 E IPCThreadState: attemptIncStrongHandle(131): Not supported
03-14 19:11:30.432 3111 3111 E IPCThreadState: attemptIncStrongHandle(141): Not supported
03-14 19:11:30.535 3111 3111 W View : requestLayout() improperly called by com.mbwhatsapp.TextEmojiLabel{b79621b VFED..C.. ......ID 0,0-768,88 #7f0b06ab app:id/conversation_contact_name viewInfo = } during layout: running second layout pass
03-14 19:11:31.623 3111 3111 E IPCThreadState: attemptIncStrongHandle(148): Not supported
03-14 19:11:39.085 3111 3111 E OplusBracketLog: [OplusViewMirrorManager] updateHostViewRootIfNeeded, not support android.view.ViewRootImpl@138d264
03-14 19:11:39.098 3111 3111 E IPCThreadState: attemptIncStrongHandle(70): Not supported
03-14 19:11:39.115 3111 3377 W Parcel : Expecting binder but got null!
03-14 19:11:39.869 3111 3111 W ResourceType: Bad XML block: header size 18254 or total size 169478669 is larger than data size 380
03-14 19:11:39.872 3111 3111 W ResourceType: Bad XML block: header size 18254 or total size 169478669 is larger than data size 633
03-14 19:11:39.885 3111 3111 W ResourceType: Bad XML block: header size 18254 or total size 169478669 is larger than data size 677
03-14 19:11:39.888 3111 3111 W ResourceType: Bad XML block: header size 18254 or total size 169478669 is larger than data size 248
03-14 19:11:39.894 3111 3111 W ResourceType: Bad XML block: header size 18254 or total size 169478669 is larger than data size 571
03-14 19:11:39.901 3111 3111 W ResourceType: Bad XML block: header size 18254 or total size 169478669 is larger than data size 333
03-14 19:11:39.904 3111 3111 W ResourceType: Bad XML block: header size 18254 or total size 169478669 is larger than data size 650
03-14 19:11:39.908 3111 3111 W ResourceType: Bad XML block: header size 18254 or total size 169478669 is larger than data size 1150
03-14 19:11:39.911 3111 3111 W ResourceType: Bad XML block: header size 18254 or total size 169478669 is larger than data size 491
03-14 19:11:39.914 3111 3111 W ResourceType: Bad XML block: header size 18254 or total size 169478669 is larger than data size 1150
03-14 19:11:39.917 3111 3111 W ResourceType: Bad XML block: header size 18254 or total size 169478669 is larger than data size 659
03-14 19:11:39.920 3111 3111 W ResourceType: Bad XML block: header size 18254 or total size 169478669 is larger than data size 593
03-14 19:11:39.946 3111 3111 W ResourceType: Bad XML block: header size 18254 or total size 169478669 is larger than data size 473
03-14 19:11:39.950 3111 3111 W ResourceType: Bad XML block: header size 18254 or total size 169478669 is larger than data size 510
03-14 19:11:39.984 3111 3111 W ResourceType: Bad XML block: header size 18254 or total size 169478669 is larger than data size 473
03-14 19:11:40.019 3111 3111 E OplusBracketLog: [OplusViewMirrorManager] updateHostViewRootIfNeeded, not support android.view.ViewRootImpl@ee477e7
03-14 19:11:40.050 3111 3111 W View : requestLayout() improperly called by android.widget.Space{86e7cdf I.ED..... ......I. 36,108-48,120 #7f0b00ba app:id/action_tile_spacing viewInfo = } during layout: running second layout pass
03-14 19:11:40.050 3111 3111 W View : requestLayout() improperly called by android.widget.Space{4914d2c I.ED..... ......I. 36,108-48,120 #7f0b00ba app:id/action_tile_spacing viewInfo = } during layout: running second layout pass
03-14 19:11:40.050 3111 3111 W View : requestLayout() improperly called by android.widget.Space{36973f5 I.ED..... ......I. 36,108-48,120 #7f0b00ba app:id/action_tile_spacing viewInfo = } during layout: running second layout pass
03-14 19:11:40.050 3111 3111 W View : requestLayout() improperly called by android.widget.Space{9b9358a I.ED..... ......I. 36,108-48,120 #7f0b00ba app:id/action_tile_spacing viewInfo = } during layout: running second layout pass
03-14 19:11:40.093 3111 3377 W Parcel : Expecting binder but got null!
03-14 19:11:40.097 3111 3111 W ResourceType: Bad XML block: header size 18254 or total size 169478669 is larger than data size 853
03-14 19:11:40.480 3111 3111 W View : requestLayout() improperly called by android.widget.FrameLayout{5f7a70e V.E...... ......ID 0,0-1080,255 #7f0b194b app:id/subject_layout viewInfo = } during layout: running second layout pass
03-14 19:11:40.480 3111 3111 W View : requestLayout() improperly called by android.widget.FrameLayout{22c952f V.E...... ......ID 0,0-1080,255 #7f0b0c0c app:id/header viewInfo = } during layout: running second layout pass
03-14 19:11:40.480 3111 3111 W View : requestLayout() improperly called by com.mbwhatsapp.WaImageView{3ca073c V.ED..... ......ID 0,0-1080,212 #7f0b1319 app:id/picture viewInfo = } during layout: running second layout pass
03-14 19:11:40.480 3111 3111 W View : requestLayout() improperly called by android.view.View{fa18cc5 V.ED..... ......ID 0,0-1080,212 #7f0b1304 app:id/photo_overlay viewInfo = } during layout: running second layout pass
03-14 19:11:46.645 3111 3111 E OplusBracketLog: [OplusViewMirrorManager] updateHostViewRootIfNeeded, not support android.view.ViewRootImpl@bd6b7d5
03-14 19:11:46.658 3111 3111 E IPCThreadState: attemptIncStrongHandle(113): Not supported
03-14 19:11:46.658 3111 3111 E IPCThreadState: attemptIncStrongHandle(84): Not supported
03-14 19:11:46.675 3111 3377 W Parcel : Expecting binder but got null!
03-14 19:11:47.363 3111 3111 W View : requestLayout() improperly called by com.mbwhatsapp.TextEmojiLabel{22b78c6 VFED..C.. ......ID 0,0-447,88 #7f0b06ab app:id/conversation_contact_name viewInfo = } during layout: running second layout pass
03-14 19:11:48.057 3111 3111 W ResourceType: Bad XML block: header size 18254 or total size 169478669 is larger than data size 380
03-14 19:11:48.060 3111 3111 W ResourceType: Bad XML block: header size 18254 or total size 169478669 is larger than data size 633
03-14 19:11:48.069 3111 3111 W ResourceType: Bad XML block: header size 18254 or total size 169478669 is larger than data size 677
03-14 19:11:48.072 3111 3111 W ResourceType: Bad XML block: header size 18254 or total size 169478669 is larger than data size 248
03-14 19:11:48.078 3111 3111 W ResourceType: Bad XML block: header size 18254 or total size 169478669 is larger than data size 571
03-14 19:11:48.084 3111 3111 W ResourceType: Bad XML block: header size 18254 or total size 169478669 is larger than data size 333
03-14 19:11:48.087 3111 3111 W ResourceType: Bad XML block: header size 18254 or total size 169478669 is larger than data size 650
03-14 19:11:48.090 3111 3111 W ResourceType: Bad XML block: header size 18254 or total size 169478669 is larger than data size 1150
03-14 19:11:48.093 3111 3111 W ResourceType: Bad XML block: header size 18254 or total size 169478669 is larger than data size 491
03-14 19:11:48.096 3111 3111 W ResourceType: Bad XML block: header size 18254 or total size 169478669 is larger than data size 1150
03-14 19:11:48.099 3111 3111 W ResourceType: Bad XML block: header size 18254 or total size 169478669 is larger than data size 659
03-14 19:11:48.102 3111 3111 W ResourceType: Bad XML block: header size 18254 or total size 169478669 is larger than data size 593
03-14 19:11:48.111 3111 3111 W ResourceType: Bad XML block: header size 18254 or total size 169478669 is larger than data size 1171
03-14 19:11:48.114 3111 3111 W ResourceType: Bad XML block: header size 18254 or total size 169478669 is larger than data size 510
03-14 19:11:48.131 3111 3111 W ResourceType: Bad XML block: header size 18254 or total size 169478669 is larger than data size 853
03-14 19:11:48.170 3111 3111 W ResourceType: Bad XML block: header size 18254 or total size 169478669 is larger than data size 650
03-14 19:11:48.188 3111 3111 E OplusBracketLog: [OplusViewMirrorManager] updateHostViewRootIfNeeded, not support android.view.ViewRootImpl@b030
03-14 19:11:48.213 3111 3111 W View : requestLayout() improperly called by android.widget.Space{7eacb3a I.ED..... ......I. 36,108-48,120 #7f0b00ba app:id/action_tile_spacing viewInfo = } during layout: running second layout pass
03-14 19:11:48.213 3111 3111 W View : requestLayout() improperly called by android.widget.Space{1c063eb I.ED..... ......I. 36,108-48,120 #7f0b00ba app:id/action_tile_spacing viewInfo = } during layout: running second layout pass
03-14 19:11:48.213 3111 3111 W View : requestLayout() improperly called by android.widget.Space{1e5548 I.ED..... ......I. 36,108-48,120 #7f0b00ba app:id/action_tile_spacing viewInfo = } during layout: running second layout pass
03-14 19:11:48.213 3111 3111 W View : requestLayout() improperly called by android.widget.Space{8966fe1 I.ED..... ......I. 36,108-48,120 #7f0b00ba app:id/action_tile_spacing viewInfo = } during layout: running second layout pass
03-14 19:11:48.246 3111 3377 W Parcel : Expecting binder but got null!
03-14 19:11:48.658 3111 3111 W ResourceType: Bad XML block: header size 18254 or total size 169478669 is larger than data size 853
03-14 19:11:49.120 3111 3111 E IPCThreadState: attemptIncStrongHandle(140): Not supported
03-14 19:11:49.120 3111 3111 E IPCThreadState: attemptIncStrongHandle(128): Not supported
03-14 19:11:49.186 3111 3111 W View : requestLayout() improperly called by com.mbwhatsapp.TextEmojiLabel{22b78c6 VFED..C.. ......ID 0,0-447,88 #7f0b06ab app:id/conversation_contact_name viewInfo = } during layout: running second layout pass
03-14 19:11:50.155 3111 3111 E OplusBracketLog: [OplusViewMirrorManager] updateHostViewRootIfNeeded, not support android.view.ViewRootImpl@ef302c7
03-14 19:11:50.166 3111 3111 E IPCThreadState: attemptIncStrongHandle(150): Not supported
03-14 19:11:50.177 3111 3377 W Parcel : Expecting binder but got null!
03-14 19:11:51.077 3111 3111 W ResourceType: Bad XML block: header size 18254 or total size 169478669 is larger than data size 380
03-14 19:11:51.080 3111 3111 W ResourceType: Bad XML block: header size 18254 or total size 169478669 is larger than data size 633
03-14 19:11:51.092 3111 3111 W ResourceType: Bad XML block: header size 18254 or total size 169478669 is larger than data size 677
03-14 19:11:51.095 3111 3111 W ResourceType: Bad XML block: header size 18254 or total size 169478669 is larger than data size 248
03-14 19:11:51.100 3111 3111 W ResourceType: Bad XML block: header size 18254 or total size 169478669 is larger than data size 571
03-14 19:11:51.107 3111 3111 W ResourceType: Bad XML block: header size 18254 or total size 169478669 is larger than data size 333
03-14 19:11:51.110 3111 3111 W ResourceType: Bad XML block: header size 18254 or total size 169478669 is larger than data size 650
03-14 19:11:51.113 3111 3111 W ResourceType: Bad XML block: header size 18254 or total size 169478669 is larger than data size 1150
03-14 19:11:51.116 3111 3111 W ResourceType: Bad XML block: header size 18254 or total size 169478669 is larger than data size 491
03-14 19:11:51.119 3111 3111 W ResourceType: Bad XML block: header size 18254 or total size 169478669 is larger than data size 1150
03-14 19:11:51.122 3111 3111 W ResourceType: Bad XML block: header size 18254 or total size 169478669 is larger than data size 659
03-14 19:11:51.125 3111 3111 W ResourceType: Bad XML block: header size 18254 or total size 169478669 is larger than data size 593
03-14 19:11:51.133 3111 3111 W ResourceType: Bad XML block: header size 18254 or total size 169478669 is larger than data size 1171
03-14 19:11:51.136 3111 3111 W ResourceType: Bad XML block: header size 18254 or total size 169478669 is larger than data size 510
03-14 19:11:51.154 3111 3111 W ResourceType: Bad XML block: header size 18254 or total size 169478669 is larger than data size 853
03-14 19:11:51.196 3111 3111 W ResourceType: Bad XML block: header size 18254 or total size 169478669 is larger than data size 650
03-14 19:11:51.217 3111 3111 E OplusBracketLog: [OplusViewMirrorManager] updateHostViewRootIfNeeded, not support android.view.ViewRootImpl@86d33e7
03-14 19:11:51.245 3111 3111 W View : requestLayout() improperly called by android.widget.Space{7e1939 I.ED..... ......I. 36,108-48,120 #7f0b00ba app:id/action_tile_spacing viewInfo = } during layout: running second layout pass
03-14 19:11:51.245 3111 3111 W View : requestLayout() improperly called by android.widget.Space{c764b7e I.ED..... ......I. 36,108-48,120 #7f0b00ba app:id/action_tile_spacing viewInfo = } during layout: running second layout pass
03-14 19:11:51.245 3111 3111 W View : requestLayout() improperly called by android.widget.Space{ad2b8df I.ED..... ......I. 36,108-48,120 #7f0b00ba app:id/action_tile_spacing viewInfo = } during layout: running second layout pass
03-14 19:11:51.245 3111 3111 W View : requestLayout() improperly called by android.widget.Space{b86d92c I.ED..... ......I. 36,108-48,120 #7f0b00ba app:id/action_tile_spacing viewInfo = } during layout: running second layout pass
03-14 19:11:51.277 3111 3377 W Parcel : Expecting binder but got null!
03-14 19:11:51.836 3111 3111 W ResourceType: Bad XML block: header size 18254 or total size 169478669 is larger than data size 853
03-14 19:11:51.851 3111 3111 W View : requestLayout() improperly called by com.mbwhatsapp.TextEmojiLabel{19b8c52 VFED..C.. ......ID 0,0-570,88 #7f0b06ab app:id/conversation_contact_name viewInfo = } during layout: running second layout pass
03-14 19:11:51.919 3111 3111 W View : requestLayout() improperly called by com.mbwhatsapp.TextEmojiLabel{19b8c52 VFED..C.. ......ID 0,0-570,88 #7f0b06ab app:id/conversation_contact_name viewInfo = } during layout: running second layout pass
03-14 19:11:51.935 3111 3111 W View : requestLayout() improperly called by com.mbwhatsapp.TextEmojiLabel{19b8c52 VFED..C.. ......ID 0,0-570,88 #7f0b06ab app:id/conversation_contact_name viewInfo = } during layout: running second layout pass
03-14 19:11:51.986 3111 3111 W View : requestLayout() improperly called by com.mbwhatsapp.TextEmojiLabel{19b8c52 VFED..C.. ......ID 0,0-570,88 #7f0b06ab app:id/conversation_contact_name viewInfo = } during layout: running second layout pass
03-14 19:11:52.506 3111 3111 W ResourceType: Bad XML block: header size 18254 or total size 169478669 is larger than data size 650
03-14 19:11:52.514 3111 3111 W View : requestLayout() improperly called by com.mbwhatsapp.TextEmojiLabel{19b8c52 VFED..C.. ......ID 0,0-570,88 #7f0b06ab app:id/conversation_contact_name viewInfo = } during layout: running second layout pass
03-14 19:11:52.565 3111 3111 W View : requestLayout() improperly called by com.mbwhatsapp.TextEmojiLabel{19b8c52 VFED..C.. ......ID 0,0-570,88 #7f0b06ab app:id/conversation_contact_name viewInfo = } during layout: running second layout pass
03-14 19:11:53.148 3111 3111 W View : requestLayout() improperly called by com.mbwhatsapp.TextEmojiLabel{19b8c52 VFED..C.. ......ID 0,0-570,88 #7f0b06ab app:id/conversation_contact_name viewInfo = } during layout: running second layout pass
03-14 19:11:53.167 3111 3111 W View : requestLayout() improperly called by com.mbwhatsapp.TextEmojiLabel{19b8c52 VFED..C.. ......ID 0,0-570,88 #7f0b06ab app:id/conversation_contact_name viewInfo = } during layout: running second layout pass
03-14 19:11:53.182 3111 3111 W View : requestLayout() improperly called by com.mbwhatsapp.TextEmojiLabel{19b8c52 VFED..C.. ......ID 0,0-570,88 #7f0b06ab app:id/conversation_contact_name viewInfo = } during layout: running second layout pass
03-14 19:11:53.567 3111 3111 W View : requestLayout() improperly called by com.mbwhatsapp.TextEmojiLabel{19b8c52 VFED..C.. ......ID 0,0-570,88 #7f0b06ab app:id/conversation_contact_name viewInfo = } during layout: running second layout pass
03-14 19:11:53.748 3111 3111 W View : requestLayout() improperly called by com.mbwhatsapp.TextEmojiLabel{19b8c52 VFED..C.. ......ID 0,0-570,88 #7f0b06ab app:id/conversation_contact_name viewInfo = } during layout: running second layout pass
03-14 19:11:54.599 3111 3111 E IPCThreadState: attemptIncStrongHandle(154): Not supported
03-14 19:11:54.599 3111 3111 E IPCThreadState: attemptIncStrongHandle(113): Not supported
03-14 19:11:54.621 3111 3111 W View : requestLayout() improperly called by com.mbwhatsapp.TextEmojiLabel{22b78c6 VFED..C.. ......ID 0,0-447,88 #7f0b06ab app:id/conversation_contact_name viewInfo = } during layout: running second layout pass
03-14 19:11:54.668 3111 3111 W View : requestLayout() improperly called by com.mbwhatsapp.TextEmojiLabel{22b78c6 VFED..C.. ......ID 0,0-447,88 #7f0b06ab app:id/conversation_contact_name viewInfo = } during layout: running second layout pass
03-14 19:11:55.492 3111 3111 E IPCThreadState: attemptIncStrongHandle(162): Not supported
03-14 19:12:01.766 3111 3111 E ArmVmp : Match on catch block at 0x0a in for 0x199
03-14 19:12:01.774 3111 3111 E ArmVmp : Match on catch block at 0x0a in for 0x191
03-14 19:12:01.838 3111 3111 E OplusBracketLog: [OplusViewMirrorManager] updateHostViewRootIfNeeded, not support android.view.ViewRootImpl@214f06a
03-14 19:12:01.864 3111 3111 E IPCThreadState: attemptIncStrongHandle(50): Not supported
03-14 19:12:01.903 3111 3111 E ArmVmp : Match on catch block at 0xc3 in for 0x171
03-14 19:12:01.906 3111 3111 E ArmVmp : Match on catch block at 0xc3 in for 0x169
03-14 19:12:01.935 3111 3377 W Parcel : Expecting binder but got null!
03-14 19:12:01.962 3111 3111 E ArmVmp : Match on catch block at 0xc3 in for 0x151
03-14 19:12:01.964 3111 3111 E ArmVmp : Match on catch block at 0xc3 in for 0x14d
03-14 19:12:02.000 3111 3111 E ArmVmp : Match on catch block at 0xc3 in for 0x14d
03-14 19:12:02.003 3111 3111 E ArmVmp : Match on catch block at 0xc3 in for 0x149
03-14 19:12:02.018 3111 3111 E ArmVmp : Match on catch block at 0xc3 in for 0x145
03-14 19:12:02.021 3111 3111 E ArmVmp : Match on catch block at 0xc3 in for 0x141
03-14 19:12:02.036 3111 3111 E ArmVmp : Match on catch block at 0xc3 in for 0x145
03-14 19:12:02.039 3111 3111 E ArmVmp : Match on catch block at 0xc3 in for 0x141
03-14 19:12:02.051 3111 3111 E ArmVmp : Match on catch block at 0xc3 in for 0x14d
03-14 19:12:02.054 3111 3111 E ArmVmp : Match on catch block at 0xc3 in for 0x149
03-14 19:12:02.068 3111 3111 E ArmVmp : Match on catch block at 0xc3 in for 0x141
03-14 19:12:02.071 3111 3111 E ArmVmp : Match on catch block at 0xc3 in for 0x159
03-14 19:12:02.096 3111 3111 E ArmVmp : Match on catch block at 0xc3 in for 0x145
03-14 19:12:02.099 3111 3111 E ArmVmp : Match on catch block at 0xc3 in for 0x141
03-14 19:12:02.111 3111 3111 E ArmVmp : Match on catch block at 0xc3 in for 0x141
03-14 19:12:02.114 3111 3111 E ArmVmp : Match on catch block at 0xc3 in for 0x159
03-14 19:12:02.140 3111 3111 E ArmVmp : Match on catch block at 0xc3 in for 0x149
03-14 19:12:02.142 3111 3111 E ArmVmp : Match on catch block at 0xc3 in for 0x145
03-14 19:12:02.152 3111 3111 E ArmVmp : Match on catch block at 0xc3 in for 0x159
03-14 19:12:02.155 3111 3111 E ArmVmp : Match on catch block at 0xc3 in for 0x155
03-14 19:12:02.162 3111 3111 E ArmVmp : Match on catch block at 0xc3 in for 0x141
03-14 19:12:02.167 3111 3111 E ArmVmp : Match on catch block at 0xc3 in for 0x159
03-14 19:12:02.182 3111 3111 E ArmVmp : Match on catch block at 0xc3 in for 0x145
03-14 19:12:02.185 3111 3111 E ArmVmp : Match on catch block at 0xc3 in for 0x141
03-14 19:12:02.194 3111 3111 E ArmVmp : Match on catch block at 0xc3 in for 0x149
03-14 19:12:02.197 3111 3111 E ArmVmp : Match on catch block at 0xc3 in for 0x145
03-14 19:12:02.598 3111 3111 E ArmVmp : Match on catch block at 0xc3 in for 0x151
03-14 19:12:02.609 3111 3111 E ArmVmp : Match on catch block at 0xc3 in for 0x14d
03-14 19:12:02.678 3111 3111 E ArmVmp : Match on catch block at 0xc3 in for 0x14d
03-14 19:12:02.681 3111 3111 E ArmVmp : Match on catch block at 0xc3 in for 0x149
03-14 19:12:02.694 3111 3111 E ArmVmp : Match on catch block at 0xc3 in for 0x141
03-14 19:12:02.697 3111 3111 E ArmVmp : Match on catch block at 0xc3 in for 0x159
03-14 19:12:02.714 3111 3111 E ArmVmp : Match on catch block at 0xc3 in for 0x14d
03-14 19:12:02.716 3111 3111 E ArmVmp : Match on catch block at 0xc3 in for 0x149
03-14 19:12:02.728 3111 3111 E ArmVmp : Match on catch block at 0xc3 in for 0x155
03-14 19:12:02.731 3111 3111 E ArmVmp : Match on catch block at 0xc3 in for 0x151
03-14 19:12:02.744 3111 3111 E ArmVmp : Match on catch block at 0xc3 in for 0x141
03-14 19:12:02.748 3111 3111 E ArmVmp : Match on catch block at 0xc3 in for 0x159
03-14 19:12:02.761 3111 3111 E ArmVmp : Match on catch block at 0xc3 in for 0x141
03-14 19:12:02.765 3111 3111 E ArmVmp : Match on catch block at 0xc3 in for 0x159
03-14 19:12:02.776 3111 3111 E ArmVmp : Match on catch block at 0xc3 in for 0x149
03-14 19:12:02.781 3111 3111 E ArmVmp : Match on catch block at 0xc3 in for 0x145
03-14 19:12:02.793 3111 3111 E ArmVmp : Match on catch block at 0xc3 in for 0x151
03-14 19:12:02.796 3111 3111 E ArmVmp : Match on catch block at 0xc3 in for 0x14d
03-14 19:12:02.810 3111 3111 E ArmVmp : Match on catch block at 0xc3 in for 0x159
03-14 19:12:02.813 3111 3111 E ArmVmp : Match on catch block at 0xc3 in for 0x155
03-14 19:12:02.828 3111 3111 E ArmVmp : Match on catch block at 0xc3 in for 0x145
03-14 19:12:02.831 3111 3111 E ArmVmp : Match on catch block at 0xc3 in for 0x141
03-14 19:12:02.843 3111 3111 E ArmVmp : Match on catch block at 0xc3 in for 0x14d
03-14 19:12:02.847 3111 3111 E ArmVmp : Match on catch block at 0xc3 in for 0x149
03-14 19:12:02.859 3111 3111 E ArmVmp : Match on catch block at 0xc3 in for 0x155
03-14 19:12:02.863 3111 3111 E ArmVmp : Match on catch block at 0xc3 in for 0x151
03-14 19:12:02.876 3111 3111 E ArmVmp : Match on catch block at 0xc3 in for 0x141
03-14 19:12:02.879 3111 3111 E ArmVmp : Match on catch block at 0xc3 in for 0x159
03-14 19:12:02.893 3111 3111 E ArmVmp : Match on catch block at 0xc3 in for 0x149
03-14 19:12:02.895 3111 3111 E ArmVmp : Match on catch block at 0xc3 in for 0x145
03-14 19:12:02.909 3111 3111 E ArmVmp : Match on catch block at 0xc3 in for 0x151
03-14 19:12:02.912 3111 3111 E ArmVmp : Match on catch block at 0xc3 in for 0x14d
03-14 19:12:02.926 3111 3111 E ArmVmp : Match on catch block at 0xc3 in for 0x159
03-14 19:12:02.929 3111 3111 E ArmVmp : Match on catch block at 0xc3 in for 0x155
03-14 19:12:02.943 3111 3111 E ArmVmp : Match on catch block at 0xc3 in for 0x145
03-14 19:12:02.946 3111 3111 E ArmVmp : Match on catch block at 0xc3 in for 0x141
03-14 19:12:02.959 3111 3111 E ArmVmp : Match on catch block at 0xc3 in for 0x14d
03-14 19:12:02.963 3111 3111 E ArmVmp : Match on catch block at 0xc3 in for 0x149
03-14 19:12:02.978 3111 3111 E ArmVmp : Match on catch block at 0xc3 in for 0x159
03-14 19:12:02.982 3111 3111 E ArmVmp : Match on catch block at 0xc3 in for 0x155
03-14 19:12:03.093 3111 3111 E ArmVmp : Match on catch block at 0xc3 in for 0x145
03-14 19:12:03.098 3111 3111 E ArmVmp : Match on catch block at 0xc3 in for 0x141
03-14 19:12:03.598 3111 3111 E ArmVmp : Match on catch block at 0xc3 in for 0x149
03-14 19:12:03.609 3111 3111 E ArmVmp : Match on catch block at 0xc3 in for 0x145
03-14 19:12:03.778 3111 3111 E ArmVmp : Match on catch block at 0xc3 in for 0x159
03-14 19:12:03.781 3111 3111 E ArmVmp : Match on catch block at 0xc3 in for 0x155
03-14 19:12:03.832 3111 3111 W OnBackInvokedCallback: OnBackInvokedCallback is not enabled for the application.
03-14 19:12:03.832 3111 3111 W OnBackInvokedCallback: Set 'android:enableOnBackInvokedCallback="true"' in the application manifest.
03-14 19:12:03.880 3111 3111 E ArmVmp : Match on catch block at 0xc3 in for 0x149
03-14 19:12:03.884 3111 3111 E ArmVmp : Match on catch block at 0xc3 in for 0x145
03-14 19:12:03.907 3111 3111 E ArmVmp : Match on catch block at 0xc3 in for 0x14d
03-14 19:12:03.910 3111 3111 E ArmVmp : Match on catch block at 0xc3 in for 0x149
03-14 19:12:04.090 3111 3111 E ArmVmp : Match on catch block at 0xc3 in for 0x151
03-14 19:12:04.094 3111 3111 E ArmVmp : Match on catch block at 0xc3 in for 0x14d
03-14 19:12:04.596 3111 3111 E ArmVmp : Match on catch block at 0xc3 in for 0x155
03-14 19:12:04.607 3111 3111 E ArmVmp : Match on catch block at 0xc3 in for 0x151
03-14 19:12:04.841 3111 3111 E ArmVmp : Match on catch block at 0xc3 in for 0x141
03-14 19:12:04.844 3111 3111 E ArmVmp : Match on catch block at 0xc3 in for 0x159
03-14 19:12:04.860 3111 3111 E ArmVmp : Match on catch block at 0xc3 in for 0x151
03-14 19:12:04.863 3111 3111 E ArmVmp : Match on catch block at 0xc3 in for 0x14d
03-14 19:12:04.872 3111 3111 E ArmVmp : Match on catch block at 0xc3 in for 0x155
03-14 19:12:04.877 3111 3111 E ArmVmp : Match on catch block at 0xc3 in for 0x151
03-14 19:12:04.890 3111 3111 E ArmVmp : Match on catch block at 0xc3 in for 0x159
03-14 19:12:04.894 3111 3111 E ArmVmp : Match on catch block at 0xc3 in for 0x155
03-14 19:12:04.906 3111 3111 E ArmVmp : Match on catch block at 0xc3 in for 0x141
03-14 19:12:04.910 3111 3111 E ArmVmp : Match on catch block at 0xc3 in for 0x159
03-14 19:12:04.923 3111 3111 E ArmVmp : Match on catch block at 0xc3 in for 0x145
03-14 19:12:04.929 3111 3111 E ArmVmp : Match on catch block at 0xc3 in for 0x141
03-14 19:12:04.940 3111 3111 E ArmVmp : Match on catch block at 0xc3 in for 0x149
03-14 19:12:04.946 3111 3111 E ArmVmp : Match on catch block at 0xc3 in for 0x145
03-14 19:12:04.957 3111 3111 E ArmVmp : Match on catch block at 0xc3 in for 0x14d
03-14 19:12:04.961 3111 3111 E ArmVmp : Match on catch block at 0xc3 in for 0x149
03-14 19:12:04.976 3111 3111 E ArmVmp : Match on catch block at 0xc3 in for 0x151
03-14 19:12:04.983 3111 3111 E ArmVmp : Match on catch block at 0xc3 in for 0x14d
03-14 19:12:05.006 3111 3111 E ArmVmp : Match on catch block at 0xc3 in for 0x155
03-14 19:12:05.012 3111 3111 E ArmVmp : Match on catch block at 0xc3 in for 0x151
03-14 19:12:05.023 3111 3111 E ArmVmp : Match on catch block at 0xc3 in for 0x159
03-14 19:12:05.028 3111 3111 E ArmVmp : Match on catch block at 0xc3 in for 0x155
03-14 19:12:05.039 3111 3111 E ArmVmp : Match on catch block at 0xc3 in for 0x141
03-14 19:12:05.044 3111 3111 E ArmVmp : Match on catch block at 0xc3 in for 0x159
03-14 19:12:05.207 3111 3111 E ArmVmp : Match on catch block at 0xc3 in for 0x14d
03-14 19:12:05.213 3111 3111 E ArmVmp : Match on catch block at 0xc3 in for 0x149
03-14 19:12:05.709 3111 3111 E ArmVmp : Match on catch block at 0xc3 in for 0x151
03-14 19:12:05.717 3111 3111 E ArmVmp : Match on catch block at 0xc3 in for 0x14d
03-14 19:12:06.085 3111 3111 E ArmVmp : Match on catch block at 0xc3 in for 0x149
03-14 19:12:06.088 3111 3111 E ArmVmp : Match on catch block at 0xc3 in for 0x145
03-14 19:12:06.352 3111 3111 E ArmVmp : Match on catch block at 0xc3 in for 0x155
03-14 19:12:06.355 3111 3111 E ArmVmp : Match on catch block at 0xc3 in for 0x151
03-14 19:12:06.551 3111 3111 E ArmVmp : Match on catch block at 0xc3 in for 0x14d
03-14 19:12:06.554 3111 3111 E ArmVmp : Match on catch block at 0xc3 in for 0x149
03-14 19:12:06.719 3111 3111 E ArmVmp : Match on catch block at 0xc3 in for 0x151
03-14 19:12:06.724 3111 3111 E ArmVmp : Match on catch block at 0xc3 in for 0x14d
03-14 19:12:06.849 3111 3111 E ArmVmp : Match on catch block at 0xc3 in for 0x159
03-14 19:12:06.857 3111 3111 E ArmVmp : Match on catch block at 0xc3 in for 0x155
03-14 19:12:07.223 3111 3111 E ArmVmp : Match on catch block at 0xc3 in for 0x159
03-14 19:12:07.235 3111 3111 E ArmVmp : Match on catch block at 0xc3 in for 0x155
03-14 19:12:07.721 3111 3111 E ArmVmp : Match on catch block at 0xc3 in for 0x141
03-14 19:12:07.733 3111 3111 E ArmVmp : Match on catch block at 0xc3 in for 0x159
03-14 19:12:08.068 3111 3111 E ArmVmp : Match on catch block at 0xc3 in for 0x14d
03-14 19:12:08.074 3111 3111 E ArmVmp : Match on catch block at 0xc3 in for 0x149
03-14 19:12:08.249 3111 3111 E ArmVmp : Match on catch block at 0xc3 in for 0x159
03-14 19:12:08.255 3111 3111 E ArmVmp : Match on catch block at 0xc3 in for 0x155
03-14 19:12:08.387 3111 3111 E ArmVmp : Match on catch block at 0xc3 in for 0x149
03-14 19:12:08.397 3111 3111 E ArmVmp : Match on catch block at 0xc3 in for 0x145
03-14 19:12:08.484 3111 3111 E ArmVmp : Match on catch block at 0xc3 in for 0x155
03-14 19:12:08.490 3111 3111 E ArmVmp : Match on catch block at 0xc3 in for 0x151
03-14 19:12:08.984 3111 3111 E ArmVmp : Match on catch block at 0xc3 in for 0x159
03-14 19:12:08.987 3111 3111 E ArmVmp : Match on catch block at 0xc3 in for 0x155
03-14 19:12:09.099 3111 3111 E ArmVmp : Match on catch block at 0xc3 in for 0x149
03-14 19:12:09.105 3111 3111 E ArmVmp : Match on catch block at 0xc3 in for 0x145
03-14 19:12:09.601 3111 3111 E ArmVmp : Match on catch block at 0xc3 in for 0x14d
03-14 19:12:09.612 3111 3111 E ArmVmp : Match on catch block at 0xc3 in for 0x149
03-14 19:12:10.099 3111 3111 E ArmVmp : Match on catch block at 0xc3 in for 0x151
03-14 19:12:10.111 3111 3111 E ArmVmp : Match on catch block at 0xc3 in for 0x14d
03-14 19:12:10.598 3111 3111 E ArmVmp : Match on catch block at 0xc3 in for 0x155
03-14 19:12:10.610 3111 3111 E ArmVmp : Match on catch block at 0xc3 in for 0x151
03-14 19:12:10.971 3111 3111 E ArmVmp : Match on catch block at 0xc3 in for 0x149
03-14 19:12:10.982 3111 3111 E ArmVmp : Match on catch block at 0xc3 in for 0x145
03-14 19:12:11.015 3111 3111 E ArmVmp : Match on catch block at 0xc3 in for 0x14d
03-14 19:12:11.026 3111 3111 E ArmVmp : Match on catch block at 0xc3 in for 0x149
03-14 19:12:11.044 3111 3111 E ArmVmp : Match on catch block at 0xc3 in for 0x151
03-14 19:12:11.055 3111 3111 E ArmVmp : Match on catch block at 0xc3 in for 0x14d
03-14 19:12:11.070 3111 3111 E ArmVmp : Match on catch block at 0xc3 in for 0x155
03-14 19:12:11.079 3111 3111 E ArmVmp : Match on catch block at 0xc3 in for 0x151
03-14 19:12:11.092 3111 3111 E ArmVmp : Match on catch block at 0xc3 in for 0x159
03-14 19:12:11.101 3111 3111 E ArmVmp : Match on catch block at 0xc3 in for 0x155
03-14 19:12:11.115 3111 3111 E ArmVmp : Match on catch block at 0xc3 in for 0x141
03-14 19:12:11.124 3111 3111 E ArmVmp : Match on catch block at 0xc3 in for 0x159
03-14 19:12:11.144 3111 3111 E ArmVmp : Match on catch block at 0xc3 in for 0x145
03-14 19:12:11.153 3111 3111 E ArmVmp : Match on catch block at 0xc3 in for 0x141
03-14 19:12:11.177 3111 3111 E ArmVmp : Match on catch block at 0xc3 in for 0x149
03-14 19:12:11.185 3111 3111 E ArmVmp : Match on catch block at 0xc3 in for 0x145
03-14 19:12:11.213 3111 3111 E ArmVmp : Match on catch block at 0xc3 in for 0x14d
03-14 19:12:11.223 3111 3111 E ArmVmp : Match on catch block at 0xc3 in for 0x149
03-14 19:12:11.463 3111 3111 E ArmVmp : Match on catch block at 0xc3 in for 0x151
03-14 19:12:11.476 3111 3111 E ArmVmp : Match on catch block at 0xc3 in for 0x14d
03-14 19:12:11.756 3111 3111 E ArmVmp : Match on catch block at 0xc3 in for 0x155
03-14 19:12:11.760 3111 3111 E ArmVmp : Match on catch block at 0xc3 in for 0x151
03-14 19:12:11.773 3111 3111 E ArmVmp : Match on catch block at 0xc3 in for 0x149
03-14 19:12:11.776 3111 3111 E ArmVmp : Match on catch block at 0xc3 in for 0x145
03-14 19:12:11.789 3111 3111 E ArmVmp : Match on catch block at 0xc3 in for 0x151
03-14 19:12:11.792 3111 3111 E ArmVmp : Match on catch block at 0xc3 in for 0x14d
03-14 19:12:11.806 3111 3111 E ArmVmp : Match on catch block at 0xc3 in for 0x159
03-14 19:12:11.808 3111 3111 E ArmVmp : Match on catch block at 0xc3 in for 0x155
03-14 19:12:11.822 3111 3111 E ArmVmp : Match on catch block at 0xc3 in for 0x145
03-14 19:12:11.825 3111 3111 E ArmVmp : Match on catch block at 0xc3 in for 0x141
03-14 19:12:11.839 3111 3111 E ArmVmp : Match on catch block at 0xc3 in for 0x155
03-14 19:12:11.844 3111 3111 E ArmVmp : Match on catch block at 0xc3 in for 0x151
03-14 19:12:11.858 3111 3111 E ArmVmp : Match on catch block at 0xc3 in for 0x141
03-14 19:12:11.862 3111 3111 E ArmVmp : Match on catch block at 0xc3 in for 0x159
03-14 19:12:11.874 3111 3111 E ArmVmp : Match on catch block at 0xc3 in for 0x149
03-14 19:12:11.878 3111 3111 E ArmVmp : Match on catch block at 0xc3 in for 0x145
03-14 19:12:11.890 3111 3111 E ArmVmp : Match on catch block at 0xc3 in for 0x151
03-14 19:12:11.894 3111 3111 E ArmVmp : Match on catch block at 0xc3 in for 0x14d
03-14 19:12:11.907 3111 3111 E ArmVmp : Match on catch block at 0xc3 in for 0x159
03-14 19:12:11.910 3111 3111 E ArmVmp : Match on catch block at 0xc3 in for 0x155
03-14 19:12:11.923 3111 3111 E ArmVmp : Match on catch block at 0xc3 in for 0x145
03-14 19:12:11.926 3111 3111 E ArmVmp : Match on catch block at 0xc3 in for 0x141
03-14 19:12:11.939 3111 3111 E ArmVmp : Match on catch block at 0xc3 in for 0x14d
03-14 19:12:11.944 3111 3111 E ArmVmp : Match on catch block at 0xc3 in for 0x149
03-14 19:12:11.956 3111 3111 E ArmVmp : Match on catch block at 0xc3 in for 0x145
03-14 19:12:11.961 3111 3111 E ArmVmp : Match on catch block at 0xc3 in for 0x141
03-14 19:12:11.971 3111 3111 E ArmVmp : Match on catch block at 0xc3 in for 0x14d
03-14 19:12:11.976 3111 3111 E ArmVmp : Match on catch block at 0xc3 in for 0x149
03-14 19:12:11.988 3111 3111 E ArmVmp : Match on catch block at 0xc3 in for 0x155
03-14 19:12:11.991 3111 3111 E ArmVmp : Match on catch block at 0xc3 in for 0x151
03-14 19:12:12.005 3111 3111 E ArmVmp : Match on catch block at 0xc3 in for 0x141
03-14 19:12:12.008 3111 3111 E ArmVmp : Match on catch block at 0xc3 in for 0x159
03-14 19:12:12.021 3111 3111 E ArmVmp : Match on catch block at 0xc3 in for 0x149
03-14 19:12:12.025 3111 3111 E ArmVmp : Match on catch block at 0xc3 in for 0x145
03-14 19:12:12.038 3111 3111 E ArmVmp : Match on catch block at 0xc3 in for 0x151
03-14 19:12:12.043 3111 3111 E ArmVmp : Match on catch block at 0xc3 in for 0x14d
03-14 19:12:12.056 3111 3111 E ArmVmp : Match on catch block at 0xc3 in for 0x159
03-14 19:12:12.062 3111 3111 E ArmVmp : Match on catch block at 0xc3 in for 0x155
03-14 19:12:12.073 3111 3111 E ArmVmp : Match on catch block at 0xc3 in for 0x145
03-14 19:12:12.079 3111 3111 E ArmVmp : Match on catch block at 0xc3 in for 0x141
03-14 19:12:12.090 3111 3111 E ArmVmp : Match on catch block at 0xc3 in for 0x14d
03-14 19:12:12.097 3111 3111 E ArmVmp : Match on catch block at 0xc3 in for 0x149
03-14 19:12:12.106 3111 3111 E ArmVmp : Match on catch block at 0xc3 in for 0x155
03-14 19:12:12.112 3111 3111 E ArmVmp : Match on catch block at 0xc3 in for 0x151
03-14 19:12:12.123 3111 3111 E ArmVmp : Match on catch block at 0xc3 in for 0x141
03-14 19:12:12.129 3111 3111 E ArmVmp : Match on catch block at 0xc3 in for 0x159
03-14 19:12:12.139 3111 3111 E ArmVmp : Match on catch block at 0xc3 in for 0x149
03-14 19:12:12.145 3111 3111 E ArmVmp : Match on catch block at 0xc3 in for 0x145
03-14 19:12:12.156 3111 3111 E ArmVmp : Match on catch block at 0xc3 in for 0x151
03-14 19:12:12.162 3111 3111 E ArmVmp : Match on catch block at 0xc3 in for 0x14d
03-14 19:12:12.173 3111 3111 E ArmVmp : Match on catch block at 0xc3 in for 0x141
03-14 19:12:12.178 3111 3111 E ArmVmp : Match on catch block at 0xc3 in for 0x159
03-14 19:12:12.355 3111 3111 E ArmVmp : Match on catch block at 0xc3 in for 0x155
03-14 19:12:12.358 3111 3111 E ArmVmp : Match on catch block at 0xc3 in for 0x151
03-14 19:12:12.371 3111 3111 E ArmVmp : Match on catch block at 0xc3 in for 0x145
03-14 19:12:12.374 3111 3111 E ArmVmp : Match on catch block at 0xc3 in for 0x141
03-14 19:12:12.387 3111 3111 E ArmVmp : Match on catch block at 0xc3 in for 0x14d
03-14 19:12:12.390 3111 3111 E ArmVmp : Match on catch block at 0xc3 in for 0x149
03-14 19:12:12.404 3111 3111 E ArmVmp : Match on catch block at 0xc3 in for 0x155
03-14 19:12:12.412 3111 3111 E ArmVmp : Match on catch block at 0xc3 in for 0x151
03-14 19:12:12.422 3111 3111 E ArmVmp : Match on catch block at 0xc3 in for 0x141
03-14 19:12:12.426 3111 3111 E ArmVmp : Match on catch block at 0xc3 in for 0x159
03-14 19:12:12.439 3111 3111 E ArmVmp : Match on catch block at 0xc3 in for 0x155
03-14 19:12:12.443 3111 3111 E ArmVmp : Match on catch block at 0xc3 in for 0x151
03-14 19:12:12.453 3111 3111 E ArmVmp : Match on catch block at 0xc3 in for 0x141
03-14 19:12:12.458 3111 3111 E ArmVmp : Match on catch block at 0xc3 in for 0x159
03-14 19:12:12.470 3111 3111 E ArmVmp : Match on catch block at 0xc3 in for 0x149
03-14 19:12:12.473 3111 3111 E ArmVmp : Match on catch block at 0xc3 in for 0x145
03-14 19:12:12.487 3111 3111 E ArmVmp : Match on catch block at 0xc3 in for 0x151
03-14 19:12:12.490 3111 3111 E ArmVmp : Match on catch block at 0xc3 in for 0x14d
03-14 19:12:12.503 3111 3111 E ArmVmp : Match on catch block at 0xc3 in for 0x159
03-14 19:12:12.507 3111 3111 E ArmVmp : Match on catch block at 0xc3 in for 0x155
03-14 19:12:12.520 3111 3111 E ArmVmp : Match on catch block at 0xc3 in for 0x145
03-14 19:12:12.523 3111 3111 E ArmVmp : Match on catch block at 0xc3 in for 0x141
03-14 19:12:12.537 3111 3111 E ArmVmp : Match on catch block at 0xc3 in for 0x14d
03-14 19:12:12.541 3111 3111 E ArmVmp : Match on catch block at 0xc3 in for 0x149
03-14 19:12:12.553 3111 3111 E ArmVmp : Match on catch block at 0xc3 in for 0x155
03-14 19:12:12.556 3111 3111 E ArmVmp : Match on catch block at 0xc3 in for 0x151
03-14 19:12:12.570 3111 3111 E ArmVmp : Match on catch block at 0xc3 in for 0x141
03-14 19:12:12.573 3111 3111 E ArmVmp : Match on catch block at 0xc3 in for 0x159
03-14 19:12:12.587 3111 3111 E ArmVmp : Match on catch block at 0xc3 in for 0x149
03-14 19:12:12.591 3111 3111 E ArmVmp : Match on catch block at 0xc3 in for 0x145
03-14 19:12:12.603 3111 3111 E ArmVmp : Match on catch block at 0xc3 in for 0x151
03-14 19:12:12.608 3111 3111 E ArmVmp : Match on catch block at 0xc3 in for 0x14d
03-14 19:12:12.620 3111 3111 E ArmVmp : Match on catch block at 0xc3 in for 0x159
03-14 19:12:12.623 3111 3111 E ArmVmp : Match on catch block at 0xc3 in for 0x155
03-14 19:12:12.636 3111 3111 E ArmVmp : Match on catch block at 0xc3 in for 0x149
03-14 19:12:12.641 3111 3111 E ArmVmp : Match on catch block at 0xc3 in for 0x145
03-14 19:12:12.973 3111 3111 E ArmVmp : Match on catch block at 0xc3 in for 0x151
03-14 19:12:12.983 3111 3111 E ArmVmp : Match on catch block at 0xc3 in for 0x14d
03-14 19:12:13.474 3111 3111 E ArmVmp : Match on catch block at 0xc3 in for 0x155
03-14 19:12:13.485 3111 3111 E ArmVmp : Match on catch block at 0xc3 in for 0x151
03-14 19:12:13.972 3111 3111 E ArmVmp : Match on catch block at 0xc3 in for 0x159
03-14 19:12:13.984 3111 3111 E ArmVmp : Match on catch block at 0xc3 in for 0x155
03-14 19:12:14.035 3111 3111 E ArmVmp : Match on catch block at 0xc3 in for 0x141
03-14 19:12:14.037 3111 3111 E ArmVmp : Match on catch block at 0xc3 in for 0x159
03-14 19:12:14.051 3111 3111 E ArmVmp : Match on catch block at 0xc3 in for 0x14d
03-14 19:12:14.054 3111 3111 E ArmVmp : Match on catch block at 0xc3 in for 0x149
03-14 19:12:14.068 3111 3111 E ArmVmp : Match on catch block at 0xc3 in for 0x155
03-14 19:12:14.070 3111 3111 E ArmVmp : Match on catch block at 0xc3 in for 0x151
03-14 19:12:14.084 3111 3111 E ArmVmp : Match on catch block at 0xc3 in for 0x145
03-14 19:12:14.087 3111 3111 E ArmVmp : Match on catch block at 0xc3 in for 0x141
03-14 19:12:14.103 3111 3111 E ArmVmp : Match on catch block at 0xc3 in for 0x14d
03-14 19:12:14.109 3111 3111 E ArmVmp : Match on catch block at 0xc3 in for 0x149
03-14 19:12:14.120 3111 3111 E ArmVmp : Match on catch block at 0xc3 in for 0x155
03-14 19:12:14.125 3111 3111 E ArmVmp : Match on catch block at 0xc3 in for 0x151
03-14 19:12:14.134 3111 3111 E ArmVmp : Match on catch block at 0xc3 in for 0x141
03-14 19:12:14.141 3111 3111 E ArmVmp : Match on catch block at 0xc3 in for 0x159
03-14 19:12:14.151 3111 3111 E ArmVmp : Match on catch block at 0xc3 in for 0x149
03-14 19:12:14.156 3111 3111 E ArmVmp : Match on catch block at 0xc3 in for 0x145
03-14 19:12:14.167 3111 3111 E ArmVmp : Match on catch block at 0xc3 in for 0x151
03-14 19:12:14.173 3111 3111 E ArmVmp : Match on catch block at 0xc3 in for 0x14d
03-14 19:12:14.186 3111 3111 E ArmVmp : Match on catch block at 0xc3 in for 0x159
03-14 19:12:14.190 3111 3111 E ArmVmp : Match on catch block at 0xc3 in for 0x155
03-14 19:12:14.202 3111 3111 E ArmVmp : Match on catch block at 0xc3 in for 0x145
03-14 19:12:14.206 3111 3111 E ArmVmp : Match on catch block at 0xc3 in for 0x141
03-14 19:12:14.217 3111 3111 E ArmVmp : Match on catch block at 0xc3 in for 0x159
03-14 19:12:14.221 3111 3111 E ArmVmp : Match on catch block at 0xc3 in for 0x155
03-14 19:12:14.233 3111 3111 E ArmVmp : Match on catch block at 0xc3 in for 0x145
03-14 19:12:14.236 3111 3111 E ArmVmp : Match on catch block at 0xc3 in for 0x141
03-14 19:12:14.249 3111 3111 E ArmVmp : Match on catch block at 0xc3 in for 0x14d
03-14 19:12:14.252 3111 3111 E ArmVmp : Match on catch block at 0xc3 in for 0x149
03-14 19:12:14.266 3111 3111 E ArmVmp : Match on catch block at 0xc3 in for 0x155
03-14 19:12:14.269 3111 3111 E ArmVmp : Match on catch block at 0xc3 in for 0x151
03-14 19:12:14.283 3111 3111 E ArmVmp : Match on catch block at 0xc3 in for 0x141
03-14 19:12:14.286 3111 3111 E ArmVmp : Match on catch block at 0xc3 in for 0x159
03-14 19:12:14.299 3111 3111 E ArmVmp : Match on catch block at 0xc3 in for 0x149
03-14 19:12:14.304 3111 3111 E ArmVmp : Match on catch block at 0xc3 in for 0x145
03-14 19:12:14.316 3111 3111 E ArmVmp : Match on catch block at 0xc3 in for 0x151
03-14 19:12:14.322 3111 3111 E ArmVmp : Match on catch block at 0xc3 in for 0x14d
03-14 19:12:14.334 3111 3111 E ArmVmp : Match on catch block at 0xc3 in for 0x159
03-14 19:12:14.340 3111 3111 E ArmVmp : Match on catch block at 0xc3 in for 0x155
03-14 19:12:14.351 3111 3111 E ArmVmp : Match on catch block at 0xc3 in for 0x145
03-14 19:12:14.359 3111 3111 E ArmVmp : Match on catch block at 0xc3 in for 0x141
03-14 19:12:14.368 3111 3111 E ArmVmp : Match on catch block at 0xc3 in for 0x14d
03-14 19:12:14.373 3111 3111 E ArmVmp : Match on catch block at 0xc3 in for 0x149
03-14 19:12:14.384 3111 3111 E ArmVmp : Match on catch block at 0xc3 in for 0x155
03-14 19:12:14.390 3111 3111 E ArmVmp : Match on catch block at 0xc3 in for 0x151
03-14 19:12:14.401 3111 3111 E ArmVmp : Match on catch block at 0xc3 in for 0x141
03-14 19:12:14.406 3111 3111 E ArmVmp : Match on catch block at 0xc3 in for 0x159
03-14 19:12:14.418 3111 3111 E ArmVmp : Match on catch block at 0xc3 in for 0x14d
03-14 19:12:14.424 3111 3111 E ArmVmp : Match on catch block at 0xc3 in for 0x149
03-14 19:12:14.484 3111 3111 E ArmVmp : Match on catch block at 0xc3 in for 0x155
03-14 19:12:14.492 3111 3111 E ArmVmp : Match on catch block at 0xc3 in for 0x151
03-14 19:12:14.985 3111 3111 E ArmVmp : Match on catch block at 0xc3 in for 0x159
03-14 19:12:14.998 3111 3111 E ArmVmp : Match on catch block at 0xc3 in for 0x155
03-14 19:12:15.487 3111 3111 E ArmVmp : Match on catch block at 0xc3 in for 0x141
03-14 19:12:15.499 3111 3111 E ArmVmp : Match on catch block at 0xc3 in for 0x159
03-14 19:12:15.986 3111 3111 E ArmVmp : Match on catch block at 0xc3 in for 0x145
03-14 19:12:15.999 3111 3111 E ArmVmp : Match on catch block at 0xc3 in for 0x141
03-14 19:12:16.485 3111 3111 E ArmVmp : Match on catch block at 0xc3 in for 0x149
03-14 19:12:16.497 3111 3111 E ArmVmp : Match on catch block at 0xc3 in for 0x145
03-14 19:12:16.984 3111 3111 E ArmVmp : Match on catch block at 0xc3 in for 0x14d
03-14 19:12:16.996 3111 3111 E ArmVmp : Match on catch block at 0xc3 in for 0x149
03-14 19:12:17.482 3111 3111 E ArmVmp : Match on catch block at 0xc3 in for 0x151
03-14 19:12:17.493 3111 3111 E ArmVmp : Match on catch block at 0xc3 in for 0x14d
03-14 19:12:17.998 3111 3111 E ArmVmp : Match on catch block at 0xc3 in for 0x155
03-14 19:12:18.009 3111 3111 E ArmVmp : Match on catch block at 0xc3 in for 0x151
03-14 19:12:18.497 3111 3111 E ArmVmp : Match on catch block at 0xc3 in for 0x159
03-14 19:12:18.507 3111 3111 E ArmVmp : Match on catch block at 0xc3 in for 0x155
03-14 19:12:18.995 3111 3111 E ArmVmp : Match on catch block at 0xc3 in for 0x141
03-14 19:12:19.008 3111 3111 E ArmVmp : Match on catch block at 0xc3 in for 0x159
03-14 19:12:19.495 3111 3111 E ArmVmp : Match on catch block at 0xc3 in for 0x145
03-14 19:12:19.506 3111 3111 E ArmVmp : Match on catch block at 0xc3 in for 0x141
03-14 19:12:19.993 3111 3111 E ArmVmp : Match on catch block at 0xc3 in for 0x149
03-14 19:12:20.003 3111 3111 E ArmVmp : Match on catch block at 0xc3 in for 0x145
03-14 19:12:20.492 3111 3111 E ArmVmp : Match on catch block at 0xc3 in for 0x14d
03-14 19:12:20.505 3111 3111 E ArmVmp : Match on catch block at 0xc3 in for 0x149
03-14 19:12:21.007 3111 3111 E ArmVmp : Match on catch block at 0xc3 in for 0x151
03-14 19:12:21.019 3111 3111 E ArmVmp : Match on catch block at 0xc3 in for 0x14d
03-14 19:12:21.506 3111 3111 E ArmVmp : Match on catch block at 0xc3 in for 0x155
03-14 19:12:21.518 3111 3111 E ArmVmp : Match on catch block at 0xc3 in for 0x151
03-14 19:12:21.852 3111 3111 E ArmVmp : Match on catch block at 0xc3 in for 0x155
03-14 19:12:21.859 3111 3111 E ArmVmp : Match on catch block at 0xc3 in for 0x151
03-14 19:12:21.890 3111 3111 E ArmVmp : Match on catch block at 0xc3 in for 0x149
03-14 19:12:21.899 3111 3111 E ArmVmp : Match on catch block at 0xc3 in for 0x145
03-14 19:12:21.914 3111 3111 E ArmVmp : Match on catch block at 0xc3 in for 0x14d
03-14 19:12:21.922 3111 3111 E ArmVmp : Match on catch block at 0xc3 in for 0x149
03-14 19:12:21.932 3111 3111 E ArmVmp : Match on catch block at 0xc3 in for 0x151
03-14 19:12:21.940 3111 3111 E ArmVmp : Match on catch block at 0xc3 in for 0x14d
03-14 19:12:21.951 3111 3111 E ArmVmp : Match on catch block at 0xc3 in for 0x155
03-14 19:12:21.957 3111 3111 E ArmVmp : Match on catch block at 0xc3 in for 0x151
03-14 19:12:21.967 3111 3111 E ArmVmp : Match on catch block at 0xc3 in for 0x159
03-14 19:12:21.973 3111 3111 E ArmVmp : Match on catch block at 0xc3 in for 0x155
03-14 19:12:21.986 3111 3111 E ArmVmp : Match on catch block at 0xc3 in for 0x141
03-14 19:12:21.991 3111 3111 E ArmVmp : Match on catch block at 0xc3 in for 0x159
03-14 19:12:22.002 3111 3111 E ArmVmp : Match on catch block at 0xc3 in for 0x145
03-14 19:12:22.007 3111 3111 E ArmVmp : Match on catch block at 0xc3 in for 0x141
03-14 19:12:22.017 3111 3111 E ArmVmp : Match on catch block at 0xc3 in for 0x149
03-14 19:12:22.023 3111 3111 E ArmVmp : Match on catch block at 0xc3 in for 0x145
03-14 19:12:22.033 3111 3111 E ArmVmp : Match on catch block at 0xc3 in for 0x14d
03-14 19:12:22.038 3111 3111 E ArmVmp : Match on catch block at 0xc3 in for 0x149
03-14 19:12:22.049 3111 3111 E ArmVmp : Match on catch block at 0xc3 in for 0x151
03-14 19:12:22.055 3111 3111 E ArmVmp : Match on catch block at 0xc3 in for 0x14d
03-14 19:12:22.350 3111 3111 E ArmVmp : Match on catch block at 0xc3 in for 0x155
03-14 19:12:22.361 3111 3111 E ArmVmp : Match on catch block at 0xc3 in for 0x151
03-14 19:12:22.853 3111 3111 E ArmVmp : Match on catch block at 0xc3 in for 0x159
03-14 19:12:22.864 3111 3111 E ArmVmp : Match on catch block at 0xc3 in for 0x155
03-14 19:12:23.351 3111 3111 E ArmVmp : Match on catch block at 0xc3 in for 0x141
03-14 19:12:23.363 3111 3111 E ArmVmp : Match on catch block at 0xc3 in for 0x159
03-14 19:12:23.850 3111 3111 E ArmVmp : Match on catch block at 0xc3 in for 0x145
03-14 19:12:23.861 3111 3111 E ArmVmp : Match on catch block at 0xc3 in for 0x141
03-14 19:12:24.350 3111 3111 E ArmVmp : Match on catch block at 0xc3 in for 0x149
03-14 19:12:24.361 3111 3111 E ArmVmp : Match on catch block at 0xc3 in for 0x145
03-14 19:12:24.866 3111 3111 E ArmVmp : Match on catch block at 0xc3 in for 0x14d
03-14 19:12:24.878 3111 3111 E ArmVmp : Match on catch block at 0xc3 in for 0x149
03-14 19:12:25.364 3111 3111 E ArmVmp : Match on catch block at 0xc3 in for 0x151
03-14 19:12:25.376 3111 3111 E ArmVmp : Match on catch block at 0xc3 in for 0x14d
03-14 19:12:25.863 3111 3111 E ArmVmp : Match on catch block at 0xc3 in for 0x155
03-14 19:12:25.875 3111 3111 E ArmVmp : Match on catch block at 0xc3 in for 0x151
03-14 19:12:26.362 3111 3111 E ArmVmp : Match on catch block at 0xc3 in for 0x159
03-14 19:12:26.373 3111 3111 E ArmVmp : Match on catch block at 0xc3 in for 0x155
