03-15 19:26:03.779 25934 25934 W View : requestLayout() improperly called by android.widget.Space{9ceff8b I.ED..... ......I. 36,108-48,120 #7f0b00ba app:id/action_tile_spacing viewInfo = } during layout: running second layout pass
03-15 19:26:03.779 25934 25934 W View : requestLayout() improperly called by android.widget.Space{f815868 I.ED..... ......I. 36,108-48,120 #7f0b00ba app:id/action_tile_spacing viewInfo = } during layout: running second layout pass
03-15 19:26:03.779 25934 25934 W View : requestLayout() improperly called by android.widget.Space{b728481 I.ED..... ......I. 36,108-48,120 #7f0b00ba app:id/action_tile_spacing viewInfo = } during layout: running second layout pass
03-15 19:26:03.779 25934 25934 W View : requestLayout() improperly called by android.widget.Space{52c0967 I.ED..... ......I. 36,108-48,120 #7f0b00ba app:id/action_tile_spacing viewInfo = } during layout: running second layout pass
03-15 19:26:03.784 25934 25934 E ArmVmp : Match on catch block at 0xc3 in for 0x151
03-15 19:26:03.787 25934 25934 E ArmVmp : Match on catch block at 0xc3 in for 0x14d
03-15 19:26:03.807 25934 25934 E ArmVmp : Match on catch block at 0xc3 in for 0x155
03-15 19:26:03.810 25934 25934 E ArmVmp : Match on catch block at 0xc3 in for 0x151
03-15 19:26:03.836 25934 25934 E ArmVmp : Match on catch block at 0xc3 in for 0x159
03-15 19:26:03.840 25934 25934 E ArmVmp : Match on catch block at 0xc3 in for 0x155
03-15 19:26:03.894 25934 25998 W Parcel : Expecting binder but got null!
03-15 19:26:03.896 25934 25934 E ArmVmp : Match on catch block at 0xc3 in for 0x141
03-15 19:26:03.899 25934 25934 E ArmVmp : Match on catch block at 0xc3 in for 0x159
03-15 19:26:03.911 25934 25934 E ArmVmp : Match on catch block at 0xc3 in for 0x145
03-15 19:26:03.914 25934 25934 E ArmVmp : Match on catch block at 0xc3 in for 0x141
03-15 19:26:03.939 25934 25934 E ArmVmp : Match on catch block at 0xc3 in for 0x14d
03-15 19:26:03.942 25934 25934 E ArmVmp : Match on catch block at 0xc3 in for 0x149
03-15 19:26:04.174 25934 25934 E ArmVmp : Match on catch block at 0xc3 in for 0x149
03-15 19:26:04.178 25934 25934 E ArmVmp : Match on catch block at 0xc3 in for 0x145
03-15 19:26:05.760 25934 25934 E OplusBracketLog: [OplusViewMirrorManager] updateHostViewRootIfNeeded, not support android.view.ViewRootImpl@4b244ad
03-15 19:26:05.774 25934 25934 E IPCThreadState: attemptIncStrongHandle(120): Not supported
03-15 19:26:05.809 25934 25998 W Parcel : Expecting binder but got null!
03-15 19:26:06.843 25934 25934 E OplusBracketLog: [OplusViewMirrorManager] updateHostViewRootIfNeeded, not support android.view.ViewRootImpl@c15e9cd
03-15 19:26:06.921 25934 25998 W Parcel : Expecting binder but got null!
03-15 19:26:06.938 25934 25934 W BottomSheetBehavior: BottomSheetBehavior now supports multiple callbacks. `setBottomSheetCallback()` removes all existing callbacks, including ones set internally by library authors, which may result in unintended behavior. This may change in the future. Please use `addBottomSheetCallback()` and `removeBottomSheetCallback()` instead to set your own callbacks.
03-15 19:26:07.091 25934 25934 W OnBackInvokedCallback: OnBackInvokedCallback is not enabled for the application.
03-15 19:26:07.091 25934 25934 W OnBackInvokedCallback: Set 'android:enableOnBackInvokedCallback="true"' in the application manifest.
03-15 19:26:07.268 25934 25934 W ResourceType: Bad XML block: header size 18254 or total size 169478669 is larger than data size 853
03-15 19:26:07.352 25934 25934 E OplusBracketLog: [OplusViewMirrorManager] updateHostViewRootIfNeeded, not support android.view.ViewRootImpl@11c146
03-15 19:26:07.362 25934 25934 E IPCThreadState: attemptIncStrongHandle(146): Not supported
03-15 19:26:07.378 25934 25998 W Parcel : Expecting binder but got null!
03-15 19:26:08.775 25934 25934 E OplusBracketLog: [OplusViewMirrorManager] updateHostViewRootIfNeeded, not support android.view.ViewRootImpl@b5bc251
03-15 19:26:08.838 25934 25998 W Parcel : Expecting binder but got null!
03-15 19:26:10.772 25934 25934 W InputEventReceiver: Attempted to finish an input event but the input event receiver has already been disposed.
03-15 19:26:10.792 25934 25934 W OnBackInvokedCallback: OnBackInvokedCallback is not enabled for the application.
03-15 19:26:10.792 25934 25934 W OnBackInvokedCallback: Set 'android:enableOnBackInvokedCallback="true"' in the application manifest.
03-15 19:26:12.252 25934 25934 E OplusBracketLog: [OplusViewMirrorManager] updateHostViewRootIfNeeded, not support android.view.ViewRootImpl@8e0ca91
03-15 19:26:12.282 25934 25934 E IPCThreadState: attemptIncStrongHandle(159): Not supported
03-15 19:26:12.282 25934 25934 E IPCThreadState: attemptIncStrongHandle(156): Not supported
03-15 19:26:12.311 25934 25998 W Parcel : Expecting binder but got null!
03-15 19:26:13.315 25934 25934 W OnBackInvokedCallback: OnBackInvokedCallback is not enabled for the application.
03-15 19:26:13.315 25934 25934 W OnBackInvokedCallback: Set 'android:enableOnBackInvokedCallback="true"' in the application manifest.
03-15 19:26:17.940 25934 25934 W RemoteInputConnectionImpl: requestCursorAnchorInfo on inactive InputConnection
03-15 19:26:17.959 25934 25934 E ImeBackDispatcher: Ime callback not found. Ignoring unregisterReceivedCallback. callbackId: 34789536
03-15 19:26:18.515 25934 25934 W ResourceType: Bad XML block: header size 18254 or total size 169478669 is larger than data size 650
03-15 19:26:18.548 25934 25934 W ResourceType: Bad XML block: header size 18254 or total size 169478669 is larger than data size 650
03-15 19:26:18.672 25934 25934 W ResourceType: Bad XML block: header size 18254 or total size 169478669 is larger than data size 650
03-15 19:26:18.844 25934 25934 W ResourceType: Bad XML block: header size 18254 or total size 169478669 is larger than data size 650
03-15 19:26:19.117 25934 25934 E ArmVmp : Match on catch block at 0x0a in for 0x189
03-15 19:26:19.125 25934 25934 E ArmVmp : Match on catch block at 0x0a in for 0x181
03-15 19:26:19.170 25934 25934 E IPCThreadState: attemptIncStrongHandle(160): Not supported
03-15 19:26:19.170 25934 25934 E IPCThreadState: attemptIncStrongHandle(150): Not supported
03-15 19:26:19.176 25934 25934 E ArmVmp : Match on catch block at 0xc3 in for 0x151
03-15 19:26:19.180 25934 25934 E ArmVmp : Match on catch block at 0xc3 in for 0x14d
03-15 19:26:19.188 25934 25998 E FrameEvents: updateAcquireFence: Did not find frame.
03-15 19:26:19.200 25934 25934 E ArmVmp : Match on catch block at 0xc3 in for 0x149
03-15 19:26:19.204 25934 25934 E ArmVmp : Match on catch block at 0xc3 in for 0x145
03-15 19:26:19.226 25934 25934 E ArmVmp : Match on catch block at 0xc3 in for 0x151
03-15 19:26:19.230 25934 25934 E ArmVmp : Match on catch block at 0xc3 in for 0x14d
03-15 19:26:19.246 25934 25934 E ArmVmp : Match on catch block at 0xc3 in for 0x155
03-15 19:26:19.249 25934 25934 E ArmVmp : Match on catch block at 0xc3 in for 0x151
03-15 19:26:19.255 25934 25934 E ArmVmp : Match on catch block at 0xc3 in for 0x159
03-15 19:26:19.259 25934 25934 E ArmVmp : Match on catch block at 0xc3 in for 0x155
03-15 19:26:19.267 25934 25934 E ArmVmp : Match on catch block at 0xc3 in for 0x141
03-15 19:26:19.270 25934 25934 E ArmVmp : Match on catch block at 0xc3 in for 0x159
03-15 19:26:19.284 25934 25934 E ArmVmp : Match on catch block at 0xc3 in for 0x145
03-15 19:26:19.287 25934 25934 E ArmVmp : Match on catch block at 0xc3 in for 0x141
03-15 19:26:19.300 25934 25934 E ArmVmp : Match on catch block at 0xc3 in for 0x149
03-15 19:26:19.303 25934 25934 E ArmVmp : Match on catch block at 0xc3 in for 0x145
03-15 19:26:19.570 25934 25934 E ArmVmp : Match on catch block at 0xc3 in for 0x141
03-15 19:26:19.577 25934 25934 E ArmVmp : Match on catch block at 0xc3 in for 0x159
03-15 19:26:19.589 25934 25934 E ArmVmp : Match on catch block at 0xc3 in for 0x14d
03-15 19:26:19.595 25934 25934 E ArmVmp : Match on catch block at 0xc3 in for 0x149
03-15 19:26:19.615 25934 25934 E ArmVmp : Match on catch block at 0xc3 in for 0x145
03-15 19:26:19.618 25934 25934 E ArmVmp : Match on catch block at 0xc3 in for 0x141
03-15 19:26:19.723 25934 25934 E ArmVmp : Match on catch block at 0xc3 in for 0x155
03-15 19:26:19.726 25934 25934 E ArmVmp : Match on catch block at 0xc3 in for 0x151
03-15 19:26:19.754 25934 25934 E ArmVmp : Match on catch block at 0xc3 in for 0x149
03-15 19:26:19.757 25934 25934 E ArmVmp : Match on catch block at 0xc3 in for 0x145
03-15 19:26:19.766 25934 25934 E ArmVmp : Match on catch block at 0xc3 in for 0x14d
03-15 19:26:19.769 25934 25934 E ArmVmp : Match on catch block at 0xc3 in for 0x149
03-15 19:26:19.783 25934 25934 E ArmVmp : Match on catch block at 0xc3 in for 0x151
03-15 19:26:19.786 25934 25934 E ArmVmp : Match on catch block at 0xc3 in for 0x14d
03-15 19:26:19.799 25934 25934 E ArmVmp : Match on catch block at 0xc3 in for 0x155
03-15 19:26:19.802 25934 25934 E ArmVmp : Match on catch block at 0xc3 in for 0x151
03-15 19:26:19.816 25934 25934 E ArmVmp : Match on catch block at 0xc3 in for 0x159
03-15 19:26:19.820 25934 25934 E ArmVmp : Match on catch block at 0xc3 in for 0x155
03-15 19:26:19.833 25934 25934 E ArmVmp : Match on catch block at 0xc3 in for 0x141
03-15 19:26:19.836 25934 25934 E ArmVmp : Match on catch block at 0xc3 in for 0x159
03-15 19:26:19.849 25934 25934 E ArmVmp : Match on catch block at 0xc3 in for 0x145
03-15 19:26:19.852 25934 25934 E ArmVmp : Match on catch block at 0xc3 in for 0x141
03-15 19:26:20.081 25934 25934 E ArmVmp : Match on catch block at 0xc3 in for 0x14d
03-15 19:26:20.084 25934 25934 E ArmVmp : Match on catch block at 0xc3 in for 0x149
03-15 19:26:20.123 25934 25934 E ArmVmp : Match on catch block at 0xc3 in for 0x141
03-15 19:26:20.127 25934 25934 E ArmVmp : Match on catch block at 0xc3 in for 0x159
03-15 19:26:20.147 25934 25934 E IPCThreadState: attemptIncStrongHandle(139): Not supported
03-15 19:26:20.386 25934 25934 E RippleDrawable: The RippleDrawable.STYLE_PATTERNED animation is not supported for a non-hardware accelerated Canvas. Skipping animation.
03-15 19:26:20.408 25934 25934 E RippleDrawable: The RippleDrawable.STYLE_PATTERNED animation is not supported for a non-hardware accelerated Canvas. Skipping animation.
03-15 19:26:20.413 25934 25934 E RippleDrawable: The RippleDrawable.STYLE_PATTERNED animation is not supported for a non-hardware accelerated Canvas. Skipping animation.
03-15 19:26:21.724 25934 25934 E ArmVmp : Match on catch block at 0x0a in for 0x199
03-15 19:26:21.729 25934 25934 E ArmVmp : Match on catch block at 0x0a in for 0x191
03-15 19:26:21.787 25934 25934 E OplusBracketLog: [OplusViewMirrorManager] updateHostViewRootIfNeeded, not support android.view.ViewRootImpl@12e6a2a
03-15 19:26:21.812 25934 25934 E IPCThreadState: attemptIncStrongHandle(177): Not supported
03-15 19:26:21.914 25934 25934 E ArmVmp : Match on catch block at 0xc3 in for 0x179
03-15 19:26:21.917 25934 25934 E ArmVmp : Match on catch block at 0xc3 in for 0x171
03-15 19:26:21.955 25934 25998 W Parcel : Expecting binder but got null!
03-15 19:26:21.980 25934 25934 E ArmVmp : Match on catch block at 0xc3 in for 0x141
03-15 19:26:21.983 25934 25934 E ArmVmp : Match on catch block at 0xc3 in for 0x159
03-15 19:26:22.015 25934 25934 E ArmVmp : Match on catch block at 0xc3 in for 0x141
03-15 19:26:22.018 25934 25934 E ArmVmp : Match on catch block at 0xc3 in for 0x159
03-15 19:26:22.044 25934 25934 E ArmVmp : Match on catch block at 0xc3 in for 0x151
03-15 19:26:22.046 25934 25934 E ArmVmp : Match on catch block at 0xc3 in for 0x14d
03-15 19:26:22.060 25934 25934 E ArmVmp : Match on catch block at 0xc3 in for 0x14d
03-15 19:26:22.062 25934 25934 E ArmVmp : Match on catch block at 0xc3 in for 0x149
03-15 19:26:22.076 25934 25934 E ArmVmp : Match on catch block at 0xc3 in for 0x149
03-15 19:26:22.078 25934 25934 E ArmVmp : Match on catch block at 0xc3 in for 0x145
03-15 19:26:22.093 25934 25934 E ArmVmp : Match on catch block at 0xc3 in for 0x145
03-15 19:26:22.095 25934 25934 E ArmVmp : Match on catch block at 0xc3 in for 0x141
03-15 19:26:22.111 25934 25934 E ArmVmp : Match on catch block at 0xc3 in for 0x141
03-15 19:26:22.114 25934 25934 E ArmVmp : Match on catch block at 0xc3 in for 0x159
03-15 19:26:22.143 25934 25934 E ArmVmp : Match on catch block at 0xc3 in for 0x155
03-15 19:26:22.146 25934 25934 E ArmVmp : Match on catch block at 0xc3 in for 0x151
03-15 19:26:22.160 25934 25934 E ArmVmp : Match on catch block at 0xc3 in for 0x159
03-15 19:26:22.164 25934 25934 E ArmVmp : Match on catch block at 0xc3 in for 0x155
03-15 19:26:22.177 25934 25934 E ArmVmp : Match on catch block at 0xc3 in for 0x141
03-15 19:26:22.181 25934 25934 E ArmVmp : Match on catch block at 0xc3 in for 0x159
03-15 19:26:22.194 25934 25934 E ArmVmp : Match on catch block at 0xc3 in for 0x145
03-15 19:26:22.197 25934 25934 E ArmVmp : Match on catch block at 0xc3 in for 0x141
03-15 19:26:22.211 25934 25934 E ArmVmp : Match on catch block at 0xc3 in for 0x149
03-15 19:26:22.215 25934 25934 E ArmVmp : Match on catch block at 0xc3 in for 0x145
03-15 19:26:22.227 25934 25934 E ArmVmp : Match on catch block at 0xc3 in for 0x14d
03-15 19:26:22.231 25934 25934 E ArmVmp : Match on catch block at 0xc3 in for 0x149
03-15 19:26:22.244 25934 25934 E ArmVmp : Match on catch block at 0xc3 in for 0x151
03-15 19:26:22.248 25934 25934 E ArmVmp : Match on catch block at 0xc3 in for 0x14d
03-15 19:26:22.644 25934 25934 E ArmVmp : Match on catch block at 0xc3 in for 0x14d
03-15 19:26:22.647 25934 25934 E ArmVmp : Match on catch block at 0xc3 in for 0x149
03-15 19:26:23.142 25934 25934 E ArmVmp : Match on catch block at 0xc3 in for 0x159
03-15 19:26:23.145 25934 25934 E ArmVmp : Match on catch block at 0xc3 in for 0x155
03-15 19:26:23.208 25934 25934 E ArmVmp : Match on catch block at 0xc3 in for 0x149
03-15 19:26:23.211 25934 25934 E ArmVmp : Match on catch block at 0xc3 in for 0x145
03-15 19:26:23.383 25934 25934 E ArmVmp : Match on catch block at 0x0a in for 0x191
03-15 19:26:23.386 25934 25934 E ArmVmp : Match on catch block at 0x0a in for 0x189
03-15 19:26:23.439 25934 25934 E OplusBracketLog: [OplusViewMirrorManager] updateHostViewRootIfNeeded, not support android.view.ViewRootImpl@601778e
03-15 19:26:23.459 25934 25934 E IPCThreadState: attemptIncStrongHandle(92): Not supported
03-15 19:26:23.468 25934 25934 E ArmVmp : Match on catch block at 0xc3 in for 0x16d
03-15 19:26:23.472 25934 25934 E ArmVmp : Match on catch block at 0xc3 in for 0x165
03-15 19:26:23.489 25934 25998 W Parcel : Expecting binder but got null!
03-15 19:26:23.491 25934 25934 E ArmVmp : Match on catch block at 0xc3 in for 0x141
03-15 19:26:23.495 25934 25934 E ArmVmp : Match on catch block at 0xc3 in for 0x159
03-15 19:26:23.512 25934 25934 E ArmVmp : Match on catch block at 0xc3 in for 0x155
03-15 19:26:23.515 25934 25934 E ArmVmp : Match on catch block at 0xc3 in for 0x151
03-15 19:26:23.525 25934 25934 E ArmVmp : Match on catch block at 0xc3 in for 0x155
03-15 19:26:23.528 25934 25934 E ArmVmp : Match on catch block at 0xc3 in for 0x151
03-15 19:26:23.540 25934 25934 E ArmVmp : Match on catch block at 0xc3 in for 0x14d
03-15 19:26:23.542 25934 25934 E ArmVmp : Match on catch block at 0xc3 in for 0x149
03-15 19:26:23.549 25934 25934 E ArmVmp : Match on catch block at 0xc3 in for 0x14d
03-15 19:26:23.552 25934 25934 E ArmVmp : Match on catch block at 0xc3 in for 0x149
03-15 19:26:23.558 25934 25934 E ArmVmp : Match on catch block at 0xc3 in for 0x149
03-15 19:26:23.562 25934 25934 E ArmVmp : Match on catch block at 0xc3 in for 0x145
03-15 19:26:23.566 25934 25934 E ArmVmp : Match on catch block at 0xc3 in for 0x149
03-15 19:26:23.568 25934 25934 E ArmVmp : Match on catch block at 0xc3 in for 0x145
03-15 19:26:23.574 25934 25934 E ArmVmp : Match on catch block at 0xc3 in for 0x14d
03-15 19:26:23.577 25934 25934 E ArmVmp : Match on catch block at 0xc3 in for 0x149
03-15 19:26:23.582 25934 25934 E ArmVmp : Match on catch block at 0xc3 in for 0x14d
03-15 19:26:23.586 25934 25934 E ArmVmp : Match on catch block at 0xc3 in for 0x149
03-15 19:26:23.591 25934 25934 E ArmVmp : Match on catch block at 0xc3 in for 0x151
03-15 19:26:23.594 25934 25934 E ArmVmp : Match on catch block at 0xc3 in for 0x14d
03-15 19:26:23.598 25934 25934 E ArmVmp : Match on catch block at 0xc3 in for 0x151
03-15 19:26:23.601 25934 25934 E ArmVmp : Match on catch block at 0xc3 in for 0x14d
03-15 19:26:23.607 25934 25934 E ArmVmp : Match on catch block at 0xc3 in for 0x155
03-15 19:26:23.610 25934 25934 E ArmVmp : Match on catch block at 0xc3 in for 0x151
03-15 19:26:23.614 25934 25934 E ArmVmp : Match on catch block at 0xc3 in for 0x155
03-15 19:26:23.617 25934 25934 E ArmVmp : Match on catch block at 0xc3 in for 0x151
03-15 19:26:23.623 25934 25934 E ArmVmp : Match on catch block at 0xc3 in for 0x149
03-15 19:26:23.625 25934 25934 E ArmVmp : Match on catch block at 0xc3 in for 0x145
03-15 19:26:23.640 25934 25934 E ArmVmp : Match on catch block at 0xc3 in for 0x14d
03-15 19:26:23.642 25934 25934 E ArmVmp : Match on catch block at 0xc3 in for 0x149
03-15 19:26:23.667 25934 25934 E ArmVmp : Match on catch block at 0xc3 in for 0x14d
03-15 19:26:23.670 25934 25934 E ArmVmp : Match on catch block at 0xc3 in for 0x149
03-15 19:26:23.690 25934 25934 E ArmVmp : Match on catch block at 0xc3 in for 0x151
03-15 19:26:23.692 25934 25934 E ArmVmp : Match on catch block at 0xc3 in for 0x14d
03-15 19:26:23.707 25934 25934 E ArmVmp : Match on catch block at 0xc3 in for 0x155
03-15 19:26:23.710 25934 25934 E ArmVmp : Match on catch block at 0xc3 in for 0x151
03-15 19:26:23.723 25934 25934 E ArmVmp : Match on catch block at 0xc3 in for 0x159
03-15 19:26:23.727 25934 25934 E ArmVmp : Match on catch block at 0xc3 in for 0x155
03-15 19:26:23.740 25934 25934 E ArmVmp : Match on catch block at 0xc3 in for 0x141
03-15 19:26:23.743 25934 25934 E ArmVmp : Match on catch block at 0xc3 in for 0x159
03-15 19:26:23.756 25934 25934 E ArmVmp : Match on catch block at 0xc3 in for 0x145
03-15 19:26:23.759 25934 25934 E ArmVmp : Match on catch block at 0xc3 in for 0x141
03-15 19:26:23.773 25934 25934 E ArmVmp : Match on catch block at 0xc3 in for 0x149
03-15 19:26:23.775 25934 25934 E ArmVmp : Match on catch block at 0xc3 in for 0x145
03-15 19:26:23.824 25934 25934 E ArmVmp : Match on catch block at 0xc3 in for 0x145
03-15 19:26:23.826 25934 25934 E ArmVmp : Match on catch block at 0xc3 in for 0x141
03-15 19:26:23.839 25934 25934 E ArmVmp : Match on catch block at 0xc3 in for 0x141
03-15 19:26:23.842 25934 25934 E ArmVmp : Match on catch block at 0xc3 in for 0x159
03-15 19:26:23.975 25934 25934 E ArmVmp : Match on catch block at 0xc3 in for 0x159
03-15 19:26:23.978 25934 25934 E ArmVmp : Match on catch block at 0xc3 in for 0x155
03-15 19:26:23.991 25934 25934 E ArmVmp : Match on catch block at 0xc3 in for 0x155
03-15 19:26:23.995 25934 25934 E ArmVmp : Match on catch block at 0xc3 in for 0x151
03-15 19:26:24.036 25934 25934 E ArmVmp : Match on catch block at 0xc3 in for 0x159
03-15 19:26:24.041 25934 25934 E ArmVmp : Match on catch block at 0xc3 in for 0x155
03-15 19:26:24.157 25934 25934 E ArmVmp : Match on catch block at 0xc3 in for 0x149
03-15 19:26:24.161 25934 25934 E ArmVmp : Match on catch block at 0xc3 in for 0x145
03-15 19:26:24.655 25934 25934 E ArmVmp : Match on catch block at 0xc3 in for 0x155
03-15 19:26:24.657 25934 25934 E ArmVmp : Match on catch block at 0xc3 in for 0x151
03-15 19:26:24.685 25934 25934 E ArmVmp : Match on catch block at 0xc3 in for 0x14d
03-15 19:26:24.687 25934 25934 E ArmVmp : Match on catch block at 0xc3 in for 0x149
03-15 19:26:24.698 25934 25998 E FrameEvents: updateAcquireFence: Did not find frame.
03-15 19:26:24.722 25934 25934 E ArmVmp : Match on catch block at 0xc3 in for 0x151
03-15 19:26:24.727 25934 25934 E ArmVmp : Match on catch block at 0xc3 in for 0x14d
03-15 19:26:24.821 25934 25934 W ResourceType: Bad XML block: header size 18254 or total size 169478669 is larger than data size 380
03-15 19:26:24.825 25934 25934 W ResourceType: Bad XML block: header size 18254 or total size 169478669 is larger than data size 633
03-15 19:26:24.834 25934 25934 W ResourceType: Bad XML block: header size 18254 or total size 169478669 is larger than data size 677
03-15 19:26:24.837 25934 25934 W ResourceType: Bad XML block: header size 18254 or total size 169478669 is larger than data size 248
03-15 19:26:24.843 25934 25934 W ResourceType: Bad XML block: header size 18254 or total size 169478669 is larger than data size 571
03-15 19:26:24.850 25934 25934 W ResourceType: Bad XML block: header size 18254 or total size 169478669 is larger than data size 333
03-15 19:26:24.853 25934 25934 W ResourceType: Bad XML block: header size 18254 or total size 169478669 is larger than data size 650
03-15 19:26:24.857 25934 25934 W ResourceType: Bad XML block: header size 18254 or total size 169478669 is larger than data size 1150
03-15 19:26:24.860 25934 25934 W ResourceType: Bad XML block: header size 18254 or total size 169478669 is larger than data size 491
03-15 19:26:24.864 25934 25934 W ResourceType: Bad XML block: header size 18254 or total size 169478669 is larger than data size 1150
03-15 19:26:24.866 25934 25934 W ResourceType: Bad XML block: header size 18254 or total size 169478669 is larger than data size 659
03-15 19:26:24.870 25934 25934 W ResourceType: Bad XML block: header size 18254 or total size 169478669 is larger than data size 593
03-15 19:26:24.878 25934 25934 W ResourceType: Bad XML block: header size 18254 or total size 169478669 is larger than data size 1171
03-15 19:26:24.881 25934 25934 W ResourceType: Bad XML block: header size 18254 or total size 169478669 is larger than data size 510
03-15 19:26:24.892 25934 25934 W ResourceType: Bad XML block: header size 18254 or total size 169478669 is larger than data size 853
03-15 19:26:24.934 25934 25934 W ResourceType: Bad XML block: header size 18254 or total size 169478669 is larger than data size 650
03-15 19:26:24.960 25934 25934 E ArmVmp : Match on catch block at 0xc3 in for 0x145
03-15 19:26:24.963 25934 25934 E ArmVmp : Match on catch block at 0xc3 in for 0x141
03-15 19:26:24.966 25934 25934 E OplusBracketLog: [OplusViewMirrorManager] updateHostViewRootIfNeeded, not support android.view.ViewRootImpl@e6ee5d9
03-15 19:26:24.982 25934 25934 E IPCThreadState: attemptIncStrongHandle(128): Not supported
03-15 19:26:24.997 25934 25934 W View : requestLayout() improperly called by android.widget.Space{f3563aa I.ED..... ......I. 36,108-48,120 #7f0b00ba app:id/action_tile_spacing viewInfo = } during layout: running second layout pass
03-15 19:26:24.997 25934 25934 W View : requestLayout() improperly called by android.widget.Space{d956b9b I.ED..... ......I. 36,108-48,120 #7f0b00ba app:id/action_tile_spacing viewInfo = } during layout: running second layout pass
03-15 19:26:24.997 25934 25934 W View : requestLayout() improperly called by android.widget.Space{44a3b38 I.ED..... ......I. 36,108-48,120 #7f0b00ba app:id/action_tile_spacing viewInfo = } during layout: running second layout pass
03-15 19:26:24.997 25934 25934 W View : requestLayout() improperly called by android.widget.Space{6f67711 I.ED..... ......I. 36,108-48,120 #7f0b00ba app:id/action_tile_spacing viewInfo = } during layout: running second layout pass
03-15 19:26:25.013 25934 25934 E ArmVmp : Match on catch block at 0xc3 in for 0x159
03-15 19:26:25.017 25934 25934 E ArmVmp : Match on catch block at 0xc3 in for 0x155
03-15 19:26:25.038 25934 25934 E ArmVmp : Match on catch block at 0xc3 in for 0x155
03-15 19:26:25.042 25934 25934 E ArmVmp : Match on catch block at 0xc3 in for 0x151
03-15 19:26:25.080 25934 25998 W Parcel : Expecting binder but got null!
03-15 19:26:25.082 25934 25934 E ArmVmp : Match on catch block at 0xc3 in for 0x159
03-15 19:26:25.085 25934 25934 E ArmVmp : Match on catch block at 0xc3 in for 0x155
03-15 19:26:25.096 25934 25934 E ArmVmp : Match on catch block at 0xc3 in for 0x141
03-15 19:26:25.099 25934 25934 E ArmVmp : Match on catch block at 0xc3 in for 0x159
03-15 19:26:25.105 25934 25934 E ArmVmp : Match on catch block at 0xc3 in for 0x145
03-15 19:26:25.108 25934 25934 E ArmVmp : Match on catch block at 0xc3 in for 0x141
03-15 19:26:25.120 25934 25934 E ArmVmp : Match on catch block at 0xc3 in for 0x149
03-15 19:26:25.124 25934 25934 E ArmVmp : Match on catch block at 0xc3 in for 0x145
03-15 19:26:25.216 25934 25934 E ArmVmp : Match on catch block at 0xc3 in for 0x159
03-15 19:26:25.219 25934 25934 E ArmVmp : Match on catch block at 0xc3 in for 0x155
03-15 19:26:25.244 25934 25934 E ArmVmp : Match on catch block at 0xc3 in for 0x159
03-15 19:26:25.248 25934 25934 E ArmVmp : Match on catch block at 0xc3 in for 0x155
03-15 19:26:25.264 25934 25934 E ArmVmp : Match on catch block at 0xc3 in for 0x155
03-15 19:26:25.267 25934 25934 E ArmVmp : Match on catch block at 0xc3 in for 0x151
03-15 19:26:25.283 25934 25934 E ArmVmp : Match on catch block at 0xc3 in for 0x159
03-15 19:26:25.286 25934 25934 E ArmVmp : Match on catch block at 0xc3 in for 0x155
03-15 19:26:25.301 25934 25934 E ArmVmp : Match on catch block at 0xc3 in for 0x141
03-15 19:26:25.303 25934 25934 E ArmVmp : Match on catch block at 0xc3 in for 0x159
03-15 19:26:25.320 25934 25934 E ArmVmp : Match on catch block at 0xc3 in for 0x141
03-15 19:26:25.323 25934 25934 E ArmVmp : Match on catch block at 0xc3 in for 0x159
03-15 19:26:25.336 25934 25934 E ArmVmp : Match on catch block at 0xc3 in for 0x145
03-15 19:26:25.339 25934 25934 E ArmVmp : Match on catch block at 0xc3 in for 0x141
03-15 19:26:25.358 25934 25934 E ArmVmp : Match on catch block at 0xc3 in for 0x149
03-15 19:26:25.362 25934 25934 E ArmVmp : Match on catch block at 0xc3 in for 0x145
03-15 19:26:25.645 25934 25934 W ResourceType: Bad XML block: header size 18254 or total size 169478669 is larger than data size 650
03-15 19:26:25.867 25934 25934 E OplusBracketLog: [OplusViewMirrorManager] updateHostViewRootIfNeeded, not support android.view.ViewRootImpl@4b90789
03-15 19:26:25.885 25934 25934 E IPCThreadState: attemptIncStrongHandle(141): Not supported
03-15 19:26:25.908 25934 25998 W Parcel : Expecting binder but got null!
03-15 19:26:27.426 25934 25934 E OplusBracketLog: [OplusViewMirrorManager] updateHostViewRootIfNeeded, not support android.view.ViewRootImpl@775f230
03-15 19:26:27.514 25934 25998 W Parcel : Expecting binder but got null!
03-15 19:26:27.528 25934 25934 W BottomSheetBehavior: BottomSheetBehavior now supports multiple callbacks. `setBottomSheetCallback()` removes all existing callbacks, including ones set internally by library authors, which may result in unintended behavior. This may change in the future. Please use `addBottomSheetCallback()` and `removeBottomSheetCallback()` instead to set your own callbacks.
03-15 19:26:27.695 25934 25934 W OnBackInvokedCallback: OnBackInvokedCallback is not enabled for the application.
03-15 19:26:27.695 25934 25934 W OnBackInvokedCallback: Set 'android:enableOnBackInvokedCallback="true"' in the application manifest.
03-15 19:26:28.919 25934 25934 E OplusBracketLog: [OplusViewMirrorManager] updateHostViewRootIfNeeded, not support android.view.ViewRootImpl@3bd0451
03-15 19:26:28.941 25934 25934 E IPCThreadState: attemptIncStrongHandle(158): Not supported
03-15 19:26:28.965 25934 25998 W Parcel : Expecting binder but got null!
03-15 19:26:30.600 25934 25934 W OnBackInvokedCallback: OnBackInvokedCallback is not enabled for the application.
03-15 19:26:30.600 25934 25934 W OnBackInvokedCallback: Set 'android:enableOnBackInvokedCallback="true"' in the application manifest.
03-15 19:26:37.130 25934 25934 W RemoteInputConnectionImpl: requestCursorAnchorInfo on inactive InputConnection
03-15 19:26:37.153 25934 25934 E ImeBackDispatcher: Ime callback not found. Ignoring unregisterReceivedCallback. callbackId: 34789536
03-15 19:26:38.126 25934 25934 E ArmVmp : Match on catch block at 0x0a in for 0x199
03-15 19:26:38.134 25934 25934 E ArmVmp : Match on catch block at 0x0a in for 0x191
03-15 19:26:38.172 25934 25934 W ResourceType: Bad XML block: header size 18254 or total size 169478669 is larger than data size 650
03-15 19:26:38.203 25934 25934 E IPCThreadState: attemptIncStrongHandle(166): Not supported
03-15 19:26:38.203 25934 25934 E IPCThreadState: attemptIncStrongHandle(162): Not supported
03-15 19:26:38.211 25934 25934 E ArmVmp : Match on catch block at 0xc3 in for 0x151
03-15 19:26:38.214 25934 25934 E ArmVmp : Match on catch block at 0xc3 in for 0x14d
03-15 19:26:38.224 25934 25998 E FrameEvents: updateAcquireFence: Did not find frame.
03-15 19:26:38.241 25934 25934 W ResourceType: Bad XML block: header size 18254 or total size 169478669 is larger than data size 650
03-15 19:26:38.264 25934 25934 E ArmVmp : Match on catch block at 0xc3 in for 0x145
03-15 19:26:38.268 25934 25934 E ArmVmp : Match on catch block at 0xc3 in for 0x141
03-15 19:26:38.311 25934 25934 E ArmVmp : Match on catch block at 0xc3 in for 0x159
03-15 19:26:38.316 25934 25934 E ArmVmp : Match on catch block at 0xc3 in for 0x155
03-15 19:26:38.353 25934 25934 W ResourceType: Bad XML block: header size 18254 or total size 169478669 is larger than data size 650
03-15 19:26:38.373 25934 25934 E ArmVmp : Match on catch block at 0xc3 in for 0x155
03-15 19:26:38.380 25934 25934 E ArmVmp : Match on catch block at 0xc3 in for 0x151
03-15 19:26:38.396 25934 25934 E ArmVmp : Match on catch block at 0xc3 in for 0x141
03-15 19:26:38.400 25934 25934 E ArmVmp : Match on catch block at 0xc3 in for 0x159
03-15 19:26:38.690 25934 25934 E ArmVmp : Match on catch block at 0xc3 in for 0x149
03-15 19:26:38.695 25934 25934 E ArmVmp : Match on catch block at 0xc3 in for 0x145
03-15 19:26:38.707 25934 25934 E ArmVmp : Match on catch block at 0xc3 in for 0x155
03-15 19:26:38.711 25934 25934 E ArmVmp : Match on catch block at 0xc3 in for 0x151
03-15 19:26:38.721 25934 25934 E ArmVmp : Match on catch block at 0xc3 in for 0x14d
03-15 19:26:38.725 25934 25934 E ArmVmp : Match on catch block at 0xc3 in for 0x149
03-15 19:26:38.741 25934 25934 W ResourceType: Bad XML block: header size 18254 or total size 169478669 is larger than data size 650
03-15 19:26:38.763 25934 25934 E ArmVmp : Match on catch block at 0xc3 in for 0x155
03-15 19:26:38.766 25934 25934 E ArmVmp : Match on catch block at 0xc3 in for 0x151
03-15 19:26:38.803 25934 25934 E ArmVmp : Match on catch block at 0xc3 in for 0x14d
03-15 19:26:38.806 25934 25934 E ArmVmp : Match on catch block at 0xc3 in for 0x149
03-15 19:26:38.864 25934 25934 E ArmVmp : Match on catch block at 0xc3 in for 0x145
03-15 19:26:38.868 25934 25934 E ArmVmp : Match on catch block at 0xc3 in for 0x141
03-15 19:26:38.892 25934 25934 E ArmVmp : Match on catch block at 0xc3 in for 0x155
03-15 19:26:38.895 25934 25934 E ArmVmp : Match on catch block at 0xc3 in for 0x151
03-15 19:26:38.905 25934 25934 E ArmVmp : Match on catch block at 0xc3 in for 0x14d
03-15 19:26:38.908 25934 25934 E ArmVmp : Match on catch block at 0xc3 in for 0x149
03-15 19:26:38.922 25934 25934 E ArmVmp : Match on catch block at 0xc3 in for 0x151
03-15 19:26:38.924 25934 25934 E ArmVmp : Match on catch block at 0xc3 in for 0x14d
03-15 19:26:38.938 25934 25934 E ArmVmp : Match on catch block at 0xc3 in for 0x155
03-15 19:26:38.942 25934 25934 E ArmVmp : Match on catch block at 0xc3 in for 0x151
03-15 19:26:38.956 25934 25934 E ArmVmp : Match on catch block at 0xc3 in for 0x14d
03-15 19:26:38.959 25934 25934 E ArmVmp : Match on catch block at 0xc3 in for 0x149
03-15 19:26:38.971 25934 25934 E ArmVmp : Match on catch block at 0xc3 in for 0x145
03-15 19:26:38.973 25934 25934 E ArmVmp : Match on catch block at 0xc3 in for 0x141
03-15 19:26:38.988 25934 25934 E ArmVmp : Match on catch block at 0xc3 in for 0x155
03-15 19:26:38.991 25934 25934 E ArmVmp : Match on catch block at 0xc3 in for 0x151
03-15 19:26:39.030 25934 25934 E ArmVmp : Match on catch block at 0xc3 in for 0x149
03-15 19:26:39.035 25934 25934 E ArmVmp : Match on catch block at 0xc3 in for 0x145
03-15 19:26:39.055 25934 25934 E IPCThreadState: attemptIncStrongHandle(148): Not supported
03-15 19:26:39.177 25934 25934 E RippleDrawable: The RippleDrawable.STYLE_PATTERNED animation is not supported for a non-hardware accelerated Canvas. Skipping animation.
03-15 19:26:39.198 25934 25934 E RippleDrawable: The RippleDrawable.STYLE_PATTERNED animation is not supported for a non-hardware accelerated Canvas. Skipping animation.
03-15 19:26:39.203 25934 25934 E RippleDrawable: The RippleDrawable.STYLE_PATTERNED animation is not supported for a non-hardware accelerated Canvas. Skipping animation.
03-15 19:26:39.221 25934 25934 E RippleDrawable: The RippleDrawable.STYLE_PATTERNED animation is not supported for a non-hardware accelerated Canvas. Skipping animation.
03-15 19:26:39.246 25934 25934 E RippleDrawable: The RippleDrawable.STYLE_PATTERNED animation is not supported for a non-hardware accelerated Canvas. Skipping animation.
03-15 19:26:39.260 25934 25934 E RippleDrawable: The RippleDrawable.STYLE_PATTERNED animation is not supported for a non-hardware accelerated Canvas. Skipping animation.
03-15 19:26:39.272 25934 25934 E RippleDrawable: The RippleDrawable.STYLE_PATTERNED animation is not supported for a non-hardware accelerated Canvas. Skipping animation.
03-15 19:26:39.289 25934 25934 E RippleDrawable: The RippleDrawable.STYLE_PATTERNED animation is not supported for a non-hardware accelerated Canvas. Skipping animation.
03-15 19:26:39.306 25934 25934 E RippleDrawable: The RippleDrawable.STYLE_PATTERNED animation is not supported for a non-hardware accelerated Canvas. Skipping animation.
03-15 19:26:39.320 25934 25934 E RippleDrawable: The RippleDrawable.STYLE_PATTERNED animation is not supported for a non-hardware accelerated Canvas. Skipping animation.
03-15 19:26:40.310 25934 25934 E ArmVmp : Match on catch block at 0x0a in for 0x191
03-15 19:26:40.316 25934 25934 E ArmVmp : Match on catch block at 0x0a in for 0x189
03-15 19:26:40.376 25934 25934 E OplusBracketLog: [OplusViewMirrorManager] updateHostViewRootIfNeeded, not support android.view.ViewRootImpl@38ce098
03-15 19:26:40.399 25934 25934 E IPCThreadState: attemptIncStrongHandle(175): Not supported
03-15 19:26:40.500 25934 25934 E ArmVmp : Match on catch block at 0xc3 in for 0x171
03-15 19:26:40.504 25934 25934 E ArmVmp : Match on catch block at 0xc3 in for 0x169
03-15 19:26:40.543 25934 25998 W Parcel : Expecting binder but got null!
03-15 19:26:40.569 25934 25934 E ArmVmp : Match on catch block at 0xc3 in for 0x159
03-15 19:26:40.572 25934 25934 E ArmVmp : Match on catch block at 0xc3 in for 0x155
03-15 19:26:40.602 25934 25934 E ArmVmp : Match on catch block at 0xc3 in for 0x159
03-15 19:26:40.605 25934 25934 E ArmVmp : Match on catch block at 0xc3 in for 0x155
03-15 19:26:40.632 25934 25934 E ArmVmp : Match on catch block at 0xc3 in for 0x155
03-15 19:26:40.635 25934 25934 E ArmVmp : Match on catch block at 0xc3 in for 0x151
03-15 19:26:40.652 25934 25934 E ArmVmp : Match on catch block at 0xc3 in for 0x151
03-15 19:26:40.655 25934 25934 E ArmVmp : Match on catch block at 0xc3 in for 0x14d
03-15 19:26:40.667 25934 25934 E ArmVmp : Match on catch block at 0xc3 in for 0x159
03-15 19:26:40.670 25934 25934 E ArmVmp : Match on catch block at 0xc3 in for 0x155
03-15 19:26:40.684 25934 25934 E ArmVmp : Match on catch block at 0xc3 in for 0x155
03-15 19:26:40.687 25934 25934 E ArmVmp : Match on catch block at 0xc3 in for 0x151
03-15 19:26:40.705 25934 25934 E ArmVmp : Match on catch block at 0xc3 in for 0x155
03-15 19:26:40.708 25934 25934 E ArmVmp : Match on catch block at 0xc3 in for 0x151
03-15 19:26:40.717 25934 25934 E ArmVmp : Match on catch block at 0xc3 in for 0x159
03-15 19:26:40.720 25934 25934 E ArmVmp : Match on catch block at 0xc3 in for 0x155
03-15 19:26:40.733 25934 25934 E ArmVmp : Match on catch block at 0xc3 in for 0x141
03-15 19:26:40.736 25934 25934 E ArmVmp : Match on catch block at 0xc3 in for 0x159
03-15 19:26:40.750 25934 25934 E ArmVmp : Match on catch block at 0xc3 in for 0x145
03-15 19:26:40.754 25934 25934 E ArmVmp : Match on catch block at 0xc3 in for 0x141
03-15 19:26:40.767 25934 25934 E ArmVmp : Match on catch block at 0xc3 in for 0x149
03-15 19:26:40.771 25934 25934 E ArmVmp : Match on catch block at 0xc3 in for 0x145
03-15 19:26:40.785 25934 25934 E ArmVmp : Match on catch block at 0xc3 in for 0x14d
03-15 19:26:40.788 25934 25934 E ArmVmp : Match on catch block at 0xc3 in for 0x149
03-15 19:26:40.800 25934 25934 E ArmVmp : Match on catch block at 0xc3 in for 0x151
03-15 19:26:40.804 25934 25934 E ArmVmp : Match on catch block at 0xc3 in for 0x14d
03-15 19:26:40.816 25934 25934 E ArmVmp : Match on catch block at 0xc3 in for 0x155
03-15 19:26:40.819 25934 25934 E ArmVmp : Match on catch block at 0xc3 in for 0x151
03-15 19:26:40.833 25934 25934 E ArmVmp : Match on catch block at 0xc3 in for 0x159
03-15 19:26:40.835 25934 25934 E ArmVmp : Match on catch block at 0xc3 in for 0x155
03-15 19:26:40.850 25934 25934 E ArmVmp : Match on catch block at 0xc3 in for 0x141
03-15 19:26:40.852 25934 25934 E ArmVmp : Match on catch block at 0xc3 in for 0x159
03-15 19:26:40.867 25934 25934 E ArmVmp : Match on catch block at 0xc3 in for 0x145
03-15 19:26:40.870 25934 25934 E ArmVmp : Match on catch block at 0xc3 in for 0x141
03-15 19:26:40.883 25934 25934 E ArmVmp : Match on catch block at 0xc3 in for 0x149
03-15 19:26:40.885 25934 25934 E ArmVmp : Match on catch block at 0xc3 in for 0x145
03-15 19:26:40.900 25934 25934 E ArmVmp : Match on catch block at 0xc3 in for 0x14d
03-15 19:26:40.903 25934 25934 E ArmVmp : Match on catch block at 0xc3 in for 0x149
03-15 19:26:40.917 25934 25934 E ArmVmp : Match on catch block at 0xc3 in for 0x151
03-15 19:26:40.920 25934 25934 E ArmVmp : Match on catch block at 0xc3 in for 0x14d
03-15 19:26:40.933 25934 25934 E ArmVmp : Match on catch block at 0xc3 in for 0x155
03-15 19:26:40.936 25934 25934 E ArmVmp : Match on catch block at 0xc3 in for 0x151
03-15 19:26:40.950 25934 25934 E ArmVmp : Match on catch block at 0xc3 in for 0x159
03-15 19:26:40.952 25934 25934 E ArmVmp : Match on catch block at 0xc3 in for 0x155
03-15 19:26:40.966 25934 25934 E ArmVmp : Match on catch block at 0xc3 in for 0x141
03-15 19:26:40.970 25934 25934 E ArmVmp : Match on catch block at 0xc3 in for 0x159
03-15 19:26:41.199 25934 25934 E ArmVmp : Match on catch block at 0xc3 in for 0x151
03-15 19:26:41.201 25934 25934 E ArmVmp : Match on catch block at 0xc3 in for 0x14d
03-15 19:26:41.239 25934 25934 E ArmVmp : Match on catch block at 0xc3 in for 0x14d
03-15 19:26:41.242 25934 25934 E ArmVmp : Match on catch block at 0xc3 in for 0x149
03-15 19:26:41.265 25934 25934 W OnBackInvokedCallback: OnBackInvokedCallback is not enabled for the application.
03-15 19:26:41.265 25934 25934 W OnBackInvokedCallback: Set 'android:enableOnBackInvokedCallback="true"' in the application manifest.
03-15 19:26:41.325 25934 25934 E ArmVmp : Match on catch block at 0xc3 in for 0x149
03-15 19:26:41.329 25934 25934 E ArmVmp : Match on catch block at 0xc3 in for 0x145
03-15 19:26:41.348 25934 25934 E ArmVmp : Match on catch block at 0xc3 in for 0x14d
03-15 19:26:41.352 25934 25934 E ArmVmp : Match on catch block at 0xc3 in for 0x149
03-15 19:26:41.715 25934 25934 E ArmVmp : Match on catch block at 0xc3 in for 0x151
03-15 19:26:41.718 25934 25934 E ArmVmp : Match on catch block at 0xc3 in for 0x14d
03-15 19:26:42.214 25934 25934 E ArmVmp : Match on catch block at 0xc3 in for 0x155
03-15 19:26:42.217 25934 25934 E ArmVmp : Match on catch block at 0xc3 in for 0x151
03-15 19:26:42.291 25934 25934 E ArmVmp : Match on catch block at 0xc3 in for 0x155
03-15 19:26:42.298 25934 25934 E ArmVmp : Match on catch block at 0xc3 in for 0x151
03-15 19:26:42.318 25934 25934 E ArmVmp : Match on catch block at 0xc3 in for 0x151
03-15 19:26:42.323 25934 25934 E ArmVmp : Match on catch block at 0xc3 in for 0x14d
03-15 19:26:42.331 25934 25934 E ArmVmp : Match on catch block at 0xc3 in for 0x155
03-15 19:26:42.336 25934 25934 E ArmVmp : Match on catch block at 0xc3 in for 0x151
03-15 19:26:42.348 25934 25934 E ArmVmp : Match on catch block at 0xc3 in for 0x159
03-15 19:26:42.357 25934 25934 E ArmVmp : Match on catch block at 0xc3 in for 0x155
03-15 19:26:42.368 25934 25934 E ArmVmp : Match on catch block at 0xc3 in for 0x141
03-15 19:26:42.373 25934 25934 E ArmVmp : Match on catch block at 0xc3 in for 0x159
03-15 19:26:42.384 25934 25934 E ArmVmp : Match on catch block at 0xc3 in for 0x145
03-15 19:26:42.392 25934 25934 E ArmVmp : Match on catch block at 0xc3 in for 0x141
03-15 19:26:42.402 25934 25934 E ArmVmp : Match on catch block at 0xc3 in for 0x149
03-15 19:26:42.408 25934 25934 E ArmVmp : Match on catch block at 0xc3 in for 0x145
03-15 19:26:42.434 25934 25934 E ArmVmp : Match on catch block at 0xc3 in for 0x14d
03-15 19:26:42.439 25934 25934 E ArmVmp : Match on catch block at 0xc3 in for 0x149
03-15 19:26:42.450 25934 25934 E ArmVmp : Match on catch block at 0xc3 in for 0x159
03-15 19:26:42.455 25934 25934 E ArmVmp : Match on catch block at 0xc3 in for 0x155
03-15 19:26:42.463 25934 25934 E ArmVmp : Match on catch block at 0xc3 in for 0x141
03-15 19:26:42.467 25934 25934 E ArmVmp : Match on catch block at 0xc3 in for 0x159
03-15 19:26:42.480 25934 25934 E ArmVmp : Match on catch block at 0xc3 in for 0x145
03-15 19:26:42.486 25934 25934 E ArmVmp : Match on catch block at 0xc3 in for 0x141
03-15 19:26:42.630 25934 25934 E ArmVmp : Match on catch block at 0xc3 in for 0x151
03-15 19:26:42.636 25934 25934 E ArmVmp : Match on catch block at 0xc3 in for 0x14d
03-15 19:26:42.994 25934 25934 E ArmVmp : Match on catch block at 0xc3 in for 0x155
03-15 19:26:42.998 25934 25934 E ArmVmp : Match on catch block at 0xc3 in for 0x151
03-15 19:26:43.014 25934 25934 E ArmVmp : Match on catch block at 0xc3 in for 0x14d
03-15 19:26:43.018 25934 25934 E ArmVmp : Match on catch block at 0xc3 in for 0x149
03-15 19:26:43.036 25934 25934 E ArmVmp : Match on catch block at 0xc3 in for 0x149
03-15 19:26:43.042 25934 25934 E ArmVmp : Match on catch block at 0xc3 in for 0x145
03-15 19:26:43.085 25934 25934 E ArmVmp : Match on catch block at 0xc3 in for 0x155
03-15 19:26:43.090 25934 25934 E ArmVmp : Match on catch block at 0xc3 in for 0x151
03-15 19:26:43.112 25934 25934 E ArmVmp : Match on catch block at 0xc3 in for 0x155
03-15 19:26:43.117 25934 25934 E ArmVmp : Match on catch block at 0xc3 in for 0x151
03-15 19:26:43.137 25934 25934 E ArmVmp : Match on catch block at 0xc3 in for 0x151
03-15 19:26:43.141 25934 25934 E ArmVmp : Match on catch block at 0xc3 in for 0x14d
03-15 19:26:43.152 25934 25934 E ArmVmp : Match on catch block at 0xc3 in for 0x155
03-15 19:26:43.156 25934 25934 E ArmVmp : Match on catch block at 0xc3 in for 0x151
03-15 19:26:43.163 25934 25934 E ArmVmp : Match on catch block at 0xc3 in for 0x159
03-15 19:26:43.168 25934 25934 E ArmVmp : Match on catch block at 0xc3 in for 0x155
03-15 19:26:43.179 25934 25934 E ArmVmp : Match on catch block at 0xc3 in for 0x141
03-15 19:26:43.186 25934 25934 E ArmVmp : Match on catch block at 0xc3 in for 0x159
03-15 19:26:43.194 25934 25934 E ArmVmp : Match on catch block at 0xc3 in for 0x145
03-15 19:26:43.199 25934 25934 E ArmVmp : Match on catch block at 0xc3 in for 0x141
03-15 19:26:43.211 25934 25934 E ArmVmp : Match on catch block at 0xc3 in for 0x149
03-15 19:26:43.214 25934 25934 E ArmVmp : Match on catch block at 0xc3 in for 0x145
03-15 19:26:43.432 25934 25934 E ArmVmp : Match on catch block at 0xc3 in for 0x159
03-15 19:26:43.439 25934 25934 E ArmVmp : Match on catch block at 0xc3 in for 0x155
03-15 19:26:43.450 25934 24916 W MediaPlayer: Use of stream types is deprecated for operations other than volume control
03-15 19:26:43.450 25934 24916 W MediaPlayer: See the documentation of setAudioStreamType() for what to use instead with android.media.AudioAttributes to qualify your playback use case
03-15 19:26:43.527 25934 25934 E ArmVmp : Match on catch block at 0xc3 in for 0x141
03-15 19:26:43.530 25934 25934 E ArmVmp : Match on catch block at 0xc3 in for 0x159
03-15 19:26:43.804 25934 25934 E ArmVmp : Match on catch block at 0xc3 in for 0x151
03-15 19:26:43.807 25934 25934 E ArmVmp : Match on catch block at 0xc3 in for 0x14d
03-15 19:26:43.827 25934 25934 E ArmVmp : Match on catch block at 0xc3 in for 0x155
03-15 19:26:43.832 25934 25934 E ArmVmp : Match on catch block at 0xc3 in for 0x151
03-15 19:26:44.026 25934 25934 E ArmVmp : Match on catch block at 0xc3 in for 0x159
03-15 19:26:44.029 25934 25934 E ArmVmp : Match on catch block at 0xc3 in for 0x155
03-15 19:26:44.096 25934 25934 E ArmVmp : Match on catch block at 0xc3 in for 0x141
03-15 19:26:44.099 25934 25934 E ArmVmp : Match on catch block at 0xc3 in for 0x159
03-15 19:26:44.114 25934 25934 E ArmVmp : Match on catch block at 0xc3 in for 0x155
03-15 19:26:44.118 25934 25934 E ArmVmp : Match on catch block at 0xc3 in for 0x151
03-15 19:26:44.144 25934 25934 E ArmVmp : Match on catch block at 0xc3 in for 0x141
03-15 19:26:44.147 25934 25934 E ArmVmp : Match on catch block at 0xc3 in for 0x159
03-15 19:26:44.209 25934 25934 E ArmVmp : Match on catch block at 0xc3 in for 0x159
03-15 19:26:44.213 25934 25934 E ArmVmp : Match on catch block at 0xc3 in for 0x155
03-15 19:26:44.274 25934 25934 E IPCThreadState: attemptIncStrongHandle(129): Not supported
03-15 19:26:44.302 25934 25934 E ArmVmp : Match on catch block at 0xc3 in for 0x14d
03-15 19:26:44.305 25934 25934 E ArmVmp : Match on catch block at 0xc3 in for 0x149
03-15 19:26:44.335 25934 25934 E ArmVmp : Match on catch block at 0xc3 in for 0x141
03-15 19:26:44.338 25934 25934 E ArmVmp : Match on catch block at 0xc3 in for 0x159
03-15 19:26:44.344 25934 25934 E ArmVmp : Match on catch block at 0xc3 in for 0x155
03-15 19:26:44.348 25934 25934 E ArmVmp : Match on catch block at 0xc3 in for 0x151
03-15 19:26:44.378 25934 25934 E ArmVmp : Match on catch block at 0xc3 in for 0x145
03-15 19:26:44.386 25934 25934 E ArmVmp : Match on catch block at 0xc3 in for 0x141
03-15 19:26:44.407 25934 25934 E ArmVmp : Match on catch block at 0xc3 in for 0x145
03-15 19:26:44.412 25934 25934 E ArmVmp : Match on catch block at 0xc3 in for 0x141
03-15 19:26:44.851 25934 25934 E ArmVmp : Match on catch block at 0xc3 in for 0x155
03-15 19:26:44.853 25934 25934 E ArmVmp : Match on catch block at 0xc3 in for 0x151
03-15 19:26:46.403 25934 25934 E OplusBracketLog: [OplusViewMirrorManager] updateHostViewRootIfNeeded, not support android.view.ViewRootImpl@fdc1a6
03-15 19:26:46.443 25934 25934 E IPCThreadState: attemptIncStrongHandle(148): Not supported
03-15 19:26:46.457 25934 25998 W Parcel : Expecting binder but got null!
03-15 19:26:46.492 25934 25934 W BottomSheetBehavior: BottomSheetBehavior now supports multiple callbacks. `setBottomSheetCallback()` removes all existing callbacks, including ones set internally by library authors, which may result in unintended behavior. This may change in the future. Please use `addBottomSheetCallback()` and `removeBottomSheetCallback()` instead to set your own callbacks.
03-15 19:26:46.492 25934 25934 W BottomSheetBehavior: BottomSheetBehavior now supports multiple callbacks. `setBottomSheetCallback()` removes all existing callbacks, including ones set internally by library authors, which may result in unintended behavior. This may change in the future. Please use `addBottomSheetCallback()` and `removeBottomSheetCallback()` instead to set your own callbacks.
03-15 19:26:46.522 25934 25934 W BottomSheetBehavior: BottomSheetBehavior now supports multiple callbacks. `setBottomSheetCallback()` removes all existing callbacks, including ones set internally by library authors, which may result in unintended behavior. This may change in the future. Please use `addBottomSheetCallback()` and `removeBottomSheetCallback()` instead to set your own callbacks.
03-15 19:26:46.522 25934 25934 W BottomSheetBehavior: BottomSheetBehavior now supports multiple callbacks. `setBottomSheetCallback()` removes all existing callbacks, including ones set internally by library authors, which may result in unintended behavior. This may change in the future. Please use `addBottomSheetCallback()` and `removeBottomSheetCallback()` instead to set your own callbacks.
03-15 19:26:46.529 25934 25333 W libc : Access denied finding property "vendor.oplus.media.vpp.stutter"
03-15 19:26:46.535 25934 25934 W BottomSheetBehavior: BottomSheetBehavior now supports multiple callbacks. `setBottomSheetCallback()` removes all existing callbacks, including ones set internally by library authors, which may result in unintended behavior. This may change in the future. Please use `addBottomSheetCallback()` and `removeBottomSheetCallback()` instead to set your own callbacks.
03-15 19:26:46.536 25934 25934 W BottomSheetBehavior: BottomSheetBehavior now supports multiple callbacks. `setBottomSheetCallback()` removes all existing callbacks, including ones set internally by library authors, which may result in unintended behavior. This may change in the future. Please use `addBottomSheetCallback()` and `removeBottomSheetCallback()` instead to set your own callbacks.
03-15 19:26:46.556 25934 25934 E RecyclerView: No adapter attached; skipping layout
03-15 19:26:46.565 25934 25336 W ColorUtils: expected specified color aspects (2:0:0:0)
03-15 19:26:46.576 25934 25335 W AString : ctor got NULL, using empty string instead
03-15 19:26:46.583 25934 25335 E ListServiceUtils: checkInListByUid module:video- statistics uid:10255 cost 1880us return 0
03-15 19:26:46.584 25934 25335 E ListServiceUtils: checkInListByUid module:sr-osie- whitelist uid:10255 cost 1121us return 0
03-15 19:26:46.585 25934 25335 E ListServiceUtils: checkInListByUid module:sr-osie- whitelist uid:10255 cost 1012us return 0
03-15 19:26:46.588 25934 25335 E ListServiceUtils: checkInListByUid module:mtkomx- color-convert uid:10255 cost 1917us return 0
