The log file documents errors and warnings encountered when launching an app. It reports that the app was unable to load certain files and classes, encountered issues writing to storage, and failed some lock verifications. The app continued launching but some components may run slower or with reduced functionality due to the reported problems.
The log file documents errors and warnings encountered when launching an app. It reports that the app was unable to load certain files and classes, encountered issues writing to storage, and failed some lock verifications. The app continued launching but some components may run slower or with reduced functionality due to the reported problems.
The log file documents errors and warnings encountered when launching an app. It reports that the app was unable to load certain files and classes, encountered issues writing to storage, and failed some lock verifications. The app continued launching but some components may run slower or with reduced functionality due to the reported problems.
The log file documents errors and warnings encountered when launching an app. It reports that the app was unable to load certain files and classes, encountered issues writing to storage, and failed some lock verifications. The app continued launching but some components may run slower or with reduced functionality due to the reported problems.
Download as TXT, PDF, TXT or read online from Scribd
Download as txt, pdf, or txt
You are on page 1of 1852
--------- beginning of main
03-14 18:29:44.311 11733 11733 E com.mbwhatsapp: Unknown bits set in runtime_flags:
0x40000000
03-14 18:29:44.320 11733 11733 E com.mbwhatsapp: Not starting debugger since process cannot load the jdwp agent.
03-14 18:29:44.336 11733 11733 W ziparchive: Unable to open '/system/framework/mediatek-framework.dm': No such file or directory
03-14 18:29:44.336 11733 11733 W ziparchive: Unable to open '/system/framework/mediatek-framework.dm': No such file or directory
03-14 18:29:44.356 11733 11757 E com.mbwhatsapp: Could not write anonymous vdex /system/framework/oat/arm64/mediatek-framework.vdex: Could not open /system/framework/oat/arm64/mediatek-framework.vdex for writing
03-14 18:29:44.420 11733 11733 W libc : Access denied finding property "ro.odm.prev.product.name"
03-14 18:29:44.484 11733 11733 W System.err: java.lang.ClassNotFoundException: mbmodsd.mbmodsw.ui.views.btn.BtnBK
03-14 18:29:44.484 11733 11733 W System.err: at java.lang.Runtime.nativeLoad(Native Method)
03-14 18:29:44.484 11733 11733 W System.err: at java.lang.Runtime.nativeLoad(Runtime.java:1121)
03-14 18:29:44.484 11733 11733 W System.err: at java.lang.Runtime.loadLibrary0(Runtime.java:1075)
03-14 18:29:44.484 11733 11733 W System.err: at java.lang.Runtime.loadLibrary0(Runtime.java:998)
03-14 18:29:44.484 11733 11733 W System.err: at java.lang.System.loadLibrary(System.java:1661)
03-14 18:29:44.484 11733 11733 W System.err: at arm.EpicVm.<clinit>(Unknown Source:2)
03-14 18:29:44.484 11733 11733 W System.err: at java.lang.Class.newInstance(Native Method)
03-14 18:29:44.484 11733 11733 W System.err: at android.app.AppComponentFactory.instantiateApplication(AppComponentFactory.java:76)
03-14 18:29:44.484 11733 11733 W System.err: at androidx.core.app.CoreComponentFactory.instantiateApplication(Unknown Source:0)
03-14 18:29:44.484 11733 11733 W System.err: at android.app.Instrumentation.newApplication(Instrumentation.java:1251)
03-14 18:29:44.484 11733 11733 W System.err: at android.app.LoadedApk.makeApplicationInner(LoadedApk.java:1507)
03-14 18:29:44.485 11733 11733 W System.err: at android.app.LoadedApk.makeApplicationInner(LoadedApk.java:1443)
03-14 18:29:44.485 11733 11733 W System.err: at android.app.ActivityThread.handleBindApplication(ActivityThread.java:7232)
03-14 18:29:44.485 11733 11733 W System.err: at android.app.ActivityThread.-$ $Nest$mhandleBindApplication(Unknown Source:0)
03-14 18:29:44.485 11733 11733 W System.err: at android.app.ActivityThread$H.handleMessage(ActivityThread.java:2307)
03-14 18:29:44.485 11733 11733 W System.err: at android.os.Handler.dispatchMessage(Handler.java:106)
03-14 18:29:44.485 11733 11733 W System.err: at android.os.Looper.loopOnce(Looper.java:240)
03-14 18:29:44.485 11733 11733 W System.err: at android.os.Looper.loop(Looper.java:351)
03-14 18:29:44.485 11733 11733 W System.err: at android.app.ActivityThread.main(ActivityThread.java:8436)
03-14 18:29:44.485 11733 11733 W System.err: at java.lang.reflect.Method.invoke(Native Method)
03-14 18:29:44.485 11733 11733 W System.err: at com.android.internal.os.RuntimeInit$MethodAndArgsCaller.run(RuntimeInit.java:568)
03-14 18:29:44.485 11733 11733 W System.err: at com.android.internal.os.ZygoteInit.main(ZygoteInit.java:1013)
03-14 18:29:44.541 11733 11733 E CustomActivityOnCrash: IMPORTANT WARNING! You already have an UncaughtExceptionHandler, are you sure this is correct? If you use a custom UncaughtExceptionHandler, you must initialize it AFTER CustomActivityOnCrash! Installing anyway, but your original handler will not be called.
03-14 18:29:45.164 11874 11874 E com.mbwhatsapp: Unknown bits set in runtime_flags: 0x40000000
03-14 18:29:45.169 11874 11874 E com.mbwhatsapp: Not starting debugger since process cannot load the jdwp agent.
03-14 18:29:45.174 11874 11874 W ziparchive: Unable to open '/system/framework/mediatek-framework.dm': No such file or directory
03-14 18:29:45.174 11874 11874 W ziparchive: Unable to open '/system/framework/mediatek-framework.dm': No such file or directory
03-14 18:29:45.182 11874 11892 E com.mbwhatsapp: Could not write anonymous vdex /system/framework/oat/arm64/mediatek-framework.vdex: Could not open /system/framework/oat/arm64/mediatek-framework.vdex for writing
03-14 18:29:45.214 11874 11874 W libc : Access denied finding property "ro.odm.prev.product.name"
03-14 18:29:45.269 11874 11874 W System.err: java.lang.ClassNotFoundException: mbmodsd.mbmodsw.ui.views.btn.BtnBK
03-14 18:29:45.269 11874 11874 W System.err: at java.lang.Runtime.nativeLoad(Native Method)
03-14 18:29:45.269 11874 11874 W System.err: at java.lang.Runtime.nativeLoad(Runtime.java:1121)
03-14 18:29:45.269 11874 11874 W System.err: at java.lang.Runtime.loadLibrary0(Runtime.java:1075)
03-14 18:29:45.269 11874 11874 W System.err: at java.lang.Runtime.loadLibrary0(Runtime.java:998)
03-14 18:29:45.269 11874 11874 W System.err: at java.lang.System.loadLibrary(System.java:1661)
03-14 18:29:45.269 11874 11874 W System.err: at arm.EpicVm.<clinit>(Unknown Source:2)
03-14 18:29:45.269 11874 11874 W System.err: at java.lang.Class.newInstance(Native Method)
03-14 18:29:45.269 11874 11874 W System.err: at android.app.AppComponentFactory.instantiateApplication(AppComponentFactory.java:76)
03-14 18:29:45.269 11874 11874 W System.err: at androidx.core.app.CoreComponentFactory.instantiateApplication(Unknown Source:0)
03-14 18:29:45.269 11874 11874 W System.err: at android.app.Instrumentation.newApplication(Instrumentation.java:1251)
03-14 18:29:45.269 11874 11874 W System.err: at android.app.LoadedApk.makeApplicationInner(LoadedApk.java:1507)
03-14 18:29:45.269 11874 11874 W System.err: at android.app.LoadedApk.makeApplicationInner(LoadedApk.java:1443)
03-14 18:29:45.269 11874 11874 W System.err: at android.app.ActivityThread.handleBindApplication(ActivityThread.java:7232)
03-14 18:29:45.269 11874 11874 W System.err: at android.app.ActivityThread.-$ $Nest$mhandleBindApplication(Unknown Source:0)
03-14 18:29:45.269 11874 11874 W System.err: at android.app.ActivityThread$H.handleMessage(ActivityThread.java:2307)
03-14 18:29:45.269 11874 11874 W System.err: at android.os.Handler.dispatchMessage(Handler.java:106)
03-14 18:29:45.269 11874 11874 W System.err: at android.os.Looper.loopOnce(Looper.java:240)
03-14 18:29:45.269 11874 11874 W System.err: at android.os.Looper.loop(Looper.java:351)
03-14 18:29:45.269 11874 11874 W System.err: at android.app.ActivityThread.main(ActivityThread.java:8436)
03-14 18:29:45.269 11874 11874 W System.err: at java.lang.reflect.Method.invoke(Native Method)
03-14 18:29:45.269 11874 11874 W System.err: at com.android.internal.os.RuntimeInit$MethodAndArgsCaller.run(RuntimeInit.java:568)
03-14 18:29:45.269 11874 11874 W System.err: at com.android.internal.os.ZygoteInit.main(ZygoteInit.java:1013)
03-14 18:29:45.316 11874 11874 E CustomActivityOnCrash: IMPORTANT WARNING! You already have an UncaughtExceptionHandler, are you sure this is correct? If you use a custom UncaughtExceptionHandler, you must initialize it AFTER CustomActivityOnCrash! Installing anyway, but your original handler will not be called.
03-14 18:29:45.520 11874 11874 W com.mbwhatsapp: Accessing hidden method Lcom/android/org/conscrypt/OpenSSLSocketImpl;->setUseSessionTickets(Z)V (max- target-q,core-platform-api, reflection, denied)
03-14 18:29:45.520 11874 11874 W com.mbwhatsapp: Accessing hidden method Lcom/android/org/conscrypt/AbstractConscryptSocket;->setUseSessionTickets(Z)V (max- target-q, reflection, denied)
03-14 18:29:45.790 11874 11918 W LibraryVersion: Failed to get app version for libraryName: firebase-iid
03-14 18:29:46.268 11874 11874 W com.mbwhatsapp: type=1400 audit(0.0:381): avc: granted { execute } for path="/data/data/com.mbwhatsapp/files/decompressed/libs.spk.zst/libc++_shared.so" dev="dm-60" ino=53672 scontext=u:r:untrusted_app:s0:c255,c256,c512,c768 tcontext=u:object_r:app_data_file:s0:c255,c256,c512,c768 tclass=file app=com.mbwhatsapp
03-14 18:29:46.268 11874 11874 W com.mbwhatsapp: type=1400 audit(0.0:382): avc: granted { execute } for path="/data/data/com.mbwhatsapp/files/decompressed/libs.spk.zst/libvlc.so" dev="dm- 60" ino=53694 scontext=u:r:untrusted_app:s0:c255,c256,c512,c768 tcontext=u:object_r:app_data_file:s0:c255,c256,c512,c768 tclass=file app=com.mbwhatsapp
03-14 18:29:46.272 11874 11874 W com.mbwhatsapp: type=1400 audit(0.0:383): avc: granted { execute } for path="/data/data/com.mbwhatsapp/files/decompressed/libs.spk.zst/libwhatsapp.so" dev="dm-60" ino=53732 scontext=u:r:untrusted_app:s0:c255,c256,c512,c768 tcontext=u:object_r:app_data_file:s0:c255,c256,c512,c768 tclass=file app=com.mbwhatsapp
03-14 18:29:46.288 11874 11874 W com.mbwhatsapp: type=1400 audit(0.0:384): avc: granted { execute } for path="/data/data/com.mbwhatsapp/files/decompressed/libs.spk.zst/libcurve25519.so" dev="dm-60" ino=53903 scontext=u:r:untrusted_app:s0:c255,c256,c512,c768 tcontext=u:object_r:app_data_file:s0:c255,c256,c512,c768 tclass=file app=com.mbwhatsapp
03-14 18:29:46.308 11874 11874 W com.mbwhatsapp: type=1400 audit(0.0:385): avc: granted { execute } for path="/data/data/com.mbwhatsapp/files/decompressed/libs.spk.zst/libwhatsapp.so" dev="dm-60" ino=53732 scontext=u:r:untrusted_app:s0:c255,c256,c512,c768 tcontext=u:object_r:app_data_file:s0:c255,c256,c512,c768 tclass=file app=com.mbwhatsapp
03-14 18:29:46.392 11874 12101 W com.mbwhatsapp: Method void X.2rL.A03(java.lang.Integer) failed lock verification and will run slower.
03-14 18:29:46.392 11874 12101 W com.mbwhatsapp: Common causes for lock verification issues are non-optimized dex code
03-14 18:29:46.392 11874 12101 W com.mbwhatsapp: and incorrect proguard optimizations.
03-14 18:29:46.408 11874 11874 W com.mbwhatsapp: Method void X.0eU.A0h(X.0tK, boolean) failed lock verification and will run slower.
03-14 18:29:46.770 11874 12174 E com.mbwhatsapp: Loaded layer handle (13939349256794144923) for layer /my_product/lib64/libcolorx-loader.so
03-14 18:29:46.771 11874 12174 E com.mbwhatsapp: Looking for entrypoint ColorX_Check
03-14 18:29:46.771 11874 12174 E com.mbwhatsapp: Found ColorX_Check for /my_product/lib64/libcolorx-loader.so
03-14 18:29:46.771 11874 12174 E com.mbwhatsapp: Check failed
03-14 18:29:46.779 11874 12174 E QT : [QT]file does not exist --------- beginning of system
03-14 18:29:46.784 11874 11874 E OplusCustomizeRestrictionManager: sInstance is null, start a new sInstance
03-14 18:29:46.836 11874 11874 E com.mbwhatsapp: Invalid ID 0x00000000.
03-14 18:29:46.837 11874 11874 W System.err: android.content.res.Resources$NotFoundException: String resource ID #0x0
03-14 18:29:46.837 11874 11874 W System.err:
03-14 18:29:46.837 11874 11874 W System.err: at android.content.res.Resources.getText(Resources.java:471)
03-14 18:29:46.837 11874 11874 W System.err:
03-14 18:29:46.837 11874 11874 W System.err: at android.content.res.Resources.getString(Resources.java:564)
03-14 18:29:46.837 11874 11874 W System.err:
03-14 18:29:46.837 11874 11874 W System.err: at X.35t.A0E(Unknown Source:46)
03-14 18:29:46.837 11874 11874 W System.err:
03-14 18:29:46.837 11874 11874 W System.err: at com.mbwhatsapp.yo.yo.getString(Native Method)
03-14 18:29:46.837 11874 11874 W System.err:
03-14 18:29:46.837 11874 11874 W System.err: at com.mbwhatsapp.yo.yo.getString(Native Method)
03-14 18:29:46.837 11874 11874 W System.err:
03-14 18:29:46.837 11874 11874 W System.err: at com.mbwhatsapp.youbasha.task.utils.requestAllFilesAccess14(Native Method)
03-14 18:29:46.837 11874 11874 W System.err:
03-14 18:29:46.837 11874 11874 W System.err: at com.mbwhatsapp.yo.dep.showStoragePermissionRequest(Native Method)
03-14 18:29:46.837 11874 11874 W System.err:
03-14 18:29:46.837 11874 11874 W System.err: at com.mbwhatsapp.registration.EULA.onCreate(Unknown Source:248)
03-14 18:29:46.837 11874 11874 W System.err:
03-14 18:29:46.838 11874 11874 W System.err: at android.app.Activity.performCreate(Activity.java:8427)
03-14 18:29:46.838 11874 11874 W System.err:
03-14 18:29:46.838 11874 11874 W System.err: at android.app.Activity.performCreate(Activity.java:8400)
03-14 18:29:46.838 11874 11874 W System.err:
03-14 18:29:46.838 11874 11874 W System.err: at android.app.Instrumentation.callActivityOnCreate(Instrumentation.java:1403)
03-14 18:29:46.838 11874 11874 W System.err:
03-14 18:29:46.838 11874 11874 W System.err: at android.app.ActivityThread.performLaunchActivity(ActivityThread.java:3860)
03-14 18:29:46.838 11874 11874 W System.err:
03-14 18:29:46.838 11874 11874 W System.err: at android.app.ActivityThread.handleLaunchActivity(ActivityThread.java:4029)
03-14 18:29:46.838 11874 11874 W System.err:
03-14 18:29:46.838 11874 11874 W System.err: at android.app.servertransaction.LaunchActivityItem.execute(LaunchActivityItem.java:11 7)
03-14 18:29:46.838 11874 11874 W System.err:
03-14 18:29:46.838 11874 11874 W System.err: at android.app.servertransaction.TransactionExecutor.executeCallbacks(TransactionExecu tor.java:135)
03-14 18:29:46.838 11874 11874 W System.err:
03-14 18:29:46.838 11874 11874 W System.err: at android.app.servertransaction.TransactionExecutor.execute(TransactionExecutor.java: 95)
03-14 18:29:46.838 11874 11874 W System.err:
03-14 18:29:46.838 11874 11874 W System.err: at android.app.ActivityThread$H.handleMessage(ActivityThread.java:2485)
03-14 18:29:46.838 11874 11874 W System.err:
03-14 18:29:46.838 11874 11874 W System.err: at android.os.Handler.dispatchMessage(Handler.java:106)
03-14 18:29:46.838 11874 11874 W System.err:
03-14 18:29:46.838 11874 11874 W System.err: at android.os.Looper.loopOnce(Looper.java:240)
03-14 18:29:46.838 11874 11874 W System.err:
03-14 18:29:46.838 11874 11874 W System.err: at android.os.Looper.loop(Looper.java:351)
03-14 18:29:46.838 11874 11874 W System.err:
03-14 18:29:46.839 11874 11874 W System.err: at android.app.ActivityThread.main(ActivityThread.java:8436)
03-14 18:29:46.839 11874 11874 W System.err:
03-14 18:29:46.839 11874 11874 W System.err: at java.lang.reflect.Method.invoke(Native Method)
03-14 18:29:46.839 11874 11874 W System.err:
03-14 18:29:46.839 11874 11874 W System.err: at com.android.internal.os.RuntimeInit$MethodAndArgsCaller.run(RuntimeInit.java:568)
03-14 18:29:46.839 11874 11874 W System.err:
03-14 18:29:46.839 11874 11874 W System.err: at com.android.internal.os.ZygoteInit.main(ZygoteInit.java:1013)
03-14 18:29:46.839 11874 11874 W System.err:
03-14 18:29:46.908 11874 11874 W Activity: Can request only one set of permissions at a time
03-14 18:29:46.986 11874 12224 E RenderScript: Failed loading RS driver: dlopen failed: library "libRSDriver_mtk.so" not found
03-14 18:29:46.986 11874 12224 E RenderScript: Failed to load runtime libRSDriver_mtk.so, loading default
03-14 18:29:47.065 11874 11874 E ArmVmp : Match on catch block at 0x0a in for 0x275
03-14 18:29:47.077 11874 11874 E SchedAssist: ofbOpen failed with error=No such file or directory
03-14 18:29:47.077 11874 11874 E SchedAssist: sysOpen failed with error=No such file or directory
03-14 18:29:47.077 11874 11874 E SchedAssist: sharedImFd failed with error=Permission denied
03-14 18:29:47.200 11874 11874 E OplusBracketLog: [OplusViewMirrorManager] updateHostViewRootIfNeeded, not support android.view.ViewRootImpl@daabbdf
03-14 18:29:47.245 11874 11874 E OplusBracketLog: [OplusViewMirrorManager] updateHostViewRootIfNeeded, not support android.view.ViewRootImpl@e45d6e2
03-14 18:29:49.374 11874 11874 E com.mbwhatsapp: Invalid ID 0x00000000.
03-14 18:29:49.375 11874 11874 E com.mbwhatsapp: Invalid ID 0x00000000.
03-14 18:29:49.375 11874 11874 E com.mbwhatsapp: Invalid ID 0x00000000.
03-14 18:29:49.376 11874 11874 E com.mbwhatsapp: Invalid ID 0x00000000.
03-14 18:29:49.376 11874 11874 E com.mbwhatsapp: Invalid ID 0x00000000.
03-14 18:29:49.376 11874 11874 E com.mbwhatsapp: Invalid ID 0x00000000.
03-14 18:29:49.377 11874 11874 E com.mbwhatsapp: Invalid ID 0x00000000.
03-14 18:29:49.377 11874 11874 E com.mbwhatsapp: Invalid ID 0x00000000.
03-14 18:29:50.310 11874 11882 W com.mbwhatsapp: Cleared Reference was only reachable from finalizer (only reported once)
03-14 18:29:50.386 11874 11887 W OplusExSystemServiceHelper: checkOplusExSystemService intent getComponent is null
03-14 18:29:50.605 11874 12169 E OpenGLRenderer: Device claims wide gamut support, cannot find matching config, error = EGL_SUCCESS
03-14 18:29:50.605 11874 12169 W OpenGLRenderer: Failed to initialize 101010-2 format, error = EGL_SUCCESS
03-14 18:29:50.690 11874 12169 W libc : Access denied finding property "ro.vendor.magt.mtk_magt_support"
03-14 18:29:50.720 11874 12169 W Parcel : Expecting binder but got null!
03-14 18:29:50.731 11874 11874 W Activity: Can request only one set of permissions at a time
03-14 18:29:50.731 11874 11874 W Activity: Can request only one set of permissions at a time
03-14 18:29:50.938 11874 12169 W Parcel : Expecting binder but got null!
03-14 18:29:53.320 11874 11874 E RippleDrawable: The RippleDrawable.STYLE_PATTERNED animation is not supported for a non-hardware accelerated Canvas. Skipping animation.
03-14 18:29:53.335 11874 11874 E RippleDrawable: The RippleDrawable.STYLE_PATTERNED animation is not supported for a non-hardware accelerated Canvas. Skipping animation.
03-14 18:29:53.350 11874 11874 E RippleDrawable: The RippleDrawable.STYLE_PATTERNED animation is not supported for a non-hardware accelerated Canvas. Skipping animation.
03-14 18:29:53.366 11874 11874 E RippleDrawable: The RippleDrawable.STYLE_PATTERNED animation is not supported for a non-hardware accelerated Canvas. Skipping animation.
03-14 18:29:53.383 11874 11874 E RippleDrawable: The RippleDrawable.STYLE_PATTERNED animation is not supported for a non-hardware accelerated Canvas. Skipping animation.
03-14 18:29:53.400 11874 11874 E RippleDrawable: The RippleDrawable.STYLE_PATTERNED animation is not supported for a non-hardware accelerated Canvas. Skipping animation.
03-14 18:29:53.417 11874 11874 E RippleDrawable: The RippleDrawable.STYLE_PATTERNED animation is not supported for a non-hardware accelerated Canvas. Skipping animation.
03-14 18:29:56.470 11874 12726 E ShortcutInfoCompatSaver: Failed to load saved values from file /data/user/0/com.mbwhatsapp/files/ShortcutInfoCompatSaver_share_targets/ targets.xml. Old state removed, new added
03-14 18:29:56.470 11874 12726 E ShortcutInfoCompatSaver: java.io.FileNotFoundException: /data/user/0/com.mbwhatsapp/files/ShortcutInfoCompatSaver_share_targets/ targets.xml: open failed: ENOENT (No such file or directory)
03-14 18:29:56.470 11874 12726 E ShortcutInfoCompatSaver: at libcore.io.IoBridge.open(IoBridge.java:574)
03-14 18:29:56.470 11874 12726 E ShortcutInfoCompatSaver: at java.io.FileInputStream.<init>(FileInputStream.java:160)
03-14 18:29:56.470 11874 12726 E ShortcutInfoCompatSaver: at X.0nz.run(Unknown Source:82)
03-14 18:29:56.470 11874 12726 E ShortcutInfoCompatSaver: at java.util.concurrent.Executors$RunnableAdapter.call(Executors.java:463)
03-14 18:29:56.470 11874 12726 E ShortcutInfoCompatSaver: at java.util.concurrent.FutureTask.run(FutureTask.java:264)
03-14 18:29:56.470 11874 12726 E ShortcutInfoCompatSaver: at java.util.concurrent.ThreadPoolExecutor.runWorker(ThreadPoolExecutor.java:1137)
03-14 18:29:56.470 11874 12726 E ShortcutInfoCompatSaver: at java.util.concurrent.ThreadPoolExecutor$Worker.run(ThreadPoolExecutor.java:637)
03-14 18:29:56.470 11874 12726 E ShortcutInfoCompatSaver: at java.lang.Thread.run(Thread.java:1012)
03-14 18:29:56.470 11874 12726 E ShortcutInfoCompatSaver: Caused by: android.system.ErrnoException: open failed: ENOENT (No such file or directory)
03-14 18:29:56.470 11874 12726 E ShortcutInfoCompatSaver: at libcore.io.Linux.open(Native Method)
03-14 18:29:56.470 11874 12726 E ShortcutInfoCompatSaver: at libcore.io.ForwardingOs.open(ForwardingOs.java:563)
03-14 18:29:56.470 11874 12726 E ShortcutInfoCompatSaver: at libcore.io.BlockGuardOs.open(BlockGuardOs.java:274)
03-14 18:29:56.470 11874 12726 E ShortcutInfoCompatSaver: at libcore.io.ForwardingOs.open(ForwardingOs.java:563)
03-14 18:29:56.470 11874 12726 E ShortcutInfoCompatSaver: at android.app.ActivityThread$AndroidOs.open(ActivityThread.java:8309)
03-14 18:29:56.470 11874 12726 E ShortcutInfoCompatSaver: at libcore.io.IoBridge.open(IoBridge.java:560)
03-14 18:29:56.470 11874 12726 E ShortcutInfoCompatSaver: ... 7 more
03-14 18:29:56.537 11874 12169 E FrameEvents: updateAcquireFence: Did not find frame.
03-14 18:29:56.546 11874 12169 E FrameEvents: updateAcquireFence: Did not find frame.
03-14 18:29:56.554 11874 12169 E FrameEvents: updateAcquireFence: Did not find frame.
03-14 18:29:59.972 11874 11874 E OplusBracketLog: [OplusViewMirrorManager] updateHostViewRootIfNeeded, not support android.view.ViewRootImpl@f1c2503
03-14 18:30:00.001 11874 11874 E IPCThreadState: attemptIncStrongHandle(78): Not supported
03-14 18:30:00.059 11874 12169 W Parcel : Expecting binder but got null!
03-14 18:30:03.228 11874 11874 W OnBackInvokedCallback: OnBackInvokedCallback is not enabled for the application.
03-14 18:30:03.228 11874 11874 W OnBackInvokedCallback: Set 'android:enableOnBackInvokedCallback="true"' in the application manifest.
03-14 18:30:11.730 11874 11874 E OplusBracketLog: [OplusViewMirrorManager] updateHostViewRootIfNeeded, not support android.view.ViewRootImpl@68d5a45
03-14 18:30:11.745 11874 11874 E IPCThreadState: attemptIncStrongHandle(84): Not supported
03-14 18:30:11.758 11874 12169 W Parcel : Expecting binder but got null!
03-14 18:30:12.501 11874 12131 E PlayCore: UID: [10255] PID: [11874] StandardIntegrity : Phonesky is not installed.
03-14 18:30:13.669 11874 11874 E OplusBracketLog: [OplusViewMirrorManager] updateHostViewRootIfNeeded, not support android.view.ViewRootImpl@166112d
03-14 18:30:13.685 11874 11874 E IPCThreadState: attemptIncStrongHandle(108): Not supported
03-14 18:30:13.699 11874 12169 W Parcel : Expecting binder but got null!
03-14 18:30:13.703 11874 11874 W OnBackInvokedCallback: OnBackInvokedCallback is not enabled for the application.
03-14 18:30:13.703 11874 11874 W OnBackInvokedCallback: Set 'android:enableOnBackInvokedCallback="true"' in the application manifest.
03-14 18:30:19.687 11874 11874 W OnBackInvokedCallback: OnBackInvokedCallback is not enabled for the application.
03-14 18:30:19.687 11874 11874 W OnBackInvokedCallback: Set 'android:enableOnBackInvokedCallback="true"' in the application manifest.
03-14 18:30:20.561 11874 11874 E OplusBracketLog: [OplusViewMirrorManager] updateHostViewRootIfNeeded, not support android.view.ViewRootImpl@2383b43
03-14 18:30:20.572 11874 11874 E IPCThreadState: attemptIncStrongHandle(90): Not supported
03-14 18:30:20.584 11874 12169 W Parcel : Expecting binder but got null!
03-14 18:30:20.584 11874 11874 E OplusBracketLog: [OplusViewMirrorManager] updateHostViewRootIfNeeded, not support android.view.ViewRootImpl@aa25b16
03-14 18:30:20.655 11874 12169 W Parcel : Expecting binder but got null!
03-14 18:30:21.388 11874 11874 E OplusBracketLog: [OplusViewMirrorManager] updateHostViewRootIfNeeded, not support android.view.ViewRootImpl@80dd7fc
03-14 18:30:21.411 11874 11874 E IPCThreadState: attemptIncStrongHandle(112): Not supported
03-14 18:30:21.411 11874 11874 E IPCThreadState: attemptIncStrongHandle(107): Not supported
03-14 18:30:21.427 11874 12169 W Parcel : Expecting binder but got null!
03-14 18:30:21.480 11874 11874 W RemoteInputConnectionImpl: requestCursorAnchorInfo on inactive InputConnection
03-14 18:30:21.500 11874 11874 E ImeBackDispatcher: Ime callback not found. Ignoring unregisterReceivedCallback. callbackId: 34789536
03-14 18:30:21.547 11874 11874 W OnBackInvokedCallback: OnBackInvokedCallback is not enabled for the application.
03-14 18:30:21.547 11874 11874 W OnBackInvokedCallback: Set 'android:enableOnBackInvokedCallback="true"' in the application manifest.
03-14 18:30:27.584 11874 11874 W OnBackInvokedCallback: OnBackInvokedCallback is not enabled for the application.
03-14 18:30:27.584 11874 11874 W OnBackInvokedCallback: Set 'android:enableOnBackInvokedCallback="true"' in the application manifest.
03-14 18:30:34.318 11874 11874 W OnBackInvokedCallback: OnBackInvokedCallback is not enabled for the application.
03-14 18:30:34.318 11874 11874 W OnBackInvokedCallback: Set 'android:enableOnBackInvokedCallback="true"' in the application manifest.
03-14 18:31:03.989 11874 11874 W RemoteInputConnectionImpl: requestCursorAnchorInfo on inactive InputConnection
03-14 18:31:03.994 11874 11874 E ImeBackDispatcher: Ime callback not found. Ignoring unregisterReceivedCallback. callbackId: 34789536
03-14 18:31:08.316 11874 11874 E IPCThreadState: attemptIncStrongHandle(110): Not supported
03-14 18:31:08.616 11874 11874 W OnBackInvokedCallback: OnBackInvokedCallback is not enabled for the application.
03-14 18:31:08.616 11874 11874 W OnBackInvokedCallback: Set 'android:enableOnBackInvokedCallback="true"' in the application manifest.
03-14 18:31:09.988 11874 11874 E OplusBracketLog: [OplusViewMirrorManager] updateHostViewRootIfNeeded, not support android.view.ViewRootImpl@22f43b4
03-14 18:31:10.019 11874 12169 W Parcel : Expecting binder but got null!
03-14 18:31:11.240 11874 11874 W ziparchive: Unable to open '/product/app/TrichromeLibrary/TrichromeLibrary.dm': No such file or directory
03-14 18:31:11.240 11874 11874 W ziparchive: Unable to open '/product/app/TrichromeLibrary/TrichromeLibrary.dm': No such file or directory
03-14 18:31:11.241 11874 11874 W com.mbwhatsapp: Entry not found
03-14 18:31:11.272 11874 13393 E chromium: [0314/183111.272642:ERROR:variations_seed_loader.cc(69)] Failed to open file for reading. Errno: 2
03-14 18:31:11.273 11874 13393 E chromium: [0314/183111.273205:ERROR:variations_seed_loader.cc(69)] Failed to open file for reading. Errno: 2
03-14 18:31:11.471 11874 13407 W cr_media: BLUETOOTH_CONNECT permission is missing.
03-14 18:31:11.472 11874 13407 W cr_media: registerBluetoothIntentsIfNeeded: Requires BLUETOOTH permission
03-14 18:31:11.524 11874 11874 E OplusBracketLog: [OplusViewMirrorManager] updateHostViewRootIfNeeded, not support android.view.ViewRootImpl@c28d7e1
03-14 18:31:11.542 11874 11874 E IPCThreadState: attemptIncStrongHandle(122): Not supported
03-14 18:31:11.615 11874 12169 W Parcel : Expecting binder but got null!
03-14 18:31:11.688 11874 11874 W OnBackInvokedCallback: OnBackInvokedCallback is not enabled for the application.
03-14 18:31:11.688 11874 11874 W OnBackInvokedCallback: Set 'android:enableOnBackInvokedCallback="true"' in the application manifest.
03-14 18:31:11.699 11874 11874 W RemoteInputConnectionImpl: requestCursorAnchorInfo on inactive InputConnection
03-14 18:31:11.708 11874 13424 W AudioCapabilities: Unsupported mime audio/x-adpcm- dvi-ima
03-14 18:31:11.708 11874 13424 W AudioCapabilities: Unsupported mime audio/x-adpcm- dvi-ima
03-14 18:31:11.708 11874 13424 W AudioCapabilities: Unsupported mime audio/x-adpcm- ms
03-14 18:31:11.708 11874 13424 W AudioCapabilities: Unsupported mime audio/x-adpcm- ms
03-14 18:31:11.708 11874 13424 W AudioCapabilities: Unsupported mime audio/alac
03-14 18:31:11.709 11874 13424 W AudioCapabilities: Unsupported mime audio/alac
03-14 18:31:11.709 11874 13424 W AudioCapabilities: Unsupported mime audio/ape
03-14 18:31:11.709 11874 13424 W AudioCapabilities: Unsupported mime audio/ape
03-14 18:31:11.716 11874 13424 W AudioCapabilities: Unsupported mime audio/ffmpeg
03-14 18:31:11.725 11874 13424 W VideoCapabilities: Unrecognized profile/level 32768/256 for video/mp4v-es
03-14 18:31:11.725 11874 13424 W VideoCapabilities: Unrecognized profile/level 32768/256 for video/mp4v-es
03-14 18:31:11.727 11874 13424 W VideoCapabilities: Unsupported mime video/x-ms-wmv
03-14 18:31:11.727 11874 13424 W VideoCapabilities: Unsupported mime video/x-ms-wmv
03-14 18:31:11.739 11874 13424 W VideoCapabilities: Unsupported mime video/ffmpeg
03-14 18:31:12.181 11874 12169 E GPUAUX : [AUX]GuiExtAuxCheckAuxPath:674: Null anb
03-14 18:31:12.184 11874 12169 E GPUAUX : [AUX]GuiExtAuxCheckAuxPath:674: Null anb
03-14 18:31:12.185 11874 12169 E GPUAUX : [AUX]GuiExtAuxCheckAuxPath:674: Null anb
03-14 18:31:12.185 11874 12169 E GPUAUX : [AUX]GuiExtAuxCheckAuxPath:674: Null anb
03-14 18:31:12.185 11874 12169 E GPUAUX : [AUX]GuiExtAuxCheckAuxPath:674: Null anb
03-14 18:31:12.901 11874 12169 E GPUAUX : [AUX]GuiExtAuxCheckAuxPath:674: Null anb
03-14 18:31:13.017 11874 12169 E GPUAUX : [AUX]GuiExtAuxCheckAuxPath:674: Null anb
03-14 18:31:13.301 11874 12169 E GPUAUX : [AUX]GuiExtAuxCheckAuxPath:674: Null anb
03-14 18:31:14.573 11874 11874 E Security-LocalReporter: category=WebViewUriHandler, message=Uri is blocked, scheme: whatsapp , authority: support
03-14 18:31:14.680 11874 12169 E GPUAUX : [AUX]GuiExtAuxCheckAuxPath:674: Null anb
03-14 18:31:14.680 11874 12169 E GPUAUX : [AUX]GuiExtAuxCheckAuxPath:674: Null anb
03-14 18:31:14.807 11874 11874 E OplusBracketLog: [OplusViewMirrorManager] updateHostViewRootIfNeeded, not support android.view.ViewRootImpl@a851696
03-14 18:31:14.819 11874 11874 E IPCThreadState: attemptIncStrongHandle(90): Not supported
03-14 18:31:14.830 11874 12169 W Parcel : Expecting binder but got null!
03-14 18:31:14.830 11874 11874 E OplusBracketLog: [OplusViewMirrorManager] updateHostViewRootIfNeeded, not support android.view.ViewRootImpl@144377a
03-14 18:31:14.852 11874 12169 W Parcel : Expecting binder but got null!
03-14 18:31:14.996 11874 12559 W Settings: Setting wifi_sleep_policy has moved from android.provider.Settings.System to android.provider.Settings.Global, returning read-only value.
03-14 18:31:15.193 11874 11874 E OplusBracketLog: [OplusViewMirrorManager] updateHostViewRootIfNeeded, not support android.view.ViewRootImpl@251faf0
03-14 18:31:15.219 11874 11874 E IPCThreadState: attemptIncStrongHandle(160): Not supported
03-14 18:31:15.349 11874 12169 W Parcel : Expecting binder but got null!
03-14 18:31:16.955 11874 11874 E IPCThreadState: attemptIncStrongHandle(90): Not supported
03-14 18:31:16.955 11874 11874 E IPCThreadState: attemptIncStrongHandle(137): Not supported
03-14 18:31:17.026 11874 12169 E GPUAUX : [AUX]GuiExtAuxCheckAuxPath:674: Null anb
03-14 18:31:17.028 11874 12169 E GPUAUX : [AUX]GuiExtAuxCheckAuxPath:674: Null anb
03-14 18:31:17.028 11874 12169 E GPUAUX : [AUX]GuiExtAuxCheckAuxPath:674: Null anb
03-14 18:31:17.028 11874 12169 E GPUAUX : [AUX]GuiExtAuxCheckAuxPath:674: Null anb
03-14 18:31:17.028 11874 12169 E GPUAUX : [AUX]GuiExtAuxCheckAuxPath:674: Null anb
03-14 18:31:17.028 11874 12169 E GPUAUX : [AUX]GuiExtAuxCheckAuxPath:674: Null anb
03-14 18:31:17.738 11874 12169 E GPUAUX : [AUX]GuiExtAuxCheckAuxPath:674: Null anb
03-14 18:31:17.805 11874 12169 E GPUAUX : [AUX]GuiExtAuxCheckAuxPath:674: Null anb
03-14 18:31:19.647 11874 11874 E OplusBracketLog: [OplusViewMirrorManager] updateHostViewRootIfNeeded, not support android.view.ViewRootImpl@a22035b
03-14 18:31:19.658 11874 11874 E IPCThreadState: attemptIncStrongHandle(164): Not supported
03-14 18:31:19.670 11874 12169 W Parcel : Expecting binder but got null!
03-14 18:31:23.683 11874 12169 E GPUAUX : [AUX]GuiExtAuxCheckAuxPath:674: Null anb
03-14 18:31:24.174 11874 12169 E GPUAUX : [AUX]GuiExtAuxCheckAuxPath:674: Null anb
03-14 18:31:24.256 11874 12169 E GPUAUX : [AUX]GuiExtAuxCheckAuxPath:674: Null anb
03-14 18:31:24.510 11874 12169 E GPUAUX : [AUX]GuiExtAuxCheckAuxPath:674: Null anb
03-14 18:31:24.677 11874 12169 E GPUAUX : [AUX]GuiExtAuxCheckAuxPath:674: Null anb
03-14 18:31:25.077 11874 12169 E GPUAUX : [AUX]GuiExtAuxCheckAuxPath:674: Null anb
03-14 18:31:25.191 11874 12169 E GPUAUX : [AUX]GuiExtAuxCheckAuxPath:674: Null anb
03-14 18:31:25.390 11874 12169 E GPUAUX : [AUX]GuiExtAuxCheckAuxPath:674: Null anb
03-14 18:31:25.422 11874 12169 E GPUAUX : [AUX]GuiExtAuxCheckAuxPath:674: Null anb
03-14 18:31:25.489 11874 12169 E GPUAUX : [AUX]GuiExtAuxCheckAuxPath:674: Null anb
03-14 18:31:25.556 11874 12169 E GPUAUX : [AUX]GuiExtAuxCheckAuxPath:674: Null anb
03-14 18:31:25.706 11874 12169 E GPUAUX : [AUX]GuiExtAuxCheckAuxPath:674: Null anb
03-14 18:31:25.737 11874 12169 E GPUAUX : [AUX]GuiExtAuxCheckAuxPath:674: Null anb
03-14 18:31:25.786 11874 12169 E GPUAUX : [AUX]GuiExtAuxCheckAuxPath:674: Null anb
03-14 18:31:25.820 11874 12169 E GPUAUX : [AUX]GuiExtAuxCheckAuxPath:674: Null anb
03-14 18:31:25.853 11874 12169 E GPUAUX : [AUX]GuiExtAuxCheckAuxPath:674: Null anb
03-14 18:31:25.886 11874 12169 E GPUAUX : [AUX]GuiExtAuxCheckAuxPath:674: Null anb
03-14 18:31:26.037 11874 12169 E GPUAUX : [AUX]GuiExtAuxCheckAuxPath:674: Null anb
03-14 18:31:27.919 11874 11874 E IPCThreadState: attemptIncStrongHandle(166): Not supported
03-14 18:31:28.062 11874 11874 W OnBackInvokedCallback: OnBackInvokedCallback is not enabled for the application.
03-14 18:31:28.062 11874 11874 W OnBackInvokedCallback: Set 'android:enableOnBackInvokedCallback="true"' in the application manifest.
03-14 18:31:28.408 11874 11874 E Security-LocalReporter: category=WebViewUriHandler, message=Uri is blocked, scheme: about , authority: cannot parse
03-14 18:31:28.411 11874 11874 W cr_AwContents: WebView.destroy() called while WebView is still attached to window.
03-14 18:31:28.420 11874 11874 E Security-LocalReporter: category=WebViewUriHandler, message=Uri is blocked, scheme: about , authority: cannot parse
03-14 18:31:28.421 11874 11874 W cr_AwContents: Application attempted to call on a destroyed WebView
03-14 18:31:28.421 11874 11874 W cr_AwContents: java.lang.Throwable
03-14 18:31:28.421 11874 11874 W cr_AwContents: at org.chromium.android_webview.AwContents.p(chromium-TrichromeWebViewGoogle.aab- stable-593806031:10)
03-14 18:31:28.421 11874 11874 W cr_AwContents: at com.android.webview.chromium.WebViewChromium.clearHistory(chromium- TrichromeWebViewGoogle.aab-stable-593806031:37)
03-14 18:31:28.421 11874 11874 W cr_AwContents: at android.webkit.WebView.clearHistory(WebView.java:1461)
03-14 18:31:28.421 11874 11874 W cr_AwContents: at com.mbwhatsapp.webview.ui.WebViewWrapperView.onDetachedFromWindow(Unknown Source:12)
03-14 18:31:28.421 11874 11874 W cr_AwContents: at android.view.View.dispatchDetachedFromWindow(View.java:21590)
03-14 18:31:28.421 11874 11874 W cr_AwContents: at android.view.ViewGroup.dispatchDetachedFromWindow(ViewGroup.java:4021)
03-14 18:31:28.421 11874 11874 W cr_AwContents: at android.view.ViewGroup.dispatchDetachedFromWindow(ViewGroup.java:4011)
03-14 18:31:28.421 11874 11874 W cr_AwContents: at android.view.ViewGroup.dispatchDetachedFromWindow(ViewGroup.java:4011)
03-14 18:31:28.421 11874 11874 W cr_AwContents: at android.view.ViewGroup.dispatchDetachedFromWindow(ViewGroup.java:4011)
03-14 18:31:28.421 11874 11874 W cr_AwContents: at android.view.ViewGroup.dispatchDetachedFromWindow(ViewGroup.java:4011)
03-14 18:31:28.421 11874 11874 W cr_AwContents: at android.view.ViewGroup.dispatchDetachedFromWindow(ViewGroup.java:4011)
03-14 18:31:28.421 11874 11874 W cr_AwContents: at android.view.ViewGroup.dispatchDetachedFromWindow(ViewGroup.java:4011)
03-14 18:31:28.421 11874 11874 W cr_AwContents: at android.view.ViewRootImpl.dispatchDetachedFromWindow(ViewRootImpl.java:5614)
03-14 18:31:28.421 11874 11874 W cr_AwContents: at android.view.ViewRootImpl.doDie(ViewRootImpl.java:9086)
03-14 18:31:28.421 11874 11874 W cr_AwContents: at android.view.ViewRootImpl.die(ViewRootImpl.java:9054)
03-14 18:31:28.421 11874 11874 W cr_AwContents: at android.view.WindowManagerGlobal.removeViewLocked(WindowManagerGlobal.java:511)
03-14 18:31:28.421 11874 11874 W cr_AwContents: at android.view.WindowManagerGlobal.removeView(WindowManagerGlobal.java:452)
03-14 18:31:28.421 11874 11874 W cr_AwContents: at android.view.WindowManagerImpl.removeViewImmediate(WindowManagerImpl.java:206)
03-14 18:31:28.421 11874 11874 W cr_AwContents: at android.app.ActivityThread.handleDestroyActivity(ActivityThread.java:5826)
03-14 18:31:28.421 11874 11874 W cr_AwContents: at android.app.servertransaction.DestroyActivityItem.execute(DestroyActivityItem.java: 47)
03-14 18:31:28.421 11874 11874 W cr_AwContents: at android.app.servertransaction.ActivityTransactionItem.execute(ActivityTransactionIt em.java:45)
03-14 18:31:28.421 11874 11874 W cr_AwContents: at android.app.servertransaction.TransactionExecutor.executeLifecycleState(Transaction Executor.java:176)
03-14 18:31:28.421 11874 11874 W cr_AwContents: at android.app.servertransaction.TransactionExecutor.execute(TransactionExecutor.java: 97)
03-14 18:31:28.421 11874 11874 W cr_AwContents: at android.app.ActivityThread$H.handleMessage(ActivityThread.java:2485)
03-14 18:31:28.421 11874 11874 W cr_AwContents: at android.os.Handler.dispatchMessage(Handler.java:106)
03-14 18:31:28.421 11874 11874 W cr_AwContents: at android.os.Looper.loopOnce(Looper.java:240)
03-14 18:31:28.421 11874 11874 W cr_AwContents: at android.os.Looper.loop(Looper.java:351)
03-14 18:31:28.421 11874 11874 W cr_AwContents: at android.app.ActivityThread.main(ActivityThread.java:8436)
03-14 18:31:28.421 11874 11874 W cr_AwContents: at java.lang.reflect.Method.invoke(Native Method)
03-14 18:31:28.421 11874 11874 W cr_AwContents: at com.android.internal.os.RuntimeInit$MethodAndArgsCaller.run(RuntimeInit.java:568)
03-14 18:31:28.421 11874 11874 W cr_AwContents: at com.android.internal.os.ZygoteInit.main(ZygoteInit.java:1013)
03-14 18:31:28.422 11874 11874 W cr_AwContents: Application attempted to call on a destroyed WebView
03-14 18:31:28.422 11874 11874 W cr_AwContents: java.lang.Throwable
03-14 18:31:28.422 11874 11874 W cr_AwContents: at org.chromium.android_webview.AwContents.p(chromium-TrichromeWebViewGoogle.aab- stable-593806031:10)
03-14 18:31:28.422 11874 11874 W cr_AwContents: at com.android.webview.chromium.WebViewChromium.clearCache(chromium- TrichromeWebViewGoogle.aab-stable-593806031:36)
03-14 18:31:28.422 11874 11874 W cr_AwContents: at android.webkit.WebView.clearCache(WebView.java:1442)
03-14 18:31:28.422 11874 11874 W cr_AwContents: at com.mbwhatsapp.webview.ui.WebViewWrapperView.onDetachedFromWindow(Unknown Source:17)
03-14 18:31:28.422 11874 11874 W cr_AwContents: at android.view.View.dispatchDetachedFromWindow(View.java:21590)
03-14 18:31:28.422 11874 11874 W cr_AwContents: at android.view.ViewGroup.dispatchDetachedFromWindow(ViewGroup.java:4021)
03-14 18:31:28.422 11874 11874 W cr_AwContents: at android.view.ViewGroup.dispatchDetachedFromWindow(ViewGroup.java:4011)
03-14 18:31:28.422 11874 11874 W cr_AwContents: at android.view.ViewGroup.dispatchDetachedFromWindow(ViewGroup.java:4011)
03-14 18:31:28.422 11874 11874 W cr_AwContents: at android.view.ViewGroup.dispatchDetachedFromWindow(ViewGroup.java:4011)
03-14 18:31:28.422 11874 11874 W cr_AwContents: at android.view.ViewGroup.dispatchDetachedFromWindow(ViewGroup.java:4011)
03-14 18:31:28.422 11874 11874 W cr_AwContents: at android.view.ViewGroup.dispatchDetachedFromWindow(ViewGroup.java:4011)
03-14 18:31:28.422 11874 11874 W cr_AwContents: at android.view.ViewGroup.dispatchDetachedFromWindow(ViewGroup.java:4011)
03-14 18:31:28.422 11874 11874 W cr_AwContents: at android.view.ViewRootImpl.dispatchDetachedFromWindow(ViewRootImpl.java:5614)
03-14 18:31:28.422 11874 11874 W cr_AwContents: at android.view.ViewRootImpl.doDie(ViewRootImpl.java:9086)
03-14 18:31:28.422 11874 11874 W cr_AwContents: at android.view.ViewRootImpl.die(ViewRootImpl.java:9054)
03-14 18:31:28.422 11874 11874 W cr_AwContents: at android.view.WindowManagerGlobal.removeViewLocked(WindowManagerGlobal.java:511)
03-14 18:31:28.422 11874 11874 W cr_AwContents: at android.view.WindowManagerGlobal.removeView(WindowManagerGlobal.java:452)
03-14 18:31:28.422 11874 11874 W cr_AwContents: at android.view.WindowManagerImpl.removeViewImmediate(WindowManagerImpl.java:206)
03-14 18:31:28.422 11874 11874 W cr_AwContents: at android.app.ActivityThread.handleDestroyActivity(ActivityThread.java:5826)
03-14 18:31:28.422 11874 11874 W cr_AwContents: at android.app.servertransaction.DestroyActivityItem.execute(DestroyActivityItem.java: 47)
03-14 18:31:28.422 11874 11874 W cr_AwContents: at android.app.servertransaction.ActivityTransactionItem.execute(ActivityTransactionIt em.java:45)
03-14 18:31:28.422 11874 11874 W cr_AwContents: at android.app.servertransaction.TransactionExecutor.executeLifecycleState(Transaction Executor.java:176)
03-14 18:31:28.422 11874 11874 W cr_AwContents: at android.app.servertransaction.TransactionExecutor.execute(TransactionExecutor.java: 97)
03-14 18:31:28.422 11874 11874 W cr_AwContents: at android.app.ActivityThread$H.handleMessage(ActivityThread.java:2485)
03-14 18:31:28.422 11874 11874 W cr_AwContents: at android.os.Handler.dispatchMessage(Handler.java:106)
03-14 18:31:28.422 11874 11874 W cr_AwContents: at android.os.Looper.loopOnce(Looper.java:240)
03-14 18:31:28.422 11874 11874 W cr_AwContents: at android.os.Looper.loop(Looper.java:351)
03-14 18:31:28.422 11874 11874 W cr_AwContents: at android.app.ActivityThread.main(ActivityThread.java:8436)
03-14 18:31:28.422 11874 11874 W cr_AwContents: at java.lang.reflect.Method.invoke(Native Method)
03-14 18:31:28.422 11874 11874 W cr_AwContents: at com.android.internal.os.RuntimeInit$MethodAndArgsCaller.run(RuntimeInit.java:568)
03-14 18:31:28.422 11874 11874 W cr_AwContents: at com.android.internal.os.ZygoteInit.main(ZygoteInit.java:1013)
03-14 18:31:28.821 11874 11874 E chromium: [ERROR:aw_browser_terminator.cc(156)] Renderer process (13400) crash detected (code -1).
03-14 18:31:29.570 11874 11874 W X.0Z6 : Invalid or missing region code (Indonesia) provided.
03-14 18:31:29.608 11874 11874 E OplusBracketLog: [OplusViewMirrorManager] updateHostViewRootIfNeeded, not support android.view.ViewRootImpl@248d4c0
03-14 18:31:29.631 11874 11874 E IPCThreadState: attemptIncStrongHandle(159): Not supported
03-14 18:31:29.659 11874 12169 W Parcel : Expecting binder but got null!
03-14 18:31:29.944 11874 11874 W OnBackInvokedCallback: OnBackInvokedCallback is not enabled for the application.
03-14 18:31:29.944 11874 11874 W OnBackInvokedCallback: Set 'android:enableOnBackInvokedCallback="true"' in the application manifest.
03-14 18:31:29.957 11874 11874 W RemoteInputConnectionImpl: requestCursorAnchorInfo on inactive InputConnection
03-14 18:31:30.012 11874 11874 W OnBackInvokedCallback: OnBackInvokedCallback is not enabled for the application.
03-14 18:31:30.012 11874 11874 W OnBackInvokedCallback: Set 'android:enableOnBackInvokedCallback="true"' in the application manifest.
03-14 18:31:34.977 11874 11874 E OplusBracketLog: [OplusViewMirrorManager] updateHostViewRootIfNeeded, not support android.view.ViewRootImpl@3618ca
03-14 18:31:34.991 11874 11874 E IPCThreadState: attemptIncStrongHandle(163): Not supported
03-14 18:31:35.019 11874 12169 W Parcel : Expecting binder but got null!
03-14 18:31:35.050 11874 11874 W OnBackInvokedCallback: OnBackInvokedCallback is not enabled for the application.
03-14 18:31:35.050 11874 11874 W OnBackInvokedCallback: Set 'android:enableOnBackInvokedCallback="true"' in the application manifest.
03-14 18:31:35.069 11874 11874 W RemoteInputConnectionImpl: requestCursorAnchorInfo on inactive InputConnection
03-14 18:31:39.461 11874 11874 W OnBackInvokedCallback: OnBackInvokedCallback is not enabled for the application.
03-14 18:31:39.461 11874 11874 W OnBackInvokedCallback: Set 'android:enableOnBackInvokedCallback="true"' in the application manifest.
03-14 18:31:49.644 11874 11874 E OplusBracketLog: [OplusViewMirrorManager] updateHostViewRootIfNeeded, not support android.view.ViewRootImpl@3213b92
03-14 18:31:49.672 11874 11874 E IPCThreadState: attemptIncStrongHandle(182): Not supported
03-14 18:31:49.692 11874 12169 W Parcel : Expecting binder but got null!
03-14 18:31:50.948 11874 11874 E OplusBracketLog: [OplusViewMirrorManager] updateHostViewRootIfNeeded, not support android.view.ViewRootImpl@d956620
03-14 18:31:50.963 11874 11874 E IPCThreadState: attemptIncStrongHandle(194): Not supported
03-14 18:31:50.977 11874 12169 W Parcel : Expecting binder but got null!
03-14 18:31:50.979 11874 11874 W OnBackInvokedCallback: OnBackInvokedCallback is not enabled for the application.
03-14 18:31:50.979 11874 11874 W OnBackInvokedCallback: Set 'android:enableOnBackInvokedCallback="true"' in the application manifest.
03-14 18:31:53.459 11874 11874 W OnBackInvokedCallback: OnBackInvokedCallback is not enabled for the application.
03-14 18:31:53.459 11874 11874 W OnBackInvokedCallback: Set 'android:enableOnBackInvokedCallback="true"' in the application manifest.
03-14 18:31:55.092 11874 11874 E OplusBracketLog: [OplusViewMirrorManager] updateHostViewRootIfNeeded, not support android.view.ViewRootImpl@f165398
03-14 18:31:55.107 11874 11874 E IPCThreadState: attemptIncStrongHandle(197): Not supported
03-14 18:31:55.122 11874 12169 W Parcel : Expecting binder but got null!
03-14 18:31:56.358 11874 11874 E OplusBracketLog: [OplusViewMirrorManager] updateHostViewRootIfNeeded, not support android.view.ViewRootImpl@97ca241
03-14 18:31:56.384 11874 11874 E IPCThreadState: attemptIncStrongHandle(198): Not supported
03-14 18:31:56.396 11874 12169 W Parcel : Expecting binder but got null!
03-14 18:31:56.399 11874 11874 W OnBackInvokedCallback: OnBackInvokedCallback is not enabled for the application.
03-14 18:31:56.399 11874 11874 W OnBackInvokedCallback: Set 'android:enableOnBackInvokedCallback="true"' in the application manifest.
03-14 18:32:00.873 11874 11874 W OnBackInvokedCallback: OnBackInvokedCallback is not enabled for the application.
03-14 18:32:00.873 11874 11874 W OnBackInvokedCallback: Set 'android:enableOnBackInvokedCallback="true"' in the application manifest.
03-14 18:32:01.780 11874 11874 E OplusBracketLog: [OplusViewMirrorManager] updateHostViewRootIfNeeded, not support android.view.ViewRootImpl@9b89433
03-14 18:32:01.792 11874 11874 E IPCThreadState: attemptIncStrongHandle(201): Not supported
03-14 18:32:01.803 11874 12169 W Parcel : Expecting binder but got null!
03-14 18:32:01.804 11874 11874 E OplusBracketLog: [OplusViewMirrorManager] updateHostViewRootIfNeeded, not support android.view.ViewRootImpl@20e02c6
03-14 18:32:01.851 11874 12169 W Parcel : Expecting binder but got null!
03-14 18:32:02.582 11874 11874 E OplusBracketLog: [OplusViewMirrorManager] updateHostViewRootIfNeeded, not support android.view.ViewRootImpl@a3c7bcf
03-14 18:32:02.595 11874 11874 E IPCThreadState: attemptIncStrongHandle(65): Not supported
03-14 18:32:02.596 11874 11874 E IPCThreadState: attemptIncStrongHandle(172): Not supported
03-14 18:32:02.612 11874 12169 W Parcel : Expecting binder but got null!
03-14 18:32:02.650 11874 11874 W RemoteInputConnectionImpl: requestCursorAnchorInfo on inactive InputConnection
03-14 18:32:02.672 11874 11874 E ImeBackDispatcher: Ime callback not found. Ignoring unregisterReceivedCallback. callbackId: 34789536
03-14 18:32:02.721 11874 11874 W OnBackInvokedCallback: OnBackInvokedCallback is not enabled for the application.
03-14 18:32:02.721 11874 11874 W OnBackInvokedCallback: Set 'android:enableOnBackInvokedCallback="true"' in the application manifest.
03-14 18:32:12.281 11874 11874 W OnBackInvokedCallback: OnBackInvokedCallback is not enabled for the application.
03-14 18:32:12.281 11874 11874 W OnBackInvokedCallback: Set 'android:enableOnBackInvokedCallback="true"' in the application manifest.
03-14 18:32:42.137 11874 11874 W RemoteInputConnectionImpl: requestCursorAnchorInfo on inactive InputConnection
03-14 18:32:42.143 11874 11874 E ImeBackDispatcher: Ime callback not found. Ignoring unregisterReceivedCallback. callbackId: 34789536
03-14 18:32:44.053 11874 11874 E IPCThreadState: attemptIncStrongHandle(109): Not supported
03-14 18:32:44.054 11874 11874 E IPCThreadState: attemptIncStrongHandle(69): Not supported
03-14 18:32:44.324 11874 11874 W OnBackInvokedCallback: OnBackInvokedCallback is not enabled for the application.
03-14 18:32:44.324 11874 11874 W OnBackInvokedCallback: Set 'android:enableOnBackInvokedCallback="true"' in the application manifest.
03-14 18:32:54.870 11874 11874 E OplusBracketLog: [OplusViewMirrorManager] updateHostViewRootIfNeeded, not support android.view.ViewRootImpl@7f3c58b
03-14 18:32:54.907 11874 12169 W Parcel : Expecting binder but got null!
03-14 18:32:55.846 11874 11874 W OnBackInvokedCallback: OnBackInvokedCallback is not enabled for the application.
03-14 18:32:55.846 11874 11874 W OnBackInvokedCallback: Set 'android:enableOnBackInvokedCallback="true"' in the application manifest.
