03-14 19:10:02.451 3111 3111 E ArmVmp : Match on catch block at 0xc3 in for 0x141
03-14 19:10:02.498 3111 3111 E ArmVmp : Match on catch block at 0xc3 in for 0x149
03-14 19:10:02.507 3111 3111 E ArmVmp : Match on catch block at 0xc3 in for 0x145
03-14 19:10:02.526 3111 3111 E ArmVmp : Match on catch block at 0xc3 in for 0x145
03-14 19:10:02.534 3111 3111 E ArmVmp : Match on catch block at 0xc3 in for 0x141
03-14 19:10:02.548 3111 3111 E ArmVmp : Match on catch block at 0xc3 in for 0x149
03-14 19:10:02.552 3111 3111 E ArmVmp : Match on catch block at 0xc3 in for 0x145
03-14 19:10:02.565 3111 3111 E ArmVmp : Match on catch block at 0xc3 in for 0x14d
03-14 19:10:02.572 3111 3111 E ArmVmp : Match on catch block at 0xc3 in for 0x149
03-14 19:10:02.585 3111 3111 E ArmVmp : Match on catch block at 0xc3 in for 0x151
03-14 19:10:02.592 3111 3111 E ArmVmp : Match on catch block at 0xc3 in for 0x14d
03-14 19:10:02.857 3111 3111 E ArmVmp : Match on catch block at 0xc3 in for 0x141
03-14 19:10:02.860 3111 3111 E ArmVmp : Match on catch block at 0xc3 in for 0x159
03-14 19:10:02.877 3111 3111 E ArmVmp : Match on catch block at 0xc3 in for 0x14d
03-14 19:10:02.880 3111 3111 E ArmVmp : Match on catch block at 0xc3 in for 0x149
03-14 19:10:02.900 3111 3111 E ArmVmp : Match on catch block at 0xc3 in for 0x149
03-14 19:10:02.906 3111 3111 E ArmVmp : Match on catch block at 0xc3 in for 0x145
03-14 19:10:02.968 3111 3111 E ArmVmp : Match on catch block at 0xc3 in for 0x141
03-14 19:10:02.972 3111 3111 E ArmVmp : Match on catch block at 0xc3 in for 0x159
03-14 19:10:03.003 3111 3111 E ArmVmp : Match on catch block at 0xc3 in for 0x151
03-14 19:10:03.008 3111 3111 E ArmVmp : Match on catch block at 0xc3 in for 0x14d
03-14 19:10:03.063 3111 3111 E ArmVmp : Match on catch block at 0xc3 in for 0x14d
03-14 19:10:03.067 3111 3111 E ArmVmp : Match on catch block at 0xc3 in for 0x149
03-14 19:10:03.091 3111 3111 E ArmVmp : Match on catch block at 0xc3 in for 0x155
03-14 19:10:03.096 3111 3111 E ArmVmp : Match on catch block at 0xc3 in for 0x151
03-14 19:10:03.123 3111 3111 E ArmVmp : Match on catch block at 0xc3 in for 0x151
03-14 19:10:03.126 3111 3111 E ArmVmp : Match on catch block at 0xc3 in for 0x14d
03-14 19:10:03.143 3111 3111 E ArmVmp : Match on catch block at 0xc3 in for 0x14d
03-14 19:10:03.148 3111 3111 E ArmVmp : Match on catch block at 0xc3 in for 0x149
03-14 19:10:03.374 3111 3111 E ArmVmp : Match on catch block at 0xc3 in for 0x145
03-14 19:10:03.377 3111 3111 E ArmVmp : Match on catch block at 0xc3 in for 0x141
03-14 19:10:03.727 3111 3111 E ArmVmp : Match on catch block at 0xc3 in for 0x14d
03-14 19:10:03.730 3111 3111 E ArmVmp : Match on catch block at 0xc3 in for 0x149
03-14 19:10:03.747 3111 3438 W MediaPlayer: Use of stream types is deprecated for operations other than volume control
03-14 19:10:03.747 3111 3438 W MediaPlayer: See the documentation of setAudioStreamType() for what to use instead with android.media.AudioAttributes to qualify your playback use case
03-14 19:10:03.801 3111 3111 E ArmVmp : Match on catch block at 0xc3 in for 0x145
03-14 19:10:03.804 3111 3111 E ArmVmp : Match on catch block at 0xc3 in for 0x141
03-14 19:10:03.814 3111 3111 E ArmVmp : Match on catch block at 0xc3 in for 0x141
03-14 19:10:03.816 3111 3111 E ArmVmp : Match on catch block at 0xc3 in for 0x159
03-14 19:10:03.831 3111 3111 E ArmVmp : Match on catch block at 0xc3 in for 0x159
03-14 19:10:03.833 3111 3111 E ArmVmp : Match on catch block at 0xc3 in for 0x155
03-14 19:10:03.839 3111 3111 E ArmVmp : Match on catch block at 0xc3 in for 0x141
03-14 19:10:03.841 3111 3111 E ArmVmp : Match on catch block at 0xc3 in for 0x159
03-14 19:10:03.855 3111 3111 E ArmVmp : Match on catch block at 0xc3 in for 0x145
03-14 19:10:03.858 3111 3111 E ArmVmp : Match on catch block at 0xc3 in for 0x141
03-14 19:10:03.872 3111 3111 E ArmVmp : Match on catch block at 0xc3 in for 0x149
03-14 19:10:03.875 3111 3111 E ArmVmp : Match on catch block at 0xc3 in for 0x145
03-14 19:10:03.889 3111 3111 E ArmVmp : Match on catch block at 0xc3 in for 0x14d
03-14 19:10:03.893 3111 3111 E ArmVmp : Match on catch block at 0xc3 in for 0x149
03-14 19:10:04.392 3111 3111 E ArmVmp : Match on catch block at 0xc3 in for 0x14d
03-14 19:10:04.399 3111 3111 E ArmVmp : Match on catch block at 0xc3 in for 0x149
03-14 19:10:04.886 3111 3111 E ArmVmp : Match on catch block at 0xc3 in for 0x151
03-14 19:10:04.890 3111 3111 E ArmVmp : Match on catch block at 0xc3 in for 0x14d
03-14 19:10:05.385 3111 3111 E ArmVmp : Match on catch block at 0xc3 in for 0x155
03-14 19:10:05.389 3111 3111 E ArmVmp : Match on catch block at 0xc3 in for 0x151
03-14 19:10:05.888 3111 3111 E ArmVmp : Match on catch block at 0xc3 in for 0x159
03-14 19:10:05.895 3111 3111 E ArmVmp : Match on catch block at 0xc3 in for 0x155
03-14 19:10:06.383 3111 3111 E ArmVmp : Match on catch block at 0xc3 in for 0x141
03-14 19:10:06.387 3111 3111 E ArmVmp : Match on catch block at 0xc3 in for 0x159
03-14 19:10:06.883 3111 3111 E ArmVmp : Match on catch block at 0xc3 in for 0x145
03-14 19:10:06.886 3111 3111 E ArmVmp : Match on catch block at 0xc3 in for 0x141
03-14 19:10:07.381 3111 3111 E ArmVmp : Match on catch block at 0xc3 in for 0x149
03-14 19:10:07.384 3111 3111 E ArmVmp : Match on catch block at 0xc3 in for 0x145
03-14 19:10:07.898 3111 3111 E ArmVmp : Match on catch block at 0xc3 in for 0x14d
03-14 19:10:07.901 3111 3111 E ArmVmp : Match on catch block at 0xc3 in for 0x149
03-14 19:10:08.396 3111 3111 E ArmVmp : Match on catch block at 0xc3 in for 0x151
03-14 19:10:08.401 3111 3111 E ArmVmp : Match on catch block at 0xc3 in for 0x14d
03-14 19:10:08.895 3111 3111 E ArmVmp : Match on catch block at 0xc3 in for 0x155
03-14 19:10:08.899 3111 3111 E ArmVmp : Match on catch block at 0xc3 in for 0x151
03-14 19:10:09.395 3111 3111 E ArmVmp : Match on catch block at 0xc3 in for 0x159
03-14 19:10:09.400 3111 3111 E ArmVmp : Match on catch block at 0xc3 in for 0x155
03-14 19:10:09.893 3111 3111 E ArmVmp : Match on catch block at 0xc3 in for 0x141
03-14 19:10:09.899 3111 3111 E ArmVmp : Match on catch block at 0xc3 in for 0x159
03-14 19:10:10.392 3111 3111 E ArmVmp : Match on catch block at 0xc3 in for 0x145
03-14 19:10:10.398 3111 3111 E ArmVmp : Match on catch block at 0xc3 in for 0x141
03-14 19:10:10.893 3111 3111 E ArmVmp : Match on catch block at 0xc3 in for 0x149
03-14 19:10:10.900 3111 3111 E ArmVmp : Match on catch block at 0xc3 in for 0x145
03-14 19:10:11.389 3111 3111 E ArmVmp : Match on catch block at 0xc3 in for 0x14d
03-14 19:10:11.395 3111 3111 E ArmVmp : Match on catch block at 0xc3 in for 0x149
03-14 19:10:11.512 3111 3111 E ArmVmp : Match on catch block at 0xc3 in for 0x151
03-14 19:10:11.515 3111 3111 E ArmVmp : Match on catch block at 0xc3 in for 0x14d
03-14 19:10:11.524 3111 3111 E ArmVmp : Match on catch block at 0xc3 in for 0x14d
03-14 19:10:11.529 3111 3111 E ArmVmp : Match on catch block at 0xc3 in for 0x149
03-14 19:10:11.539 3111 3111 E ArmVmp : Match on catch block at 0xc3 in for 0x151
03-14 19:10:11.543 3111 3111 E ArmVmp : Match on catch block at 0xc3 in for 0x14d
03-14 19:10:11.556 3111 3111 E ArmVmp : Match on catch block at 0xc3 in for 0x155
03-14 19:10:11.561 3111 3111 E ArmVmp : Match on catch block at 0xc3 in for 0x151
03-14 19:10:11.572 3111 3111 E ArmVmp : Match on catch block at 0xc3 in for 0x159
03-14 19:10:11.577 3111 3111 E ArmVmp : Match on catch block at 0xc3 in for 0x155
03-14 19:10:11.589 3111 3111 E ArmVmp : Match on catch block at 0xc3 in for 0x141
03-14 19:10:11.595 3111 3111 E ArmVmp : Match on catch block at 0xc3 in for 0x159
03-14 19:10:11.606 3111 3111 E ArmVmp : Match on catch block at 0xc3 in for 0x145
03-14 19:10:11.609 3111 3111 E ArmVmp : Match on catch block at 0xc3 in for 0x141
03-14 19:10:11.621 3111 3111 E ArmVmp : Match on catch block at 0xc3 in for 0x149
03-14 19:10:11.625 3111 3111 E ArmVmp : Match on catch block at 0xc3 in for 0x145
03-14 19:10:11.638 3111 3111 E ArmVmp : Match on catch block at 0xc3 in for 0x14d
03-14 19:10:11.641 3111 3111 E ArmVmp : Match on catch block at 0xc3 in for 0x149
03-14 19:10:11.654 3111 3111 E ArmVmp : Match on catch block at 0xc3 in for 0x151
03-14 19:10:11.658 3111 3111 E ArmVmp : Match on catch block at 0xc3 in for 0x14d
03-14 19:10:11.671 3111 3111 E ArmVmp : Match on catch block at 0xc3 in for 0x155
03-14 19:10:11.674 3111 3111 E ArmVmp : Match on catch block at 0xc3 in for 0x151
03-14 19:10:11.688 3111 3111 E ArmVmp : Match on catch block at 0xc3 in for 0x159
03-14 19:10:11.692 3111 3111 E ArmVmp : Match on catch block at 0xc3 in for 0x155
03-14 19:10:11.705 3111 3111 E ArmVmp : Match on catch block at 0xc3 in for 0x141
03-14 19:10:11.708 3111 3111 E ArmVmp : Match on catch block at 0xc3 in for 0x159
03-14 19:10:11.721 3111 3111 E ArmVmp : Match on catch block at 0xc3 in for 0x145
03-14 19:10:11.725 3111 3111 E ArmVmp : Match on catch block at 0xc3 in for 0x141
03-14 19:10:11.737 3111 3111 E ArmVmp : Match on catch block at 0xc3 in for 0x149
03-14 19:10:11.740 3111 3111 E ArmVmp : Match on catch block at 0xc3 in for 0x145
03-14 19:10:11.754 3111 3111 E ArmVmp : Match on catch block at 0xc3 in for 0x14d
03-14 19:10:11.758 3111 3111 E ArmVmp : Match on catch block at 0xc3 in for 0x149
03-14 19:10:11.771 3111 3111 E ArmVmp : Match on catch block at 0xc3 in for 0x151
03-14 19:10:11.774 3111 3111 E ArmVmp : Match on catch block at 0xc3 in for 0x14d
03-14 19:10:11.787 3111 3111 E ArmVmp : Match on catch block at 0xc3 in for 0x155
03-14 19:10:11.791 3111 3111 E ArmVmp : Match on catch block at 0xc3 in for 0x151
03-14 19:10:11.804 3111 3111 E ArmVmp : Match on catch block at 0xc3 in for 0x159
03-14 19:10:11.808 3111 3111 E ArmVmp : Match on catch block at 0xc3 in for 0x155
03-14 19:10:11.822 3111 3111 E ArmVmp : Match on catch block at 0xc3 in for 0x141
03-14 19:10:11.824 3111 3111 E ArmVmp : Match on catch block at 0xc3 in for 0x159
03-14 19:10:11.837 3111 3111 E ArmVmp : Match on catch block at 0xc3 in for 0x145
03-14 19:10:11.841 3111 3111 E ArmVmp : Match on catch block at 0xc3 in for 0x141
03-14 19:10:11.854 3111 3111 E ArmVmp : Match on catch block at 0xc3 in for 0x149
03-14 19:10:11.858 3111 3111 E ArmVmp : Match on catch block at 0xc3 in for 0x145
03-14 19:10:11.870 3111 3111 E ArmVmp : Match on catch block at 0xc3 in for 0x151
03-14 19:10:11.874 3111 3111 E ArmVmp : Match on catch block at 0xc3 in for 0x14d
03-14 19:10:11.887 3111 3111 E ArmVmp : Match on catch block at 0xc3 in for 0x155
03-14 19:10:11.890 3111 3111 E ArmVmp : Match on catch block at 0xc3 in for 0x151
03-14 19:10:11.904 3111 3111 E ArmVmp : Match on catch block at 0xc3 in for 0x159
03-14 19:10:11.907 3111 3111 E ArmVmp : Match on catch block at 0xc3 in for 0x155
03-14 19:10:11.921 3111 3111 E ArmVmp : Match on catch block at 0xc3 in for 0x141
03-14 19:10:11.924 3111 3111 E ArmVmp : Match on catch block at 0xc3 in for 0x159
03-14 19:10:11.937 3111 3111 E ArmVmp : Match on catch block at 0xc3 in for 0x145
03-14 19:10:11.941 3111 3111 E ArmVmp : Match on catch block at 0xc3 in for 0x141
03-14 19:10:11.954 3111 3111 E ArmVmp : Match on catch block at 0xc3 in for 0x149
03-14 19:10:11.958 3111 3111 E ArmVmp : Match on catch block at 0xc3 in for 0x145
03-14 19:10:11.970 3111 3111 E ArmVmp : Match on catch block at 0xc3 in for 0x151
03-14 19:10:11.974 3111 3111 E ArmVmp : Match on catch block at 0xc3 in for 0x14d
03-14 19:10:11.994 3111 3111 E ArmVmp : Match on catch block at 0xc3 in for 0x145
03-14 19:10:11.997 3111 3111 E ArmVmp : Match on catch block at 0xc3 in for 0x141
03-14 19:10:12.009 3111 3111 E ArmVmp : Match on catch block at 0xc3 in for 0x141
03-14 19:10:12.013 3111 3111 E ArmVmp : Match on catch block at 0xc3 in for 0x159
03-14 19:10:12.020 3111 3111 E ArmVmp : Match on catch block at 0xc3 in for 0x145
03-14 19:10:12.024 3111 3111 E ArmVmp : Match on catch block at 0xc3 in for 0x141
03-14 19:10:12.037 3111 3111 E ArmVmp : Match on catch block at 0xc3 in for 0x149
03-14 19:10:12.041 3111 3111 E ArmVmp : Match on catch block at 0xc3 in for 0x145
03-14 19:10:12.054 3111 3111 E ArmVmp : Match on catch block at 0xc3 in for 0x14d
03-14 19:10:12.057 3111 3111 E ArmVmp : Match on catch block at 0xc3 in for 0x149
03-14 19:10:12.070 3111 3111 E ArmVmp : Match on catch block at 0xc3 in for 0x151
03-14 19:10:12.073 3111 3111 E ArmVmp : Match on catch block at 0xc3 in for 0x14d
03-14 19:10:12.088 3111 3111 E ArmVmp : Match on catch block at 0xc3 in for 0x151
03-14 19:10:12.091 3111 3111 E ArmVmp : Match on catch block at 0xc3 in for 0x14d
03-14 19:10:12.103 3111 3111 E ArmVmp : Match on catch block at 0xc3 in for 0x155
03-14 19:10:12.105 3111 3111 E ArmVmp : Match on catch block at 0xc3 in for 0x151
03-14 19:10:12.120 3111 3111 E ArmVmp : Match on catch block at 0xc3 in for 0x159
03-14 19:10:12.122 3111 3111 E ArmVmp : Match on catch block at 0xc3 in for 0x155
03-14 19:10:12.136 3111 3111 E ArmVmp : Match on catch block at 0xc3 in for 0x141
03-14 19:10:12.139 3111 3111 E ArmVmp : Match on catch block at 0xc3 in for 0x159
03-14 19:10:12.153 3111 3111 E ArmVmp : Match on catch block at 0xc3 in for 0x145
03-14 19:10:12.156 3111 3111 E ArmVmp : Match on catch block at 0xc3 in for 0x141
03-14 19:10:12.174 3111 3111 E ArmVmp : Match on catch block at 0xc3 in for 0x141
03-14 19:10:12.178 3111 3111 E ArmVmp : Match on catch block at 0xc3 in for 0x159
03-14 19:10:12.229 3111 3111 E ArmVmp : Match on catch block at 0xc3 in for 0x145
03-14 19:10:12.232 3111 3111 E ArmVmp : Match on catch block at 0xc3 in for 0x141
03-14 19:10:12.266 3111 3111 W ResourceType: Bad XML block: header size 18254 or total size 169478669 is larger than data size 650
03-14 19:10:12.293 3111 3111 E IPCThreadState: attemptIncStrongHandle(128): Not supported
03-14 19:10:12.293 3111 3111 E IPCThreadState: attemptIncStrongHandle(70): Not supported
03-14 19:10:12.312 3111 3111 E ArmVmp : Match on catch block at 0xc3 in for 0x141
03-14 19:10:12.314 3111 3111 E ArmVmp : Match on catch block at 0xc3 in for 0x159
03-14 19:10:12.327 3111 3111 E ArmVmp : Match on catch block at 0xc3 in for 0x145
03-14 19:10:12.329 3111 3111 E ArmVmp : Match on catch block at 0xc3 in for 0x141
03-14 19:10:12.341 3111 3111 E ArmVmp : Match on catch block at 0xc3 in for 0x149
03-14 19:10:12.344 3111 3111 E ArmVmp : Match on catch block at 0xc3 in for 0x145
03-14 19:10:12.355 3111 3111 E ArmVmp : Match on catch block at 0xc3 in for 0x14d
03-14 19:10:12.358 3111 3111 E ArmVmp : Match on catch block at 0xc3 in for 0x149
03-14 19:10:12.368 3111 3111 E ArmVmp : Match on catch block at 0xc3 in for 0x151
03-14 19:10:12.373 3111 3111 E ArmVmp : Match on catch block at 0xc3 in for 0x14d
03-14 19:10:12.388 3111 3111 E ArmVmp : Match on catch block at 0xc3 in for 0x155
03-14 19:10:12.391 3111 3111 E ArmVmp : Match on catch block at 0xc3 in for 0x151
03-14 19:10:12.402 3111 3111 E ArmVmp : Match on catch block at 0xc3 in for 0x159
03-14 19:10:12.406 3111 3111 E ArmVmp : Match on catch block at 0xc3 in for 0x155
03-14 19:10:12.890 3111 3111 E ArmVmp : Match on catch block at 0xc3 in for 0x145
03-14 19:10:12.902 3111 3111 E ArmVmp : Match on catch block at 0xc3 in for 0x141
03-14 19:10:14.120 3111 3111 E ArmVmp : Match on catch block at 0x0a in for 0x195
03-14 19:10:14.126 3111 3111 E ArmVmp : Match on catch block at 0x0a in for 0x18d
03-14 19:10:14.252 3111 3111 E OplusBracketLog: [OplusViewMirrorManager] updateHostViewRootIfNeeded, not support android.view.ViewRootImpl@7b14bf
03-14 19:10:14.287 3111 3111 E IPCThreadState: attemptIncStrongHandle(111): Not supported
03-14 19:10:14.332 3111 3377 W Parcel : Expecting binder but got null!
03-14 19:10:14.332 3111 3111 E OplusBracketLog: [OplusViewMirrorManager] updateHostViewRootIfNeeded, not support android.view.ViewRootImpl@9c19942
03-14 19:10:14.386 3111 3111 E ArmVmp : Match on catch block at 0xc3 in for 0x169
03-14 19:10:14.389 3111 3111 E ArmVmp : Match on catch block at 0xc3 in for 0x161
03-14 19:10:14.404 3111 3377 W Parcel : Expecting binder but got null!
03-14 19:10:14.426 3111 3111 E ArmVmp : Match on catch block at 0xc3 in for 0x149
03-14 19:10:14.429 3111 3111 E ArmVmp : Match on catch block at 0xc3 in for 0x145
03-14 19:10:14.464 3111 3111 E ArmVmp : Match on catch block at 0xc3 in for 0x159
03-14 19:10:14.466 3111 3111 E ArmVmp : Match on catch block at 0xc3 in for 0x155
03-14 19:10:14.490 3111 3111 E ArmVmp : Match on catch block at 0xc3 in for 0x149
03-14 19:10:14.494 3111 3111 E ArmVmp : Match on catch block at 0xc3 in for 0x145
03-14 19:10:14.514 3111 3111 E ArmVmp : Match on catch block at 0xc3 in for 0x14d
03-14 19:10:14.517 3111 3111 E ArmVmp : Match on catch block at 0xc3 in for 0x149
03-14 19:10:14.525 3111 3111 E ArmVmp : Match on catch block at 0xc3 in for 0x151
03-14 19:10:14.528 3111 3111 E ArmVmp : Match on catch block at 0xc3 in for 0x14d
03-14 19:10:14.537 3111 3111 E ArmVmp : Match on catch block at 0xc3 in for 0x155
03-14 19:10:14.541 3111 3111 E ArmVmp : Match on catch block at 0xc3 in for 0x151
03-14 19:10:14.546 3111 3111 E ArmVmp : Match on catch block at 0xc3 in for 0x159
03-14 19:10:14.549 3111 3111 E ArmVmp : Match on catch block at 0xc3 in for 0x155
03-14 19:10:14.565 3111 3111 E ArmVmp : Match on catch block at 0xc3 in for 0x141
03-14 19:10:14.568 3111 3111 E ArmVmp : Match on catch block at 0xc3 in for 0x159
03-14 19:10:14.848 3111 3111 E ArmVmp : Match on catch block at 0xc3 in for 0x14d
03-14 19:10:14.853 3111 3111 E ArmVmp : Match on catch block at 0xc3 in for 0x149
03-14 19:10:15.352 3111 3111 E ArmVmp : Match on catch block at 0xc3 in for 0x159
03-14 19:10:15.361 3111 3111 E ArmVmp : Match on catch block at 0xc3 in for 0x155
03-14 19:10:15.844 3111 3111 E ArmVmp : Match on catch block at 0xc3 in for 0x141
03-14 19:10:15.847 3111 3111 E ArmVmp : Match on catch block at 0xc3 in for 0x159
03-14 19:10:16.321 3111 3111 E ArmVmp : Match on catch block at 0xc3 in for 0x159
03-14 19:10:16.329 3111 3111 E ArmVmp : Match on catch block at 0xc3 in for 0x155
03-14 19:10:16.346 3111 3111 E ArmVmp : Match on catch block at 0xc3 in for 0x141
03-14 19:10:16.349 3111 3111 E ArmVmp : Match on catch block at 0xc3 in for 0x159
03-14 19:10:16.360 3111 3111 E ArmVmp : Match on catch block at 0xc3 in for 0x145
03-14 19:10:16.368 3111 3111 E ArmVmp : Match on catch block at 0xc3 in for 0x141
03-14 19:10:16.378 3111 3111 E ArmVmp : Match on catch block at 0xc3 in for 0x149
03-14 19:10:16.383 3111 3111 E ArmVmp : Match on catch block at 0xc3 in for 0x145
03-14 19:10:16.394 3111 3111 E ArmVmp : Match on catch block at 0xc3 in for 0x14d
03-14 19:10:16.400 3111 3111 E ArmVmp : Match on catch block at 0xc3 in for 0x149
03-14 19:10:16.411 3111 3111 E ArmVmp : Match on catch block at 0xc3 in for 0x151
03-14 19:10:16.417 3111 3111 E ArmVmp : Match on catch block at 0xc3 in for 0x14d
03-14 19:10:16.431 3111 3111 E ArmVmp : Match on catch block at 0xc3 in for 0x155
03-14 19:10:16.437 3111 3111 E ArmVmp : Match on catch block at 0xc3 in for 0x151
03-14 19:10:16.810 3111 3111 E ArmVmp : Match on catch block at 0xc3 in for 0x141
03-14 19:10:16.814 3111 3111 E ArmVmp : Match on catch block at 0xc3 in for 0x159
03-14 19:10:17.207 3111 3111 E ArmVmp : Match on catch block at 0xc3 in for 0x141
03-14 19:10:17.209 3111 3111 E ArmVmp : Match on catch block at 0xc3 in for 0x159
03-14 19:10:17.325 3111 3111 E OplusBracketLog: [OplusViewMirrorManager] updateHostViewRootIfNeeded, not support android.view.ViewRootImpl@b5d7988
03-14 19:10:17.344 3111 3111 E IPCThreadState: attemptIncStrongHandle(136): Not supported
03-14 19:10:17.344 3111 3111 E IPCThreadState: attemptIncStrongHandle(129): Not supported
03-14 19:10:17.361 3111 3377 W Parcel : Expecting binder but got null!
03-14 19:10:17.363 3111 3111 E ArmVmp : Match on catch block at 0xc3 in for 0x155
03-14 19:10:17.366 3111 3111 E ArmVmp : Match on catch block at 0xc3 in for 0x151
03-14 19:10:17.379 3111 3111 E ArmVmp : Match on catch block at 0xc3 in for 0x149
03-14 19:10:17.382 3111 3111 E ArmVmp : Match on catch block at 0xc3 in for 0x145
03-14 19:10:17.390 3111 3111 E ArmVmp : Match on catch block at 0xc3 in for 0x151
03-14 19:10:17.394 3111 3111 E ArmVmp : Match on catch block at 0xc3 in for 0x14d
03-14 19:10:17.409 3111 3111 E ArmVmp : Match on catch block at 0xc3 in for 0x155
03-14 19:10:17.413 3111 3111 E ArmVmp : Match on catch block at 0xc3 in for 0x151
03-14 19:10:17.424 3111 3111 E ArmVmp : Match on catch block at 0xc3 in for 0x159
03-14 19:10:17.427 3111 3111 E ArmVmp : Match on catch block at 0xc3 in for 0x155
03-14 19:10:17.440 3111 3111 E ArmVmp : Match on catch block at 0xc3 in for 0x141
03-14 19:10:17.443 3111 3111 E ArmVmp : Match on catch block at 0xc3 in for 0x159
03-14 19:10:17.456 3111 3111 E ArmVmp : Match on catch block at 0xc3 in for 0x145
03-14 19:10:17.459 3111 3111 E ArmVmp : Match on catch block at 0xc3 in for 0x141
03-14 19:10:17.473 3111 3111 E ArmVmp : Match on catch block at 0xc3 in for 0x149
03-14 19:10:17.477 3111 3111 E ArmVmp : Match on catch block at 0xc3 in for 0x145
03-14 19:10:17.819 3111 3111 E ArmVmp : Match on catch block at 0xc3 in for 0x159
03-14 19:10:17.823 3111 3111 E ArmVmp : Match on catch block at 0xc3 in for 0x155
03-14 19:10:18.536 3111 3111 E ArmVmp : Match on catch block at 0x0a in for 0x181
03-14 19:10:18.539 3111 3111 E ArmVmp : Match on catch block at 0x0a in for 0x195
03-14 19:10:18.591 3111 3111 E IPCThreadState: attemptIncStrongHandle(111): Not supported
03-14 19:10:18.599 3111 3111 E ArmVmp : Match on catch block at 0xc3 in for 0x14d
03-14 19:10:18.601 3111 3111 E ArmVmp : Match on catch block at 0xc3 in for 0x149
03-14 19:10:18.630 3111 3111 E ArmVmp : Match on catch block at 0xc3 in for 0x14d
03-14 19:10:18.633 3111 3111 E ArmVmp : Match on catch block at 0xc3 in for 0x149
03-14 19:10:18.675 3111 3111 E ArmVmp : Match on catch block at 0xc3 in for 0x149
03-14 19:10:18.677 3111 3111 E ArmVmp : Match on catch block at 0xc3 in for 0x145
03-14 19:10:18.688 3111 3111 E ArmVmp : Match on catch block at 0xc3 in for 0x14d
03-14 19:10:18.691 3111 3111 E ArmVmp : Match on catch block at 0xc3 in for 0x149
03-14 19:10:18.705 3111 3111 E ArmVmp : Match on catch block at 0xc3 in for 0x151
03-14 19:10:18.708 3111 3111 E ArmVmp : Match on catch block at 0xc3 in for 0x14d
03-14 19:10:18.722 3111 3111 E ArmVmp : Match on catch block at 0xc3 in for 0x155
03-14 19:10:18.725 3111 3111 E ArmVmp : Match on catch block at 0xc3 in for 0x151
03-14 19:10:18.738 3111 3111 E ArmVmp : Match on catch block at 0xc3 in for 0x159
03-14 19:10:18.741 3111 3111 E ArmVmp : Match on catch block at 0xc3 in for 0x155
03-14 19:10:18.754 3111 3111 E ArmVmp : Match on catch block at 0xc3 in for 0x141
03-14 19:10:18.757 3111 3111 E ArmVmp : Match on catch block at 0xc3 in for 0x159
03-14 19:10:18.770 3111 3111 E ArmVmp : Match on catch block at 0xc3 in for 0x145
03-14 19:10:18.773 3111 3111 E ArmVmp : Match on catch block at 0xc3 in for 0x141
03-14 19:10:19.121 3111 3111 E ArmVmp : Match on catch block at 0xc3 in for 0x159
03-14 19:10:19.124 3111 3111 E ArmVmp : Match on catch block at 0xc3 in for 0x155
03-14 19:10:19.169 3111 3111 E ArmVmp : Match on catch block at 0xc3 in for 0x155
03-14 19:10:19.172 3111 3111 E ArmVmp : Match on catch block at 0xc3 in for 0x151
03-14 19:10:19.219 3111 3111 E ArmVmp : Match on catch block at 0xc3 in for 0x14d
03-14 19:10:19.222 3111 3111 E ArmVmp : Match on catch block at 0xc3 in for 0x149
03-14 19:10:19.264 3111 3111 E IPCThreadState: attemptIncStrongHandle(140): Not supported
03-14 19:10:19.286 3111 3111 E ArmVmp : Match on catch block at 0xc3 in for 0x159
03-14 19:10:19.289 3111 3111 E ArmVmp : Match on catch block at 0xc3 in for 0x155
03-14 19:10:19.302 3111 3111 E ArmVmp : Match on catch block at 0xc3 in for 0x141
03-14 19:10:19.304 3111 3111 E ArmVmp : Match on catch block at 0xc3 in for 0x159
03-14 19:10:19.319 3111 3111 E ArmVmp : Match on catch block at 0xc3 in for 0x145
03-14 19:10:19.323 3111 3111 E ArmVmp : Match on catch block at 0xc3 in for 0x141
03-14 19:10:19.336 3111 3111 E ArmVmp : Match on catch block at 0xc3 in for 0x149
03-14 19:10:19.340 3111 3111 E ArmVmp : Match on catch block at 0xc3 in for 0x145
03-14 19:10:19.353 3111 3111 E ArmVmp : Match on catch block at 0xc3 in for 0x14d
03-14 19:10:19.356 3111 3111 E ArmVmp : Match on catch block at 0xc3 in for 0x149
03-14 19:10:19.378 3111 3111 E ArmVmp : Match on catch block at 0xc3 in for 0x151
03-14 19:10:19.384 3111 3111 E ArmVmp : Match on catch block at 0xc3 in for 0x14d
03-14 19:10:19.395 3111 3111 E ArmVmp : Match on catch block at 0xc3 in for 0x155
03-14 19:10:19.400 3111 3111 E ArmVmp : Match on catch block at 0xc3 in for 0x151
03-14 19:10:19.819 3111 3111 E ArmVmp : Match on catch block at 0xc3 in for 0x155
03-14 19:10:19.825 3111 3111 E ArmVmp : Match on catch block at 0xc3 in for 0x151
03-14 19:10:20.522 3111 3111 W ResourceType: Bad XML block: header size 18254 or total size 169478669 is larger than data size 853
03-14 19:10:20.586 3111 3111 E IPCThreadState: attemptIncStrongHandle(70): Not supported
03-14 19:10:20.665 3111 3111 W View : requestLayout() improperly called by com.mbwhatsapp.TextEmojiLabel{bfe369a VFED..C.. ......ID 0,0-768,88 #7f0b06ab app:id/conversation_contact_name viewInfo = } during layout: running second layout pass
03-14 19:10:20.807 3111 3111 W View : requestLayout() improperly called by com.mbwhatsapp.TextEmojiLabel{bfe369a VFED..C.. ......ID 0,0-768,88 #7f0b06ab app:id/conversation_contact_name viewInfo = } during layout: running second layout pass
03-14 19:10:22.776 3111 3111 E OplusBracketLog: [OplusViewMirrorManager] updateHostViewRootIfNeeded, not support android.view.ViewRootImpl@e1d4dfa
03-14 19:10:22.790 3111 3111 E IPCThreadState: attemptIncStrongHandle(71): Not supported
03-14 19:10:22.801 3111 3377 W Parcel : Expecting binder but got null!
03-14 19:10:23.921 3111 3111 W View : requestLayout() improperly called by com.mbwhatsapp.TextEmojiLabel{bfe369a VFED..C.. ......ID 0,0-768,88 #7f0b06ab app:id/conversation_contact_name viewInfo = } during layout: running second layout pass
03-14 19:10:24.967 3111 3111 W View : requestLayout() improperly called by com.mbwhatsapp.TextEmojiLabel{bfe369a VFED..C.. ......ID 0,0-768,88 #7f0b06ab app:id/conversation_contact_name viewInfo = } during layout: running second layout pass
03-14 19:10:25.362 3111 3111 E OplusBracketLog: [OplusViewMirrorManager] updateHostViewRootIfNeeded, not support android.view.ViewRootImpl@975a063
03-14 19:10:25.378 3111 3111 E IPCThreadState: attemptIncStrongHandle(90): Not supported
03-14 19:10:25.390 3111 3377 W Parcel : Expecting binder but got null!
03-14 19:10:26.219 3111 3111 W View : requestLayout() improperly called by com.mbwhatsapp.TextEmojiLabel{bfe369a VFED..C.. ......ID 0,0-768,88 #7f0b06ab app:id/conversation_contact_name viewInfo = } during layout: running second layout pass
03-14 19:10:26.488 3111 3111 W ResourceType: Bad XML block: header size 18254 or total size 169478669 is larger than data size 380
03-14 19:10:26.491 3111 3111 W ResourceType: Bad XML block: header size 18254 or total size 169478669 is larger than data size 633
03-14 19:10:26.499 3111 3111 W ResourceType: Bad XML block: header size 18254 or total size 169478669 is larger than data size 677
03-14 19:10:26.502 3111 3111 W ResourceType: Bad XML block: header size 18254 or total size 169478669 is larger than data size 248
03-14 19:10:26.508 3111 3111 W ResourceType: Bad XML block: header size 18254 or total size 169478669 is larger than data size 571
03-14 19:10:26.514 3111 3111 W ResourceType: Bad XML block: header size 18254 or total size 169478669 is larger than data size 333
03-14 19:10:26.517 3111 3111 W ResourceType: Bad XML block: header size 18254 or total size 169478669 is larger than data size 650
03-14 19:10:26.520 3111 3111 W ResourceType: Bad XML block: header size 18254 or total size 169478669 is larger than data size 1150
03-14 19:10:26.523 3111 3111 W ResourceType: Bad XML block: header size 18254 or total size 169478669 is larger than data size 491
03-14 19:10:26.527 3111 3111 W ResourceType: Bad XML block: header size 18254 or total size 169478669 is larger than data size 1150
03-14 19:10:26.529 3111 3111 W ResourceType: Bad XML block: header size 18254 or total size 169478669 is larger than data size 659
03-14 19:10:26.532 3111 3111 W ResourceType: Bad XML block: header size 18254 or total size 169478669 is larger than data size 593
03-14 19:10:26.540 3111 3111 W ResourceType: Bad XML block: header size 18254 or total size 169478669 is larger than data size 1171
03-14 19:10:26.543 3111 3111 W ResourceType: Bad XML block: header size 18254 or total size 169478669 is larger than data size 510
03-14 19:10:26.556 3111 3111 W ResourceType: Bad XML block: header size 18254 or total size 169478669 is larger than data size 853
03-14 19:10:26.596 3111 3111 W ResourceType: Bad XML block: header size 18254 or total size 169478669 is larger than data size 650
03-14 19:10:26.624 3111 3111 E OplusBracketLog: [OplusViewMirrorManager] updateHostViewRootIfNeeded, not support android.view.ViewRootImpl@270c753
03-14 19:10:26.654 3111 3111 W View : requestLayout() improperly called by android.widget.Space{9e23145 I.ED..... ......I. 36,108-48,120 #7f0b00ba app:id/action_tile_spacing viewInfo = } during layout: running second layout pass
03-14 19:10:26.654 3111 3111 W View : requestLayout() improperly called by android.widget.Space{b0309a I.ED..... ......I. 36,108-48,120 #7f0b00ba app:id/action_tile_spacing viewInfo = } during layout: running second layout pass
03-14 19:10:26.654 3111 3111 W View : requestLayout() improperly called by android.widget.Space{aefcdcb I.ED..... ......I. 36,108-48,120 #7f0b00ba app:id/action_tile_spacing viewInfo = } during layout: running second layout pass
03-14 19:10:26.654 3111 3111 W View : requestLayout() improperly called by android.widget.Space{ed0a9a8 I.ED..... ......I. 36,108-48,120 #7f0b00ba app:id/action_tile_spacing viewInfo = } during layout: running second layout pass
03-14 19:10:26.683 3111 3377 W Parcel : Expecting binder but got null!
03-14 19:10:27.045 3111 3111 W ResourceType: Bad XML block: header size 18254 or total size 169478669 is larger than data size 853
03-14 19:10:27.248 3111 3111 E OplusBracketLog: [OplusViewMirrorManager] updateHostViewRootIfNeeded, not support android.view.ViewRootImpl@86e9210
03-14 19:10:27.262 3111 3111 E IPCThreadState: attemptIncStrongHandle(111): Not supported
03-14 19:10:27.262 3111 3111 E IPCThreadState: attemptIncStrongHandle(128): Not supported
03-14 19:10:27.299 3111 3377 W Parcel : Expecting binder but got null!
03-14 19:10:28.173 3111 3111 E OplusBracketLog: [OplusViewMirrorManager] updateHostViewRootIfNeeded, not support android.view.ViewRootImpl@6d06829
03-14 19:10:28.264 3111 3377 W Parcel : Expecting binder but got null!
03-14 19:10:28.274 3111 3111 W BottomSheetBehavior: BottomSheetBehavior now supports multiple callbacks. `setBottomSheetCallback()` removes all existing callbacks, including ones set internally by library authors, which may result in unintended behavior. This may change in the future. Please use `addBottomSheetCallback()` and `removeBottomSheetCallback()` instead to set your own callbacks.
03-14 19:10:28.446 3111 3111 W OnBackInvokedCallback: OnBackInvokedCallback is not enabled for the application.
03-14 19:10:28.446 3111 3111 W OnBackInvokedCallback: Set 'android:enableOnBackInvokedCallback="true"' in the application manifest.
03-14 19:10:31.011 3111 3111 W TextView: TextView does not support text selection. Selection cancelled.
03-14 19:10:31.436 3111 3111 E OplusBracketLog: [OplusViewMirrorManager] updateHostViewRootIfNeeded, not support android.view.ViewRootImpl@d19e8a4
03-14 19:10:31.472 3111 3111 E IPCThreadState: attemptIncStrongHandle(136): Not supported
03-14 19:10:31.498 3111 3377 W Parcel : Expecting binder but got null!
03-14 19:10:33.815 3111 3111 W OnBackInvokedCallback: OnBackInvokedCallback is not enabled for the application.
03-14 19:10:33.815 3111 3111 W OnBackInvokedCallback: Set 'android:enableOnBackInvokedCallback="true"' in the application manifest.
03-14 19:10:38.350 3111 3111 W RemoteInputConnectionImpl: requestCursorAnchorInfo on inactive InputConnection
03-14 19:10:38.374 3111 3111 E ImeBackDispatcher: Ime callback not found. Ignoring unregisterReceivedCallback. callbackId: 34789536
03-14 19:10:39.189 3111 3111 E IPCThreadState: attemptIncStrongHandle(145): Not supported
03-14 19:10:39.190 3111 3111 E IPCThreadState: attemptIncStrongHandle(140): Not supported
03-14 19:10:39.274 3111 3111 W View : requestLayout() improperly called by com.mbwhatsapp.TextEmojiLabel{bfe369a VFED..C.. ......ID 0,0-768,88 #7f0b06ab app:id/conversation_contact_name viewInfo = } during layout: running second layout pass
03-14 19:10:39.325 3111 3111 W View : requestLayout() improperly called by com.mbwhatsapp.TextEmojiLabel{bfe369a VFED..C.. ......ID 0,0-768,88 #7f0b06ab app:id/conversation_contact_name viewInfo = } during layout: running second layout pass
03-14 19:10:39.415 3111 3111 W ResourceType: Bad XML block: header size 18254 or total size 169478669 is larger than data size 650
03-14 19:10:39.511 3111 3111 W ResourceType: Bad XML block: header size 18254 or total size 169478669 is larger than data size 521
03-14 19:10:39.517 3111 3111 W ResourceType: Bad XML block: header size 18254 or total size 169478669 is larger than data size 853
03-14 19:10:39.554 3111 3111 W View : requestLayout() improperly called by com.mbwhatsapp.TextEmojiLabel{bfe369a VFED..C.. ......ID 0,0-768,88 #7f0b06ab app:id/conversation_contact_name viewInfo = } during layout: running second layout pass
03-14 19:10:39.678 3111 3111 W View : requestLayout() improperly called by android.widget.Space{c2a2ede I.ED..... ......I. 36,108-48,120 #7f0b00ba app:id/action_tile_spacing viewInfo = } during layout: running second layout pass
03-14 19:10:39.678 3111 3111 W View : requestLayout() improperly called by android.widget.Space{5f1c8bf I.ED..... ......I. 36,108-48,120 #7f0b00ba app:id/action_tile_spacing viewInfo = } during layout: running second layout pass
03-14 19:10:39.678 3111 3111 W View : requestLayout() improperly called by android.widget.Space{5d6db8c I.ED..... ......I. 36,108-48,120 #7f0b00ba app:id/action_tile_spacing viewInfo = } during layout: running second layout pass
03-14 19:10:40.071 3111 3111 W View : requestLayout() improperly called by com.mbwhatsapp.TextEmojiLabel{bfe369a VFED..C.. ......ID 0,0-768,88 #7f0b06ab app:id/conversation_contact_name viewInfo = } during layout: running second layout pass
03-14 19:10:40.089 3111 3111 W View : requestLayout() improperly called by com.mbwhatsapp.TextEmojiLabel{bfe369a VFED..C.. ......ID 0,0-768,88 #7f0b06ab app:id/conversation_contact_name viewInfo = } during layout: running second layout pass
03-14 19:10:40.227 3111 3111 W View : requestLayout() improperly called by com.mbwhatsapp.TextEmojiLabel{bfe369a VFED..C.. ......ID 0,0-768,88 #7f0b06ab app:id/conversation_contact_name viewInfo = } during layout: running second layout pass
03-14 19:10:42.068 3111 3111 E OplusBracketLog: [OplusViewMirrorManager] updateHostViewRootIfNeeded, not support android.view.ViewRootImpl@b062655
03-14 19:10:42.083 3111 3111 E IPCThreadState: attemptIncStrongHandle(124): Not supported
03-14 19:10:42.101 3111 3377 W Parcel : Expecting binder but got null!
03-14 19:10:42.921 3111 3111 W ResourceType: Bad XML block: header size 18254 or total size 169478669 is larger than data size 380
03-14 19:10:42.924 3111 3111 W ResourceType: Bad XML block: header size 18254 or total size 169478669 is larger than data size 633
03-14 19:10:42.933 3111 3111 W ResourceType: Bad XML block: header size 18254 or total size 169478669 is larger than data size 677
03-14 19:10:42.937 3111 3111 W ResourceType: Bad XML block: header size 18254 or total size 169478669 is larger than data size 248
03-14 19:10:42.942 3111 3111 W ResourceType: Bad XML block: header size 18254 or total size 169478669 is larger than data size 571
03-14 19:10:42.947 3111 3111 W ResourceType: Bad XML block: header size 18254 or total size 169478669 is larger than data size 333
03-14 19:10:42.951 3111 3111 W ResourceType: Bad XML block: header size 18254 or total size 169478669 is larger than data size 650
03-14 19:10:42.954 3111 3111 W ResourceType: Bad XML block: header size 18254 or total size 169478669 is larger than data size 1150
03-14 19:10:42.957 3111 3111 W ResourceType: Bad XML block: header size 18254 or total size 169478669 is larger than data size 491
03-14 19:10:42.960 3111 3111 W ResourceType: Bad XML block: header size 18254 or total size 169478669 is larger than data size 1150
03-14 19:10:42.962 3111 3111 W ResourceType: Bad XML block: header size 18254 or total size 169478669 is larger than data size 659
03-14 19:10:42.965 3111 3111 W ResourceType: Bad XML block: header size 18254 or total size 169478669 is larger than data size 593
03-14 19:10:42.973 3111 3111 W ResourceType: Bad XML block: header size 18254 or total size 169478669 is larger than data size 1171
03-14 19:10:42.976 3111 3111 W ResourceType: Bad XML block: header size 18254 or total size 169478669 is larger than data size 510
03-14 19:10:42.990 3111 3111 W ResourceType: Bad XML block: header size 18254 or total size 169478669 is larger than data size 853
03-14 19:10:43.029 3111 3111 W ResourceType: Bad XML block: header size 18254 or total size 169478669 is larger than data size 650
03-14 19:10:43.049 3111 3111 E OplusBracketLog: [OplusViewMirrorManager] updateHostViewRootIfNeeded, not support android.view.ViewRootImpl@f15246c
03-14 19:10:43.081 3111 3111 W View : requestLayout() improperly called by android.widget.Space{de03d96 I.ED..... ......I. 36,108-48,120 #7f0b00ba app:id/action_tile_spacing viewInfo = } during layout: running second layout pass
03-14 19:10:43.081 3111 3111 W View : requestLayout() improperly called by android.widget.Space{3421d17 I.ED..... ......I. 36,108-48,120 #7f0b00ba app:id/action_tile_spacing viewInfo = } during layout: running second layout pass
03-14 19:10:43.081 3111 3111 W View : requestLayout() improperly called by android.widget.Space{ecd9504 I.ED..... ......I. 36,108-48,120 #7f0b00ba app:id/action_tile_spacing viewInfo = } during layout: running second layout pass
03-14 19:10:43.081 3111 3111 W View : requestLayout() improperly called by android.widget.Space{607daed I.ED..... ......I. 36,108-48,120 #7f0b00ba app:id/action_tile_spacing viewInfo = } during layout: running second layout pass
03-14 19:10:43.111 3111 3377 W Parcel : Expecting binder but got null!
03-14 19:10:43.566 3111 3111 W ResourceType: Bad XML block: header size 18254 or total size 169478669 is larger than data size 853
03-14 19:10:43.755 3111 3111 E OplusBracketLog: [OplusViewMirrorManager] updateHostViewRootIfNeeded, not support android.view.ViewRootImpl@4b32343
03-14 19:10:43.770 3111 3111 E IPCThreadState: attemptIncStrongHandle(163): Not supported
03-14 19:10:43.770 3111 3111 E IPCThreadState: attemptIncStrongHandle(154): Not supported
03-14 19:10:43.799 3111 3377 W Parcel : Expecting binder but got null!
03-14 19:10:44.589 3111 3111 E OplusBracketLog: [OplusViewMirrorManager] updateHostViewRootIfNeeded, not support android.view.ViewRootImpl@97cb91d
03-14 19:10:44.701 3111 3377 W Parcel : Expecting binder but got null!
03-14 19:10:44.716 3111 3111 W BottomSheetBehavior: BottomSheetBehavior now supports multiple callbacks. `setBottomSheetCallback()` removes all existing callbacks, including ones set internally by library authors, which may result in unintended behavior. This may change in the future. Please use `addBottomSheetCallback()` and `removeBottomSheetCallback()` instead to set your own callbacks.
03-14 19:10:44.872 3111 3111 W OnBackInvokedCallback: OnBackInvokedCallback is not enabled for the application.
03-14 19:10:44.872 3111 3111 W OnBackInvokedCallback: Set 'android:enableOnBackInvokedCallback="true"' in the application manifest.
03-14 19:10:51.181 3111 3111 E OplusBracketLog: [OplusViewMirrorManager] updateHostViewRootIfNeeded, not support android.view.ViewRootImpl@5c18302
03-14 19:10:51.215 3111 3111 E IPCThreadState: attemptIncStrongHandle(131): Not supported
03-14 19:10:51.245 3111 3377 W Parcel : Expecting binder but got null!
03-14 19:10:53.266 3111 3111 W OnBackInvokedCallback: OnBackInvokedCallback is not enabled for the application.
03-14 19:10:53.266 3111 3111 W OnBackInvokedCallback: Set 'android:enableOnBackInvokedCallback="true"' in the application manifest.
03-14 19:10:54.475 3111 3111 W RemoteInputConnectionImpl: requestCursorAnchorInfo on inactive InputConnection
03-14 19:10:54.491 3111 3111 E ImeBackDispatcher: Ime callback not found. Ignoring unregisterReceivedCallback. callbackId: 34789536
03-14 19:10:55.298 3111 3111 E IPCThreadState: attemptIncStrongHandle(137): Not supported
03-14 19:10:55.298 3111 3111 E IPCThreadState: attemptIncStrongHandle(144): Not supported
03-14 19:10:55.370 3111 3111 W View : requestLayout() improperly called by com.mbwhatsapp.TextEmojiLabel{bfe369a VFED..C.. ......ID 0,0-768,88 #7f0b06ab app:id/conversation_contact_name viewInfo = } during layout: running second layout pass
03-14 19:10:55.396 3111 3111 W ResourceType: Bad XML block: header size 18254 or total size 169478669 is larger than data size 650
03-14 19:10:55.424 3111 3111 W ResourceType: Bad XML block: header size 18254 or total size 169478669 is larger than data size 650
03-14 19:10:55.474 3111 3111 W View : requestLayout() improperly called by com.mbwhatsapp.TextEmojiLabel{bfe369a VFED..C.. ......ID 0,0-768,88 #7f0b06ab app:id/conversation_contact_name viewInfo = } during layout: running second layout pass
03-14 19:10:55.538 3111 3111 W View : requestLayout() improperly called by com.mbwhatsapp.TextEmojiLabel{bfe369a VFED..C.. ......ID 0,0-768,88 #7f0b06ab app:id/conversation_contact_name viewInfo = } during layout: running second layout pass
03-14 19:10:55.582 3111 3111 W ResourceType: Bad XML block: header size 18254 or total size 169478669 is larger than data size 650
03-14 19:10:55.593 3111 3111 W View : requestLayout() improperly called by com.mbwhatsapp.TextEmojiLabel{bfe369a VFED..C.. ......ID 0,0-768,88 #7f0b06ab app:id/conversation_contact_name viewInfo = } during layout: running second layout pass
03-14 19:10:55.608 3111 3111 W ResourceType: Bad XML block: header size 18254 or total size 169478669 is larger than data size 853
03-14 19:10:55.644 3111 3111 W View : requestLayout() improperly called by com.mbwhatsapp.TextEmojiLabel{bfe369a VFED..C.. ......ID 0,0-768,88 #7f0b06ab app:id/conversation_contact_name viewInfo = } during layout: running second layout pass
03-14 19:10:55.946 3111 3111 W View : requestLayout() improperly called by com.mbwhatsapp.TextEmojiLabel{bfe369a VFED..C.. ......ID 0,0-768,88 #7f0b06ab app:id/conversation_contact_name viewInfo = } during layout: running second layout pass
03-14 19:10:55.990 3111 3111 W View : requestLayout() improperly called by com.mbwhatsapp.TextEmojiLabel{bfe369a VFED..C.. ......ID 0,0-768,88 #7f0b06ab app:id/conversation_contact_name viewInfo = } during layout: running second layout pass
03-14 19:10:56.138 3111 3111 W View : requestLayout() improperly called by com.mbwhatsapp.TextEmojiLabel{bfe369a VFED..C.. ......ID 0,0-768,88 #7f0b06ab app:id/conversation_contact_name viewInfo = } during layout: running second layout pass
03-14 19:11:01.319 3111 3111 E OplusBracketLog: [OplusViewMirrorManager] updateHostViewRootIfNeeded, not support android.view.ViewRootImpl@9f586de
03-14 19:11:01.334 3111 3111 E IPCThreadState: attemptIncStrongHandle(116): Not supported
03-14 19:11:01.349 3111 3377 W Parcel : Expecting binder but got null!
03-14 19:11:02.174 3111 3111 W View : requestLayout() improperly called by com.mbwhatsapp.TextEmojiLabel{bfe369a VFED..C.. ......ID 0,0-768,88 #7f0b06ab app:id/conversation_contact_name viewInfo = } during layout: running second layout pass
03-14 19:11:02.322 3111 3111 E IPCThreadState: attemptIncStrongHandle(166): Not supported
03-14 19:11:03.264 3111 3111 W Choreographer: Already have a pending vsync event. There should only be one at a time.
03-14 19:11:03.330 3111 3111 W Choreographer: Already have a pending vsync event. There should only be one at a time.
03-14 19:11:03.383 3111 3111 W Choreographer: Already have a pending vsync event. There should only be one at a time.
03-14 19:11:07.197 3111 3111 E OplusBracketLog: [OplusViewMirrorManager] updateHostViewRootIfNeeded, not support android.view.ViewRootImpl@ce4cb4f
03-14 19:11:07.222 3111 3111 E IPCThreadState: attemptIncStrongHandle(151): Not supported
03-14 19:11:07.265 3111 3377 W Parcel : Expecting binder but got null!
03-14 19:11:08.368 3111 3111 E OplusBracketLog: [OplusViewMirrorManager] updateHostViewRootIfNeeded, not support android.view.ViewRootImpl@e73fed0
03-14 19:11:08.388 3111 3111 E IPCThreadState: attemptIncStrongHandle(167): Not supported
03-14 19:11:08.424 3111 3377 W Parcel : Expecting binder but got null!
03-14 19:11:14.904 3111 3111 E OplusBracketLog: [OplusViewMirrorManager] updateHostViewRootIfNeeded, not support android.view.ViewRootImpl@795026c
03-14 19:11:14.918 3111 3111 E IPCThreadState: attemptIncStrongHandle(172): Not supported
03-14 19:11:14.933 3111 3377 W Parcel : Expecting binder but got null!
03-14 19:11:16.444 3111 3111 W ResourceType: Bad XML block: header size 18254 or total size 169478669 is larger than data size 380
03-14 19:11:16.447 3111 3111 W ResourceType: Bad XML block: header size 18254 or total size 169478669 is larger than data size 633
03-14 19:11:16.457 3111 3111 W ResourceType: Bad XML block: header size 18254 or total size 169478669 is larger than data size 677
03-14 19:11:16.461 3111 3111 W ResourceType: Bad XML block: header size 18254 or total size 169478669 is larger than data size 248
03-14 19:11:16.467 3111 3111 W ResourceType: Bad XML block: header size 18254 or total size 169478669 is larger than data size 571
03-14 19:11:16.474 3111 3111 W ResourceType: Bad XML block: header size 18254 or total size 169478669 is larger than data size 333
03-14 19:11:16.477 3111 3111 W ResourceType: Bad XML block: header size 18254 or total size 169478669 is larger than data size 650
03-14 19:11:16.480 3111 3111 W ResourceType: Bad XML block: header size 18254 or total size 169478669 is larger than data size 1150
03-14 19:11:16.484 3111 3111 W ResourceType: Bad XML block: header size 18254 or total size 169478669 is larger than data size 491
03-14 19:11:16.487 3111 3111 W ResourceType: Bad XML block: header size 18254 or total size 169478669 is larger than data size 1150
03-14 19:11:16.490 3111 3111 W ResourceType: Bad XML block: header size 18254 or total size 169478669 is larger than data size 659
03-14 19:11:16.493 3111 3111 W ResourceType: Bad XML block: header size 18254 or total size 169478669 is larger than data size 593
03-14 19:11:16.518 3111 3111 W ResourceType: Bad XML block: header size 18254 or total size 169478669 is larger than data size 473
03-14 19:11:16.522 3111 3111 W ResourceType: Bad XML block: header size 18254 or total size 169478669 is larger than data size 510
03-14 19:11:16.551 3111 3111 W ResourceType: Bad XML block: header size 18254 or total size 169478669 is larger than data size 473
03-14 19:11:16.588 3111 3111 E OplusBracketLog: [OplusViewMirrorManager] updateHostViewRootIfNeeded, not support android.view.ViewRootImpl@ee57d0f
03-14 19:11:16.621 3111 3111 W View : requestLayout() improperly called by android.widget.Space{f49b88 I.ED..... ......I. 36,108-48,120 #7f0b00ba app:id/action_tile_spacing viewInfo = } during layout: running second layout pass
03-14 19:11:16.621 3111 3111 W View : requestLayout() improperly called by android.widget.Space{2b9d921 I.ED..... ......I. 36,108-48,120 #7f0b00ba app:id/action_tile_spacing viewInfo = } during layout: running second layout pass
03-14 19:11:16.621 3111 3111 W View : requestLayout() improperly called by android.widget.Space{9cfb146 I.ED..... ......I. 36,108-48,120 #7f0b00ba app:id/action_tile_spacing viewInfo = } during layout: running second layout pass
03-14 19:11:16.652 3111 3377 W Parcel : Expecting binder but got null!
03-14 19:11:16.662 3111 3111 W ResourceType: Bad XML block: header size 18254 or total size 169478669 is larger than data size 853
03-14 19:11:28.555 3111 3111 E OplusBracketLog: [OplusViewMirrorManager] updateHostViewRootIfNeeded, not support android.view.ViewRootImpl@716485f
03-14 19:11:28.567 3111 3111 E IPCThreadState: attemptIncStrongHandle(117): Not supported
03-14 19:11:28.567 3111 3111 E IPCThreadState: attemptIncStrongHandle(116): Not supported
03-14 19:11:28.578 3111 3377 W Parcel : Expecting binder but got null!
03-14 19:11:29.337 3111 3111 W ResourceType: Bad XML block: header size 18254 or total size 169478669 is larger than data size 380
03-14 19:11:29.340 3111 3111 W ResourceType: Bad XML block: header size 18254 or total size 169478669 is larger than data size 633
03-14 19:11:29.348 3111 3111 W ResourceType: Bad XML block: header size 18254 or total size 169478669 is larger than data size 677
03-14 19:11:29.351 3111 3111 W ResourceType: Bad XML block: header size 18254 or total size 169478669 is larger than data size 248
03-14 19:11:29.355 3111 3111 W ResourceType: Bad XML block: header size 18254 or total size 169478669 is larger than data size 571
03-14 19:11:29.362 3111 3111 W ResourceType: Bad XML block: header size 18254 or total size 169478669 is larger than data size 333
03-14 19:11:29.364 3111 3111 W ResourceType: Bad XML block: header size 18254 or total size 169478669 is larger than data size 650
03-14 19:11:29.367 3111 3111 W ResourceType: Bad XML block: header size 18254 or total size 169478669 is larger than data size 1150
03-14 19:11:29.369 3111 3111 W ResourceType: Bad XML block: header size 18254 or total size 169478669 is larger than data size 491
03-14 19:11:29.372 3111 3111 W ResourceType: Bad XML block: header size 18254 or total size 169478669 is larger than data size 1150
