03-15 15:25:03.653 25934 25985 E SQLiteDatabase: Error inserting transferred=0 media_job_uuid=a878581d-3b36-4237-8f12-0a03f674aa0a transcoded=0 gif_attribution=0 first_scan_length=0 direct_path=/m1/v/t24/An8rVpCrY2o0QT- dvCliYGqFvvNk4fhPqQH281vzSah6KSd5sSt8EETrqugNmNfGLB8HU5zXo- iaeftWZ21g2oaosY0DsFhe0zsWo5jRnUo9UvvUkJrv4VM9tjrm-5pMkVS8?ccb=10- 5&oh=01_AdQhfxE7MZ7BeyIa4u3sk6XcK_gvQASrOGYMiHirQB0Wjg&oe=660F6285&_nc_sid=5e03e0 thumbnail_height_width_ratio=1.0 is_animated_sticker=0 file_hash=HC26x0+p6WrcGXGz9c6XJ6fXTXVMATVXyXNqkiAJ768= file_path=null file_size=0 partial_media_hash=null face_x=0 face_y=0 height=480 trim_to=0 media_key_timestamp=0 message_url=null media_caption=null trim_from=0 mime_type=video/mp4 partial_media_enc_hash=null width=480 original_file_hash=null has_streaming_sidecar=0 autotransfer_retry_enabled=0 media_upload_handle=null message_row_id=212 multicast_id=null enc_file_hash=null mute_video=0 page_count=0 first_scan_sidecar=null suspicious_content=0 file_length=3258039 media_name=null media_duration=27 chat_row_id=98 media_key=null
03-15 15:25:03.653 25934 25985 E SQLiteDatabase: android.database.sqlite.SQLiteConstraintException: UNIQUE constraint failed: message_media.message_row_id (code 1555 SQLITE_CONSTRAINT_PRIMARYKEY)
03-15 15:25:03.653 25934 25985 E SQLiteDatabase: at android.database.sqlite.SQLiteConnection.nativeExecuteForLastInsertedRowId(Native Method)
03-15 15:25:03.653 25934 25985 E SQLiteDatabase: at android.database.sqlite.SQLiteConnection.executeForLastInsertedRowId(SQLiteConnecti on.java:967)
03-15 15:25:03.653 25934 25985 E SQLiteDatabase: at android.database.sqlite.SQLiteSession.executeForLastInsertedRowId(SQLiteSession.jav a:790)
03-15 15:25:03.653 25934 25985 E SQLiteDatabase: at android.database.sqlite.SQLiteStatement.executeInsert(SQLiteStatement.java:89)
03-15 15:25:03.653 25934 25985 E SQLiteDatabase: at android.database.sqlite.SQLiteDatabase.insertWithOnConflict(SQLiteDatabase.java:186 8)
03-15 15:25:03.653 25934 25985 E SQLiteDatabase: at android.database.sqlite.SQLiteDatabase.insert(SQLiteDatabase.java:1737)
03-15 15:25:03.653 25934 25985 E SQLiteDatabase: at X.2tm.A08(Unknown Source:6)
03-15 15:25:03.653 25934 25985 E SQLiteDatabase: at X.35Y.A07(Unknown Source:212)
03-15 15:25:03.653 25934 25985 E SQLiteDatabase: at X.3QF.A14(Unknown Source:470)
03-15 15:25:03.653 25934 25985 E SQLiteDatabase: at X.3gU.run(Unknown Source:982)
03-15 15:25:03.653 25934 25985 E SQLiteDatabase: at android.os.Handler.handleCallback(Handler.java:942)
03-15 15:25:03.653 25934 25985 E SQLiteDatabase: at android.os.Handler.dispatchMessage(Handler.java:99)
03-15 15:25:03.653 25934 25985 E SQLiteDatabase: at X.0zq.dispatchMessage(Unknown Source:4)
03-15 15:25:03.653 25934 25985 E SQLiteDatabase: at android.os.Looper.loopOnce(Looper.java:240)
03-15 15:25:03.653 25934 25985 E SQLiteDatabase: at android.os.Looper.loop(Looper.java:351)
03-15 15:25:03.653 25934 25985 E SQLiteDatabase: at android.os.HandlerThread.run(HandlerThread.java:67)
03-15 15:25:03.655 25934 25934 E ArmVmp : Match on catch block at 0xc3 in for 0x14d
03-15 15:25:03.662 25934 25934 E ArmVmp : Match on catch block at 0xc3 in for 0x149
03-15 15:25:03.678 25934 25985 E SQLiteDatabase: Error inserting transferred=0 media_job_uuid=a878581d-3b36-4237-8f12-0a03f674aa0a transcoded=0 gif_attribution=0 first_scan_length=0 direct_path=/m1/v/t24/An8rVpCrY2o0QT- dvCliYGqFvvNk4fhPqQH281vzSah6KSd5sSt8EETrqugNmNfGLB8HU5zXo- iaeftWZ21g2oaosY0DsFhe0zsWo5jRnUo9UvvUkJrv4VM9tjrm-5pMkVS8?ccb=10- 5&oh=01_AdQhfxE7MZ7BeyIa4u3sk6XcK_gvQASrOGYMiHirQB0Wjg&oe=660F6285&_nc_sid=5e03e0 thumbnail_height_width_ratio=1.0 is_animated_sticker=0 file_hash=HC26x0+p6WrcGXGz9c6XJ6fXTXVMATVXyXNqkiAJ768= file_path=null file_size=0 partial_media_hash=null face_x=0 face_y=0 height=480 trim_to=0 media_key_timestamp=0 message_url=null media_caption=null trim_from=0 mime_type=video/mp4 partial_media_enc_hash=null width=480 original_file_hash=null has_streaming_sidecar=0 autotransfer_retry_enabled=0 media_upload_handle=null message_row_id=212 multicast_id=null enc_file_hash=null mute_video=0 page_count=0 first_scan_sidecar=null suspicious_content=0 file_length=3258039 media_name=null media_duration=27 chat_row_id=98 media_key=null
03-15 15:25:03.678 25934 25985 E SQLiteDatabase: android.database.sqlite.SQLiteConstraintException: UNIQUE constraint failed: message_media.message_row_id (code 1555 SQLITE_CONSTRAINT_PRIMARYKEY)
03-15 15:25:03.678 25934 25985 E SQLiteDatabase: at android.database.sqlite.SQLiteConnection.nativeExecuteForLastInsertedRowId(Native Method)
03-15 15:25:03.678 25934 25985 E SQLiteDatabase: at android.database.sqlite.SQLiteConnection.executeForLastInsertedRowId(SQLiteConnecti on.java:967)
03-15 15:25:03.678 25934 25985 E SQLiteDatabase: at android.database.sqlite.SQLiteSession.executeForLastInsertedRowId(SQLiteSession.jav a:790)
03-15 15:25:03.678 25934 25985 E SQLiteDatabase: at android.database.sqlite.SQLiteStatement.executeInsert(SQLiteStatement.java:89)
03-15 15:25:03.678 25934 25985 E SQLiteDatabase: at android.database.sqlite.SQLiteDatabase.insertWithOnConflict(SQLiteDatabase.java:186 8)
03-15 15:25:03.678 25934 25985 E SQLiteDatabase: at android.database.sqlite.SQLiteDatabase.insert(SQLiteDatabase.java:1737)
03-15 15:25:03.678 25934 25985 E SQLiteDatabase: at X.2tm.A08(Unknown Source:6)
03-15 15:25:03.678 25934 25985 E SQLiteDatabase: at X.35Y.A07(Unknown Source:212)
03-15 15:25:03.678 25934 25985 E SQLiteDatabase: at X.3QF.A14(Unknown Source:470)
03-15 15:25:03.678 25934 25985 E SQLiteDatabase: at X.3gU.run(Unknown Source:982)
03-15 15:25:03.678 25934 25985 E SQLiteDatabase: at android.os.Handler.handleCallback(Handler.java:942)
03-15 15:25:03.678 25934 25985 E SQLiteDatabase: at android.os.Handler.dispatchMessage(Handler.java:99)
03-15 15:25:03.678 25934 25985 E SQLiteDatabase: at X.0zq.dispatchMessage(Unknown Source:4)
03-15 15:25:03.678 25934 25985 E SQLiteDatabase: at android.os.Looper.loopOnce(Looper.java:240)
03-15 15:25:03.678 25934 25985 E SQLiteDatabase: at android.os.Looper.loop(Looper.java:351)
03-15 15:25:03.678 25934 25985 E SQLiteDatabase: at android.os.HandlerThread.run(HandlerThread.java:67)
03-15 15:25:03.693 25934 25934 E ArmVmp : Match on catch block at 0xc3 in for 0x159
03-15 15:25:03.699 25934 25934 E ArmVmp : Match on catch block at 0xc3 in for 0x155
03-15 15:25:03.724 25934 25934 E ArmVmp : Match on catch block at 0xc3 in for 0x145
03-15 15:25:03.729 25934 25934 E ArmVmp : Match on catch block at 0xc3 in for 0x141
03-15 15:25:04.008 25934 25934 E ArmVmp : Match on catch block at 0xc3 in for 0x145
03-15 15:25:04.018 25934 25934 E ArmVmp : Match on catch block at 0xc3 in for 0x141
03-15 15:25:04.045 25934 25934 E ArmVmp : Match on catch block at 0xc3 in for 0x151
03-15 15:25:04.049 25934 25934 E ArmVmp : Match on catch block at 0xc3 in for 0x14d
03-15 15:25:04.065 25934 25934 E ArmVmp : Match on catch block at 0xc3 in for 0x14d
03-15 15:25:04.071 25934 25934 E ArmVmp : Match on catch block at 0xc3 in for 0x149
03-15 15:25:04.189 25934 25934 E ArmVmp : Match on catch block at 0xc3 in for 0x145
03-15 15:25:04.192 25934 25934 E ArmVmp : Match on catch block at 0xc3 in for 0x141
03-15 15:25:04.213 25934 25934 E ArmVmp : Match on catch block at 0xc3 in for 0x159
03-15 15:25:04.216 25934 25934 E ArmVmp : Match on catch block at 0xc3 in for 0x155
03-15 15:25:04.224 25934 25934 E ArmVmp : Match on catch block at 0xc3 in for 0x141
03-15 15:25:04.228 25934 25934 E ArmVmp : Match on catch block at 0xc3 in for 0x159
03-15 15:25:04.237 25934 25934 E ArmVmp : Match on catch block at 0xc3 in for 0x145
03-15 15:25:04.242 25934 25934 E ArmVmp : Match on catch block at 0xc3 in for 0x141
03-15 15:25:04.253 25934 25934 E ArmVmp : Match on catch block at 0xc3 in for 0x149
03-15 15:25:04.259 25934 25934 E ArmVmp : Match on catch block at 0xc3 in for 0x145
03-15 15:25:04.270 25934 25934 E ArmVmp : Match on catch block at 0xc3 in for 0x14d
03-15 15:25:04.277 25934 25934 E ArmVmp : Match on catch block at 0xc3 in for 0x149
03-15 15:25:04.288 25934 25934 E ArmVmp : Match on catch block at 0xc3 in for 0x151
03-15 15:25:04.294 25934 25934 E ArmVmp : Match on catch block at 0xc3 in for 0x14d
03-15 15:25:04.304 25934 25934 E ArmVmp : Match on catch block at 0xc3 in for 0x155
03-15 15:25:04.310 25934 25934 E ArmVmp : Match on catch block at 0xc3 in for 0x151
03-15 15:25:04.502 25934 25934 E ArmVmp : Match on catch block at 0xc3 in for 0x149
03-15 15:25:04.506 25934 25934 E ArmVmp : Match on catch block at 0xc3 in for 0x145
03-15 15:25:04.663 25934 25934 E ArmVmp : Match on catch block at 0xc3 in for 0x159
03-15 15:25:04.775 25934 25934 E ArmVmp : Match on catch block at 0xc3 in for 0x155
03-15 15:25:04.800 25934 25934 E IPCThreadState: attemptIncStrongHandle(111): Not supported
03-15 15:25:04.832 25934 25934 E RippleDrawable: The RippleDrawable.STYLE_PATTERNED animation is not supported for a non-hardware accelerated Canvas. Skipping animation.
03-15 15:25:04.839 25934 25934 E RippleDrawable: The RippleDrawable.STYLE_PATTERNED animation is not supported for a non-hardware accelerated Canvas. Skipping animation.
03-15 15:25:04.846 25934 25934 E RippleDrawable: The RippleDrawable.STYLE_PATTERNED animation is not supported for a non-hardware accelerated Canvas. Skipping animation.
03-15 15:25:04.866 25934 25934 E RippleDrawable: The RippleDrawable.STYLE_PATTERNED animation is not supported for a non-hardware accelerated Canvas. Skipping animation.
03-15 15:25:04.881 25934 25934 E RippleDrawable: The RippleDrawable.STYLE_PATTERNED animation is not supported for a non-hardware accelerated Canvas. Skipping animation.
03-15 15:25:04.896 25934 25934 E RippleDrawable: The RippleDrawable.STYLE_PATTERNED animation is not supported for a non-hardware accelerated Canvas. Skipping animation.
03-15 15:25:04.913 25934 25934 E RippleDrawable: The RippleDrawable.STYLE_PATTERNED animation is not supported for a non-hardware accelerated Canvas. Skipping animation.
03-15 15:25:04.935 25934 25934 E RippleDrawable: The RippleDrawable.STYLE_PATTERNED animation is not supported for a non-hardware accelerated Canvas. Skipping animation.
03-15 15:25:04.952 25934 25934 E RippleDrawable: The RippleDrawable.STYLE_PATTERNED animation is not supported for a non-hardware accelerated Canvas. Skipping animation.
03-15 15:25:04.963 25934 25934 E RippleDrawable: The RippleDrawable.STYLE_PATTERNED animation is not supported for a non-hardware accelerated Canvas. Skipping animation.
03-15 15:25:06.409 25934 25934 E ArmVmp : Match on catch block at 0x0a in for 0x185
03-15 15:25:06.413 25934 25934 E ArmVmp : Match on catch block at 0x0a in for 0x199
03-15 15:25:06.455 25934 25934 E OplusBracketLog: [OplusViewMirrorManager] updateHostViewRootIfNeeded, not support android.view.ViewRootImpl@f634c72
03-15 15:25:06.478 25934 25934 E IPCThreadState: attemptIncStrongHandle(83): Not supported
03-15 15:25:06.615 25934 25934 W View : requestLayout() improperly called by X.4rg{e0c5d66 V.E....L. ......ID 0,675-1080,1153 viewInfo = } during layout: running second layout pass
03-15 15:25:06.615 25934 25934 W View : requestLayout() improperly called by android.widget.LinearLayout{29d08a7 V.E...... ......ID 44,4-1036,454 #7f0b0e50 app:id/main_layout viewInfo = } during layout: running second layout pass
03-15 15:25:06.615 25934 25934 W View : requestLayout() improperly called by com.mbwhatsapp.conversation.conversationrow.ConversationRowImage$RowImageView{da9c1 54 VFED..CL. ......ID 12,12-980,300 #7f0b0c84 app:id/image viewInfo = } during layout: running second layout pass
03-15 15:25:06.615 25934 25934 W View : requestLayout() improperly called by X.4rg{52718fd V.E....L. ......ID 0,1153-1080,1578 viewInfo = } during layout: running second layout pass
03-15 15:25:06.615 25934 25934 W View : requestLayout() improperly called by android.widget.LinearLayout{bf0e9f2 V.E...... ......ID 44,4-1036,401 #7f0b0e50 app:id/main_layout viewInfo = } during layout: running second layout pass
03-15 15:25:06.615 25934 25934 W View : requestLayout() improperly called by com.mbwhatsapp.conversation.conversationrow.ConversationRowImage$RowImageView{78843 VFED..CL. ......ID 12,12-980,305 #7f0b0c84 app:id/image viewInfo = } during layout: running second layout pass
03-15 15:25:06.615 25934 25934 W View : requestLayout() improperly called by X.4rg{58b9ec0 V.E....L. ......ID 0,1578-1080,2010 viewInfo = } during layout: running second layout pass
03-15 15:25:06.615 25934 25934 W View : requestLayout() improperly called by android.widget.LinearLayout{f5147f9 V.E...... ......ID 44,4-1036,408 #7f0b0e50 app:id/main_layout viewInfo = } during layout: running second layout pass
03-15 15:25:06.615 25934 25934 W View : requestLayout() improperly called by com.mbwhatsapp.conversation.conversationrow.ConversationRowImage$RowImageView{d1fb3 3e VFED..CL. ......ID 12,12-980,254 #7f0b0c84 app:id/image viewInfo = } during layout: running second layout pass
03-15 15:25:06.619 25934 25934 E ArmVmp : Match on catch block at 0xc3 in for 0x175
03-15 15:25:06.624 25934 25934 E ArmVmp : Match on catch block at 0xc3 in for 0x16d
03-15 15:25:06.663 25934 25998 W Parcel : Expecting binder but got null!
03-15 15:25:06.709 25934 25934 E ArmVmp : Match on catch block at 0xc3 in for 0x159
03-15 15:25:06.712 25934 25934 E ArmVmp : Match on catch block at 0xc3 in for 0x155
03-15 15:25:06.729 25934 25934 W View : requestLayout() improperly called by X.4rg{e0c5d66 V.E....L. ......ID 0,824-1080,1302 viewInfo = } during second layout pass: posting in next frame
03-15 15:25:06.730 25934 25934 W View : requestLayout() improperly called by android.widget.LinearLayout{29d08a7 V.E...... ......ID 44,4-1036,454 #7f0b0e50 app:id/main_layout viewInfo = } during second layout pass: posting in next frame
03-15 15:25:06.730 25934 25934 W View : requestLayout() improperly called by X.4rg{52718fd V.E....L. ......ID 0,1302-1080,1727 viewInfo = } during second layout pass: posting in next frame
03-15 15:25:06.730 25934 25934 W View : requestLayout() improperly called by android.widget.LinearLayout{bf0e9f2 V.E...... ......ID 44,4-1036,401 #7f0b0e50 app:id/main_layout viewInfo = } during second layout pass: posting in next frame
03-15 15:25:06.730 25934 25934 W View : requestLayout() improperly called by X.4rg{58b9ec0 V.E....L. .......D 0,1727-1080,2159 viewInfo = } during second layout pass: posting in next frame
03-15 15:25:06.730 25934 25934 W View : requestLayout() improperly called by android.widget.LinearLayout{f5147f9 V.E...... .......D 44,4-1036,408 #7f0b0e50 app:id/main_layout viewInfo = } during second layout pass: posting in next frame
03-15 15:25:06.772 25934 25934 E ArmVmp : Match on catch block at 0xc3 in for 0x141
03-15 15:25:06.778 25934 25934 E ArmVmp : Match on catch block at 0xc3 in for 0x159
03-15 15:25:06.805 25934 25934 E ArmVmp : Match on catch block at 0xc3 in for 0x151
03-15 15:25:06.811 25934 25934 E ArmVmp : Match on catch block at 0xc3 in for 0x14d
03-15 15:25:06.847 25934 25934 E ArmVmp : Match on catch block at 0xc3 in for 0x14d
03-15 15:25:06.852 25934 25934 E ArmVmp : Match on catch block at 0xc3 in for 0x149
03-15 15:25:06.871 25934 25934 E ArmVmp : Match on catch block at 0xc3 in for 0x149
03-15 15:25:06.877 25934 25934 E ArmVmp : Match on catch block at 0xc3 in for 0x145
03-15 15:25:06.893 25934 25934 E ArmVmp : Match on catch block at 0xc3 in for 0x155
03-15 15:25:06.900 25934 25934 E ArmVmp : Match on catch block at 0xc3 in for 0x151
03-15 15:25:06.907 25934 25934 E ArmVmp : Match on catch block at 0xc3 in for 0x155
03-15 15:25:06.911 25934 25934 E ArmVmp : Match on catch block at 0xc3 in for 0x151
03-15 15:25:06.917 25934 25934 E ArmVmp : Match on catch block at 0xc3 in for 0x141
03-15 15:25:06.921 25934 25934 E ArmVmp : Match on catch block at 0xc3 in for 0x159
03-15 15:25:06.933 25934 25934 E ArmVmp : Match on catch block at 0xc3 in for 0x149
03-15 15:25:06.938 25934 25934 E ArmVmp : Match on catch block at 0xc3 in for 0x145
03-15 15:25:06.946 25934 25934 E ArmVmp : Match on catch block at 0xc3 in for 0x159
03-15 15:25:06.950 25934 25934 E ArmVmp : Match on catch block at 0xc3 in for 0x155
03-15 15:25:06.966 25934 25934 E ArmVmp : Match on catch block at 0xc3 in for 0x14d
03-15 15:25:06.971 25934 25934 E ArmVmp : Match on catch block at 0xc3 in for 0x149
03-15 15:25:06.980 25934 25934 E ArmVmp : Match on catch block at 0xc3 in for 0x14d
03-15 15:25:06.983 25934 25934 E ArmVmp : Match on catch block at 0xc3 in for 0x149
03-15 15:25:06.998 25934 25934 E ArmVmp : Match on catch block at 0xc3 in for 0x141
03-15 15:25:07.004 25934 25934 E ArmVmp : Match on catch block at 0xc3 in for 0x159
03-15 15:25:07.016 25934 25934 E ArmVmp : Match on catch block at 0xc3 in for 0x141
03-15 15:25:07.022 25934 25934 E ArmVmp : Match on catch block at 0xc3 in for 0x159
03-15 15:25:07.033 25934 25934 E ArmVmp : Match on catch block at 0xc3 in for 0x149
03-15 15:25:07.038 25934 25934 E ArmVmp : Match on catch block at 0xc3 in for 0x145
03-15 15:25:07.046 25934 25934 E ArmVmp : Match on catch block at 0xc3 in for 0x159
03-15 15:25:07.050 25934 25934 E ArmVmp : Match on catch block at 0xc3 in for 0x155
03-15 15:25:07.064 25934 25934 E ArmVmp : Match on catch block at 0xc3 in for 0x145
03-15 15:25:07.070 25934 25934 E ArmVmp : Match on catch block at 0xc3 in for 0x141
03-15 15:25:07.082 25934 25934 E ArmVmp : Match on catch block at 0xc3 in for 0x159
03-15 15:25:07.088 25934 25934 E ArmVmp : Match on catch block at 0xc3 in for 0x155
03-15 15:25:07.096 25934 25934 E ArmVmp : Match on catch block at 0xc3 in for 0x151
03-15 15:25:07.101 25934 25934 E ArmVmp : Match on catch block at 0xc3 in for 0x14d
03-15 15:25:07.112 25934 25934 E ArmVmp : Match on catch block at 0xc3 in for 0x151
03-15 15:25:07.116 25934 25934 E ArmVmp : Match on catch block at 0xc3 in for 0x14d
03-15 15:25:07.130 25934 25934 E ArmVmp : Match on catch block at 0xc3 in for 0x155
03-15 15:25:07.136 25934 25934 E ArmVmp : Match on catch block at 0xc3 in for 0x151
03-15 15:25:07.146 25934 25934 E ArmVmp : Match on catch block at 0xc3 in for 0x14d
03-15 15:25:07.152 25934 25934 E ArmVmp : Match on catch block at 0xc3 in for 0x149
03-15 15:25:07.162 25934 25934 E ArmVmp : Match on catch block at 0xc3 in for 0x151
03-15 15:25:07.168 25934 25934 E ArmVmp : Match on catch block at 0xc3 in for 0x14d
03-15 15:25:07.180 25934 25934 E ArmVmp : Match on catch block at 0xc3 in for 0x155
03-15 15:25:07.188 25934 25934 E ArmVmp : Match on catch block at 0xc3 in for 0x151
03-15 15:25:07.196 25934 25934 E ArmVmp : Match on catch block at 0xc3 in for 0x149
03-15 15:25:07.199 25934 25934 E ArmVmp : Match on catch block at 0xc3 in for 0x145
03-15 15:25:07.240 25934 25934 E ArmVmp : Match on catch block at 0xc3 in for 0x155
03-15 15:25:07.243 25934 25934 E ArmVmp : Match on catch block at 0xc3 in for 0x151
03-15 15:25:07.253 25934 25934 E ArmVmp : Match on catch block at 0xc3 in for 0x155
03-15 15:25:07.256 25934 25934 E ArmVmp : Match on catch block at 0xc3 in for 0x151
03-15 15:25:07.262 25934 25934 E ArmVmp : Match on catch block at 0xc3 in for 0x159
03-15 15:25:07.266 25934 25934 E ArmVmp : Match on catch block at 0xc3 in for 0x155
03-15 15:25:07.280 25934 25934 E ArmVmp : Match on catch block at 0xc3 in for 0x141
03-15 15:25:07.285 25934 25934 E ArmVmp : Match on catch block at 0xc3 in for 0x159
03-15 15:25:07.297 25934 25934 E ArmVmp : Match on catch block at 0xc3 in for 0x145
03-15 15:25:07.302 25934 25934 E ArmVmp : Match on catch block at 0xc3 in for 0x141
03-15 15:25:07.313 25934 25934 E ArmVmp : Match on catch block at 0xc3 in for 0x149
03-15 15:25:07.318 25934 25934 E ArmVmp : Match on catch block at 0xc3 in for 0x145
03-15 15:25:07.330 25934 25934 E ArmVmp : Match on catch block at 0xc3 in for 0x14d
03-15 15:25:07.334 25934 25934 E ArmVmp : Match on catch block at 0xc3 in for 0x149
03-15 15:25:07.346 25934 25934 E ArmVmp : Match on catch block at 0xc3 in for 0x151
03-15 15:25:07.350 25934 25934 E ArmVmp : Match on catch block at 0xc3 in for 0x14d
03-15 15:25:07.363 25934 25934 E ArmVmp : Match on catch block at 0xc3 in for 0x155
03-15 15:25:07.366 25934 25934 E ArmVmp : Match on catch block at 0xc3 in for 0x151
03-15 15:25:07.379 25934 25934 E ArmVmp : Match on catch block at 0xc3 in for 0x159
03-15 15:25:07.384 25934 25934 E ArmVmp : Match on catch block at 0xc3 in for 0x155
03-15 15:25:07.396 25934 25934 E ArmVmp : Match on catch block at 0xc3 in for 0x141
03-15 15:25:07.400 25934 25934 E ArmVmp : Match on catch block at 0xc3 in for 0x159
03-15 15:25:07.413 25934 25934 E ArmVmp : Match on catch block at 0xc3 in for 0x145
03-15 15:25:07.417 25934 25934 E ArmVmp : Match on catch block at 0xc3 in for 0x141
03-15 15:25:07.429 25934 25934 E ArmVmp : Match on catch block at 0xc3 in for 0x149
03-15 15:25:07.433 25934 25934 E ArmVmp : Match on catch block at 0xc3 in for 0x145
03-15 15:25:07.446 25934 25934 E ArmVmp : Match on catch block at 0xc3 in for 0x14d
03-15 15:25:07.450 25934 25934 E ArmVmp : Match on catch block at 0xc3 in for 0x149
03-15 15:25:07.463 25934 25934 E ArmVmp : Match on catch block at 0xc3 in for 0x151
03-15 15:25:07.467 25934 25934 E ArmVmp : Match on catch block at 0xc3 in for 0x14d
03-15 15:25:07.480 25934 25934 E ArmVmp : Match on catch block at 0xc3 in for 0x155
03-15 15:25:07.484 25934 25934 E ArmVmp : Match on catch block at 0xc3 in for 0x151
03-15 15:25:07.496 25934 25934 E ArmVmp : Match on catch block at 0xc3 in for 0x159
03-15 15:25:07.502 25934 25934 E ArmVmp : Match on catch block at 0xc3 in for 0x155
03-15 15:25:07.513 25934 25934 E ArmVmp : Match on catch block at 0xc3 in for 0x151
03-15 15:25:07.517 25934 25934 E ArmVmp : Match on catch block at 0xc3 in for 0x14d
03-15 15:25:07.530 25934 25934 E ArmVmp : Match on catch block at 0xc3 in for 0x155
03-15 15:25:07.534 25934 25934 E ArmVmp : Match on catch block at 0xc3 in for 0x151
03-15 15:25:07.546 25934 25934 E ArmVmp : Match on catch block at 0xc3 in for 0x159
03-15 15:25:07.551 25934 25934 E ArmVmp : Match on catch block at 0xc3 in for 0x155
03-15 15:25:07.563 25934 25934 E ArmVmp : Match on catch block at 0xc3 in for 0x141
03-15 15:25:07.568 25934 25934 E ArmVmp : Match on catch block at 0xc3 in for 0x159
03-15 15:25:07.579 25934 25934 E ArmVmp : Match on catch block at 0xc3 in for 0x145
03-15 15:25:07.583 25934 25934 E ArmVmp : Match on catch block at 0xc3 in for 0x141
03-15 15:25:07.596 25934 25934 E ArmVmp : Match on catch block at 0xc3 in for 0x149
03-15 15:25:07.600 25934 25934 E ArmVmp : Match on catch block at 0xc3 in for 0x145
03-15 15:25:07.613 25934 25934 E ArmVmp : Match on catch block at 0xc3 in for 0x151
03-15 15:25:07.616 25934 25934 E ArmVmp : Match on catch block at 0xc3 in for 0x14d
03-15 15:25:07.629 25934 25934 E ArmVmp : Match on catch block at 0xc3 in for 0x155
03-15 15:25:07.633 25934 25934 E ArmVmp : Match on catch block at 0xc3 in for 0x151
03-15 15:25:07.645 25934 25984 E SQLiteDatabase: Error inserting transferred=0 media_job_uuid=null transcoded=0 gif_attribution=0 first_scan_length=0 direct_path=/m1/v/t24/An_iTJOdhPdMrGXXagXIcAt_YKBvqIxUUSJS_aAj52ySIWK100qGNQxHBVuA7 wC3H6tSO289kkBD6TqfxEyS48j9i_D3ANyBUXNGCXB6BAqRnhdvW5BcPZAgWaUZxFb3Gw?ccb=10- 5&oh=01_AdSmj8s8shxqx1nbnrU5C372QmhCxmokTRtagfSVgi_W1w&oe=661B216C&_nc_sid=5e03e0 thumbnail_height_width_ratio=0.30555555 is_animated_sticker=0 file_hash=pKtoWLLKdvt8+XI876SdbQV48pD8Z1AKM9CVBHmQF4Q= file_path=null file_size=0 partial_media_hash=null face_x=0 face_y=0 height=389 trim_to=0 media_key_timestamp=0 message_url=null media_caption=null trim_from=0 mime_type=image/jpeg partial_media_enc_hash=null width=1284 original_file_hash=null has_streaming_sidecar=0 autotransfer_retry_enabled=0 media_upload_handle=null message_row_id=239 multicast_id=null enc_file_hash=null mute_video=0 page_count=0 first_scan_sidecar=null suspicious_content=0 file_length=28890 media_name=null media_duration=0 chat_row_id=97 media_key=null
03-15 15:25:07.645 25934 25984 E SQLiteDatabase: android.database.sqlite.SQLiteConstraintException: UNIQUE constraint failed: message_media.message_row_id (code 1555 SQLITE_CONSTRAINT_PRIMARYKEY)
03-15 15:25:07.645 25934 25984 E SQLiteDatabase: at android.database.sqlite.SQLiteConnection.nativeExecuteForLastInsertedRowId(Native Method)
03-15 15:25:07.645 25934 25984 E SQLiteDatabase: at android.database.sqlite.SQLiteConnection.executeForLastInsertedRowId(SQLiteConnecti on.java:967)
03-15 15:25:07.645 25934 25984 E SQLiteDatabase: at android.database.sqlite.SQLiteSession.executeForLastInsertedRowId(SQLiteSession.jav a:790)
03-15 15:25:07.645 25934 25984 E SQLiteDatabase: at android.database.sqlite.SQLiteStatement.executeInsert(SQLiteStatement.java:89)
03-15 15:25:07.645 25934 25984 E SQLiteDatabase: at android.database.sqlite.SQLiteDatabase.insertWithOnConflict(SQLiteDatabase.java:186 8)
03-15 15:25:07.645 25934 25984 E SQLiteDatabase: at android.database.sqlite.SQLiteDatabase.insert(SQLiteDatabase.java:1737)
03-15 15:25:07.645 25934 25984 E SQLiteDatabase: at X.2tm.A08(Unknown Source:6)
03-15 15:25:07.645 25934 25984 E SQLiteDatabase: at X.35Y.A07(Unknown Source:212)
03-15 15:25:07.645 25934 25984 E SQLiteDatabase: at X.3QF.A14(Unknown Source:470)
03-15 15:25:07.645 25934 25984 E SQLiteDatabase: at X.2rh.A03(Unknown Source:289)
03-15 15:25:07.645 25934 25984 E SQLiteDatabase: at X.2oU.A02(Unknown Source:113)
03-15 15:25:07.645 25934 25984 E SQLiteDatabase: at X.6rm.Aph(Unknown Source:53)
03-15 15:25:07.645 25934 25984 E SQLiteDatabase: at X.2oU.A01(Unknown Source:216)
03-15 15:25:07.645 25934 25984 E SQLiteDatabase: at X.4Dg.A04(Unknown Source:166)
03-15 15:25:07.645 25934 25984 E SQLiteDatabase: at X.4Dg.BVm(Unknown Source:1260)
03-15 15:25:07.645 25934 25984 E SQLiteDatabase: at X.32T.A05(Unknown Source:30)
03-15 15:25:07.645 25934 25984 E SQLiteDatabase: at X.103.handleMessage(Unknown Source:482)
03-15 15:25:07.645 25934 25984 E SQLiteDatabase: at android.os.Handler.dispatchMessage(Handler.java:106)
03-15 15:25:07.645 25934 25984 E SQLiteDatabase: at android.os.Looper.loopOnce(Looper.java:240)
03-15 15:25:07.645 25934 25984 E SQLiteDatabase: at android.os.Looper.loop(Looper.java:351)
03-15 15:25:07.645 25934 25984 E SQLiteDatabase: at android.os.HandlerThread.run(HandlerThread.java:67)
03-15 15:25:07.646 25934 25934 E ArmVmp : Match on catch block at 0xc3 in for 0x159
03-15 15:25:07.650 25934 25934 E ArmVmp : Match on catch block at 0xc3 in for 0x155
03-15 15:25:07.663 25934 25934 E ArmVmp : Match on catch block at 0xc3 in for 0x145
03-15 15:25:07.668 25934 25934 E ArmVmp : Match on catch block at 0xc3 in for 0x141
03-15 15:25:07.752 25934 25934 E ArmVmp : Match on catch block at 0xc3 in for 0x14d
03-15 15:25:07.757 25934 25934 E ArmVmp : Match on catch block at 0xc3 in for 0x149
03-15 15:25:07.768 25934 25934 E ArmVmp : Match on catch block at 0xc3 in for 0x151
03-15 15:25:07.772 25934 25934 E ArmVmp : Match on catch block at 0xc3 in for 0x14d
03-15 15:25:07.783 25934 25934 E ArmVmp : Match on catch block at 0xc3 in for 0x149
03-15 15:25:07.788 25934 25934 E ArmVmp : Match on catch block at 0xc3 in for 0x145
03-15 15:25:08.027 25934 25934 E ArmVmp : Match on catch block at 0xc3 in for 0x14d
03-15 15:25:08.030 25934 25934 E ArmVmp : Match on catch block at 0xc3 in for 0x149
03-15 15:25:08.064 25934 25934 E ArmVmp : Match on catch block at 0xc3 in for 0x151
03-15 15:25:08.069 25934 25934 E ArmVmp : Match on catch block at 0xc3 in for 0x14d
03-15 15:25:08.092 25934 25998 E FrameEvents: updateAcquireFence: Did not find frame.
03-15 15:25:08.119 25934 25934 E ArmVmp : Match on catch block at 0xc3 in for 0x159
03-15 15:25:08.123 25934 25934 E ArmVmp : Match on catch block at 0xc3 in for 0x155
03-15 15:25:08.198 25934 25934 W ResourceType: Bad XML block: header size 18254 or total size 169478669 is larger than data size 503
03-15 15:25:08.209 25934 25934 W ResourceType: Bad XML block: header size 18254 or total size 169478669 is larger than data size 380
03-15 15:25:08.215 25934 25934 W ResourceType: Bad XML block: header size 18254 or total size 169478669 is larger than data size 1003
03-15 15:25:08.219 25934 25934 W ResourceType: Bad XML block: header size 18254 or total size 169478669 is larger than data size 1003
03-15 15:25:08.223 25934 25934 W ResourceType: Bad XML block: header size 18254 or total size 169478669 is larger than data size 659
03-15 15:25:08.227 25934 25934 W ResourceType: Bad XML block: header size 18254 or total size 169478669 is larger than data size 593
03-15 15:25:08.240 25934 25934 W ResourceType: Bad XML block: header size 18254 or total size 169478669 is larger than data size 244
03-15 15:25:08.244 25934 25934 W ResourceType: Bad XML block: header size 18254 or total size 169478669 is larger than data size 473
03-15 15:25:08.247 25934 25934 W ResourceType: Bad XML block: header size 18254 or total size 169478669 is larger than data size 510
03-15 15:25:08.302 25934 25934 E ArmVmp : Match on catch block at 0xc3 in for 0x149
03-15 15:25:08.306 25934 25934 E ArmVmp : Match on catch block at 0xc3 in for 0x145
03-15 15:25:08.309 25934 25934 E OplusBracketLog: [OplusViewMirrorManager] updateHostViewRootIfNeeded, not support android.view.ViewRootImpl@17f0d03
03-15 15:25:08.323 25934 25934 E IPCThreadState: attemptIncStrongHandle(112): Not supported
03-15 15:25:08.356 25934 25934 E ArmVmp : Match on catch block at 0xc3 in for 0x159
03-15 15:25:08.364 25934 25934 E ArmVmp : Match on catch block at 0xc3 in for 0x155
03-15 15:25:08.380 25934 25934 W View : requestLayout() improperly called by android.widget.Space{a09b3ae I.ED..... ......I. 36,108-48,120 #7f0b00ba app:id/action_tile_spacing viewInfo = } during layout: running second layout pass
03-15 15:25:08.380 25934 25934 W View : requestLayout() improperly called by android.widget.Space{174b54f I.ED..... ......I. 36,108-48,120 #7f0b00ba app:id/action_tile_spacing viewInfo = } during layout: running second layout pass
03-15 15:25:08.380 25934 25934 W View : requestLayout() improperly called by android.widget.Space{80974dc I.ED..... ......I. 36,108-48,120 #7f0b00ba app:id/action_tile_spacing viewInfo = } during layout: running second layout pass
03-15 15:25:08.388 25934 25934 E ArmVmp : Match on catch block at 0xc3 in for 0x149
03-15 15:25:08.392 25934 25934 E ArmVmp : Match on catch block at 0xc3 in for 0x145
03-15 15:25:08.394 25934 25945 W System : A resource failed to call CursorWindow.close.
03-15 15:25:08.394 25934 25945 W System : A resource failed to call AbstractCursor.close.
03-15 15:25:08.416 25934 25998 W Parcel : Expecting binder but got null!
03-15 15:25:08.418 25934 25934 E ArmVmp : Match on catch block at 0xc3 in for 0x151
03-15 15:25:08.423 25934 25934 E ArmVmp : Match on catch block at 0xc3 in for 0x14d
03-15 15:25:08.433 25934 25934 E ArmVmp : Match on catch block at 0xc3 in for 0x155
03-15 15:25:08.437 25934 25934 E ArmVmp : Match on catch block at 0xc3 in for 0x151
03-15 15:25:08.444 25934 25934 E ArmVmp : Match on catch block at 0xc3 in for 0x149
03-15 15:25:08.449 25934 25934 E ArmVmp : Match on catch block at 0xc3 in for 0x145
03-15 15:25:08.460 25934 25934 E ArmVmp : Match on catch block at 0xc3 in for 0x14d
03-15 15:25:08.463 25934 25934 E ArmVmp : Match on catch block at 0xc3 in for 0x149
03-15 15:25:08.477 25934 25934 E ArmVmp : Match on catch block at 0xc3 in for 0x151
03-15 15:25:08.481 25934 25934 E ArmVmp : Match on catch block at 0xc3 in for 0x14d
03-15 15:25:08.493 25934 25934 E ArmVmp : Match on catch block at 0xc3 in for 0x155
03-15 15:25:08.497 25934 25934 E ArmVmp : Match on catch block at 0xc3 in for 0x151
03-15 15:25:08.509 25934 25934 E ArmVmp : Match on catch block at 0xc3 in for 0x159
03-15 15:25:08.513 25934 25934 E ArmVmp : Match on catch block at 0xc3 in for 0x155
03-15 15:25:08.526 25934 25934 E ArmVmp : Match on catch block at 0xc3 in for 0x141
03-15 15:25:08.529 25934 25934 E ArmVmp : Match on catch block at 0xc3 in for 0x159
03-15 15:25:08.543 25934 25934 E ArmVmp : Match on catch block at 0xc3 in for 0x145
03-15 15:25:08.548 25934 25934 E ArmVmp : Match on catch block at 0xc3 in for 0x141
03-15 15:25:08.559 25934 25934 E ArmVmp : Match on catch block at 0xc3 in for 0x149
03-15 15:25:08.563 25934 25934 E ArmVmp : Match on catch block at 0xc3 in for 0x145
03-15 15:25:08.576 25934 25934 E ArmVmp : Match on catch block at 0xc3 in for 0x14d
03-15 15:25:08.580 25934 25934 E ArmVmp : Match on catch block at 0xc3 in for 0x149
03-15 15:25:08.593 25934 25934 E ArmVmp : Match on catch block at 0xc3 in for 0x151
03-15 15:25:08.596 25934 25934 E ArmVmp : Match on catch block at 0xc3 in for 0x14d
03-15 15:25:08.609 25934 25934 E ArmVmp : Match on catch block at 0xc3 in for 0x155
03-15 15:25:08.614 25934 25934 E ArmVmp : Match on catch block at 0xc3 in for 0x151
03-15 15:25:08.626 25934 25934 E ArmVmp : Match on catch block at 0xc3 in for 0x159
03-15 15:25:08.629 25934 25934 E ArmVmp : Match on catch block at 0xc3 in for 0x155
03-15 15:25:08.642 25934 25934 E ArmVmp : Match on catch block at 0xc3 in for 0x141
03-15 15:25:08.646 25934 25934 E ArmVmp : Match on catch block at 0xc3 in for 0x159
03-15 15:25:08.660 25934 25934 E ArmVmp : Match on catch block at 0xc3 in for 0x145
03-15 15:25:08.663 25934 25934 E ArmVmp : Match on catch block at 0xc3 in for 0x141
03-15 15:25:08.676 25934 25934 E ArmVmp : Match on catch block at 0xc3 in for 0x149
03-15 15:25:08.680 25934 25934 E ArmVmp : Match on catch block at 0xc3 in for 0x145
03-15 15:25:08.692 25934 25934 E ArmVmp : Match on catch block at 0xc3 in for 0x14d
03-15 15:25:08.696 25934 25934 E ArmVmp : Match on catch block at 0xc3 in for 0x149
03-15 15:25:08.720 25934 25934 E ArmVmp : Match on catch block at 0xc3 in for 0x145
03-15 15:25:08.724 25934 25934 E ArmVmp : Match on catch block at 0xc3 in for 0x141
03-15 15:25:10.067 25934 25934 E OplusBracketLog: [OplusViewMirrorManager] updateHostViewRootIfNeeded, not support android.view.ViewRootImpl@31515c2
03-15 15:25:10.079 25934 25934 E IPCThreadState: attemptIncStrongHandle(125): Not supported
03-15 15:25:10.092 25934 25998 W Parcel : Expecting binder but got null!
03-15 15:25:10.830 25934 25934 E OplusBracketLog: [OplusViewMirrorManager] updateHostViewRootIfNeeded, not support android.view.ViewRootImpl@d7ef7e
03-15 15:25:10.841 25934 25934 E IPCThreadState: attemptIncStrongHandle(132): Not supported
03-15 15:25:10.860 25934 25998 W Parcel : Expecting binder but got null!
03-15 15:25:17.637 25934 25984 E SQLiteDatabase: Error inserting transferred=0 media_job_uuid=null transcoded=0 gif_attribution=0 first_scan_length=0 direct_path=/m1/v/t24/An-G9LYRngTBs9IeKnkaCEm_B78mg- ZNQmuVchTwaJttzuQiWuV7vyOVhKPGHrCA8BSAvkQ2U9aOILUgXJRU8ocvP67_6q89CEAQYvLuH61TYAIuk rACO1oeT8I2J95-Rw?ccb=10- 5&oh=01_AdSo4D0ud6udTD16H04SFThdC6UJ45IH_bQpqdjFiSiv9g&oe=661B1BE1&_nc_sid=5e03e0 thumbnail_height_width_ratio=0.25 is_animated_sticker=0 file_hash=qardmCqZqEv1ShC7s4/TANU326kQH7IssZEBZhJL0Qg= file_path=null file_size=0 partial_media_hash=null face_x=0 face_y=0 height=315 trim_to=0 media_key_timestamp=0 message_url=null media_caption=null trim_from=0 mime_type=image/jpeg partial_media_enc_hash=null width=1284 original_file_hash=null has_streaming_sidecar=0 autotransfer_retry_enabled=0 media_upload_handle=null message_row_id=240 multicast_id=null enc_file_hash=null mute_video=0 page_count=0 first_scan_sidecar=null suspicious_content=0 file_length=18615 media_name=null media_duration=0 chat_row_id=97 media_key=null
03-15 15:25:17.637 25934 25984 E SQLiteDatabase: android.database.sqlite.SQLiteConstraintException: UNIQUE constraint failed: message_media.message_row_id (code 1555 SQLITE_CONSTRAINT_PRIMARYKEY)
03-15 15:25:17.637 25934 25984 E SQLiteDatabase: at android.database.sqlite.SQLiteConnection.nativeExecuteForLastInsertedRowId(Native Method)
03-15 15:25:17.637 25934 25984 E SQLiteDatabase: at android.database.sqlite.SQLiteConnection.executeForLastInsertedRowId(SQLiteConnecti on.java:967)
03-15 15:25:17.637 25934 25984 E SQLiteDatabase: at android.database.sqlite.SQLiteSession.executeForLastInsertedRowId(SQLiteSession.jav a:790)
03-15 15:25:17.637 25934 25984 E SQLiteDatabase: at android.database.sqlite.SQLiteStatement.executeInsert(SQLiteStatement.java:89)
03-15 15:25:17.637 25934 25984 E SQLiteDatabase: at android.database.sqlite.SQLiteDatabase.insertWithOnConflict(SQLiteDatabase.java:186 8)
03-15 15:25:17.637 25934 25984 E SQLiteDatabase: at android.database.sqlite.SQLiteDatabase.insert(SQLiteDatabase.java:1737)
03-15 15:25:17.637 25934 25984 E SQLiteDatabase: at X.2tm.A08(Unknown Source:6)
03-15 15:25:17.637 25934 25984 E SQLiteDatabase: at X.35Y.A07(Unknown Source:212)
03-15 15:25:17.637 25934 25984 E SQLiteDatabase: at X.3QF.A14(Unknown Source:470)
03-15 15:25:17.637 25934 25984 E SQLiteDatabase: at X.2rh.A03(Unknown Source:289)
03-15 15:25:17.637 25934 25984 E SQLiteDatabase: at X.2oU.A02(Unknown Source:113)
03-15 15:25:17.637 25934 25984 E SQLiteDatabase: at X.6rm.Apg(Unknown Source:64)
03-15 15:25:17.637 25934 25984 E SQLiteDatabase: at X.6rn.Aph(Unknown Source:157)
03-15 15:25:17.637 25934 25984 E SQLiteDatabase: at X.2oU.A01(Unknown Source:216)
03-15 15:25:17.637 25934 25984 E SQLiteDatabase: at X.4Dg.A05(Unknown Source:184)
03-15 15:25:17.637 25934 25984 E SQLiteDatabase: at X.4Dg.BVm(Unknown Source:1276)
03-15 15:25:17.637 25934 25984 E SQLiteDatabase: at X.32T.A05(Unknown Source:30)
03-15 15:25:17.637 25934 25984 E SQLiteDatabase: at X.103.handleMessage(Unknown Source:482)
03-15 15:25:17.637 25934 25984 E SQLiteDatabase: at android.os.Handler.dispatchMessage(Handler.java:106)
03-15 15:25:17.637 25934 25984 E SQLiteDatabase: at android.os.Looper.loopOnce(Looper.java:240)
03-15 15:25:17.637 25934 25984 E SQLiteDatabase: at android.os.Looper.loop(Looper.java:351)
03-15 15:25:17.637 25934 25984 E SQLiteDatabase: at android.os.HandlerThread.run(HandlerThread.java:67)
03-15 15:25:21.334 25934 25984 E SQLiteDatabase: Error inserting transferred=0 media_job_uuid=null transcoded=0 gif_attribution=0 first_scan_length=0 direct_path=/m1/v/t24/An-G9LYRngTBs9IeKnkaCEm_B78mg- ZNQmuVchTwaJttzuQiWuV7vyOVhKPGHrCA8BSAvkQ2U9aOILUgXJRU8ocvP67_6q89CEAQYvLuH61TYAIuk rACO1oeT8I2J95-Rw?ccb=10- 5&oh=01_AdSo4D0ud6udTD16H04SFThdC6UJ45IH_bQpqdjFiSiv9g&oe=661B1BE1&_nc_sid=5e03e0 thumbnail_height_width_ratio=0.25 is_animated_sticker=0 file_hash=qardmCqZqEv1ShC7s4/TANU326kQH7IssZEBZhJL0Qg= file_path=null file_size=0 partial_media_hash=null face_x=0 face_y=0 height=315 trim_to=0 media_key_timestamp=0 message_url=null media_caption=null trim_from=0 mime_type=image/jpeg partial_media_enc_hash=null width=1284 original_file_hash=null has_streaming_sidecar=0 autotransfer_retry_enabled=0 media_upload_handle=null message_row_id=240 multicast_id=null enc_file_hash=null mute_video=0 page_count=0 first_scan_sidecar=null suspicious_content=0 file_length=18615 media_name=null media_duration=0 chat_row_id=97 media_key=null
03-15 15:25:21.334 25934 25984 E SQLiteDatabase: android.database.sqlite.SQLiteConstraintException: UNIQUE constraint failed: message_media.message_row_id (code 1555 SQLITE_CONSTRAINT_PRIMARYKEY)
03-15 15:25:21.334 25934 25984 E SQLiteDatabase: at android.database.sqlite.SQLiteConnection.nativeExecuteForLastInsertedRowId(Native Method)
03-15 15:25:21.334 25934 25984 E SQLiteDatabase: at android.database.sqlite.SQLiteConnection.executeForLastInsertedRowId(SQLiteConnecti on.java:967)
03-15 15:25:21.334 25934 25984 E SQLiteDatabase: at android.database.sqlite.SQLiteSession.executeForLastInsertedRowId(SQLiteSession.jav a:790)
03-15 15:25:21.334 25934 25984 E SQLiteDatabase: at android.database.sqlite.SQLiteStatement.executeInsert(SQLiteStatement.java:89)
03-15 15:25:21.334 25934 25984 E SQLiteDatabase: at android.database.sqlite.SQLiteDatabase.insertWithOnConflict(SQLiteDatabase.java:186 8)
03-15 15:25:21.334 25934 25984 E SQLiteDatabase: at android.database.sqlite.SQLiteDatabase.insert(SQLiteDatabase.java:1737)
03-15 15:25:21.334 25934 25984 E SQLiteDatabase: at X.2tm.A08(Unknown Source:6)
03-15 15:25:21.334 25934 25984 E SQLiteDatabase: at X.35Y.A07(Unknown Source:212)
03-15 15:25:21.334 25934 25984 E SQLiteDatabase: at X.3QF.A14(Unknown Source:470)
03-15 15:25:21.334 25934 25984 E SQLiteDatabase: at X.2rh.A03(Unknown Source:289)
03-15 15:25:21.334 25934 25984 E SQLiteDatabase: at X.2oU.A02(Unknown Source:113)
03-15 15:25:21.334 25934 25984 E SQLiteDatabase: at X.6rm.Apg(Unknown Source:64)
03-15 15:25:21.334 25934 25984 E SQLiteDatabase: at X.6rn.Aph(Unknown Source:157)
03-15 15:25:21.334 25934 25984 E SQLiteDatabase: at X.2oU.A01(Unknown Source:216)
03-15 15:25:21.334 25934 25984 E SQLiteDatabase: at X.4Dg.A05(Unknown Source:184)
03-15 15:25:21.334 25934 25984 E SQLiteDatabase: at X.4Dg.BVm(Unknown Source:1276)
03-15 15:25:21.334 25934 25984 E SQLiteDatabase: at X.32T.A05(Unknown Source:30)
03-15 15:25:21.334 25934 25984 E SQLiteDatabase: at X.103.handleMessage(Unknown Source:482)
03-15 15:25:21.334 25934 25984 E SQLiteDatabase: at android.os.Handler.dispatchMessage(Handler.java:106)
03-15 15:25:21.334 25934 25984 E SQLiteDatabase: at android.os.Looper.loopOnce(Looper.java:240)
03-15 15:25:21.334 25934 25984 E SQLiteDatabase: at android.os.Looper.loop(Looper.java:351)
03-15 15:25:21.334 25934 25984 E SQLiteDatabase: at android.os.HandlerThread.run(HandlerThread.java:67)
03-15 15:25:21.410 25934 25934 W View : requestLayout() improperly called by com.mbwhatsapp.TextEmojiLabel{10175ea VFED..C.. ......ID 0,0-262,88 #7f0b06ab app:id/conversation_contact_name viewInfo = } during layout: running second layout pass
03-15 15:25:21.451 25934 25934 W View : requestLayout() improperly called by com.mbwhatsapp.TextEmojiLabel{10175ea VFED..C.. ......ID 0,0-262,88 #7f0b06ab app:id/conversation_contact_name viewInfo = } during layout: running second layout pass
03-15 15:25:21.470 25934 25934 W View : requestLayout() improperly called by com.mbwhatsapp.TextEmojiLabel{10175ea VFED..C.. ......ID 0,0-262,88 #7f0b06ab app:id/conversation_contact_name viewInfo = } during layout: running second layout pass
03-15 15:25:23.795 25934 25934 E ArmVmp : Match on catch block at 0x0a in for 0x195
03-15 15:25:23.806 25934 25934 E ArmVmp : Match on catch block at 0x0a in for 0x18d
03-15 15:25:23.864 25934 25934 E IPCThreadState: attemptIncStrongHandle(133): Not supported
03-15 15:25:23.953 25934 25934 E ArmVmp : Match on catch block at 0xc3 in for 0x155
03-15 15:25:23.959 25934 25934 E ArmVmp : Match on catch block at 0xc3 in for 0x151
03-15 15:25:23.968 25934 25998 E FrameEvents: updateAcquireFence: Did not find frame.
03-15 15:25:24.023 25934 25934 E ArmVmp : Match on catch block at 0xc3 in for 0x141
03-15 15:25:24.031 25934 25934 E ArmVmp : Match on catch block at 0xc3 in for 0x159
03-15 15:25:24.071 25934 25945 W System : A resource failed to call AbstractCursor.close.
03-15 15:25:24.090 25934 25985 E SQLiteDatabase: Error inserting transferred=0 media_job_uuid=3cc0387e-15fe-4ea3-99a1-38e2a3b49bc8 transcoded=0 gif_attribution=0 first_scan_length=0 direct_path=/m1/v/t24/An_iTJOdhPdMrGXXagXIcAt_YKBvqIxUUSJS_aAj52ySIWK100qGNQxHBVuA7 wC3H6tSO289kkBD6TqfxEyS48j9i_D3ANyBUXNGCXB6BAqRnhdvW5BcPZAgWaUZxFb3Gw?ccb=10- 5&oh=01_AdSmj8s8shxqx1nbnrU5C372QmhCxmokTRtagfSVgi_W1w&oe=661B216C&_nc_sid=5e03e0 thumbnail_height_width_ratio=0.30555555 is_animated_sticker=0 file_hash=pKtoWLLKdvt8+XI876SdbQV48pD8Z1AKM9CVBHmQF4Q= file_path=null file_size=0 partial_media_hash=null face_x=0 face_y=0 height=389 trim_to=0 media_key_timestamp=0 message_url=null media_caption=null trim_from=0 mime_type=image/jpeg partial_media_enc_hash=null width=1284 original_file_hash=null has_streaming_sidecar=0 autotransfer_retry_enabled=0 media_upload_handle=null message_row_id=239 multicast_id=null enc_file_hash=null mute_video=0 page_count=0 first_scan_sidecar=null suspicious_content=0 file_length=28890 media_name=null media_duration=0 chat_row_id=97 media_key=null
03-15 15:25:24.090 25934 25985 E SQLiteDatabase: android.database.sqlite.SQLiteConstraintException: UNIQUE constraint failed: message_media.message_row_id (code 1555 SQLITE_CONSTRAINT_PRIMARYKEY)
03-15 15:25:24.090 25934 25985 E SQLiteDatabase: at android.database.sqlite.SQLiteConnection.nativeExecuteForLastInsertedRowId(Native Method)
03-15 15:25:24.090 25934 25985 E SQLiteDatabase: at android.database.sqlite.SQLiteConnection.executeForLastInsertedRowId(SQLiteConnecti on.java:967)
03-15 15:25:24.090 25934 25985 E SQLiteDatabase: at android.database.sqlite.SQLiteSession.executeForLastInsertedRowId(SQLiteSession.jav a:790)
03-15 15:25:24.090 25934 25985 E SQLiteDatabase: at android.database.sqlite.SQLiteStatement.executeInsert(SQLiteStatement.java:89)
03-15 15:25:24.090 25934 25985 E SQLiteDatabase: at android.database.sqlite.SQLiteDatabase.insertWithOnConflict(SQLiteDatabase.java:186 8)
03-15 15:25:24.090 25934 25985 E SQLiteDatabase: at android.database.sqlite.SQLiteDatabase.insert(SQLiteDatabase.java:1737)
03-15 15:25:24.090 25934 25985 E SQLiteDatabase: at X.2tm.A08(Unknown Source:6)
03-15 15:25:24.090 25934 25985 E SQLiteDatabase: at X.35Y.A07(Unknown Source:212)
03-15 15:25:24.090 25934 25985 E SQLiteDatabase: at X.3QF.A14(Unknown Source:470)
03-15 15:25:24.090 25934 25985 E SQLiteDatabase: at X.3gU.run(Unknown Source:982)
03-15 15:25:24.090 25934 25985 E SQLiteDatabase: at android.os.Handler.handleCallback(Handler.java:942)
03-15 15:25:24.090 25934 25985 E SQLiteDatabase: at android.os.Handler.dispatchMessage(Handler.java:99)
03-15 15:25:24.090 25934 25985 E SQLiteDatabase: at X.0zq.dispatchMessage(Unknown Source:4)
03-15 15:25:24.090 25934 25985 E SQLiteDatabase: at android.os.Looper.loopOnce(Looper.java:240)
03-15 15:25:24.090 25934 25985 E SQLiteDatabase: at android.os.Looper.loop(Looper.java:351)
03-15 15:25:24.090 25934 25985 E SQLiteDatabase: at android.os.HandlerThread.run(HandlerThread.java:67)
03-15 15:25:24.102 25934 25985 E SQLiteDatabase: Error inserting transferred=0 media_job_uuid=849873bc-aac7-4d9d-9583-99db8350c29e transcoded=0 gif_attribution=0 first_scan_length=0 direct_path=/m1/v/t24/An8QBVrmTmG3a8YVlUQArDUfoHZppl7UxMp_N3LUtMspR8FeYBLLgsJ1hmMt5 kvT59I_ghR9I-T7ANBEoX-rfBMfSAhMxM9sCbBMVfXRHuskeDSEbn1UdEbCWHKCaflVmg?ccb=10- 5&oh=01_AdSXXHvkC5DQ4Z1AdRiebm0b6bdTHy80UTQPW9v5msnV8w&oe=661B2259&_nc_sid=5e03e0 thumbnail_height_width_ratio=0.29166666 is_animated_sticker=0 file_hash=oOczOhvArjzbACXa5qX4CTsMSgxPlcUcU9SDDPumcUw= file_path=null file_size=0 partial_media_hash=null face_x=0 face_y=0 height=382 trim_to=0 media_key_timestamp=0 message_url=null media_caption=null trim_from=0 mime_type=image/jpeg partial_media_enc_hash=null width=1284 original_file_hash=null has_streaming_sidecar=0 autotransfer_retry_enabled=0 media_upload_handle=null message_row_id=238 multicast_id=null enc_file_hash=null mute_video=0 page_count=0 first_scan_sidecar=null suspicious_content=0 file_length=28556 media_name=null media_duration=0 chat_row_id=97 media_key=null
03-15 15:25:24.102 25934 25985 E SQLiteDatabase: android.database.sqlite.SQLiteConstraintException: UNIQUE constraint failed: message_media.message_row_id (code 1555 SQLITE_CONSTRAINT_PRIMARYKEY)
03-15 15:25:24.102 25934 25985 E SQLiteDatabase: at android.database.sqlite.SQLiteConnection.nativeExecuteForLastInsertedRowId(Native Method)
03-15 15:25:24.102 25934 25985 E SQLiteDatabase: at android.database.sqlite.SQLiteConnection.executeForLastInsertedRowId(SQLiteConnecti on.java:967)
03-15 15:25:24.102 25934 25985 E SQLiteDatabase: at android.database.sqlite.SQLiteSession.executeForLastInsertedRowId(SQLiteSession.jav a:790)
03-15 15:25:24.102 25934 25985 E SQLiteDatabase: at android.database.sqlite.SQLiteStatement.executeInsert(SQLiteStatement.java:89)
03-15 15:25:24.102 25934 25985 E SQLiteDatabase: at android.database.sqlite.SQLiteDatabase.insertWithOnConflict(SQLiteDatabase.java:186 8)
03-15 15:25:24.102 25934 25985 E SQLiteDatabase: at android.database.sqlite.SQLiteDatabase.insert(SQLiteDatabase.java:1737)
03-15 15:25:24.102 25934 25985 E SQLiteDatabase: at X.2tm.A08(Unknown Source:6)
03-15 15:25:24.102 25934 25985 E SQLiteDatabase: at X.35Y.A07(Unknown Source:212)
03-15 15:25:24.102 25934 25985 E SQLiteDatabase: at X.3QF.A14(Unknown Source:470)
03-15 15:25:24.102 25934 25985 E SQLiteDatabase: at X.3gU.run(Unknown Source:982)
03-15 15:25:24.102 25934 25985 E SQLiteDatabase: at android.os.Handler.handleCallback(Handler.java:942)
03-15 15:25:24.102 25934 25985 E SQLiteDatabase: at android.os.Handler.dispatchMessage(Handler.java:99)
03-15 15:25:24.102 25934 25985 E SQLiteDatabase: at X.0zq.dispatchMessage(Unknown Source:4)
03-15 15:25:24.102 25934 25985 E SQLiteDatabase: at android.os.Looper.loopOnce(Looper.java:240)
03-15 15:25:24.102 25934 25985 E SQLiteDatabase: at android.os.Looper.loop(Looper.java:351)
03-15 15:25:24.102 25934 25985 E SQLiteDatabase: at android.os.HandlerThread.run(HandlerThread.java:67)
03-15 15:25:24.112 25934 25985 E SQLiteDatabase: Error inserting transferred=0 media_job_uuid=ca3059a6-5911-4312-a8e9-0b382d9d8a15 transcoded=0 gif_attribution=0 first_scan_length=0 direct_path=/m1/v/t24/An92Yo7jHjmhJ2leBuYOd2cA1Tg26Feo2Y7bSKXP0CJw6_TF6dB6TsNPA_uxY cK2Zz0j2FLo_ggk4BTayDadluftqnNN37bhnbAXYrPpq8OjDvMsY-PQiR5-mTYlvCDduA?ccb=10- 5&oh=01_AdR7ocXJAKyntM0oG1cdsWrWdicX7-rTMfqQv5N-YLXEbQ&oe=661B1619&_nc_sid=5e03e0 thumbnail_height_width_ratio=0.2638889 is_animated_sticker=0 file_hash=VAn9wVQCaRDeh9hg+M5Quy8NrU3+ygJ/g2+tNB+fWZI= file_path=null file_size=0 partial_media_hash=null face_x=0 face_y=0 height=340 trim_to=0 media_key_timestamp=0 message_url=null media_caption=null trim_from=0 mime_type=image/jpeg partial_media_enc_hash=null width=1284 original_file_hash=null has_streaming_sidecar=0 autotransfer_retry_enabled=0 media_upload_handle=null message_row_id=235 multicast_id=null enc_file_hash=null mute_video=0 page_count=0 first_scan_sidecar=null suspicious_content=0 file_length=26001 media_name=null media_duration=0 chat_row_id=97 media_key=null
