03-15 09:33:46.070 7519 17036 W System.err: at com.android.okhttp.internal.huc.DelegatingHttpsURLConnection.getInputStream(Delegat ingHttpsURLConnection.java:211)
03-15 09:33:46.070 7519 17036 W System.err:
03-15 09:33:46.070 7519 17036 W System.err: at com.android.okhttp.internal.huc.HttpsURLConnectionImpl.getInputStream(HttpsURLConne ctionImpl.java:30)
03-15 09:33:46.071 7519 17036 W System.err:
03-15 09:33:46.071 7519 17036 W System.err: at java.net.URL.openStream(URL.java:1072)
03-15 09:33:46.071 7519 17036 W System.err:
03-15 09:33:46.071 7519 17036 W System.err: at mbmodsd.mbmodsw.mbdialog.MBDialogMan.loadJsonFromUrl(Native Method)
03-15 09:33:46.072 7519 17036 W System.err:
03-15 09:33:46.072 7519 17036 W System.err: at mbmodsd.mbmodsw.mbdialog.MBDialogMan.access$000(Native Method)
03-15 09:33:46.072 7519 17036 W System.err:
03-15 09:33:46.072 7519 17036 W System.err: at mbmodsd.mbmodsw.mbdialog.MBDialogMan$FetchJsonTask.doInBackground(Native Method)
03-15 09:33:46.073 7519 17036 W System.err:
03-15 09:33:46.073 7519 17036 W System.err: at mbmodsd.mbmodsw.mbdialog.MBDialogMan$FetchJsonTask.doInBackground(Native Method)
03-15 09:33:46.073 7519 17036 W System.err:
03-15 09:33:46.073 7519 17036 W System.err: at android.os.AsyncTask$3.call(AsyncTask.java:394)
03-15 09:33:46.074 7519 17036 W System.err:
03-15 09:33:46.074 7519 17036 W System.err: at java.util.concurrent.FutureTask.run(FutureTask.java:264)
03-15 09:33:46.074 7519 17036 W System.err:
03-15 09:33:46.075 7519 17036 W System.err: at android.os.AsyncTask$SerialExecutor$1.run(AsyncTask.java:305)
03-15 09:33:46.075 7519 17036 W System.err:
03-15 09:33:46.075 7519 17036 W System.err: at java.util.concurrent.ThreadPoolExecutor.runWorker(ThreadPoolExecutor.java:1137)
03-15 09:33:46.076 7519 17036 W System.err:
03-15 09:33:46.076 7519 17036 W System.err: at java.util.concurrent.ThreadPoolExecutor$Worker.run(ThreadPoolExecutor.java:637)
03-15 09:33:46.076 7519 17036 W System.err:
03-15 09:33:46.076 7519 17036 W System.err: at java.lang.Thread.run(Thread.java:1012)
03-15 09:33:46.076 7519 17036 W System.err:
03-15 09:33:46.077 7519 17036 W System.err: Caused by: android.system.GaiException: android_getaddrinfo failed: EAI_NODATA (No address associated with hostname)
03-15 09:33:46.077 7519 17036 W System.err:
03-15 09:33:46.078 7519 17036 W System.err: at libcore.io.Linux.android_getaddrinfo(Native Method)
03-15 09:33:46.078 7519 17036 W System.err:
03-15 09:33:46.078 7519 17036 W System.err: at libcore.io.ForwardingOs.android_getaddrinfo(ForwardingOs.java:133)
03-15 09:33:46.079 7519 17036 W System.err:
03-15 09:33:46.079 7519 17036 W System.err: at libcore.io.BlockGuardOs.android_getaddrinfo(BlockGuardOs.java:222)
03-15 09:33:46.079 7519 17036 W System.err:
03-15 09:33:46.080 7519 17036 W System.err: at libcore.io.ForwardingOs.android_getaddrinfo(ForwardingOs.java:133)
03-15 09:33:46.080 7519 17036 W System.err:
03-15 09:33:46.080 7519 17036 W System.err: at java.net.Inet6AddressImpl.lookupHostByName(Inet6AddressImpl.java:135)
03-15 09:33:46.080 7519 17036 W System.err:
03-15 09:33:46.080 7519 17036 W System.err: ... 27 more
03-15 09:33:46.081 7519 17036 W System.err:
03-15 09:34:31.241 7519 23414 E ArmVmp : Match on catch block at 0x48 in for 0x115
03-15 09:34:31.243 7519 23414 W System.err: java.net.UnknownHostException: Unable to resolve host "translate.googleapis.com": No address associated with hostname
03-15 09:34:31.243 7519 23414 W System.err:
03-15 09:34:31.244 7519 23414 W System.err: at java.net.Inet6AddressImpl.lookupHostByName(Inet6AddressImpl.java:156)
03-15 09:34:31.244 7519 23414 W System.err:
03-15 09:34:31.244 7519 23414 W System.err: at java.net.Inet6AddressImpl.lookupAllHostAddr(Inet6AddressImpl.java:103)
03-15 09:34:31.245 7519 23414 W System.err:
03-15 09:34:31.245 7519 23414 W System.err: at java.net.InetAddress.getAllByName(InetAddress.java:1152)
03-15 09:34:31.245 7519 23414 W System.err:
03-15 09:34:31.245 7519 23414 W System.err: at com.android.okhttp.Dns$1.lookup(Dns.java:41)
03-15 09:34:31.245 7519 23414 W System.err:
03-15 09:34:31.245 7519 23414 W System.err: at com.android.okhttp.internal.http.RouteSelector.resetNextInetSocketAddress(RouteSele ctor.java:178)
03-15 09:34:31.246 7519 23414 W System.err:
03-15 09:34:31.246 7519 23414 W System.err: at com.android.okhttp.internal.http.RouteSelector.nextProxy(RouteSelector.java:144)
03-15 09:34:31.246 7519 23414 W System.err:
03-15 09:34:31.246 7519 23414 W System.err: at com.android.okhttp.internal.http.RouteSelector.next(RouteSelector.java:86)
03-15 09:34:31.246 7519 23414 W System.err:
03-15 09:34:31.247 7519 23414 W System.err: at com.android.okhttp.internal.http.StreamAllocation.findConnection(StreamAllocation.j ava:176)
03-15 09:34:31.247 7519 23414 W System.err:
03-15 09:34:31.247 7519 23414 W System.err: at com.android.okhttp.internal.http.StreamAllocation.findHealthyConnection(StreamAlloc ation.java:128)
03-15 09:34:31.247 7519 23414 W System.err:
03-15 09:34:31.247 7519 23414 W System.err: at com.android.okhttp.internal.http.StreamAllocation.newStream(StreamAllocation.java:9 7)
03-15 09:34:31.247 7519 23414 W System.err:
03-15 09:34:31.248 7519 23414 W System.err: at com.android.okhttp.internal.http.HttpEngine.connect(HttpEngine.java:289)
03-15 09:34:31.248 7519 23414 W System.err:
03-15 09:34:31.248 7519 23414 W System.err: at com.android.okhttp.internal.http.HttpEngine.sendRequest(HttpEngine.java:232)
03-15 09:34:31.248 7519 23414 W System.err:
03-15 09:34:31.248 7519 23414 W System.err: at com.android.okhttp.internal.huc.HttpURLConnectionImpl.execute(HttpURLConnectionImpl .java:465)
03-15 09:34:31.248 7519 23414 W System.err:
03-15 09:34:31.248 7519 23414 W System.err: at com.android.okhttp.internal.huc.HttpURLConnectionImpl.connect(HttpURLConnectionImpl .java:131)
03-15 09:34:31.248 7519 23414 W System.err:
03-15 09:34:31.249 7519 23414 W System.err: at com.android.okhttp.internal.huc.DelegatingHttpsURLConnection.connect(DelegatingHttp sURLConnection.java:90)
03-15 09:34:31.249 7519 23414 W System.err:
03-15 09:34:31.249 7519 23414 W System.err: at com.android.okhttp.internal.huc.HttpsURLConnectionImpl.connect(HttpsURLConnectionIm pl.java:30)
03-15 09:34:31.249 7519 23414 W System.err:
03-15 09:34:31.249 7519 23414 W System.err: at mbmodsd.mbmodsw.home.MBTranslator.translate(Native Method)
03-15 09:34:31.249 7519 23414 W System.err:
03-15 09:34:31.249 7519 23414 W System.err: at mbmodsd.mbmodsw.home.MBTranslator$Async.doInBackground(Native Method)
03-15 09:34:31.249 7519 23414 W System.err:
03-15 09:34:31.250 7519 23414 W System.err: at mbmodsd.mbmodsw.home.MBTranslator$Async.doInBackground(Native Method)
03-15 09:34:31.250 7519 23414 W System.err:
03-15 09:34:31.250 7519 23414 W System.err: at android.os.AsyncTask$3.call(AsyncTask.java:394)
03-15 09:34:31.250 7519 23414 W System.err:
03-15 09:34:31.250 7519 23414 W System.err: at java.util.concurrent.FutureTask.run(FutureTask.java:264)
03-15 09:34:31.251 7519 23414 W System.err:
03-15 09:34:31.252 7519 23414 W System.err: at android.os.AsyncTask$SerialExecutor$1.run(AsyncTask.java:305)
03-15 09:34:31.252 7519 23414 W System.err:
03-15 09:34:31.252 7519 23414 W System.err: at java.util.concurrent.ThreadPoolExecutor.runWorker(ThreadPoolExecutor.java:1137)
03-15 09:34:31.252 7519 23414 W System.err:
03-15 09:34:31.252 7519 23414 W System.err: at java.util.concurrent.ThreadPoolExecutor$Worker.run(ThreadPoolExecutor.java:637)
03-15 09:34:31.252 7519 23414 W System.err:
03-15 09:34:31.254 7519 23414 W System.err: at java.lang.Thread.run(Thread.java:1012)
03-15 09:34:31.255 7519 23414 W System.err:
03-15 09:34:31.256 7519 23414 W System.err: Caused by: android.system.GaiException: android_getaddrinfo failed: EAI_NODATA (No address associated with hostname)
03-15 09:34:31.257 7519 23414 W System.err:
03-15 09:34:31.257 7519 23414 W System.err: at libcore.io.Linux.android_getaddrinfo(Native Method)
03-15 09:34:31.258 7519 23414 W System.err:
03-15 09:34:31.258 7519 23414 W System.err: at libcore.io.ForwardingOs.android_getaddrinfo(ForwardingOs.java:133)
03-15 09:34:31.258 7519 23414 W System.err:
03-15 09:34:31.259 7519 23414 W System.err: at libcore.io.BlockGuardOs.android_getaddrinfo(BlockGuardOs.java:222)
03-15 09:34:31.259 7519 23414 W System.err:
03-15 09:34:31.259 7519 23414 W System.err: at libcore.io.ForwardingOs.android_getaddrinfo(ForwardingOs.java:133)
03-15 09:34:31.259 7519 23414 W System.err:
03-15 09:34:31.259 7519 23414 W System.err: at java.net.Inet6AddressImpl.lookupHostByName(Inet6AddressImpl.java:135)
03-15 09:34:31.260 7519 23414 W System.err:
03-15 09:34:31.260 7519 23414 W System.err: ... 24 more
03-15 09:34:31.260 7519 23414 W System.err:
03-15 09:34:31.262 7519 23414 E ArmVmp : Match on catch block at 0x48 in for 0x12d
03-15 09:34:31.263 7519 23414 W System.err: java.net.UnknownHostException: Unable to resolve host "translate.googleapis.com": No address associated with hostname
03-15 09:34:31.263 7519 23414 W System.err:
03-15 09:34:31.263 7519 23414 W System.err: at java.net.Inet6AddressImpl.lookupHostByName(Inet6AddressImpl.java:124)
03-15 09:34:31.264 7519 23414 W System.err:
03-15 09:34:31.264 7519 23414 W System.err: at java.net.Inet6AddressImpl.lookupAllHostAddr(Inet6AddressImpl.java:103)
03-15 09:34:31.264 7519 23414 W System.err:
03-15 09:34:31.264 7519 23414 W System.err: at java.net.InetAddress.getAllByName(InetAddress.java:1152)
03-15 09:34:31.264 7519 23414 W System.err:
03-15 09:34:31.264 7519 23414 W System.err: at com.android.okhttp.Dns$1.lookup(Dns.java:41)
03-15 09:34:31.264 7519 23414 W System.err:
03-15 09:34:31.264 7519 23414 W System.err: at com.android.okhttp.internal.http.RouteSelector.resetNextInetSocketAddress(RouteSele ctor.java:178)
03-15 09:34:31.264 7519 23414 W System.err:
03-15 09:34:31.265 7519 23414 W System.err: at com.android.okhttp.internal.http.RouteSelector.nextProxy(RouteSelector.java:144)
03-15 09:34:31.265 7519 23414 W System.err:
03-15 09:34:31.265 7519 23414 W System.err: at com.android.okhttp.internal.http.RouteSelector.next(RouteSelector.java:86)
03-15 09:34:31.265 7519 23414 W System.err:
03-15 09:34:31.265 7519 23414 W System.err: at com.android.okhttp.internal.http.StreamAllocation.findConnection(StreamAllocation.j ava:176)
03-15 09:34:31.265 7519 23414 W System.err: --------- beginning of main
03-15 10:12:36.850 7318 7318 E com.mbwhatsapp: Unknown bits set in runtime_flags: 0x40000000
03-15 10:12:36.855 7318 7318 E com.mbwhatsapp: Not starting debugger since process cannot load the jdwp agent.
03-15 10:12:36.861 7318 7318 W ziparchive: Unable to open '/system/framework/mediatek-framework.dm': No such file or directory
03-15 10:12:36.861 7318 7318 W ziparchive: Unable to open '/system/framework/mediatek-framework.dm': No such file or directory
03-15 10:12:36.867 7318 7333 E com.mbwhatsapp: Could not write anonymous vdex /system/framework/oat/arm64/mediatek-framework.vdex: Could not open /system/framework/oat/arm64/mediatek-framework.vdex for writing
03-15 10:12:36.914 7318 7318 W libc : Access denied finding property "ro.odm.prev.product.name"
03-15 10:12:37.067 7318 7318 W System.err: java.lang.ClassNotFoundException: mbmodsd.mbmodsw.ui.views.btn.BtnBK
03-15 10:12:37.068 7318 7318 W System.err: at java.lang.Runtime.nativeLoad(Native Method)
03-15 10:12:37.068 7318 7318 W System.err: at java.lang.Runtime.nativeLoad(Runtime.java:1121)
03-15 10:12:37.068 7318 7318 W System.err: at java.lang.Runtime.loadLibrary0(Runtime.java:1075)
03-15 10:12:37.068 7318 7318 W System.err: at java.lang.Runtime.loadLibrary0(Runtime.java:998)
03-15 10:12:37.068 7318 7318 W System.err: at java.lang.System.loadLibrary(System.java:1661)
03-15 10:12:37.068 7318 7318 W System.err: at arm.EpicVm.<clinit>(Unknown Source:2)
03-15 10:12:37.068 7318 7318 W System.err: at java.lang.Class.newInstance(Native Method)
03-15 10:12:37.068 7318 7318 W System.err: at android.app.AppComponentFactory.instantiateApplication(AppComponentFactory.java:76)
03-15 10:12:37.068 7318 7318 W System.err: at androidx.core.app.CoreComponentFactory.instantiateApplication(Unknown Source:0)
03-15 10:12:37.068 7318 7318 W System.err: at android.app.Instrumentation.newApplication(Instrumentation.java:1251)
03-15 10:12:37.068 7318 7318 W System.err: at android.app.LoadedApk.makeApplicationInner(LoadedApk.java:1507)
03-15 10:12:37.068 7318 7318 W System.err: at android.app.LoadedApk.makeApplicationInner(LoadedApk.java:1443)
03-15 10:12:37.068 7318 7318 W System.err: at android.app.ActivityThread.handleBindApplication(ActivityThread.java:7232)
03-15 10:12:37.068 7318 7318 W System.err: at android.app.ActivityThread.-$ $Nest$mhandleBindApplication(Unknown Source:0)
03-15 10:12:37.068 7318 7318 W System.err: at android.app.ActivityThread$H.handleMessage(ActivityThread.java:2307)
03-15 10:12:37.068 7318 7318 W System.err: at android.os.Handler.dispatchMessage(Handler.java:106)
03-15 10:12:37.068 7318 7318 W System.err: at android.os.Looper.loopOnce(Looper.java:240)
03-15 10:12:37.069 7318 7318 W System.err: at android.os.Looper.loop(Looper.java:351)
03-15 10:12:37.069 7318 7318 W System.err: at android.app.ActivityThread.main(ActivityThread.java:8436)
03-15 10:12:37.069 7318 7318 W System.err: at java.lang.reflect.Method.invoke(Native Method)
03-15 10:12:37.069 7318 7318 W System.err: at com.android.internal.os.RuntimeInit$MethodAndArgsCaller.run(RuntimeInit.java:568)
03-15 10:12:37.069 7318 7318 W System.err: at com.android.internal.os.ZygoteInit.main(ZygoteInit.java:1013)
03-15 10:12:37.114 7318 7318 E CustomActivityOnCrash: IMPORTANT WARNING! You already have an UncaughtExceptionHandler, are you sure this is correct? If you use a custom UncaughtExceptionHandler, you must initialize it AFTER CustomActivityOnCrash! Installing anyway, but your original handler will not be called.
03-15 10:12:37.208 7318 7338 W LibraryVersion: Failed to get app version for libraryName: firebase-iid
03-15 10:12:37.634 7318 7318 W com.mbwhatsapp: Accessing hidden method Lcom/android/org/conscrypt/OpenSSLSocketImpl;->setUseSessionTickets(Z)V (max- target-q,core-platform-api, reflection, denied)
03-15 10:12:37.634 7318 7318 W com.mbwhatsapp: Accessing hidden method Lcom/android/org/conscrypt/AbstractConscryptSocket;->setUseSessionTickets(Z)V (max- target-q, reflection, denied)
03-15 10:12:37.672 7318 7318 W com.mbwhatsapp: type=1400 audit(0.0:4510): avc: granted { execute } for path="/data/data/com.mbwhatsapp/files/decompressed/libs.spk.zst/libc++_shared.so" dev="dm-60" ino=53672 scontext=u:r:untrusted_app:s0:c255,c256,c512,c768 tcontext=u:object_r:app_data_file:s0:c255,c256,c512,c768 tclass=file app=com.mbwhatsapp
03-15 10:12:37.680 7318 7318 W com.mbwhatsapp: type=1400 audit(0.0:4511): avc: granted { execute } for path="/data/data/com.mbwhatsapp/files/decompressed/libs.spk.zst/libvlc.so" dev="dm- 60" ino=53694 scontext=u:r:untrusted_app:s0:c255,c256,c512,c768 tcontext=u:object_r:app_data_file:s0:c255,c256,c512,c768 tclass=file app=com.mbwhatsapp
03-15 10:12:37.688 7318 7318 W com.mbwhatsapp: type=1400 audit(0.0:4512): avc: granted { execute } for path="/data/data/com.mbwhatsapp/files/decompressed/libs.spk.zst/libwhatsapp.so" dev="dm-60" ino=53732 scontext=u:r:untrusted_app:s0:c255,c256,c512,c768 tcontext=u:object_r:app_data_file:s0:c255,c256,c512,c768 tclass=file app=com.mbwhatsapp
03-15 10:12:37.748 7318 7318 W com.mbwhatsapp: type=1400 audit(0.0:4513): avc: granted { execute } for path="/data/data/com.mbwhatsapp/files/decompressed/libs.spk.zst/libcurve25519.so" dev="dm-60" ino=53903 scontext=u:r:untrusted_app:s0:c255,c256,c512,c768 tcontext=u:object_r:app_data_file:s0:c255,c256,c512,c768 tclass=file app=com.mbwhatsapp
03-15 10:12:37.764 7318 7318 W com.mbwhatsapp: type=1400 audit(0.0:4514): avc: granted { execute } for path="/data/data/com.mbwhatsapp/files/decompressed/libs.spk.zst/libwhatsapp.so" dev="dm-60" ino=53732 scontext=u:r:untrusted_app:s0:c255,c256,c512,c768 tcontext=u:object_r:app_data_file:s0:c255,c256,c512,c768 tclass=file app=com.mbwhatsapp
03-15 10:12:37.764 7318 7318 W com.mbwhatsapp: type=1400 audit(0.0:4515): avc: granted { execute } for path="/data/data/com.mbwhatsapp/files/decompressed/libs.spk.zst/libwhatsapp.so" dev="dm-60" ino=53732 scontext=u:r:untrusted_app:s0:c255,c256,c512,c768 tcontext=u:object_r:app_data_file:s0:c255,c256,c512,c768 tclass=file app=com.mbwhatsapp
03-15 10:12:37.764 7318 7318 W com.mbwhatsapp: type=1400 audit(0.0:4516): avc: granted { execute } for path="/data/data/com.mbwhatsapp/files/decompressed/libs.spk.zst/libwhatsapp.so" dev="dm-60" ino=53732 scontext=u:r:untrusted_app:s0:c255,c256,c512,c768 tcontext=u:object_r:app_data_file:s0:c255,c256,c512,c768 tclass=file app=com.mbwhatsapp
03-15 10:12:37.865 7318 7318 W com.mbwhatsapp: Method void com.mbwhatsapp.HomeActivity.A6e() failed lock verification and will run slower.
03-15 10:12:37.865 7318 7318 W com.mbwhatsapp: Common causes for lock verification issues are non-optimized dex code
03-15 10:12:37.865 7318 7318 W com.mbwhatsapp: and incorrect proguard optimizations.
03-15 10:12:37.865 7318 7369 W com.mbwhatsapp: Method void X.2rL.A03(java.lang.Integer) failed lock verification and will run slower.
03-15 10:12:37.867 7318 7377 E com.mbwhatsapp: Loaded layer handle (14187326136531099393) for layer /my_product/lib64/libcolorx-loader.so
03-15 10:12:37.867 7318 7377 E com.mbwhatsapp: Looking for entrypoint ColorX_Check
03-15 10:12:37.867 7318 7377 E com.mbwhatsapp: Found ColorX_Check for /my_product/lib64/libcolorx-loader.so
03-15 10:12:37.867 7318 7377 E com.mbwhatsapp: Check failed
03-15 10:12:37.872 7318 7377 E QT : [QT]file does not exist
03-15 10:12:37.892 7318 7318 W com.mbwhatsapp: Method void X.0eU.A0h(X.0tK, boolean) failed lock verification and will run slower. --------- beginning of system
03-15 10:12:38.044 7318 7318 E OplusCustomizeRestrictionManager: sInstance is null, start a new sInstance
03-15 10:12:38.364 7318 7318 E ArmVmp : Match on catch block at 0x0a in for 0x18d
03-15 10:12:38.388 7318 7318 E ArmVmp : Match on catch block at 0x0a in for 0x26d
03-15 10:12:38.470 7318 7318 W Activity: Can request only one set of permissions at a time
03-15 10:12:38.619 7318 7318 E SchedAssist: ofbOpen failed with error=No such file or directory
03-15 10:12:38.619 7318 7318 E SchedAssist: sysOpen failed with error=No such file or directory
03-15 10:12:38.619 7318 7318 E SchedAssist: sharedImFd failed with error=Permission denied
03-15 10:12:38.688 7318 7401 W LOTTIE : Animation contains merge paths. Merge paths are only supported on KitKat+ and must be manually enabled by calling enableMergePathsForKitKatAndAbove().
03-15 10:12:38.768 7318 7318 W LOTTIE : Animation contains merge paths but they are disabled.
03-15 10:12:38.769 7318 7318 E OplusBracketLog: [OplusViewMirrorManager] updateHostViewRootIfNeeded, not support android.view.ViewRootImpl@c0f68ba
03-15 10:12:38.855 7318 7375 E OpenGLRenderer: Device claims wide gamut support, cannot find matching config, error = EGL_SUCCESS
03-15 10:12:38.856 7318 7375 W OpenGLRenderer: Failed to initialize 101010-2 format, error = EGL_SUCCESS
03-15 10:12:38.983 7318 7385 W com.mbwhatsapp: Accessing hidden method Lcom/android/org/conscrypt/ConscryptEngineSocket;->setUseSessionTickets(Z)V (max- target-q,core-platform-api, reflection, denied)
03-15 10:12:38.983 7318 7385 W com.mbwhatsapp: Accessing hidden method Lcom/android/org/conscrypt/OpenSSLSocketImpl;->setUseSessionTickets(Z)V (max- target-q,core-platform-api, reflection, denied)
03-15 10:12:38.983 7318 7385 W com.mbwhatsapp: Accessing hidden method Lcom/android/org/conscrypt/AbstractConscryptSocket;->setUseSessionTickets(Z)V (max- target-q, reflection, denied)
03-15 10:12:38.984 7318 7385 W com.mbwhatsapp: Accessing hidden method Lcom/android/org/conscrypt/ConscryptEngineSocket;->setHostname(Ljava/lang/String;)V (max-target-q,core-platform-api, reflection, denied)
03-15 10:12:38.985 7318 7385 W com.mbwhatsapp: Accessing hidden method Lcom/android/org/conscrypt/OpenSSLSocketImpl;->setHostname(Ljava/lang/String;)V (max-target-q,core-platform-api, reflection, denied)
03-15 10:12:38.985 7318 7385 W com.mbwhatsapp: Accessing hidden method Lcom/android/org/conscrypt/AbstractConscryptSocket;->setHostname(Ljava/lang/ String;)V (max-target-q, reflection, denied)
03-15 10:12:38.985 7318 7385 W com.mbwhatsapp: Accessing hidden method Lcom/android/org/conscrypt/OpenSSLSocketImpl;->setAlpnProtocols([B)V (max-target- q,core-platform-api, reflection, denied)
03-15 10:12:38.985 7318 7385 W com.mbwhatsapp: Accessing hidden method Lcom/android/org/conscrypt/AbstractConscryptSocket;->setAlpnProtocols([B)V (max- target-q, reflection, denied)
03-15 10:12:39.137 7318 7385 W com.mbwhatsapp: Accessing hidden method Lcom/android/org/conscrypt/OpenSSLSocketImpl;->getAlpnSelectedProtocol()[B (max- target-q,core-platform-api, reflection, denied)
03-15 10:12:39.137 7318 7385 W com.mbwhatsapp: Accessing hidden method Lcom/android/org/conscrypt/AbstractConscryptSocket;->getAlpnSelectedProtocol()[B (max-target-q, reflection, denied)
03-15 10:12:39.240 7318 7318 E RecyclerView: No adapter attached; skipping layout
03-15 10:12:39.287 7318 7375 W libc : Access denied finding property "ro.vendor.magt.mtk_magt_support"
03-15 10:12:39.336 7318 7375 W Parcel : Expecting binder but got null!
03-15 10:12:39.357 7318 7318 E ArmVmp : Match on catch block at 0x0a in for 0x1a9
03-15 10:12:39.477 7318 7318 E RecyclerView: No adapter attached; skipping layout
03-15 10:12:39.940 7318 7318 E ArmVmp : Match on catch block at 0x5b in for 0x109
03-15 10:12:39.959 7318 7318 E ArmVmp : Match on catch block at 0x5b in for 0x119
03-15 10:12:39.984 7318 7318 W pool-6-thread-1: type=1400 audit(0.0:4517): avc: granted { execute } for path="/data/data/com.mbwhatsapp/files/decompressed/libs.spk.zst/libgifimage.so" dev="dm-60" ino=53511 scontext=u:r:untrusted_app:s0:c255,c256,c512,c768 tcontext=u:object_r:app_data_file:s0:c255,c256,c512,c768 tclass=file app=com.mbwhatsapp
03-15 10:12:40.119 7318 7388 W OplusExSystemServiceHelper: checkOplusExSystemService intent getComponent is null
03-15 10:12:40.818 7318 7367 E SQLiteDatabase: Error inserting transferred=1 media_job_uuid=e53dc800-b42b-4454-824f-6c181830d08b transcoded=0 gif_attribution=0 first_scan_length=0 direct_path=/v/t62.7117- 24/56193142_721135023338309_1838638792318084605_n.enc?ccb=11- 4&oh=01_AdSz6hozUPUMvLAqSp7U5NV6T8Dn-uEJBk2AxtkxyDPjvQ&oe=661B13E8&_nc_sid=5e03e0 thumbnail_height_width_ratio=0.0 is_animated_sticker=0 file_hash=7S4Cp3wdi97HC+ +Jb2WjdE3zz+Tlt8JdvnL47oAv3qA= file_path=Media/MBWhatsApp Voice Notes/202411/PTT- 20240315-WA0001.opus file_size=6968 partial_media_hash=null face_x=0 face_y=0 height=0 trim_to=0 media_key_timestamp=1710469375000 message_url=https://mmg.whatsapp.net/v/t62.7117- 24/56193142_721135023338309_1838638792318084605_n.enc?ccb=11- 4&oh=01_AdSz6hozUPUMvLAqSp7U5NV6T8Dn- uEJBk2AxtkxyDPjvQ&oe=661B13E8&_nc_sid=5e03e0&mms3=true media_caption=null trim_from=0 mime_type=audio/ogg; codecs=opus partial_media_enc_hash=null width=0 original_file_hash=null has_streaming_sidecar=0 autotransfer_retry_enabled=1 media_upload_handle=null message_row_id=248 multicast_id=null enc_file_hash=DyKiSzQX3YY8F+UCmpj/mz+qR64WziTGbZMOVAQn4jc= mute_video=0 page_count=0 first_scan_sidecar=null suspicious_content=0 file_length=6968 media_name=PTT-20240315-WA0001.opus media_duration=2 chat_row_id=103 media_key=[B@ab914dd
03-15 10:12:40.818 7318 7367 E SQLiteDatabase: android.database.sqlite.SQLiteConstraintException: UNIQUE constraint failed: message_media.message_row_id (code 1555 SQLITE_CONSTRAINT_PRIMARYKEY)
03-15 10:12:40.818 7318 7367 E SQLiteDatabase: at android.database.sqlite.SQLiteConnection.nativeExecuteForLastInsertedRowId(Native Method)
03-15 10:12:40.818 7318 7367 E SQLiteDatabase: at android.database.sqlite.SQLiteConnection.executeForLastInsertedRowId(SQLiteConnecti on.java:967)
03-15 10:12:40.818 7318 7367 E SQLiteDatabase: at android.database.sqlite.SQLiteSession.executeForLastInsertedRowId(SQLiteSession.jav a:790)
03-15 10:12:40.818 7318 7367 E SQLiteDatabase: at android.database.sqlite.SQLiteStatement.executeInsert(SQLiteStatement.java:89)
03-15 10:12:40.818 7318 7367 E SQLiteDatabase: at android.database.sqlite.SQLiteDatabase.insertWithOnConflict(SQLiteDatabase.java:186 8)
03-15 10:12:40.818 7318 7367 E SQLiteDatabase: at android.database.sqlite.SQLiteDatabase.insert(SQLiteDatabase.java:1737)
03-15 10:12:40.818 7318 7367 E SQLiteDatabase: at X.2tm.A08(Unknown Source:6)
03-15 10:12:40.818 7318 7367 E SQLiteDatabase: at X.35Y.A07(Unknown Source:212)
03-15 10:12:40.818 7318 7367 E SQLiteDatabase: at X.3QF.A14(Unknown Source:470)
03-15 10:12:40.818 7318 7367 E SQLiteDatabase: at X.31e.A03(Unknown Source:174)
03-15 10:12:40.818 7318 7367 E SQLiteDatabase: at X.3Uz.A07(Unknown Source:381)
03-15 10:12:40.818 7318 7367 E SQLiteDatabase: at X.3Uz.A02(Unknown Source:692)
03-15 10:12:40.818 7318 7367 E SQLiteDatabase: at X.3eS.run(Unknown Source:4041)
03-15 10:12:40.818 7318 7367 E SQLiteDatabase: at android.os.Handler.handleCallback(Handler.java:942)
03-15 10:12:40.818 7318 7367 E SQLiteDatabase: at android.os.Handler.dispatchMessage(Handler.java:99)
03-15 10:12:40.818 7318 7367 E SQLiteDatabase: at X.0zr.dispatchMessage(Unknown Source:4)
03-15 10:12:40.818 7318 7367 E SQLiteDatabase: at android.os.Looper.loopOnce(Looper.java:240)
03-15 10:12:40.818 7318 7367 E SQLiteDatabase: at android.os.Looper.loop(Looper.java:351)
03-15 10:12:40.818 7318 7367 E SQLiteDatabase: at android.os.HandlerThread.run(HandlerThread.java:67)
03-15 10:12:42.856 7318 7366 E SQLiteDatabase: Error inserting transferred=0 media_job_uuid=93f3c3ed-0c31-44c5-bf93-7f26a10cc7d2 transcoded=0 gif_attribution=0 first_scan_length=0 direct_path=/v/t62.7161- 24/40752696_629751553003695_805354317630587978_n.enc?ccb=11- 4&oh=01_AdSHD2dT15L9zOOWfPhlS_Kpm4Zwfm4YyuxY4sWY5_LPeg&oe=661B150D&_nc_sid=5e03e0 thumbnail_height_width_ratio=1.8113208 is_animated_sticker=0 file_hash=D0X47iuPxdcO74S33ib8gGHc9unz13ebG+CKaJSX2xU= file_path=null file_size=0 partial_media_hash=null face_x=0 face_y=0 height=640 trim_to=0 media_key_timestamp=1710471428000 message_url=https://mmg.whatsapp.net/v/t62.7161- 24/40752696_629751553003695_805354317630587978_n.enc?ccb=11- 4&oh=01_AdSHD2dT15L9zOOWfPhlS_Kpm4Zwfm4YyuxY4sWY5_LPeg&oe=661B150D&_nc_sid=5e03e0&m ms3=true media_caption=null trim_from=0 mime_type=video/mp4 partial_media_enc_hash=null width=352 original_file_hash=null has_streaming_sidecar=1 autotransfer_retry_enabled=0 media_upload_handle=null message_row_id=249 multicast_id=null enc_file_hash=v8YXpUcFywArDFzAqYSbAMst3BlW0BKnvwskDq4jMrk= mute_video=0 page_count=0 first_scan_sidecar=null suspicious_content=0 file_length=2803219 media_name=null media_duration=18 chat_row_id=27 media_key=[B@20bd6d
03-15 10:12:42.856 7318 7366 E SQLiteDatabase: android.database.sqlite.SQLiteConstraintException: UNIQUE constraint failed: message_media.message_row_id (code 1555 SQLITE_CONSTRAINT_PRIMARYKEY)
03-15 10:12:42.856 7318 7366 E SQLiteDatabase: at android.database.sqlite.SQLiteConnection.nativeExecuteForLastInsertedRowId(Native Method)
03-15 10:12:42.856 7318 7366 E SQLiteDatabase: at android.database.sqlite.SQLiteConnection.executeForLastInsertedRowId(SQLiteConnecti on.java:967)
03-15 10:12:42.856 7318 7366 E SQLiteDatabase: at android.database.sqlite.SQLiteSession.executeForLastInsertedRowId(SQLiteSession.jav a:790)
03-15 10:12:42.856 7318 7366 E SQLiteDatabase: at android.database.sqlite.SQLiteStatement.executeInsert(SQLiteStatement.java:89)
03-15 10:12:42.856 7318 7366 E SQLiteDatabase: at android.database.sqlite.SQLiteDatabase.insertWithOnConflict(SQLiteDatabase.java:186 8)
03-15 10:12:42.856 7318 7366 E SQLiteDatabase: at android.database.sqlite.SQLiteDatabase.insert(SQLiteDatabase.java:1737)
03-15 10:12:42.856 7318 7366 E SQLiteDatabase: at X.2tm.A08(Unknown Source:6)
03-15 10:12:42.856 7318 7366 E SQLiteDatabase: at X.35Y.A07(Unknown Source:212)
03-15 10:12:42.856 7318 7366 E SQLiteDatabase: at X.3QF.A14(Unknown Source:470)
03-15 10:12:42.856 7318 7366 E SQLiteDatabase: at X.3gU.run(Unknown Source:982)
03-15 10:12:42.856 7318 7366 E SQLiteDatabase: at android.os.Handler.handleCallback(Handler.java:942)
03-15 10:12:42.856 7318 7366 E SQLiteDatabase: at android.os.Handler.dispatchMessage(Handler.java:99)
03-15 10:12:42.856 7318 7366 E SQLiteDatabase: at X.0zq.dispatchMessage(Unknown Source:4)
03-15 10:12:42.856 7318 7366 E SQLiteDatabase: at android.os.Looper.loopOnce(Looper.java:240)
03-15 10:12:42.856 7318 7366 E SQLiteDatabase: at android.os.Looper.loop(Looper.java:351)
03-15 10:12:42.856 7318 7366 E SQLiteDatabase: at android.os.HandlerThread.run(HandlerThread.java:67)
03-15 10:12:42.858 7318 7366 E SQLiteDatabase: Error inserting transferred=0 media_job_uuid=86001bc9-c2df-4f94-9dcc-c7be3742b019 transcoded=0 gif_attribution=0 first_scan_length=0 direct_path=/v/t62.7161- 24/21425658_781281316801285_3318645764084909781_n.enc?ccb=11- 4&oh=01_AdQo1Dr69SS4YpRQTGP8ivlZq54girVC0jt-SGjGpDHqxA&oe=661B24EC&_nc_sid=5e03e0 thumbnail_height_width_ratio=1.7777778 is_animated_sticker=0 file_hash=FLqXC3hmWD3QpP1OA8/JIK0M2Xz+Hi5HuBhIaygLY4A= file_path=null file_size=0 partial_media_hash=null face_x=0 face_y=0 height=1024 trim_to=0 media_key_timestamp=1710471501000 message_url=https://mmg.whatsapp.net/v/t62.7161- 24/21425658_781281316801285_3318645764084909781_n.enc?ccb=11- 4&oh=01_AdQo1Dr69SS4YpRQTGP8ivlZq54girVC0jt- SGjGpDHqxA&oe=661B24EC&_nc_sid=5e03e0&mms3=true media_caption=null trim_from=0 mime_type=video/mp4 partial_media_enc_hash=null width=576 original_file_hash=null has_streaming_sidecar=1 autotransfer_retry_enabled=0 media_upload_handle=null message_row_id=250 multicast_id=null enc_file_hash=AOC5Ej6xlIUTa/jClW4WXqLSOklW1KwgIgGfrzSY0PY= mute_video=0 page_count=0 first_scan_sidecar=null suspicious_content=0 file_length=2436570 media_name=null media_duration=16 chat_row_id=27 media_key=[B@303668f
03-15 10:12:42.858 7318 7366 E SQLiteDatabase: android.database.sqlite.SQLiteConstraintException: UNIQUE constraint failed: message_media.message_row_id (code 1555 SQLITE_CONSTRAINT_PRIMARYKEY)
03-15 10:12:42.858 7318 7366 E SQLiteDatabase: at android.database.sqlite.SQLiteConnection.nativeExecuteForLastInsertedRowId(Native Method)
03-15 10:12:42.858 7318 7366 E SQLiteDatabase: at android.database.sqlite.SQLiteConnection.executeForLastInsertedRowId(SQLiteConnecti on.java:967)
03-15 10:12:42.858 7318 7366 E SQLiteDatabase: at android.database.sqlite.SQLiteSession.executeForLastInsertedRowId(SQLiteSession.jav a:790)
03-15 10:12:42.858 7318 7366 E SQLiteDatabase: at android.database.sqlite.SQLiteStatement.executeInsert(SQLiteStatement.java:89)
03-15 10:12:42.858 7318 7366 E SQLiteDatabase: at android.database.sqlite.SQLiteDatabase.insertWithOnConflict(SQLiteDatabase.java:186 8)
03-15 10:12:42.858 7318 7366 E SQLiteDatabase: at android.database.sqlite.SQLiteDatabase.insert(SQLiteDatabase.java:1737)
03-15 10:12:42.858 7318 7366 E SQLiteDatabase: at X.2tm.A08(Unknown Source:6)
03-15 10:12:42.858 7318 7366 E SQLiteDatabase: at X.35Y.A07(Unknown Source:212)
03-15 10:12:42.858 7318 7366 E SQLiteDatabase: at X.3QF.A14(Unknown Source:470)
03-15 10:12:42.858 7318 7366 E SQLiteDatabase: at X.3gU.run(Unknown Source:982)
03-15 10:12:42.858 7318 7366 E SQLiteDatabase: at android.os.Handler.handleCallback(Handler.java:942)
03-15 10:12:42.858 7318 7366 E SQLiteDatabase: at android.os.Handler.dispatchMessage(Handler.java:99)
03-15 10:12:42.858 7318 7366 E SQLiteDatabase: at X.0zq.dispatchMessage(Unknown Source:4)
03-15 10:12:42.858 7318 7366 E SQLiteDatabase: at android.os.Looper.loopOnce(Looper.java:240)
03-15 10:12:42.858 7318 7366 E SQLiteDatabase: at android.os.Looper.loop(Looper.java:351)
03-15 10:12:42.858 7318 7366 E SQLiteDatabase: at android.os.HandlerThread.run(HandlerThread.java:67)
03-15 10:12:42.860 7318 7366 E SQLiteDatabase: Error inserting transferred=0 media_job_uuid=eae33d1b-344a-4799-81d3-3636ba3778df transcoded=0 gif_attribution=0 first_scan_length=5020 direct_path=/v/t62.7118- 24/26586562_727710059350878_3650480342154020013_n.enc?ccb=11- 4&oh=01_AdTtqEchKWRUB4ze7lfpUJHYhltJQ1NR0DmkGk1-VT4N-Q&oe=661B4142&_nc_sid=5e03e0 thumbnail_height_width_ratio=2.2325583 is_animated_sticker=0 file_hash=ktmiL6S2uvAJaSSloGHVphoUNCQ0xSzSxecJGWgHkTA= file_path=null file_size=0 partial_media_hash=RxKdoG1/dpXEzFQcKevoieCaxpi0e17LGU8R8QD1U8s= face_x=0 face_y=0 height=1080 trim_to=0 media_key_timestamp=1710471839000 message_url=https://mmg.whatsapp.net/v/t62.7118- 24/26586562_727710059350878_3650480342154020013_n.enc?ccb=11- 4&oh=01_AdTtqEchKWRUB4ze7lfpUJHYhltJQ1NR0DmkGk1-VT4N- Q&oe=661B4142&_nc_sid=5e03e0&mms3=true media_caption=null trim_from=0 mime_type=image/jpeg partial_media_enc_hash=null width=486 original_file_hash=null has_streaming_sidecar=1 autotransfer_retry_enabled=0 media_upload_handle=null message_row_id=251 multicast_id=null enc_file_hash=wbG9m+ +pzo7Jw3jPqbtlojGov9oVPnKch9loj+eBbMU= mute_video=0 page_count=0 first_scan_sidecar=[B@1579887 suspicious_content=0 file_length=46977 media_name=null media_duration=0 chat_row_id=27 media_key=[B@22f43b4
03-15 10:12:42.860 7318 7366 E SQLiteDatabase: android.database.sqlite.SQLiteConstraintException: UNIQUE constraint failed: message_media.message_row_id (code 1555 SQLITE_CONSTRAINT_PRIMARYKEY)
03-15 10:12:42.860 7318 7366 E SQLiteDatabase: at android.database.sqlite.SQLiteConnection.nativeExecuteForLastInsertedRowId(Native Method)
03-15 10:12:42.860 7318 7366 E SQLiteDatabase: at android.database.sqlite.SQLiteConnection.executeForLastInsertedRowId(SQLiteConnecti on.java:967)
03-15 10:12:42.860 7318 7366 E SQLiteDatabase: at android.database.sqlite.SQLiteSession.executeForLastInsertedRowId(SQLiteSession.jav a:790)
03-15 10:12:42.860 7318 7366 E SQLiteDatabase: at android.database.sqlite.SQLiteStatement.executeInsert(SQLiteStatement.java:89)
03-15 10:12:42.860 7318 7366 E SQLiteDatabase: at android.database.sqlite.SQLiteDatabase.insertWithOnConflict(SQLiteDatabase.java:186 8)
03-15 10:12:42.860 7318 7366 E SQLiteDatabase: at android.database.sqlite.SQLiteDatabase.insert(SQLiteDatabase.java:1737)
03-15 10:12:42.860 7318 7366 E SQLiteDatabase: at X.2tm.A08(Unknown Source:6)
03-15 10:12:42.860 7318 7366 E SQLiteDatabase: at X.35Y.A07(Unknown Source:212)
03-15 10:12:42.860 7318 7366 E SQLiteDatabase: at X.3QF.A14(Unknown Source:470)
03-15 10:12:42.860 7318 7366 E SQLiteDatabase: at X.3gU.run(Unknown Source:982)
03-15 10:12:42.860 7318 7366 E SQLiteDatabase: at android.os.Handler.handleCallback(Handler.java:942)
03-15 10:12:42.860 7318 7366 E SQLiteDatabase: at android.os.Handler.dispatchMessage(Handler.java:99)
03-15 10:12:42.860 7318 7366 E SQLiteDatabase: at X.0zq.dispatchMessage(Unknown Source:4)
03-15 10:12:42.860 7318 7366 E SQLiteDatabase: at android.os.Looper.loopOnce(Looper.java:240)
03-15 10:12:42.860 7318 7366 E SQLiteDatabase: at android.os.Looper.loop(Looper.java:351)
03-15 10:12:42.860 7318 7366 E SQLiteDatabase: at android.os.HandlerThread.run(HandlerThread.java:67)
03-15 10:12:42.905 7318 7366 E SQLiteDatabase: Error inserting transferred=0 media_job_uuid=eae33d1b-344a-4799-81d3-3636ba3778df transcoded=0 gif_attribution=0 first_scan_length=5020 direct_path=/v/t62.7118- 24/26586562_727710059350878_3650480342154020013_n.enc?ccb=11- 4&oh=01_AdTtqEchKWRUB4ze7lfpUJHYhltJQ1NR0DmkGk1-VT4N-Q&oe=661B4142&_nc_sid=5e03e0 thumbnail_height_width_ratio=2.2325583 is_animated_sticker=0 file_hash=ktmiL6S2uvAJaSSloGHVphoUNCQ0xSzSxecJGWgHkTA= file_path=null file_size=0 partial_media_hash=RxKdoG1/dpXEzFQcKevoieCaxpi0e17LGU8R8QD1U8s= face_x=0 face_y=0 height=1080 trim_to=0 media_key_timestamp=1710471839000 message_url=https://mmg.whatsapp.net/v/t62.7118- 24/26586562_727710059350878_3650480342154020013_n.enc?ccb=11- 4&oh=01_AdTtqEchKWRUB4ze7lfpUJHYhltJQ1NR0DmkGk1-VT4N- Q&oe=661B4142&_nc_sid=5e03e0&mms3=true media_caption=null trim_from=0 mime_type=image/jpeg partial_media_enc_hash=null width=486 original_file_hash=null has_streaming_sidecar=1 autotransfer_retry_enabled=0 media_upload_handle=null message_row_id=251 multicast_id=null enc_file_hash=wbG9m+ +pzo7Jw3jPqbtlojGov9oVPnKch9loj+eBbMU= mute_video=0 page_count=0 first_scan_sidecar=[B@1579887 suspicious_content=0 file_length=46977 media_name=null media_duration=0 chat_row_id=27 media_key=[B@22f43b4
03-15 10:12:42.905 7318 7366 E SQLiteDatabase: android.database.sqlite.SQLiteConstraintException: UNIQUE constraint failed: message_media.message_row_id (code 1555 SQLITE_CONSTRAINT_PRIMARYKEY)
03-15 10:12:42.905 7318 7366 E SQLiteDatabase: at android.database.sqlite.SQLiteConnection.nativeExecuteForLastInsertedRowId(Native Method)
03-15 10:12:42.905 7318 7366 E SQLiteDatabase: at android.database.sqlite.SQLiteConnection.executeForLastInsertedRowId(SQLiteConnecti on.java:967)
03-15 10:12:42.905 7318 7366 E SQLiteDatabase: at android.database.sqlite.SQLiteSession.executeForLastInsertedRowId(SQLiteSession.jav a:790)
03-15 10:12:42.905 7318 7366 E SQLiteDatabase: at android.database.sqlite.SQLiteStatement.executeInsert(SQLiteStatement.java:89)
03-15 10:12:42.905 7318 7366 E SQLiteDatabase: at android.database.sqlite.SQLiteDatabase.insertWithOnConflict(SQLiteDatabase.java:186 8)
03-15 10:12:42.905 7318 7366 E SQLiteDatabase: at android.database.sqlite.SQLiteDatabase.insert(SQLiteDatabase.java:1737)
03-15 10:12:42.905 7318 7366 E SQLiteDatabase: at X.2tm.A08(Unknown Source:6)
03-15 10:12:42.905 7318 7366 E SQLiteDatabase: at X.35Y.A07(Unknown Source:212)
03-15 10:12:42.905 7318 7366 E SQLiteDatabase: at X.3QF.A14(Unknown Source:470)
03-15 10:12:42.905 7318 7366 E SQLiteDatabase: at X.3gU.run(Unknown Source:982)
03-15 10:12:42.905 7318 7366 E SQLiteDatabase: at android.os.Handler.handleCallback(Handler.java:942)
03-15 10:12:42.905 7318 7366 E SQLiteDatabase: at android.os.Handler.dispatchMessage(Handler.java:99)
03-15 10:12:42.905 7318 7366 E SQLiteDatabase: at X.0zq.dispatchMessage(Unknown Source:4)
03-15 10:12:42.905 7318 7366 E SQLiteDatabase: at android.os.Looper.loopOnce(Looper.java:240)
03-15 10:12:42.905 7318 7366 E SQLiteDatabase: at android.os.Looper.loop(Looper.java:351)
03-15 10:12:42.905 7318 7366 E SQLiteDatabase: at android.os.HandlerThread.run(HandlerThread.java:67)
03-15 10:12:42.906 7318 7318 E OplusBracketLog: [OplusViewMirrorManager] updateHostViewRootIfNeeded, not support android.view.ViewRootImpl@c069675
03-15 10:12:42.908 7318 7366 E SQLiteDatabase: Error inserting transferred=0 media_job_uuid=86001bc9-c2df-4f94-9dcc-c7be3742b019 transcoded=0 gif_attribution=0 first_scan_length=0 direct_path=/v/t62.7161- 24/21425658_781281316801285_3318645764084909781_n.enc?ccb=11- 4&oh=01_AdQo1Dr69SS4YpRQTGP8ivlZq54girVC0jt-SGjGpDHqxA&oe=661B24EC&_nc_sid=5e03e0 thumbnail_height_width_ratio=1.7777778 is_animated_sticker=0 file_hash=FLqXC3hmWD3QpP1OA8/JIK0M2Xz+Hi5HuBhIaygLY4A= file_path=null file_size=0 partial_media_hash=null face_x=0 face_y=0 height=1024 trim_to=0 media_key_timestamp=1710471501000 message_url=https://mmg.whatsapp.net/v/t62.7161- 24/21425658_781281316801285_3318645764084909781_n.enc?ccb=11- 4&oh=01_AdQo1Dr69SS4YpRQTGP8ivlZq54girVC0jt- SGjGpDHqxA&oe=661B24EC&_nc_sid=5e03e0&mms3=true media_caption=null trim_from=0 mime_type=video/mp4 partial_media_enc_hash=null width=576 original_file_hash=null has_streaming_sidecar=1 autotransfer_retry_enabled=0 media_upload_handle=null message_row_id=250 multicast_id=null enc_file_hash=AOC5Ej6xlIUTa/jClW4WXqLSOklW1KwgIgGfrzSY0PY= mute_video=0 page_count=0 first_scan_sidecar=null suspicious_content=0 file_length=2436570 media_name=null media_duration=16 chat_row_id=27 media_key=[B@303668f
03-15 10:12:42.908 7318 7366 E SQLiteDatabase: android.database.sqlite.SQLiteConstraintException: UNIQUE constraint failed: message_media.message_row_id (code 1555 SQLITE_CONSTRAINT_PRIMARYKEY)
03-15 10:12:42.908 7318 7366 E SQLiteDatabase: at android.database.sqlite.SQLiteConnection.nativeExecuteForLastInsertedRowId(Native Method)
03-15 10:12:42.908 7318 7366 E SQLiteDatabase: at android.database.sqlite.SQLiteConnection.executeForLastInsertedRowId(SQLiteConnecti on.java:967)
03-15 10:12:42.908 7318 7366 E SQLiteDatabase: at android.database.sqlite.SQLiteSession.executeForLastInsertedRowId(SQLiteSession.jav a:790)
03-15 10:12:42.908 7318 7366 E SQLiteDatabase: at android.database.sqlite.SQLiteStatement.executeInsert(SQLiteStatement.java:89)
03-15 10:12:42.908 7318 7366 E SQLiteDatabase: at android.database.sqlite.SQLiteDatabase.insertWithOnConflict(SQLiteDatabase.java:186 8)
03-15 10:12:42.908 7318 7366 E SQLiteDatabase: at android.database.sqlite.SQLiteDatabase.insert(SQLiteDatabase.java:1737)
03-15 10:12:42.908 7318 7366 E SQLiteDatabase: at X.2tm.A08(Unknown Source:6)
03-15 10:12:42.908 7318 7366 E SQLiteDatabase: at X.35Y.A07(Unknown Source:212)
03-15 10:12:42.908 7318 7366 E SQLiteDatabase: at X.3QF.A14(Unknown Source:470)
03-15 10:12:42.908 7318 7366 E SQLiteDatabase: at X.3gU.run(Unknown Source:982)
03-15 10:12:42.908 7318 7366 E SQLiteDatabase: at android.os.Handler.handleCallback(Handler.java:942)
03-15 10:12:42.908 7318 7366 E SQLiteDatabase: at android.os.Handler.dispatchMessage(Handler.java:99)
03-15 10:12:42.908 7318 7366 E SQLiteDatabase: at X.0zq.dispatchMessage(Unknown Source:4)
03-15 10:12:42.908 7318 7366 E SQLiteDatabase: at android.os.Looper.loopOnce(Looper.java:240)
03-15 10:12:42.908 7318 7366 E SQLiteDatabase: at android.os.Looper.loop(Looper.java:351)
03-15 10:12:42.908 7318 7366 E SQLiteDatabase: at android.os.HandlerThread.run(HandlerThread.java:67)
03-15 10:12:42.911 7318 7366 E SQLiteDatabase: Error inserting transferred=0 media_job_uuid=93f3c3ed-0c31-44c5-bf93-7f26a10cc7d2 transcoded=0 gif_attribution=0 first_scan_length=0 direct_path=/v/t62.7161- 24/40752696_629751553003695_805354317630587978_n.enc?ccb=11- 4&oh=01_AdSHD2dT15L9zOOWfPhlS_Kpm4Zwfm4YyuxY4sWY5_LPeg&oe=661B150D&_nc_sid=5e03e0 thumbnail_height_width_ratio=1.8113208 is_animated_sticker=0 file_hash=D0X47iuPxdcO74S33ib8gGHc9unz13ebG+CKaJSX2xU= file_path=null file_size=0 partial_media_hash=null face_x=0 face_y=0 height=640 trim_to=0 media_key_timestamp=1710471428000 message_url=https://mmg.whatsapp.net/v/t62.7161- 24/40752696_629751553003695_805354317630587978_n.enc?ccb=11- 4&oh=01_AdSHD2dT15L9zOOWfPhlS_Kpm4Zwfm4YyuxY4sWY5_LPeg&oe=661B150D&_nc_sid=5e03e0&m ms3=true media_caption=null trim_from=0 mime_type=video/mp4 partial_media_enc_hash=null width=352 original_file_hash=null has_streaming_sidecar=1 autotransfer_retry_enabled=0 media_upload_handle=null message_row_id=249 multicast_id=null enc_file_hash=v8YXpUcFywArDFzAqYSbAMst3BlW0BKnvwskDq4jMrk= mute_video=0 page_count=0 first_scan_sidecar=null suspicious_content=0 file_length=2803219 media_name=null media_duration=18 chat_row_id=27 media_key=[B@20bd6d
03-15 10:12:42.911 7318 7366 E SQLiteDatabase: android.database.sqlite.SQLiteConstraintException: UNIQUE constraint failed: message_media.message_row_id (code 1555 SQLITE_CONSTRAINT_PRIMARYKEY)
03-15 10:12:42.911 7318 7366 E SQLiteDatabase: at android.database.sqlite.SQLiteConnection.nativeExecuteForLastInsertedRowId(Native Method)
03-15 10:12:42.911 7318 7366 E SQLiteDatabase: at android.database.sqlite.SQLiteConnection.executeForLastInsertedRowId(SQLiteConnecti on.java:967)
03-15 10:12:42.911 7318 7366 E SQLiteDatabase: at android.database.sqlite.SQLiteSession.executeForLastInsertedRowId(SQLiteSession.jav a:790)
03-15 10:12:42.911 7318 7366 E SQLiteDatabase: at android.database.sqlite.SQLiteStatement.executeInsert(SQLiteStatement.java:89)
03-15 10:12:42.911 7318 7366 E SQLiteDatabase: at android.database.sqlite.SQLiteDatabase.insertWithOnConflict(SQLiteDatabase.java:186 8)
03-15 10:12:42.911 7318 7366 E SQLiteDatabase: at android.database.sqlite.SQLiteDatabase.insert(SQLiteDatabase.java:1737)
03-15 10:12:42.911 7318 7366 E SQLiteDatabase: at X.2tm.A08(Unknown Source:6)
03-15 10:12:42.911 7318 7366 E SQLiteDatabase: at X.35Y.A07(Unknown Source:212)
03-15 10:12:42.911 7318 7366 E SQLiteDatabase: at X.3QF.A14(Unknown Source:470)
03-15 10:12:42.911 7318 7366 E SQLiteDatabase: at X.3gU.run(Unknown Source:982)
03-15 10:12:42.911 7318 7366 E SQLiteDatabase: at android.os.Handler.handleCallback(Handler.java:942)
03-15 10:12:42.911 7318 7366 E SQLiteDatabase: at android.os.Handler.dispatchMessage(Handler.java:99)
03-15 10:12:42.911 7318 7366 E SQLiteDatabase: at X.0zq.dispatchMessage(Unknown Source:4)
03-15 10:12:42.911 7318 7366 E SQLiteDatabase: at android.os.Looper.loopOnce(Looper.java:240)
03-15 10:12:42.911 7318 7366 E SQLiteDatabase: at android.os.Looper.loop(Looper.java:351)
03-15 10:12:42.911 7318 7366 E SQLiteDatabase: at android.os.HandlerThread.run(HandlerThread.java:67)
03-15 10:12:42.944 7318 7375 W Parcel : Expecting binder but got null!
03-15 10:12:43.378 7318 7318 E OplusBracketLog: [OplusViewMirrorManager] updateHostViewRootIfNeeded, not support android.view.ViewRootImpl@2f92266
03-15 10:12:43.414 7318 7375 W Parcel : Expecting binder but got null!
03-15 10:12:46.566 7318 7318 E OplusBracketLog: [OplusViewMirrorManager] updateHostViewRootIfNeeded, not support android.view.ViewRootImpl@427d0f3
03-15 10:12:46.606 7318 7318 E IPCThreadState: attemptIncStrongHandle(128): Not supported
03-15 10:12:46.606 7318 7318 E IPCThreadState: attemptIncStrongHandle(71): Not supported
03-15 10:12:46.627 7318 7375 W Parcel : Expecting binder but got null!
03-15 10:12:46.671 7318 7318 W BottomSheetBehavior: BottomSheetBehavior now supports multiple callbacks. `setBottomSheetCallback()` removes all existing callbacks, including ones set internally by library authors, which may result in unintended behavior. This may change in the future. Please use `addBottomSheetCallback()` and `removeBottomSheetCallback()` instead to set your own callbacks.
03-15 10:12:46.671 7318 7318 W BottomSheetBehavior: BottomSheetBehavior now supports multiple callbacks. `setBottomSheetCallback()` removes all existing callbacks, including ones set internally by library authors, which may result in unintended behavior. This may change in the future. Please use `addBottomSheetCallback()` and `removeBottomSheetCallback()` instead to set your own callbacks.
03-15 10:12:46.743 7318 7318 W BottomSheetBehavior: BottomSheetBehavior now supports multiple callbacks. `setBottomSheetCallback()` removes all existing callbacks, including ones set internally by library authors, which may result in unintended behavior. This may change in the future. Please use `addBottomSheetCallback()` and `removeBottomSheetCallback()` instead to set your own callbacks.
03-15 10:12:46.743 7318 7318 W BottomSheetBehavior: BottomSheetBehavior now supports multiple callbacks. `setBottomSheetCallback()` removes all existing callbacks, including ones set internally by library authors, which may result in unintended behavior. This may change in the future. Please use `addBottomSheetCallback()` and `removeBottomSheetCallback()` instead to set your own callbacks.
03-15 10:12:46.760 7318 7318 E RecyclerView: No adapter attached; skipping layout
03-15 10:12:46.798 7318 7693 W AudioCapabilities: Unsupported mime audio/x-adpcm- dvi-ima
03-15 10:12:46.799 7318 7693 W AudioCapabilities: Unsupported mime audio/x-adpcm- dvi-ima
03-15 10:12:46.799 7318 7693 W AudioCapabilities: Unsupported mime audio/x-adpcm- ms
03-15 10:12:46.800 7318 7693 W AudioCapabilities: Unsupported mime audio/x-adpcm- ms
03-15 10:12:46.800 7318 7693 W AudioCapabilities: Unsupported mime audio/alac
03-15 10:12:46.800 7318 7693 W AudioCapabilities: Unsupported mime audio/alac
03-15 10:12:46.800 7318 7693 W AudioCapabilities: Unsupported mime audio/ape
03-15 10:12:46.800 7318 7693 W AudioCapabilities: Unsupported mime audio/ape
03-15 10:12:46.803 7318 7693 W AudioCapabilities: Unsupported mime audio/ffmpeg
03-15 10:12:46.807 7318 7693 W VideoCapabilities: Unrecognized profile/level 32768/256 for video/mp4v-es
03-15 10:12:46.807 7318 7693 W VideoCapabilities: Unrecognized profile/level 32768/256 for video/mp4v-es
03-15 10:12:46.807 7318 7693 W VideoCapabilities: Unsupported mime video/x-ms-wmv
03-15 10:12:46.807 7318 7693 W VideoCapabilities: Unsupported mime video/x-ms-wmv
03-15 10:12:46.812 7318 7693 W VideoCapabilities: Unsupported mime video/ffmpeg
03-15 10:12:46.820 7318 7693 W libc : Access denied finding property "vendor.oplus.media.vpp.stutter"
03-15 10:12:46.861 7318 7700 W ColorUtils: expected specified color aspects (2:0:0:0)
03-15 10:12:46.867 7318 7698 W AString : ctor got NULL, using empty string instead
03-15 10:12:46.868 7318 7698 E ListServiceUtils: checkInListByUid pid:7318 procName: cost 1221us return -1
03-15 10:12:46.876 7318 7700 W Codec2Client: query -- param skipped: index = 1107298332.
03-15 10:12:46.876 7318 7700 W CCodec : This behavior is subject to change. It is recommended that app developers double check whether the requested max input size is in reasonable range.
03-15 10:12:46.882 7318 7700 W Codec2Client: query -- param skipped: index = 1342179345.
03-15 10:12:46.883 7318 7700 W Codec2Client: query -- param skipped: index = 2415921170.
03-15 10:12:46.883 7318 7700 W Codec2Client: query -- param skipped: index = 1610614798.
03-15 10:12:46.893 7318 7700 E ion : ioctl c0044901 failed with code -1: Invalid argument
03-15 10:12:46.926 7318 7693 W libc : Access denied finding property "vendor.oplus.media.vpp.stutter"
03-15 10:12:46.928 7318 7693 E ListServiceUtils: checkInListByUid module:video- setsurface-error uid:10255 cost 1230us return 0
03-15 10:12:47.001 7318 7721 W Codec2Client: query -- param skipped: index = 1107298332.
03-15 10:12:47.001 7318 7721 W CCodec : This behavior is subject to change. It is recommended that app developers double check whether the requested max input size is in reasonable range.
03-15 10:12:47.011 7318 7721 W Codec2Client: query -- param skipped: index = 1342179345.
03-15 10:12:47.011 7318 7721 W Codec2Client: query -- param skipped: index = 2415921170.
