03-14 20:58:32.195 29330 29330 E ArmVmp : Match on catch block at 0xc3 in for 0x145
03-14 20:58:32.685 29330 29330 E ArmVmp : Match on catch block at 0xc3 in for 0x14d
03-14 20:58:32.693 29330 29330 E ArmVmp : Match on catch block at 0xc3 in for 0x149
03-14 20:58:32.750 29330 29330 E ArmVmp : Match on catch block at 0xc3 in for 0x159
03-14 20:58:32.758 29330 29330 E ArmVmp : Match on catch block at 0xc3 in for 0x155
03-14 20:58:32.952 29330 29330 E ArmVmp : Match on catch block at 0xc3 in for 0x149
03-14 20:58:32.958 29330 29330 E ArmVmp : Match on catch block at 0xc3 in for 0x145
03-14 20:58:33.018 29330 29330 E ArmVmp : Match on catch block at 0xc3 in for 0x14d
03-14 20:58:33.026 29330 29330 E ArmVmp : Match on catch block at 0xc3 in for 0x149
03-14 20:58:33.451 29330 29330 E ArmVmp : Match on catch block at 0xc3 in for 0x151
03-14 20:58:33.459 29330 29330 E ArmVmp : Match on catch block at 0xc3 in for 0x14d
03-14 20:58:33.481 29330 29330 E ArmVmp : Match on catch block at 0xc3 in for 0x155
03-14 20:58:33.488 29330 29330 E ArmVmp : Match on catch block at 0xc3 in for 0x151
03-14 20:58:33.614 29330 29330 E ArmVmp : Match on catch block at 0xc3 in for 0x145
03-14 20:58:33.617 29330 29330 E ArmVmp : Match on catch block at 0xc3 in for 0x141
03-14 20:58:33.862 29330 29330 E ArmVmp : Match on catch block at 0xc3 in for 0x151
03-14 20:58:33.865 29330 29330 E ArmVmp : Match on catch block at 0xc3 in for 0x14d
03-14 20:58:34.062 29330 29330 E ArmVmp : Match on catch block at 0xc3 in for 0x141
03-14 20:58:34.064 29330 29330 E ArmVmp : Match on catch block at 0xc3 in for 0x159
03-14 20:58:34.230 29330 29330 E ArmVmp : Match on catch block at 0xc3 in for 0x14d
03-14 20:58:34.233 29330 29330 E ArmVmp : Match on catch block at 0xc3 in for 0x149
03-14 20:58:34.729 29330 29330 E ArmVmp : Match on catch block at 0xc3 in for 0x151
03-14 20:58:34.732 29330 29330 E ArmVmp : Match on catch block at 0xc3 in for 0x14d
03-14 20:58:34.811 29330 29330 E ArmVmp : Match on catch block at 0xc3 in for 0x159
03-14 20:58:34.815 29330 29330 E ArmVmp : Match on catch block at 0xc3 in for 0x155
03-14 20:58:34.832 29330 29330 E ArmVmp : Match on catch block at 0xc3 in for 0x14d
03-14 20:58:34.835 29330 29330 E ArmVmp : Match on catch block at 0xc3 in for 0x149
03-14 20:58:34.855 29330 29330 E ArmVmp : Match on catch block at 0xc3 in for 0x155
03-14 20:58:34.860 29330 29330 E ArmVmp : Match on catch block at 0xc3 in for 0x151
03-14 20:58:34.918 29330 29330 E ArmVmp : Match on catch block at 0xc3 in for 0x14d
03-14 20:58:34.922 29330 29330 E ArmVmp : Match on catch block at 0xc3 in for 0x149
03-14 20:58:34.944 29330 29330 E ArmVmp : Match on catch block at 0xc3 in for 0x155
03-14 20:58:34.950 29330 29330 E ArmVmp : Match on catch block at 0xc3 in for 0x151
03-14 20:58:34.963 29330 29330 E ArmVmp : Match on catch block at 0xc3 in for 0x149
03-14 20:58:34.966 29330 29330 E ArmVmp : Match on catch block at 0xc3 in for 0x145
03-14 20:58:34.977 29330 29330 E ArmVmp : Match on catch block at 0xc3 in for 0x14d
03-14 20:58:34.981 29330 29330 E ArmVmp : Match on catch block at 0xc3 in for 0x149
03-14 20:58:34.995 29330 29330 E ArmVmp : Match on catch block at 0xc3 in for 0x151
03-14 20:58:34.999 29330 29330 E ArmVmp : Match on catch block at 0xc3 in for 0x14d
03-14 20:58:35.013 29330 29330 E ArmVmp : Match on catch block at 0xc3 in for 0x155
03-14 20:58:35.018 29330 29330 E ArmVmp : Match on catch block at 0xc3 in for 0x151
03-14 20:58:35.028 29330 29330 E ArmVmp : Match on catch block at 0xc3 in for 0x159
03-14 20:58:35.034 29330 29330 E ArmVmp : Match on catch block at 0xc3 in for 0x155
03-14 20:58:35.327 29330 29330 E ArmVmp : Match on catch block at 0xc3 in for 0x145
03-14 20:58:35.332 29330 29330 E ArmVmp : Match on catch block at 0xc3 in for 0x141
03-14 20:58:35.519 29330 29330 E ArmVmp : Match on catch block at 0xc3 in for 0x151
03-14 20:58:35.522 29330 29330 E ArmVmp : Match on catch block at 0xc3 in for 0x14d
03-14 20:58:35.542 29330 29330 E ArmVmp : Match on catch block at 0xc3 in for 0x155
03-14 20:58:35.544 29330 29330 E ArmVmp : Match on catch block at 0xc3 in for 0x151
03-14 20:58:35.576 29330 29330 E ArmVmp : Match on catch block at 0xc3 in for 0x151
03-14 20:58:35.578 29330 29330 E ArmVmp : Match on catch block at 0xc3 in for 0x14d
03-14 20:58:35.629 29330 29330 E ArmVmp : Match on catch block at 0xc3 in for 0x149
03-14 20:58:35.631 29330 29330 E ArmVmp : Match on catch block at 0xc3 in for 0x145
03-14 20:58:35.669 29330 29330 W ResourceType: Bad XML block: header size 18254 or total size 169478669 is larger than data size 650
03-14 20:58:35.687 29330 29330 E IPCThreadState: attemptIncStrongHandle(156): Not supported
03-14 20:58:35.709 29330 29330 E ArmVmp : Match on catch block at 0xc3 in for 0x159
03-14 20:58:35.713 29330 29330 E ArmVmp : Match on catch block at 0xc3 in for 0x155
03-14 20:58:35.726 29330 29330 E ArmVmp : Match on catch block at 0xc3 in for 0x141
03-14 20:58:35.730 29330 29330 E ArmVmp : Match on catch block at 0xc3 in for 0x159
03-14 20:58:35.750 29330 29330 E ArmVmp : Match on catch block at 0xc3 in for 0x155
03-14 20:58:35.753 29330 29330 E ArmVmp : Match on catch block at 0xc3 in for 0x151
03-14 20:58:35.772 29330 29330 E ArmVmp : Match on catch block at 0xc3 in for 0x141
03-14 20:58:35.775 29330 29330 E ArmVmp : Match on catch block at 0xc3 in for 0x159
03-14 20:58:35.784 29330 29330 E ArmVmp : Match on catch block at 0xc3 in for 0x151
03-14 20:58:35.787 29330 29330 E ArmVmp : Match on catch block at 0xc3 in for 0x14d
03-14 20:58:35.803 29330 29330 E ArmVmp : Match on catch block at 0xc3 in for 0x155
03-14 20:58:35.806 29330 29330 E ArmVmp : Match on catch block at 0xc3 in for 0x151
03-14 20:58:35.815 29330 29330 E ArmVmp : Match on catch block at 0xc3 in for 0x159
03-14 20:58:35.818 29330 29330 E ArmVmp : Match on catch block at 0xc3 in for 0x155
03-14 20:58:36.256 29330 29330 E ArmVmp : Match on catch block at 0xc3 in for 0x155
03-14 20:58:36.267 29330 29330 E ArmVmp : Match on catch block at 0xc3 in for 0x151
03-14 20:58:36.691 29330 29330 E IPCThreadState: attemptIncStrongHandle(105): Not supported
03-14 20:58:36.923 29330 29330 W OnBackInvokedCallback: OnBackInvokedCallback is not enabled for the application.
03-14 20:58:36.923 29330 29330 W OnBackInvokedCallback: Set 'android:enableOnBackInvokedCallback="true"' in the application manifest.
03-14 20:58:44.470 29330 29330 E IPCThreadState: attemptIncStrongHandle(146): Not supported
03-14 20:58:48.332 29330 29330 E OplusBracketLog: [OplusViewMirrorManager] updateHostViewRootIfNeeded, not support android.view.ViewRootImpl@a792969
03-14 20:58:48.356 29330 29330 E IPCThreadState: attemptIncStrongHandle(99): Not supported
03-14 20:58:48.407 29330 29404 W Parcel : Expecting binder but got null!
03-14 20:58:49.042 29330 29330 W InputEventReceiver: Attempted to finish an input event but the input event receiver has already been disposed.
03-14 20:58:50.439 29330 29330 E OplusBracketLog: [OplusViewMirrorManager] updateHostViewRootIfNeeded, not support android.view.ViewRootImpl@1f6fba3
03-14 20:58:50.458 29330 29330 E IPCThreadState: attemptIncStrongHandle(158): Not supported
03-14 20:58:50.492 29330 29404 W Parcel : Expecting binder but got null!
03-14 20:58:50.521 29330 29330 W InputEventReceiver: Attempted to finish an input event but the input event receiver has already been disposed.
03-14 20:58:53.495 29330 29330 E ArmVmp : Match on catch block at 0x0a in for 0x2ed
03-14 20:58:53.517 29330 29330 E OplusBracketLog: [OplusViewMirrorManager] updateHostViewRootIfNeeded, not support android.view.ViewRootImpl@6785b5a
03-14 20:58:53.537 29330 29330 E IPCThreadState: attemptIncStrongHandle(75): Not supported
03-14 20:58:53.560 29330 29404 W Parcel : Expecting binder but got null!
03-14 20:58:55.069 29330 29330 E RippleDrawable: The RippleDrawable.STYLE_PATTERNED animation is not supported for a non-hardware accelerated Canvas. Skipping animation.
03-14 20:58:55.084 29330 29330 E RippleDrawable: The RippleDrawable.STYLE_PATTERNED animation is not supported for a non-hardware accelerated Canvas. Skipping animation.
03-14 20:58:55.100 29330 29330 E RippleDrawable: The RippleDrawable.STYLE_PATTERNED animation is not supported for a non-hardware accelerated Canvas. Skipping animation.
03-14 20:58:55.335 29330 29330 E OplusBracketLog: [OplusViewMirrorManager] updateHostViewRootIfNeeded, not support android.view.ViewRootImpl@63f02b
03-14 20:58:55.353 29330 29330 E IPCThreadState: attemptIncStrongHandle(102): Not supported
03-14 20:58:55.368 29330 29404 W Parcel : Expecting binder but got null!
03-14 20:58:56.741 29330 29330 W OnBackInvokedCallback: OnBackInvokedCallback is not enabled for the application.
03-14 20:58:56.741 29330 29330 W OnBackInvokedCallback: Set 'android:enableOnBackInvokedCallback="true"' in the application manifest.
03-14 20:58:59.005 29330 29330 E IPCThreadState: attemptIncStrongHandle(155): Not supported
03-14 20:58:59.254 29330 29330 E ArmVmp : Match on catch block at 0x0a in for 0x181
03-14 20:58:59.258 29330 29330 E ArmVmp : Match on catch block at 0x0a in for 0x195
03-14 20:58:59.317 29330 29330 E OplusBracketLog: [OplusViewMirrorManager] updateHostViewRootIfNeeded, not support android.view.ViewRootImpl@94744dd
03-14 20:58:59.357 29330 29330 E ArmVmp : Match on catch block at 0xc3 in for 0x171
03-14 20:58:59.360 29330 29330 E ArmVmp : Match on catch block at 0xc3 in for 0x169
03-14 20:58:59.375 29330 29404 W Parcel : Expecting binder but got null!
03-14 20:58:59.413 29330 29330 E ArmVmp : Match on catch block at 0xc3 in for 0x159
03-14 20:58:59.416 29330 29330 E ArmVmp : Match on catch block at 0xc3 in for 0x155
03-14 20:58:59.436 29330 29330 E ArmVmp : Match on catch block at 0xc3 in for 0x159
03-14 20:58:59.439 29330 29330 E ArmVmp : Match on catch block at 0xc3 in for 0x155
03-14 20:58:59.452 29330 29330 E ArmVmp : Match on catch block at 0xc3 in for 0x141
03-14 20:58:59.454 29330 29330 E ArmVmp : Match on catch block at 0xc3 in for 0x159
03-14 20:58:59.469 29330 29330 E ArmVmp : Match on catch block at 0xc3 in for 0x145
03-14 20:58:59.471 29330 29330 E ArmVmp : Match on catch block at 0xc3 in for 0x141
03-14 20:58:59.486 29330 29330 E ArmVmp : Match on catch block at 0xc3 in for 0x149
03-14 20:58:59.488 29330 29330 E ArmVmp : Match on catch block at 0xc3 in for 0x145
03-14 20:58:59.502 29330 29330 E ArmVmp : Match on catch block at 0xc3 in for 0x14d
03-14 20:58:59.504 29330 29330 E ArmVmp : Match on catch block at 0xc3 in for 0x149
03-14 20:58:59.519 29330 29330 E ArmVmp : Match on catch block at 0xc3 in for 0x151
03-14 20:58:59.521 29330 29330 E ArmVmp : Match on catch block at 0xc3 in for 0x14d
03-14 20:58:59.524 29330 29330 W OnBackInvokedCallback: OnBackInvokedCallback is not enabled for the application.
03-14 20:58:59.524 29330 29330 W OnBackInvokedCallback: Set 'android:enableOnBackInvokedCallback="true"' in the application manifest.
03-14 20:58:59.552 29330 29330 E ArmVmp : Match on catch block at 0xc3 in for 0x151
03-14 20:58:59.555 29330 29330 E ArmVmp : Match on catch block at 0xc3 in for 0x14d
03-14 20:58:59.559 29330 29330 W RemoteInputConnectionImpl: requestCursorAnchorInfo on inactive InputConnection
03-14 20:58:59.562 29330 29330 E ArmVmp : Match on catch block at 0xc3 in for 0x155
03-14 20:58:59.566 29330 29330 E ArmVmp : Match on catch block at 0xc3 in for 0x151
03-14 20:58:59.573 29330 29330 E ArmVmp : Match on catch block at 0xc3 in for 0x159
03-14 20:58:59.577 29330 29330 E ArmVmp : Match on catch block at 0xc3 in for 0x155
03-14 20:58:59.588 29330 29330 E ArmVmp : Match on catch block at 0xc3 in for 0x141
03-14 20:58:59.591 29330 29330 E ArmVmp : Match on catch block at 0xc3 in for 0x159
03-14 20:58:59.602 29330 29330 E ArmVmp : Match on catch block at 0xc3 in for 0x145
03-14 20:58:59.606 29330 29330 E ArmVmp : Match on catch block at 0xc3 in for 0x141
03-14 20:58:59.618 29330 29330 E ArmVmp : Match on catch block at 0xc3 in for 0x149
03-14 20:58:59.621 29330 29330 E ArmVmp : Match on catch block at 0xc3 in for 0x145
03-14 20:58:59.635 29330 29330 E ArmVmp : Match on catch block at 0xc3 in for 0x14d
03-14 20:58:59.638 29330 29330 E ArmVmp : Match on catch block at 0xc3 in for 0x149
03-14 20:58:59.656 29330 29330 W OnBackInvokedCallback: OnBackInvokedCallback is not enabled for the application.
03-14 20:58:59.656 29330 29330 W OnBackInvokedCallback: Set 'android:enableOnBackInvokedCallback="true"' in the application manifest.
03-14 20:58:59.669 29330 29330 E ArmVmp : Match on catch block at 0xc3 in for 0x155
03-14 20:58:59.675 29330 29330 E ArmVmp : Match on catch block at 0xc3 in for 0x151
03-14 20:59:00.039 29330 29330 E ArmVmp : Match on catch block at 0xc3 in for 0x145
03-14 20:59:00.047 29330 29330 E ArmVmp : Match on catch block at 0xc3 in for 0x141
03-14 20:59:00.069 29330 29330 E ArmVmp : Match on catch block at 0xc3 in for 0x149
03-14 20:59:00.073 29330 29330 E ArmVmp : Match on catch block at 0xc3 in for 0x145
03-14 20:59:00.078 29330 29330 E ArmVmp : Match on catch block at 0xc3 in for 0x14d
03-14 20:59:00.081 29330 29330 E ArmVmp : Match on catch block at 0xc3 in for 0x149
03-14 20:59:00.534 29330 29330 E ArmVmp : Match on catch block at 0xc3 in for 0x14d
03-14 20:59:00.537 29330 29330 E ArmVmp : Match on catch block at 0xc3 in for 0x149
03-14 20:59:01.045 29330 29330 E ArmVmp : Match on catch block at 0xc3 in for 0x141
03-14 20:59:01.048 29330 29330 E ArmVmp : Match on catch block at 0xc3 in for 0x159
03-14 20:59:01.062 29330 29330 E ArmVmp : Match on catch block at 0xc3 in for 0x159
03-14 20:59:01.065 29330 29330 E ArmVmp : Match on catch block at 0xc3 in for 0x155
03-14 20:59:01.069 29330 29330 E ArmVmp : Match on catch block at 0xc3 in for 0x141
03-14 20:59:01.072 29330 29330 E ArmVmp : Match on catch block at 0xc3 in for 0x159
03-14 20:59:01.082 29330 29330 E ArmVmp : Match on catch block at 0xc3 in for 0x145
03-14 20:59:01.084 29330 29330 E ArmVmp : Match on catch block at 0xc3 in for 0x141
03-14 20:59:01.100 29330 29330 E ArmVmp : Match on catch block at 0xc3 in for 0x149
03-14 20:59:01.103 29330 29330 E ArmVmp : Match on catch block at 0xc3 in for 0x145
03-14 20:59:01.116 29330 29330 E ArmVmp : Match on catch block at 0xc3 in for 0x14d
03-14 20:59:01.119 29330 29330 E ArmVmp : Match on catch block at 0xc3 in for 0x149
03-14 20:59:01.132 29330 29330 E ArmVmp : Match on catch block at 0xc3 in for 0x151
03-14 20:59:01.135 29330 29330 E ArmVmp : Match on catch block at 0xc3 in for 0x14d
03-14 20:59:01.149 29330 29330 E ArmVmp : Match on catch block at 0xc3 in for 0x155
03-14 20:59:01.152 29330 29330 E ArmVmp : Match on catch block at 0xc3 in for 0x151
03-14 20:59:01.168 29330 29330 E ArmVmp : Match on catch block at 0xc3 in for 0x159
03-14 20:59:01.171 29330 29330 E ArmVmp : Match on catch block at 0xc3 in for 0x155
03-14 20:59:01.182 29330 29330 E ArmVmp : Match on catch block at 0xc3 in for 0x141
03-14 20:59:01.185 29330 29330 E ArmVmp : Match on catch block at 0xc3 in for 0x159
03-14 20:59:01.198 29330 29330 E ArmVmp : Match on catch block at 0xc3 in for 0x145
03-14 20:59:01.202 29330 29330 E ArmVmp : Match on catch block at 0xc3 in for 0x141
03-14 20:59:01.216 29330 29330 E ArmVmp : Match on catch block at 0xc3 in for 0x149
03-14 20:59:01.219 29330 29330 E ArmVmp : Match on catch block at 0xc3 in for 0x145
03-14 20:59:01.232 29330 29330 E ArmVmp : Match on catch block at 0xc3 in for 0x14d
03-14 20:59:01.235 29330 29330 E ArmVmp : Match on catch block at 0xc3 in for 0x149
03-14 20:59:01.415 29330 29330 E ArmVmp : Match on catch block at 0xc3 in for 0x149
03-14 20:59:01.418 29330 29330 E ArmVmp : Match on catch block at 0xc3 in for 0x145
03-14 20:59:01.436 29330 29330 E ArmVmp : Match on catch block at 0xc3 in for 0x159
03-14 20:59:01.440 29330 29330 E ArmVmp : Match on catch block at 0xc3 in for 0x155
03-14 20:59:01.461 29330 29330 E ArmVmp : Match on catch block at 0xc3 in for 0x145
03-14 20:59:01.464 29330 29330 E ArmVmp : Match on catch block at 0xc3 in for 0x141
03-14 20:59:01.476 29330 29330 E ArmVmp : Match on catch block at 0xc3 in for 0x149
03-14 20:59:01.480 29330 29330 E ArmVmp : Match on catch block at 0xc3 in for 0x145
03-14 20:59:01.511 29330 29330 E ArmVmp : Match on catch block at 0xc3 in for 0x151
03-14 20:59:01.516 29330 29330 E ArmVmp : Match on catch block at 0xc3 in for 0x14d
03-14 20:59:01.541 29330 29330 E ArmVmp : Match on catch block at 0xc3 in for 0x151
03-14 20:59:01.544 29330 29330 E ArmVmp : Match on catch block at 0xc3 in for 0x14d
03-14 20:59:01.570 29330 29330 E ArmVmp : Match on catch block at 0xc3 in for 0x155
03-14 20:59:01.573 29330 29330 E ArmVmp : Match on catch block at 0xc3 in for 0x151
03-14 20:59:01.581 29330 29330 E ArmVmp : Match on catch block at 0xc3 in for 0x159
03-14 20:59:01.585 29330 29330 E ArmVmp : Match on catch block at 0xc3 in for 0x155
03-14 20:59:01.598 29330 29330 E ArmVmp : Match on catch block at 0xc3 in for 0x141
03-14 20:59:01.603 29330 29330 E ArmVmp : Match on catch block at 0xc3 in for 0x159
03-14 20:59:01.616 29330 29330 E ArmVmp : Match on catch block at 0xc3 in for 0x145
03-14 20:59:01.621 29330 29330 E ArmVmp : Match on catch block at 0xc3 in for 0x141
03-14 20:59:01.630 29330 29330 E ArmVmp : Match on catch block at 0xc3 in for 0x149
03-14 20:59:01.633 29330 29330 E ArmVmp : Match on catch block at 0xc3 in for 0x145
03-14 20:59:01.932 29330 29330 E ArmVmp : Match on catch block at 0xc3 in for 0x14d
03-14 20:59:01.936 29330 29330 E ArmVmp : Match on catch block at 0xc3 in for 0x149
03-14 20:59:02.032 29330 29330 E ArmVmp : Match on catch block at 0xc3 in for 0x145
03-14 20:59:02.035 29330 29330 E ArmVmp : Match on catch block at 0xc3 in for 0x141
03-14 20:59:02.051 29330 29330 E ArmVmp : Match on catch block at 0xc3 in for 0x145
03-14 20:59:02.054 29330 29330 E ArmVmp : Match on catch block at 0xc3 in for 0x141
03-14 20:59:02.063 29330 29330 E ArmVmp : Match on catch block at 0xc3 in for 0x149
03-14 20:59:02.066 29330 29330 E ArmVmp : Match on catch block at 0xc3 in for 0x145
03-14 20:59:02.080 29330 29330 E ArmVmp : Match on catch block at 0xc3 in for 0x14d
03-14 20:59:02.083 29330 29330 E ArmVmp : Match on catch block at 0xc3 in for 0x149
03-14 20:59:02.098 29330 29330 E ArmVmp : Match on catch block at 0xc3 in for 0x151
03-14 20:59:02.103 29330 29330 E ArmVmp : Match on catch block at 0xc3 in for 0x14d
03-14 20:59:02.120 29330 29330 E ArmVmp : Match on catch block at 0xc3 in for 0x141
03-14 20:59:02.124 29330 29330 E ArmVmp : Match on catch block at 0xc3 in for 0x159
03-14 20:59:02.134 29330 7844 W MediaPlayer: Use of stream types is deprecated for operations other than volume control
03-14 20:59:02.134 29330 7844 W MediaPlayer: See the documentation of setAudioStreamType() for what to use instead with android.media.AudioAttributes to qualify your playback use case
03-14 20:59:02.135 29330 29330 E ArmVmp : Match on catch block at 0xc3 in for 0x149
03-14 20:59:02.139 29330 29330 E ArmVmp : Match on catch block at 0xc3 in for 0x145
03-14 20:59:02.149 29330 29330 E ArmVmp : Match on catch block at 0xc3 in for 0x141
03-14 20:59:02.153 29330 29330 E ArmVmp : Match on catch block at 0xc3 in for 0x159
03-14 20:59:02.163 29330 29330 E ArmVmp : Match on catch block at 0xc3 in for 0x145
03-14 20:59:02.167 29330 29330 E ArmVmp : Match on catch block at 0xc3 in for 0x141
03-14 20:59:02.180 29330 29330 E ArmVmp : Match on catch block at 0xc3 in for 0x149
03-14 20:59:02.185 29330 29330 E ArmVmp : Match on catch block at 0xc3 in for 0x145
03-14 20:59:02.197 29330 29330 E ArmVmp : Match on catch block at 0xc3 in for 0x14d
03-14 20:59:02.201 29330 29330 E ArmVmp : Match on catch block at 0xc3 in for 0x149
03-14 20:59:02.214 29330 29330 E ArmVmp : Match on catch block at 0xc3 in for 0x151
03-14 20:59:02.219 29330 29330 E ArmVmp : Match on catch block at 0xc3 in for 0x14d
03-14 20:59:02.231 29330 29330 E ArmVmp : Match on catch block at 0xc3 in for 0x155
03-14 20:59:02.236 29330 29330 E ArmVmp : Match on catch block at 0xc3 in for 0x151
03-14 20:59:02.281 29330 29330 E ArmVmp : Match on catch block at 0xc3 in for 0x145
03-14 20:59:02.289 29330 29330 E ArmVmp : Match on catch block at 0xc3 in for 0x141
03-14 20:59:02.317 29330 29330 E ArmVmp : Match on catch block at 0xc3 in for 0x155
03-14 20:59:02.320 29330 29330 E ArmVmp : Match on catch block at 0xc3 in for 0x151
03-14 20:59:02.332 29330 29330 E ArmVmp : Match on catch block at 0xc3 in for 0x155
03-14 20:59:02.335 29330 29330 E ArmVmp : Match on catch block at 0xc3 in for 0x151
03-14 20:59:02.779 29330 29330 E ArmVmp : Match on catch block at 0xc3 in for 0x145
03-14 20:59:02.785 29330 29330 E ArmVmp : Match on catch block at 0xc3 in for 0x141
03-14 20:59:02.863 29330 29330 E ArmVmp : Match on catch block at 0xc3 in for 0x151
03-14 20:59:02.868 29330 29330 E ArmVmp : Match on catch block at 0xc3 in for 0x14d
03-14 20:59:02.996 29330 29330 E ArmVmp : Match on catch block at 0xc3 in for 0x145
03-14 20:59:03.000 29330 29330 E ArmVmp : Match on catch block at 0xc3 in for 0x141
03-14 20:59:03.014 29330 29330 E ArmVmp : Match on catch block at 0xc3 in for 0x149
03-14 20:59:03.020 29330 29330 E ArmVmp : Match on catch block at 0xc3 in for 0x145
03-14 20:59:03.028 29330 29330 E ArmVmp : Match on catch block at 0xc3 in for 0x14d
03-14 20:59:03.032 29330 29330 E ArmVmp : Match on catch block at 0xc3 in for 0x149
03-14 20:59:03.045 29330 29330 E ArmVmp : Match on catch block at 0xc3 in for 0x151
03-14 20:59:03.049 29330 29330 E ArmVmp : Match on catch block at 0xc3 in for 0x14d
03-14 20:59:03.061 29330 29330 E ArmVmp : Match on catch block at 0xc3 in for 0x155
03-14 20:59:03.065 29330 29330 E ArmVmp : Match on catch block at 0xc3 in for 0x151
03-14 20:59:03.077 29330 29330 E ArmVmp : Match on catch block at 0xc3 in for 0x159
03-14 20:59:03.082 29330 29330 E ArmVmp : Match on catch block at 0xc3 in for 0x155
03-14 20:59:03.095 29330 29330 E ArmVmp : Match on catch block at 0xc3 in for 0x141
03-14 20:59:03.100 29330 29330 E ArmVmp : Match on catch block at 0xc3 in for 0x159
03-14 20:59:03.112 29330 29330 E ArmVmp : Match on catch block at 0xc3 in for 0x145
03-14 20:59:03.117 29330 29330 E ArmVmp : Match on catch block at 0xc3 in for 0x141
03-14 20:59:03.128 29330 29330 E ArmVmp : Match on catch block at 0xc3 in for 0x149
03-14 20:59:03.133 29330 29330 E ArmVmp : Match on catch block at 0xc3 in for 0x145
03-14 20:59:03.144 29330 29330 E ArmVmp : Match on catch block at 0xc3 in for 0x14d
03-14 20:59:03.148 29330 29330 E ArmVmp : Match on catch block at 0xc3 in for 0x149
03-14 20:59:03.161 29330 29330 E ArmVmp : Match on catch block at 0xc3 in for 0x151
03-14 20:59:03.166 29330 29330 E ArmVmp : Match on catch block at 0xc3 in for 0x14d
03-14 20:59:03.178 29330 29330 E ArmVmp : Match on catch block at 0xc3 in for 0x155
03-14 20:59:03.181 29330 29330 E ArmVmp : Match on catch block at 0xc3 in for 0x151
03-14 20:59:03.195 29330 29330 E ArmVmp : Match on catch block at 0xc3 in for 0x159
03-14 20:59:03.199 29330 29330 E ArmVmp : Match on catch block at 0xc3 in for 0x155
03-14 20:59:03.493 29330 29330 E ArmVmp : Match on catch block at 0xc3 in for 0x141
03-14 20:59:03.497 29330 29330 E ArmVmp : Match on catch block at 0xc3 in for 0x159
03-14 20:59:03.844 29330 29330 E ArmVmp : Match on catch block at 0xc3 in for 0x141
03-14 20:59:03.847 29330 29330 E ArmVmp : Match on catch block at 0xc3 in for 0x159
03-14 20:59:03.859 29330 29330 E ArmVmp : Match on catch block at 0xc3 in for 0x159
03-14 20:59:03.862 29330 29330 E ArmVmp : Match on catch block at 0xc3 in for 0x155
03-14 20:59:03.875 29330 29330 E ArmVmp : Match on catch block at 0xc3 in for 0x141
03-14 20:59:03.878 29330 29330 E ArmVmp : Match on catch block at 0xc3 in for 0x159
03-14 20:59:03.892 29330 29330 E ArmVmp : Match on catch block at 0xc3 in for 0x145
03-14 20:59:03.894 29330 29330 E ArmVmp : Match on catch block at 0xc3 in for 0x141
03-14 20:59:03.910 29330 29330 E ArmVmp : Match on catch block at 0xc3 in for 0x149
03-14 20:59:03.914 29330 29330 E ArmVmp : Match on catch block at 0xc3 in for 0x145
03-14 20:59:03.926 29330 29330 E ArmVmp : Match on catch block at 0xc3 in for 0x14d
03-14 20:59:03.930 29330 29330 E ArmVmp : Match on catch block at 0xc3 in for 0x149
03-14 20:59:03.943 29330 29330 E ArmVmp : Match on catch block at 0xc3 in for 0x151
03-14 20:59:03.946 29330 29330 E ArmVmp : Match on catch block at 0xc3 in for 0x14d
03-14 20:59:03.960 29330 29330 E ArmVmp : Match on catch block at 0xc3 in for 0x155
03-14 20:59:03.963 29330 29330 E ArmVmp : Match on catch block at 0xc3 in for 0x151
03-14 20:59:03.975 29330 29330 E ArmVmp : Match on catch block at 0xc3 in for 0x159
03-14 20:59:03.980 29330 29330 E ArmVmp : Match on catch block at 0xc3 in for 0x155
03-14 20:59:03.994 29330 29330 E ArmVmp : Match on catch block at 0xc3 in for 0x141
03-14 20:59:04.000 29330 29330 E ArmVmp : Match on catch block at 0xc3 in for 0x159
03-14 20:59:04.010 29330 29330 E ArmVmp : Match on catch block at 0xc3 in for 0x145
03-14 20:59:04.015 29330 29330 E ArmVmp : Match on catch block at 0xc3 in for 0x141
03-14 20:59:04.026 29330 29330 E ArmVmp : Match on catch block at 0xc3 in for 0x149
03-14 20:59:04.032 29330 29330 E ArmVmp : Match on catch block at 0xc3 in for 0x145
03-14 20:59:04.043 29330 29330 E ArmVmp : Match on catch block at 0xc3 in for 0x14d
03-14 20:59:04.048 29330 29330 E ArmVmp : Match on catch block at 0xc3 in for 0x149
03-14 20:59:04.060 29330 29330 E ArmVmp : Match on catch block at 0xc3 in for 0x159
03-14 20:59:04.063 29330 29330 E ArmVmp : Match on catch block at 0xc3 in for 0x155
03-14 20:59:04.229 29330 29330 E ArmVmp : Match on catch block at 0xc3 in for 0x149
03-14 20:59:04.234 29330 29330 E ArmVmp : Match on catch block at 0xc3 in for 0x145
03-14 20:59:04.262 29330 29330 E ArmVmp : Match on catch block at 0xc3 in for 0x14d
03-14 20:59:04.269 29330 29330 E ArmVmp : Match on catch block at 0xc3 in for 0x149
03-14 20:59:04.726 29330 29330 E ArmVmp : Match on catch block at 0xc3 in for 0x151
03-14 20:59:04.732 29330 29330 E ArmVmp : Match on catch block at 0xc3 in for 0x14d
03-14 20:59:04.758 29330 29330 E ArmVmp : Match on catch block at 0xc3 in for 0x141
03-14 20:59:04.766 29330 29330 E ArmVmp : Match on catch block at 0xc3 in for 0x159
03-14 20:59:04.910 29330 29330 E ArmVmp : Match on catch block at 0xc3 in for 0x14d
03-14 20:59:04.916 29330 29330 E ArmVmp : Match on catch block at 0xc3 in for 0x149
03-14 20:59:05.110 29330 29330 E ArmVmp : Match on catch block at 0xc3 in for 0x159
03-14 20:59:05.118 29330 29330 E ArmVmp : Match on catch block at 0xc3 in for 0x155
03-14 20:59:05.291 29330 29330 E ArmVmp : Match on catch block at 0xc3 in for 0x149
03-14 20:59:05.298 29330 29330 E ArmVmp : Match on catch block at 0xc3 in for 0x145
03-14 20:59:05.542 29330 29330 E ArmVmp : Match on catch block at 0xc3 in for 0x155
03-14 20:59:05.547 29330 29330 E ArmVmp : Match on catch block at 0xc3 in for 0x151
03-14 20:59:06.041 29330 29330 E ArmVmp : Match on catch block at 0xc3 in for 0x159
03-14 20:59:06.049 29330 29330 E ArmVmp : Match on catch block at 0xc3 in for 0x155
03-14 20:59:06.090 29330 29330 E ArmVmp : Match on catch block at 0xc3 in for 0x149
03-14 20:59:06.097 29330 29330 E ArmVmp : Match on catch block at 0xc3 in for 0x145
03-14 20:59:06.588 29330 29330 E ArmVmp : Match on catch block at 0xc3 in for 0x155
03-14 20:59:06.593 29330 29330 E ArmVmp : Match on catch block at 0xc3 in for 0x151
03-14 20:59:06.906 29330 29330 E ArmVmp : Match on catch block at 0xc3 in for 0x159
03-14 20:59:06.912 29330 29330 E ArmVmp : Match on catch block at 0xc3 in for 0x155
03-14 20:59:06.940 29330 29330 E ArmVmp : Match on catch block at 0xc3 in for 0x14d
03-14 20:59:06.946 29330 29330 E ArmVmp : Match on catch block at 0xc3 in for 0x149
03-14 20:59:06.978 29330 29330 E ArmVmp : Match on catch block at 0xc3 in for 0x155
03-14 20:59:06.984 29330 29330 E ArmVmp : Match on catch block at 0xc3 in for 0x151
03-14 20:59:07.039 29330 29330 E ArmVmp : Match on catch block at 0xc3 in for 0x14d
03-14 20:59:07.044 29330 29330 E ArmVmp : Match on catch block at 0xc3 in for 0x149
03-14 20:59:07.078 29330 29330 E ArmVmp : Match on catch block at 0xc3 in for 0x155
03-14 20:59:07.084 29330 29330 E ArmVmp : Match on catch block at 0xc3 in for 0x151
03-14 20:59:07.102 29330 29330 E ArmVmp : Match on catch block at 0xc3 in for 0x14d
03-14 20:59:07.108 29330 29330 E ArmVmp : Match on catch block at 0xc3 in for 0x149
03-14 20:59:07.121 29330 29330 E ArmVmp : Match on catch block at 0xc3 in for 0x151
03-14 20:59:07.127 29330 29330 E ArmVmp : Match on catch block at 0xc3 in for 0x14d
03-14 20:59:07.137 29330 29330 E ArmVmp : Match on catch block at 0xc3 in for 0x155
03-14 20:59:07.144 29330 29330 E ArmVmp : Match on catch block at 0xc3 in for 0x151
03-14 20:59:07.419 29330 29330 E ArmVmp : Match on catch block at 0xc3 in for 0x151
03-14 20:59:07.421 29330 29330 E ArmVmp : Match on catch block at 0xc3 in for 0x14d
03-14 20:59:07.428 29330 7844 W MediaPlayer: Use of stream types is deprecated for operations other than volume control
03-14 20:59:07.428 29330 7844 W MediaPlayer: See the documentation of setAudioStreamType() for what to use instead with android.media.AudioAttributes to qualify your playback use case
03-14 20:59:07.433 29330 29330 E ArmVmp : Match on catch block at 0xc3 in for 0x151
03-14 20:59:07.438 29330 29330 E ArmVmp : Match on catch block at 0xc3 in for 0x14d
03-14 20:59:07.457 29330 29330 E ArmVmp : Match on catch block at 0xc3 in for 0x155
03-14 20:59:07.460 29330 29330 E ArmVmp : Match on catch block at 0xc3 in for 0x151
03-14 20:59:07.469 29330 29330 E ArmVmp : Match on catch block at 0xc3 in for 0x159
03-14 20:59:07.473 29330 29330 E ArmVmp : Match on catch block at 0xc3 in for 0x155
03-14 20:59:07.518 29330 29330 E ArmVmp : Match on catch block at 0xc3 in for 0x145
03-14 20:59:07.521 29330 29330 E ArmVmp : Match on catch block at 0xc3 in for 0x141
03-14 20:59:07.569 29330 29330 E ArmVmp : Match on catch block at 0xc3 in for 0x159
03-14 20:59:07.572 29330 29330 E ArmVmp : Match on catch block at 0xc3 in for 0x155
03-14 20:59:07.630 29330 29330 E IPCThreadState: attemptIncStrongHandle(115): Not supported
03-14 20:59:07.630 29330 29330 E IPCThreadState: attemptIncStrongHandle(105): Not supported
03-14 20:59:07.756 29330 29330 E ArmVmp : Match on catch block at 0xc3 in for 0x159
03-14 20:59:07.759 29330 29330 E ArmVmp : Match on catch block at 0xc3 in for 0x155
03-14 20:59:07.789 29330 29330 E ArmVmp : Match on catch block at 0xc3 in for 0x14d
03-14 20:59:07.792 29330 29330 E ArmVmp : Match on catch block at 0xc3 in for 0x149
03-14 20:59:07.832 29330 29330 E ArmVmp : Match on catch block at 0xc3 in for 0x151
03-14 20:59:07.835 29330 29330 E ArmVmp : Match on catch block at 0xc3 in for 0x14d
03-14 20:59:07.853 29330 29330 E ArmVmp : Match on catch block at 0xc3 in for 0x141
03-14 20:59:07.856 29330 29330 E ArmVmp : Match on catch block at 0xc3 in for 0x159
03-14 20:59:07.877 29330 29330 E ArmVmp : Match on catch block at 0xc3 in for 0x159
03-14 20:59:07.880 29330 29330 E ArmVmp : Match on catch block at 0xc3 in for 0x155
03-14 20:59:07.898 29330 29330 E ArmVmp : Match on catch block at 0xc3 in for 0x155
03-14 20:59:07.901 29330 29330 E ArmVmp : Match on catch block at 0xc3 in for 0x151
03-14 20:59:08.275 29330 29330 E ArmVmp : Match on catch block at 0xc3 in for 0x151
03-14 20:59:08.282 29330 29330 E ArmVmp : Match on catch block at 0xc3 in for 0x14d
03-14 20:59:11.290 29330 29330 E OplusBracketLog: [OplusViewMirrorManager] updateHostViewRootIfNeeded, not support android.view.ViewRootImpl@77a9d2e
03-14 20:59:11.305 29330 29330 E IPCThreadState: attemptIncStrongHandle(117): Not supported
03-14 20:59:11.321 29330 29404 W Parcel : Expecting binder but got null!
03-14 20:59:12.098 29330 29330 W ResourceType: Bad XML block: header size 18254 or total size 169478669 is larger than data size 380
03-14 20:59:12.101 29330 29330 W ResourceType: Bad XML block: header size 18254 or total size 169478669 is larger than data size 633
03-14 20:59:12.109 29330 29330 W ResourceType: Bad XML block: header size 18254 or total size 169478669 is larger than data size 677
03-14 20:59:12.112 29330 29330 W ResourceType: Bad XML block: header size 18254 or total size 169478669 is larger than data size 248
03-14 20:59:12.117 29330 29330 W ResourceType: Bad XML block: header size 18254 or total size 169478669 is larger than data size 571
03-14 20:59:12.123 29330 29330 W ResourceType: Bad XML block: header size 18254 or total size 169478669 is larger than data size 333
03-14 20:59:12.126 29330 29330 W ResourceType: Bad XML block: header size 18254 or total size 169478669 is larger than data size 650
03-14 20:59:12.129 29330 29330 W ResourceType: Bad XML block: header size 18254 or total size 169478669 is larger than data size 1150
03-14 20:59:12.132 29330 29330 W ResourceType: Bad XML block: header size 18254 or total size 169478669 is larger than data size 491
03-14 20:59:12.135 29330 29330 W ResourceType: Bad XML block: header size 18254 or total size 169478669 is larger than data size 1150
03-14 20:59:12.137 29330 29330 W ResourceType: Bad XML block: header size 18254 or total size 169478669 is larger than data size 659
03-14 20:59:12.140 29330 29330 W ResourceType: Bad XML block: header size 18254 or total size 169478669 is larger than data size 593
03-14 20:59:12.148 29330 29330 W ResourceType: Bad XML block: header size 18254 or total size 169478669 is larger than data size 1171
03-14 20:59:12.150 29330 29330 W ResourceType: Bad XML block: header size 18254 or total size 169478669 is larger than data size 510
03-14 20:59:12.160 29330 29330 W ResourceType: Bad XML block: header size 18254 or total size 169478669 is larger than data size 853
03-14 20:59:12.200 29330 29330 W ResourceType: Bad XML block: header size 18254 or total size 169478669 is larger than data size 650
03-14 20:59:12.224 29330 29330 E OplusBracketLog: [OplusViewMirrorManager] updateHostViewRootIfNeeded, not support android.view.ViewRootImpl@8ddb98d
03-14 20:59:12.252 29330 29330 W View : requestLayout() improperly called by android.widget.Space{80381af I.ED..... ......I. 36,108-48,120 #7f0b00ba app:id/action_tile_spacing viewInfo = } during layout: running second layout pass
03-14 20:59:12.252 29330 29330 W View : requestLayout() improperly called by android.widget.Space{75bb9bc I.ED..... ......I. 36,108-48,120 #7f0b00ba app:id/action_tile_spacing viewInfo = } during layout: running second layout pass
03-14 20:59:12.253 29330 29330 W View : requestLayout() improperly called by android.widget.Space{80d8d45 I.ED..... ......I. 36,108-48,120 #7f0b00ba app:id/action_tile_spacing viewInfo = } during layout: running second layout pass
03-14 20:59:12.253 29330 29330 W View : requestLayout() improperly called by android.widget.Space{72e5c9a I.ED..... ......I. 36,108-48,120 #7f0b00ba app:id/action_tile_spacing viewInfo = } during layout: running second layout pass
03-14 20:59:12.292 29330 29404 W Parcel : Expecting binder but got null!
03-14 20:59:12.783 29330 29330 E OplusBracketLog: [OplusViewMirrorManager] updateHostViewRootIfNeeded, not support android.view.ViewRootImpl@3d6e535
03-14 20:59:12.796 29330 29330 E IPCThreadState: attemptIncStrongHandle(155): Not supported
03-14 20:59:12.797 29330 29330 E IPCThreadState: attemptIncStrongHandle(151): Not supported
03-14 20:59:12.830 29330 29404 W Parcel : Expecting binder but got null!
03-14 20:59:13.726 29330 29330 E OplusBracketLog: [OplusViewMirrorManager] updateHostViewRootIfNeeded, not support android.view.ViewRootImpl@a3f8521
03-14 20:59:13.845 29330 29404 W Parcel : Expecting binder but got null!
03-14 20:59:13.860 29330 29330 W BottomSheetBehavior: BottomSheetBehavior now supports multiple callbacks. `setBottomSheetCallback()` removes all existing callbacks, including ones set internally by library authors, which may result in unintended behavior. This may change in the future. Please use `addBottomSheetCallback()` and `removeBottomSheetCallback()` instead to set your own callbacks.
03-14 20:59:14.086 29330 29330 W OnBackInvokedCallback: OnBackInvokedCallback is not enabled for the application.
03-14 20:59:14.086 29330 29330 W OnBackInvokedCallback: Set 'android:enableOnBackInvokedCallback="true"' in the application manifest.
03-14 20:59:14.336 29330 29330 W ResourceType: Bad XML block: header size 18254 or total size 169478669 is larger than data size 650
03-14 20:59:14.380 29330 29330 E OplusBracketLog: [OplusViewMirrorManager] updateHostViewRootIfNeeded, not support android.view.ViewRootImpl@6dfa941
03-14 20:59:14.399 29330 29330 E IPCThreadState: attemptIncStrongHandle(170): Not supported
03-14 20:59:14.418 29330 29404 W Parcel : Expecting binder but got null!
03-14 20:59:16.004 29330 29330 E OplusBracketLog: [OplusViewMirrorManager] updateHostViewRootIfNeeded, not support android.view.ViewRootImpl@84611e1
03-14 20:59:16.060 29330 29404 W Parcel : Expecting binder but got null!
03-14 20:59:18.017 29330 29330 W OnBackInvokedCallback: OnBackInvokedCallback is not enabled for the application.
03-14 20:59:18.017 29330 29330 W OnBackInvokedCallback: Set 'android:enableOnBackInvokedCallback="true"' in the application manifest.
03-14 20:59:18.167 29330 29330 E OplusBracketLog: [OplusViewMirrorManager] updateHostViewRootIfNeeded, not support android.view.ViewRootImpl@dbddb04
03-14 20:59:18.180 29330 29330 E IPCThreadState: attemptIncStrongHandle(126): Not supported
03-14 20:59:18.180 29330 29330 E IPCThreadState: attemptIncStrongHandle(138): Not supported
03-14 20:59:18.200 29330 29404 W Parcel : Expecting binder but got null!
03-14 20:59:33.227 29330 29330 W RemoteInputConnectionImpl: requestCursorAnchorInfo on inactive InputConnection
03-14 20:59:33.246 29330 29330 E ImeBackDispatcher: Ime callback not found. Ignoring unregisterReceivedCallback. callbackId: 34789536
03-14 20:59:34.077 29330 29330 E IPCThreadState: attemptIncStrongHandle(168): Not supported
03-14 20:59:34.077 29330 29330 E IPCThreadState: attemptIncStrongHandle(37): Not supported
03-14 20:59:34.177 29330 29330 W ResourceType: Bad XML block: header size 18254 or total size 169478669 is larger than data size 650
03-14 20:59:34.215 29330 29330 W ResourceType: Bad XML block: header size 18254 or total size 169478669 is larger than data size 650
03-14 20:59:34.361 29330 29330 W ResourceType: Bad XML block: header size 18254 or total size 169478669 is larger than data size 650
03-14 20:59:35.857 29330 29330 E ArmVmp : Match on catch block at 0x0a in for 0x181
03-14 20:59:35.861 29330 29330 E ArmVmp : Match on catch block at 0x0a in for 0x195
03-14 20:59:35.909 29330 29330 E OplusBracketLog: [OplusViewMirrorManager] updateHostViewRootIfNeeded, not support android.view.ViewRootImpl@c7a3b94
03-14 20:59:35.929 29330 29330 E IPCThreadState: attemptIncStrongHandle(166): Not supported
03-14 20:59:36.009 29330 29330 E ArmVmp : Match on catch block at 0xc3 in for 0x175
03-14 20:59:36.011 29330 29330 E ArmVmp : Match on catch block at 0xc3 in for 0x16d
03-14 20:59:36.014 29330 29330 E ArmVmp : Match on catch block at 0xc3 in for 0x165
03-14 20:59:36.036 29330 29404 W Parcel : Expecting binder but got null!
03-14 20:59:36.091 29330 29330 E ArmVmp : Match on catch block at 0xc3 in for 0x149
03-14 20:59:36.096 29330 29330 E ArmVmp : Match on catch block at 0xc3 in for 0x145
03-14 20:59:36.099 29330 29330 E ArmVmp : Match on catch block at 0xc3 in for 0x149
03-14 20:59:36.167 29330 29330 E ArmVmp : Match on catch block at 0xc3 in for 0x149
03-14 20:59:36.170 29330 29330 E ArmVmp : Match on catch block at 0xc3 in for 0x145
03-14 20:59:36.172 29330 29330 E ArmVmp : Match on catch block at 0xc3 in for 0x149
03-14 20:59:36.190 29330 29330 E OplusBracketLog: [OplusViewMirrorManager] updateHostViewRootIfNeeded, not support android.view.ViewRootImpl@c269b67
03-14 20:59:36.214 29330 29404 W Parcel : Expecting binder but got null!
03-14 20:59:36.220 29330 29330 E ArmVmp : Match on catch block at 0xc3 in for 0x141
03-14 20:59:36.223 29330 29330 E ArmVmp : Match on catch block at 0xc3 in for 0x159
03-14 20:59:36.225 29330 29330 E ArmVmp : Match on catch block at 0xc3 in for 0x141
03-14 20:59:36.269 29330 29330 E ArmVmp : Match on catch block at 0xc3 in for 0x141
03-14 20:59:36.272 29330 29330 E ArmVmp : Match on catch block at 0xc3 in for 0x159
03-14 20:59:36.275 29330 29330 E ArmVmp : Match on catch block at 0xc3 in for 0x141
03-14 20:59:36.296 29330 29330 E ArmVmp : Match on catch block at 0xc3 in for 0x145
03-14 20:59:36.301 29330 29330 E ArmVmp : Match on catch block at 0xc3 in for 0x141
03-14 20:59:36.305 29330 29330 E ArmVmp : Match on catch block at 0xc3 in for 0x145
03-14 20:59:36.332 29330 29330 E ArmVmp : Match on catch block at 0xc3 in for 0x159
03-14 20:59:36.335 29330 29330 E ArmVmp : Match on catch block at 0xc3 in for 0x155
03-14 20:59:36.340 29330 29330 E ArmVmp : Match on catch block at 0xc3 in for 0x159
03-14 20:59:36.361 29330 29330 E ArmVmp : Match on catch block at 0xc3 in for 0x159
03-14 20:59:36.364 29330 29330 E ArmVmp : Match on catch block at 0xc3 in for 0x155
03-14 20:59:36.366 29330 29330 E ArmVmp : Match on catch block at 0xc3 in for 0x159
03-14 20:59:36.386 29330 29330 E ArmVmp : Match on catch block at 0xc3 in for 0x159
03-14 20:59:36.390 29330 29330 E ArmVmp : Match on catch block at 0xc3 in for 0x155
03-14 20:59:36.394 29330 29330 E ArmVmp : Match on catch block at 0xc3 in for 0x159
03-14 20:59:36.407 29330 29330 E ArmVmp : Match on catch block at 0xc3 in for 0x159
03-14 20:59:36.411 29330 29330 E ArmVmp : Match on catch block at 0xc3 in for 0x155
03-14 20:59:36.413 29330 29330 E ArmVmp : Match on catch block at 0xc3 in for 0x159
03-14 20:59:36.426 29330 29330 E ArmVmp : Match on catch block at 0xc3 in for 0x159
03-14 20:59:36.430 29330 29330 E ArmVmp : Match on catch block at 0xc3 in for 0x155
03-14 20:59:36.433 29330 29330 E ArmVmp : Match on catch block at 0xc3 in for 0x159
03-14 20:59:36.444 29330 29330 E ArmVmp : Match on catch block at 0xc3 in for 0x159
03-14 20:59:36.447 29330 29330 E ArmVmp : Match on catch block at 0xc3 in for 0x155
03-14 20:59:36.449 29330 29330 E ArmVmp : Match on catch block at 0xc3 in for 0x159
03-14 20:59:36.459 29330 29330 E ArmVmp : Match on catch block at 0xc3 in for 0x159
03-14 20:59:36.461 29330 29330 E ArmVmp : Match on catch block at 0xc3 in for 0x155
03-14 20:59:36.464 29330 29330 E ArmVmp : Match on catch block at 0xc3 in for 0x159
03-14 20:59:36.477 29330 29330 E ArmVmp : Match on catch block at 0xc3 in for 0x159
03-14 20:59:36.480 29330 29330 E ArmVmp : Match on catch block at 0xc3 in for 0x155
03-14 20:59:36.482 29330 29330 E ArmVmp : Match on catch block at 0xc3 in for 0x159
03-14 20:59:36.536 29330 29330 E ArmVmp : Match on catch block at 0xc3 in for 0x159
03-14 20:59:36.539 29330 29330 E ArmVmp : Match on catch block at 0xc3 in for 0x155
03-14 20:59:36.541 29330 29330 E ArmVmp : Match on catch block at 0xc3 in for 0x159
03-14 20:59:36.765 29330 29330 E ArmVmp : Match on catch block at 0xc3 in for 0x14d
03-14 20:59:36.768 29330 29330 E ArmVmp : Match on catch block at 0xc3 in for 0x149
03-14 20:59:36.770 29330 29330 E ArmVmp : Match on catch block at 0xc3 in for 0x14d
03-14 20:59:37.189 29330 29330 E ArmVmp : Match on catch block at 0xc3 in for 0x149
03-14 20:59:37.193 29330 29330 E ArmVmp : Match on catch block at 0xc3 in for 0x145
03-14 20:59:37.198 29330 29330 E ArmVmp : Match on catch block at 0xc3 in for 0x149
03-14 20:59:37.214 29330 29330 E ArmVmp : Match on catch block at 0xc3 in for 0x14d
03-14 20:59:37.217 29330 29330 E ArmVmp : Match on catch block at 0xc3 in for 0x149
03-14 20:59:37.220 29330 29330 E ArmVmp : Match on catch block at 0xc3 in for 0x14d
03-14 20:59:37.231 29330 29330 E ArmVmp : Match on catch block at 0xc3 in for 0x141
03-14 20:59:37.234 29330 29330 E ArmVmp : Match on catch block at 0xc3 in for 0x159
03-14 20:59:37.237 29330 29330 E ArmVmp : Match on catch block at 0xc3 in for 0x141
03-14 20:59:37.247 29330 29330 E ArmVmp : Match on catch block at 0xc3 in for 0x141
03-14 20:59:37.250 29330 29330 E ArmVmp : Match on catch block at 0xc3 in for 0x159
03-14 20:59:37.253 29330 29330 E ArmVmp : Match on catch block at 0xc3 in for 0x141
03-14 20:59:37.264 29330 29330 E ArmVmp : Match on catch block at 0xc3 in for 0x141
03-14 20:59:37.267 29330 29330 E ArmVmp : Match on catch block at 0xc3 in for 0x159
03-14 20:59:37.270 29330 29330 E ArmVmp : Match on catch block at 0xc3 in for 0x141
03-14 20:59:37.281 29330 29330 E ArmVmp : Match on catch block at 0xc3 in for 0x141
03-14 20:59:37.284 29330 29330 E ArmVmp : Match on catch block at 0xc3 in for 0x159
03-14 20:59:37.287 29330 29330 E ArmVmp : Match on catch block at 0xc3 in for 0x141
03-14 20:59:37.299 29330 29330 E ArmVmp : Match on catch block at 0xc3 in for 0x141
03-14 20:59:37.302 29330 29330 E ArmVmp : Match on catch block at 0xc3 in for 0x159
03-14 20:59:37.306 29330 29330 E ArmVmp : Match on catch block at 0xc3 in for 0x141
03-14 20:59:37.315 29330 29330 E ArmVmp : Match on catch block at 0xc3 in for 0x141
03-14 20:59:37.319 29330 29330 E ArmVmp : Match on catch block at 0xc3 in for 0x159
03-14 20:59:37.323 29330 29330 E ArmVmp : Match on catch block at 0xc3 in for 0x141
03-14 20:59:37.331 29330 29330 E ArmVmp : Match on catch block at 0xc3 in for 0x141
03-14 20:59:37.335 29330 29330 E ArmVmp : Match on catch block at 0xc3 in for 0x159
03-14 20:59:37.339 29330 29330 E ArmVmp : Match on catch block at 0xc3 in for 0x141
03-14 20:59:37.348 29330 29330 E ArmVmp : Match on catch block at 0xc3 in for 0x141
03-14 20:59:37.353 29330 29330 E ArmVmp : Match on catch block at 0xc3 in for 0x159
03-14 20:59:37.356 29330 29330 E ArmVmp : Match on catch block at 0xc3 in for 0x141
03-14 20:59:37.364 29330 29330 E ArmVmp : Match on catch block at 0xc3 in for 0x141
03-14 20:59:37.368 29330 29330 E ArmVmp : Match on catch block at 0xc3 in for 0x159
03-14 20:59:37.372 29330 29330 E ArmVmp : Match on catch block at 0xc3 in for 0x141
03-14 20:59:37.381 29330 29330 E ArmVmp : Match on catch block at 0xc3 in for 0x141
03-14 20:59:37.384 29330 29330 E ArmVmp : Match on catch block at 0xc3 in for 0x159
03-14 20:59:37.387 29330 29330 E ArmVmp : Match on catch block at 0xc3 in for 0x141
03-14 20:59:37.399 29330 29330 E ArmVmp : Match on catch block at 0xc3 in for 0x141
03-14 20:59:37.403 29330 29330 E ArmVmp : Match on catch block at 0xc3 in for 0x159
03-14 20:59:37.405 29330 29330 E ArmVmp : Match on catch block at 0xc3 in for 0x141
03-14 20:59:37.415 29330 29330 E ArmVmp : Match on catch block at 0xc3 in for 0x141
03-14 20:59:37.418 29330 29330 E ArmVmp : Match on catch block at 0xc3 in for 0x159
03-14 20:59:37.421 29330 29330 E ArmVmp : Match on catch block at 0xc3 in for 0x141
03-14 20:59:37.431 29330 29330 E ArmVmp : Match on catch block at 0xc3 in for 0x141
03-14 20:59:37.434 29330 29330 E ArmVmp : Match on catch block at 0xc3 in for 0x159
03-14 20:59:37.437 29330 29330 E ArmVmp : Match on catch block at 0xc3 in for 0x141
03-14 20:59:37.448 29330 29330 E ArmVmp : Match on catch block at 0xc3 in for 0x141
03-14 20:59:37.452 29330 29330 E ArmVmp : Match on catch block at 0xc3 in for 0x159
03-14 20:59:37.454 29330 29330 E ArmVmp : Match on catch block at 0xc3 in for 0x141
03-14 20:59:37.465 29330 29330 E ArmVmp : Match on catch block at 0xc3 in for 0x141
03-14 20:59:37.469 29330 29330 E ArmVmp : Match on catch block at 0xc3 in for 0x159
03-14 20:59:37.471 29330 29330 E ArmVmp : Match on catch block at 0xc3 in for 0x141
03-14 20:59:37.481 29330 29330 E ArmVmp : Match on catch block at 0xc3 in for 0x141
03-14 20:59:37.483 29330 29330 E ArmVmp : Match on catch block at 0xc3 in for 0x159
03-14 20:59:37.485 29330 29330 E ArmVmp : Match on catch block at 0xc3 in for 0x141
03-14 20:59:37.524 29330 29330 E ArmVmp : Match on catch block at 0xc3 in for 0x141
03-14 20:59:37.527 29330 29330 E ArmVmp : Match on catch block at 0xc3 in for 0x159
03-14 20:59:37.530 29330 29330 E ArmVmp : Match on catch block at 0xc3 in for 0x141
03-14 20:59:37.535 29330 29330 E ArmVmp : Match on catch block at 0xc3 in for 0x145
03-14 20:59:37.538 29330 29330 E ArmVmp : Match on catch block at 0xc3 in for 0x141
03-14 20:59:37.541 29330 29330 E ArmVmp : Match on catch block at 0xc3 in for 0x145
03-14 20:59:37.555 29330 29330 E ArmVmp : Match on catch block at 0xc3 in for 0x151
03-14 20:59:37.558 29330 29330 E ArmVmp : Match on catch block at 0xc3 in for 0x14d
03-14 20:59:37.561 29330 29330 E ArmVmp : Match on catch block at 0xc3 in for 0x151
03-14 20:59:37.578 29330 29330 E ArmVmp : Match on catch block at 0xc3 in for 0x141
03-14 20:59:37.580 29330 29330 E ArmVmp : Match on catch block at 0xc3 in for 0x159
03-14 20:59:37.583 29330 29330 E ArmVmp : Match on catch block at 0xc3 in for 0x141
03-14 20:59:37.590 29330 29330 E ArmVmp : Match on catch block at 0xc3 in for 0x151
03-14 20:59:37.593 29330 29330 E ArmVmp : Match on catch block at 0xc3 in for 0x14d
03-14 20:59:37.597 29330 29330 E ArmVmp : Match on catch block at 0xc3 in for 0x151
03-14 20:59:37.612 29330 29330 E ArmVmp : Match on catch block at 0xc3 in for 0x151
03-14 20:59:37.615 29330 29330 E ArmVmp : Match on catch block at 0xc3 in for 0x14d
03-14 20:59:37.617 29330 29330 E ArmVmp : Match on catch block at 0xc3 in for 0x151
03-14 20:59:37.624 29330 29330 E ArmVmp : Match on catch block at 0xc3 in for 0x151
03-14 20:59:37.627 29330 29330 E ArmVmp : Match on catch block at 0xc3 in for 0x14d
03-14 20:59:37.629 29330 29330 E ArmVmp : Match on catch block at 0xc3 in for 0x151
03-14 20:59:37.644 29330 29330 W OnBackInvokedCallback: OnBackInvokedCallback is not enabled for the application.
03-14 20:59:37.644 29330 29330 W OnBackInvokedCallback: Set 'android:enableOnBackInvokedCallback="true"' in the application manifest.
03-14 20:59:37.705 29330 29330 E ArmVmp : Match on catch block at 0xc3 in for 0x155
03-14 20:59:37.708 29330 29330 E ArmVmp : Match on catch block at 0xc3 in for 0x151
03-14 20:59:37.712 29330 29330 E ArmVmp : Match on catch block at 0xc3 in for 0x155
