03-14 20:29:59.210 18494 18494 E IPCThreadState: attemptIncStrongHandle(111): Not supported
03-14 20:29:59.228 18494 18554 W Parcel : Expecting binder but got null!
03-14 20:30:01.024 18494 18494 W View : requestLayout() improperly called by com.mbwhatsapp.TextEmojiLabel{8d06d47 VFED..C.. ......ID 0,0-688,88 #7f0b06ab app:id/conversation_contact_name viewInfo = } during layout: running second layout pass
03-14 20:30:01.044 18494 18494 W View : requestLayout() improperly called by com.mbwhatsapp.TextEmojiLabel{8d06d47 VFED..C.. ......ID 0,0-688,88 #7f0b06ab app:id/conversation_contact_name viewInfo = } during layout: running second layout pass
03-14 20:30:02.240 18494 18494 W View : requestLayout() improperly called by com.mbwhatsapp.TextEmojiLabel{8d06d47 VFED..C.. ......ID 0,0-688,88 #7f0b06ab app:id/conversation_contact_name viewInfo = } during layout: running second layout pass
03-14 20:30:02.641 18494 18494 E OplusBracketLog: [OplusViewMirrorManager] updateHostViewRootIfNeeded, not support android.view.ViewRootImpl@e80096a
03-14 20:30:02.658 18494 18494 E IPCThreadState: attemptIncStrongHandle(120): Not supported
03-14 20:30:02.675 18494 18554 W Parcel : Expecting binder but got null!
03-14 20:30:03.807 18494 18494 W ResourceType: Bad XML block: header size 18254 or total size 169478669 is larger than data size 380
03-14 20:30:03.810 18494 18494 W ResourceType: Bad XML block: header size 18254 or total size 169478669 is larger than data size 633
03-14 20:30:03.820 18494 18494 W ResourceType: Bad XML block: header size 18254 or total size 169478669 is larger than data size 677
03-14 20:30:03.824 18494 18494 W ResourceType: Bad XML block: header size 18254 or total size 169478669 is larger than data size 248
03-14 20:30:03.830 18494 18494 W ResourceType: Bad XML block: header size 18254 or total size 169478669 is larger than data size 571
03-14 20:30:03.836 18494 18494 W ResourceType: Bad XML block: header size 18254 or total size 169478669 is larger than data size 333
03-14 20:30:03.840 18494 18494 W ResourceType: Bad XML block: header size 18254 or total size 169478669 is larger than data size 650
03-14 20:30:03.843 18494 18494 W ResourceType: Bad XML block: header size 18254 or total size 169478669 is larger than data size 1150
03-14 20:30:03.847 18494 18494 W ResourceType: Bad XML block: header size 18254 or total size 169478669 is larger than data size 491
03-14 20:30:03.850 18494 18494 W ResourceType: Bad XML block: header size 18254 or total size 169478669 is larger than data size 1150
03-14 20:30:03.854 18494 18494 W ResourceType: Bad XML block: header size 18254 or total size 169478669 is larger than data size 659
03-14 20:30:03.857 18494 18494 W ResourceType: Bad XML block: header size 18254 or total size 169478669 is larger than data size 593
03-14 20:30:03.868 18494 18494 W ResourceType: Bad XML block: header size 18254 or total size 169478669 is larger than data size 1171
03-14 20:30:03.873 18494 18494 W ResourceType: Bad XML block: header size 18254 or total size 169478669 is larger than data size 510
03-14 20:30:03.901 18494 18494 W ResourceType: Bad XML block: header size 18254 or total size 169478669 is larger than data size 853
03-14 20:30:03.962 18494 18494 W ResourceType: Bad XML block: header size 18254 or total size 169478669 is larger than data size 650
03-14 20:30:03.995 18494 18494 E OplusBracketLog: [OplusViewMirrorManager] updateHostViewRootIfNeeded, not support android.view.ViewRootImpl@f23532f
03-14 20:30:04.029 18494 18494 W View : requestLayout() improperly called by android.widget.Space{6b47927 I.ED..... ......I. 36,108-48,120 #7f0b00ba app:id/action_tile_spacing viewInfo = } during layout: running second layout pass
03-14 20:30:04.029 18494 18494 W View : requestLayout() improperly called by android.widget.Space{2eba7d4 I.ED..... ......I. 36,108-48,120 #7f0b00ba app:id/action_tile_spacing viewInfo = } during layout: running second layout pass
03-14 20:30:04.029 18494 18494 W View : requestLayout() improperly called by android.widget.Space{d713d7d I.ED..... ......I. 36,108-48,120 #7f0b00ba app:id/action_tile_spacing viewInfo = } during layout: running second layout pass
03-14 20:30:04.029 18494 18494 W View : requestLayout() improperly called by android.widget.Space{5a17472 I.ED..... ......I. 36,108-48,120 #7f0b00ba app:id/action_tile_spacing viewInfo = } during layout: running second layout pass
03-14 20:30:04.065 18494 18554 W Parcel : Expecting binder but got null!
03-14 20:30:04.373 18494 18494 W ResourceType: Bad XML block: header size 18254 or total size 169478669 is larger than data size 650
03-14 20:30:04.660 18494 18494 W ResourceType: Bad XML block: header size 18254 or total size 169478669 is larger than data size 853
03-14 20:30:04.844 18494 18494 E OplusBracketLog: [OplusViewMirrorManager] updateHostViewRootIfNeeded, not support android.view.ViewRootImpl@19432b5
03-14 20:30:04.863 18494 18494 E IPCThreadState: attemptIncStrongHandle(119): Not supported
03-14 20:30:04.863 18494 18494 E IPCThreadState: attemptIncStrongHandle(116): Not supported
03-14 20:30:04.900 18494 18554 W Parcel : Expecting binder but got null!
03-14 20:30:05.862 18494 18494 E OplusBracketLog: [OplusViewMirrorManager] updateHostViewRootIfNeeded, not support android.view.ViewRootImpl@9d8488d
03-14 20:30:05.959 18494 18554 W Parcel : Expecting binder but got null!
03-14 20:30:05.969 18494 18494 W BottomSheetBehavior: BottomSheetBehavior now supports multiple callbacks. `setBottomSheetCallback()` removes all existing callbacks, including ones set internally by library authors, which may result in unintended behavior. This may change in the future. Please use `addBottomSheetCallback()` and `removeBottomSheetCallback()` instead to set your own callbacks.
03-14 20:30:06.195 18494 18494 W OnBackInvokedCallback: OnBackInvokedCallback is not enabled for the application.
03-14 20:30:06.195 18494 18494 W OnBackInvokedCallback: Set 'android:enableOnBackInvokedCallback="true"' in the application manifest.
03-14 20:30:27.139 18494 18494 W RemoteInputConnectionImpl: requestCursorAnchorInfo on inactive InputConnection
03-14 20:30:27.164 18494 18494 E ImeBackDispatcher: Ime callback not found. Ignoring unregisterReceivedCallback. callbackId: 34789536
03-14 20:30:27.947 18494 18494 E IPCThreadState: attemptIncStrongHandle(135): Not supported
03-14 20:30:27.948 18494 18494 E IPCThreadState: attemptIncStrongHandle(133): Not supported
03-14 20:30:27.978 18494 18494 W View : requestLayout() improperly called by com.mbwhatsapp.TextEmojiLabel{8d06d47 VFED..C.. ......ID 0,0-688,88 #7f0b06ab app:id/conversation_contact_name viewInfo = } during layout: running second layout pass
03-14 20:30:28.063 18494 18494 W View : requestLayout() improperly called by com.mbwhatsapp.TextEmojiLabel{8d06d47 VFED..C.. ......ID 0,0-688,88 #7f0b06ab app:id/conversation_contact_name viewInfo = } during layout: running second layout pass
03-14 20:30:28.301 18494 18494 W ResourceType: Bad XML block: header size 18254 or total size 169478669 is larger than data size 650
03-14 20:30:28.364 18494 18494 W View : requestLayout() improperly called by com.mbwhatsapp.TextEmojiLabel{8d06d47 VFED..C.. ......ID 0,0-688,88 #7f0b06ab app:id/conversation_contact_name viewInfo = } during layout: running second layout pass
03-14 20:30:28.379 18494 18494 W ResourceType: Bad XML block: header size 18254 or total size 169478669 is larger than data size 650
03-14 20:30:28.438 18494 18494 W View : requestLayout() improperly called by com.mbwhatsapp.TextEmojiLabel{8d06d47 VFED..C.. ......ID 0,0-688,88 #7f0b06ab app:id/conversation_contact_name viewInfo = } during layout: running second layout pass
03-14 20:30:28.520 18494 18494 W ResourceType: Bad XML block: header size 18254 or total size 169478669 is larger than data size 853
03-14 20:30:28.569 18494 18494 W View : requestLayout() improperly called by com.mbwhatsapp.TextEmojiLabel{8d06d47 VFED..C.. ......ID 0,0-688,88 #7f0b06ab app:id/conversation_contact_name viewInfo = } during layout: running second layout pass
03-14 20:30:29.073 18494 18494 E IPCThreadState: attemptIncStrongHandle(128): Not supported
03-14 20:30:29.333 18494 18494 W View : requestLayout() improperly called by com.mbwhatsapp.TextEmojiLabel{8d06d47 VFED..C.. ......ID 0,0-688,88 #7f0b06ab app:id/conversation_contact_name viewInfo = } during layout: running second layout pass
03-14 20:30:29.378 18494 18494 W View : requestLayout() improperly called by com.mbwhatsapp.TextEmojiLabel{8d06d47 VFED..C.. ......ID 0,0-688,88 #7f0b06ab app:id/conversation_contact_name viewInfo = } during layout: running second layout pass
03-14 20:30:30.656 18494 18494 W Choreographer: Already have a pending vsync event. There should only be one at a time.
03-14 20:30:30.728 18494 18494 W Choreographer: Already have a pending vsync event. There should only be one at a time.
03-14 20:30:31.086 18494 18494 E OplusBracketLog: [OplusViewMirrorManager] updateHostViewRootIfNeeded, not support android.view.ViewRootImpl@6d514df
03-14 20:30:31.104 18494 18494 E IPCThreadState: attemptIncStrongHandle(73): Not supported
03-14 20:30:31.138 18494 18554 W Parcel : Expecting binder but got null!
03-14 20:30:31.590 18494 18494 W InputEventReceiver: Attempted to finish an input event but the input event receiver has already been disposed.
03-14 20:30:34.738 18494 18494 E OplusBracketLog: [OplusViewMirrorManager] updateHostViewRootIfNeeded, not support android.view.ViewRootImpl@542a0b8
03-14 20:30:34.777 18494 18494 E IPCThreadState: attemptIncStrongHandle(112): Not supported
03-14 20:30:34.837 18494 18554 W Parcel : Expecting binder but got null!
03-14 20:30:35.541 18494 18494 W InputEventReceiver: Attempted to finish an input event but the input event receiver has already been disposed.
03-14 20:31:13.920 18494 18494 E IPCThreadState: attemptIncStrongHandle(102): Not supported
03-14 20:31:13.921 18494 18494 E IPCThreadState: attemptIncStrongHandle(119): Not supported
03-14 20:31:15.344 18494 29227 E RenderScript: Failed loading RS driver: dlopen failed: library "libRSDriver_mtk.so" not found
03-14 20:31:15.344 18494 29227 E RenderScript: Failed to load runtime libRSDriver_mtk.so, loading default
03-14 20:31:15.638 18494 18494 E ArmVmp : Match on catch block at 0x0a in for 0x195
03-14 20:31:15.645 18494 18494 E ArmVmp : Match on catch block at 0x0a in for 0x191
03-14 20:31:15.710 18494 18494 E OplusBracketLog: [OplusViewMirrorManager] updateHostViewRootIfNeeded, not support android.view.ViewRootImpl@4a08dd7
03-14 20:31:15.879 18494 18494 E ArmVmp : Match on catch block at 0xc3 in for 0x169
03-14 20:31:15.886 18494 18494 E ArmVmp : Match on catch block at 0xc3 in for 0x169
03-14 20:31:15.939 18494 18554 W Parcel : Expecting binder but got null!
03-14 20:31:15.986 18494 18494 E ArmVmp : Match on catch block at 0xc3 in for 0x141
03-14 20:31:15.989 18494 18494 E ArmVmp : Match on catch block at 0xc3 in for 0x141
03-14 20:31:16.020 18494 18494 E ArmVmp : Match on catch block at 0xc3 in for 0x145
03-14 20:31:16.023 18494 18494 E ArmVmp : Match on catch block at 0xc3 in for 0x141
03-14 20:31:16.041 18494 18494 E ArmVmp : Match on catch block at 0xc3 in for 0x14d
03-14 20:31:16.044 18494 18494 E ArmVmp : Match on catch block at 0xc3 in for 0x149
03-14 20:31:16.058 18494 18494 E ArmVmp : Match on catch block at 0xc3 in for 0x149
03-14 20:31:16.061 18494 18494 E ArmVmp : Match on catch block at 0xc3 in for 0x145
03-14 20:31:16.073 18494 18494 E ArmVmp : Match on catch block at 0xc3 in for 0x145
03-14 20:31:16.077 18494 18494 E ArmVmp : Match on catch block at 0xc3 in for 0x141
03-14 20:31:16.089 18494 18494 E ArmVmp : Match on catch block at 0xc3 in for 0x141
03-14 20:31:16.092 18494 18494 E ArmVmp : Match on catch block at 0xc3 in for 0x159
03-14 20:31:16.135 18494 18494 E ArmVmp : Match on catch block at 0xc3 in for 0x141
03-14 20:31:16.140 18494 18494 E ArmVmp : Match on catch block at 0xc3 in for 0x159
03-14 20:31:16.157 18494 18494 E ArmVmp : Match on catch block at 0xc3 in for 0x159
03-14 20:31:16.161 18494 18494 E ArmVmp : Match on catch block at 0xc3 in for 0x155
03-14 20:31:16.186 18494 18494 E ArmVmp : Match on catch block at 0xc3 in for 0x155
03-14 20:31:16.190 18494 18494 E ArmVmp : Match on catch block at 0xc3 in for 0x151
03-14 20:31:16.203 18494 18494 E ArmVmp : Match on catch block at 0xc3 in for 0x159
03-14 20:31:16.206 18494 18494 E ArmVmp : Match on catch block at 0xc3 in for 0x155
03-14 20:31:16.213 18494 18494 E ArmVmp : Match on catch block at 0xc3 in for 0x141
03-14 20:31:16.216 18494 18494 E ArmVmp : Match on catch block at 0xc3 in for 0x159
03-14 20:31:16.222 18494 18494 E ArmVmp : Match on catch block at 0xc3 in for 0x145
03-14 20:31:16.226 18494 18494 E ArmVmp : Match on catch block at 0xc3 in for 0x141
03-14 20:31:16.237 18494 18494 E ArmVmp : Match on catch block at 0xc3 in for 0x149
03-14 20:31:16.240 18494 18494 E ArmVmp : Match on catch block at 0xc3 in for 0x145
03-14 20:31:16.584 18494 18494 E ArmVmp : Match on catch block at 0xc3 in for 0x14d
03-14 20:31:16.587 18494 18494 E ArmVmp : Match on catch block at 0xc3 in for 0x149
03-14 20:31:16.616 18494 18494 E ArmVmp : Match on catch block at 0xc3 in for 0x149
03-14 20:31:16.619 18494 18494 E ArmVmp : Match on catch block at 0xc3 in for 0x145
03-14 20:31:16.661 18494 18494 E ArmVmp : Match on catch block at 0xc3 in for 0x151
03-14 20:31:16.664 18494 18494 E ArmVmp : Match on catch block at 0xc3 in for 0x14d
03-14 20:31:16.683 18494 18494 E IPCThreadState: attemptIncStrongHandle(75): Not supported
03-14 20:31:16.751 18494 18494 E ArmVmp : Match on catch block at 0xc3 in for 0x149
03-14 20:31:16.755 18494 18494 E ArmVmp : Match on catch block at 0xc3 in for 0x145
03-14 20:31:16.766 18494 18494 E ArmVmp : Match on catch block at 0xc3 in for 0x149
03-14 20:31:16.769 18494 18494 E ArmVmp : Match on catch block at 0xc3 in for 0x145
03-14 20:31:16.796 18494 18494 E ArmVmp : Match on catch block at 0xc3 in for 0x141
03-14 20:31:16.799 18494 18494 E ArmVmp : Match on catch block at 0xc3 in for 0x159
03-14 20:31:16.818 18494 18494 E ArmVmp : Match on catch block at 0xc3 in for 0x159
03-14 20:31:16.821 18494 18494 E ArmVmp : Match on catch block at 0xc3 in for 0x155
03-14 20:31:16.843 18494 18494 E ArmVmp : Match on catch block at 0xc3 in for 0x155
03-14 20:31:16.847 18494 18494 E ArmVmp : Match on catch block at 0xc3 in for 0x151
03-14 20:31:16.858 18494 18494 E ArmVmp : Match on catch block at 0xc3 in for 0x141
03-14 20:31:16.863 18494 18494 E ArmVmp : Match on catch block at 0xc3 in for 0x159
03-14 20:31:16.880 18494 18494 W Choreographer: Frame time is 0.085224 ms in the future! Check that graphics HAL is generating vsync timestamps using the correct timebase.
03-14 20:31:17.245 18494 18494 E ArmVmp : Match on catch block at 0xc3 in for 0x151
03-14 20:31:17.250 18494 18494 E ArmVmp : Match on catch block at 0xc3 in for 0x14d
03-14 20:31:17.461 18494 18494 E OplusBracketLog: [OplusViewMirrorManager] updateHostViewRootIfNeeded, not support android.view.ViewRootImpl@5a8a161
03-14 20:31:17.478 18494 18494 E IPCThreadState: attemptIncStrongHandle(95): Not supported
03-14 20:31:17.511 18494 18554 W Parcel : Expecting binder but got null!
03-14 20:31:20.510 18494 18494 E RippleDrawable: The RippleDrawable.STYLE_PATTERNED animation is not supported for a non-hardware accelerated Canvas. Skipping animation.
03-14 20:31:20.512 18494 18494 E RippleDrawable: The RippleDrawable.STYLE_PATTERNED animation is not supported for a non-hardware accelerated Canvas. Skipping animation.
03-14 20:31:20.831 18494 18494 E OplusBracketLog: [OplusViewMirrorManager] updateHostViewRootIfNeeded, not support android.view.ViewRootImpl@c4ba253
03-14 20:31:20.851 18494 18494 E IPCThreadState: attemptIncStrongHandle(97): Not supported
03-14 20:31:20.965 18494 18554 W Parcel : Expecting binder but got nu--------- beginning of main
03-14 20:31:27.282 18494 18494 E OplusBracketLog: [OplusViewMirrorManager] updateHostViewRootIfNeeded, not support android.view.ViewRootImpl@d0a10b7
03-14 20:31:27.303 18494 18494 E IPCThreadState: attemptIncStrongHandle(69): Not supported
03-14 20:31:27.329 18494 18554 W Parcel : Expecting binder but got null!
03-14 20:31:28.614 18494 18494 E IPCThreadState: attemptIncStrongHandle(103): Not supported
03-14 20:31:30.428 29330 29330 E com.mbwhatsapp: Unknown bits set in runtime_flags: 0x40000000
03-14 20:31:30.434 29330 29330 E com.mbwhatsapp: Not starting debugger since process cannot load the jdwp agent.
03-14 20:31:30.443 29330 29330 W ziparchive: Unable to open '/system/framework/mediatek-framework.dm': No such file or directory
03-14 20:31:30.443 29330 29330 W ziparchive: Unable to open '/system/framework/mediatek-framework.dm': No such file or directory
03-14 20:31:30.449 29330 29355 E com.mbwhatsapp: Could not write anonymous vdex /system/framework/oat/arm64/mediatek-framework.vdex: Could not open /system/framework/oat/arm64/mediatek-framework.vdex for writing
03-14 20:31:30.491 29330 29330 W libc : Access denied finding property "ro.odm.prev.product.name"
03-14 20:31:30.561 29330 29330 W System.err: java.lang.ClassNotFoundException: mbmodsd.mbmodsw.ui.views.btn.BtnBK
03-14 20:31:30.561 29330 29330 W System.err: at java.lang.Runtime.nativeLoad(Native Method)
03-14 20:31:30.561 29330 29330 W System.err: at java.lang.Runtime.nativeLoad(Runtime.java:1121)
03-14 20:31:30.561 29330 29330 W System.err: at java.lang.Runtime.loadLibrary0(Runtime.java:1075)
03-14 20:31:30.561 29330 29330 W System.err: at java.lang.Runtime.loadLibrary0(Runtime.java:998)
03-14 20:31:30.561 29330 29330 W System.err: at java.lang.System.loadLibrary(System.java:1661)
03-14 20:31:30.561 29330 29330 W System.err: at arm.EpicVm.<clinit>(Unknown Source:2)
03-14 20:31:30.561 29330 29330 W System.err: at java.lang.Class.newInstance(Native Method)
03-14 20:31:30.561 29330 29330 W System.err: at android.app.AppComponentFactory.instantiateApplication(AppComponentFactory.java:76)
03-14 20:31:30.561 29330 29330 W System.err: at androidx.core.app.CoreComponentFactory.instantiateApplication(Unknown Source:0)
03-14 20:31:30.561 29330 29330 W System.err: at android.app.Instrumentation.newApplication(Instrumentation.java:1251)
03-14 20:31:30.562 29330 29330 W System.err: at android.app.LoadedApk.makeApplicationInner(LoadedApk.java:1507)
03-14 20:31:30.562 29330 29330 W System.err: at android.app.LoadedApk.makeApplicationInner(LoadedApk.java:1443)
03-14 20:31:30.562 29330 29330 W System.err: at android.app.ActivityThread.handleBindApplication(ActivityThread.java:7232)
03-14 20:31:30.562 29330 29330 W System.err: at android.app.ActivityThread.-$ $Nest$mhandleBindApplication(Unknown Source:0)
03-14 20:31:30.562 29330 29330 W System.err: at android.app.ActivityThread$H.handleMessage(ActivityThread.java:2307)
03-14 20:31:30.562 29330 29330 W System.err: at android.os.Handler.dispatchMessage(Handler.java:106)
03-14 20:31:30.562 29330 29330 W System.err: at android.os.Looper.loopOnce(Looper.java:240)
03-14 20:31:30.562 29330 29330 W System.err: at android.os.Looper.loop(Looper.java:351)
03-14 20:31:30.562 29330 29330 W System.err: at android.app.ActivityThread.main(ActivityThread.java:8436)
03-14 20:31:30.562 29330 29330 W System.err: at java.lang.reflect.Method.invoke(Native Method)
03-14 20:31:30.562 29330 29330 W System.err: at com.android.internal.os.RuntimeInit$MethodAndArgsCaller.run(RuntimeInit.java:568)
03-14 20:31:30.562 29330 29330 W System.err: at com.android.internal.os.ZygoteInit.main(ZygoteInit.java:1013)
03-14 20:31:30.611 29330 29330 E CustomActivityOnCrash: IMPORTANT WARNING! You already have an UncaughtExceptionHandler, are you sure this is correct? If you use a custom UncaughtExceptionHandler, you must initialize it AFTER CustomActivityOnCrash! Installing anyway, but your original handler will not be called.
03-14 20:31:30.846 29330 29330 W com.mbwhatsapp: Accessing hidden method Lcom/android/org/conscrypt/OpenSSLSocketImpl;->setUseSessionTickets(Z)V (max- target-q,core-platform-api, reflection, denied)
03-14 20:31:30.846 29330 29330 W com.mbwhatsapp: Accessing hidden method Lcom/android/org/conscrypt/AbstractConscryptSocket;->setUseSessionTickets(Z)V (max- target-q, reflection, denied)
03-14 20:31:30.871 29330 29330 W com.mbwhatsapp: type=1400 audit(0.0:975): avc: granted { execute } for path="/data/data/com.mbwhatsapp/files/decompressed/libs.spk.zst/libc++_shared.so" dev="dm-60" ino=53672 scontext=u:r:untrusted_app:s0:c255,c256,c512,c768 tcontext=u:object_r:app_data_file:s0:c255,c256,c512,c768 tclass=file app=com.mbwhatsapp
03-14 20:31:30.875 29330 29330 W com.mbwhatsapp: type=1400 audit(0.0:976): avc: granted { execute } for path="/data/data/com.mbwhatsapp/files/decompressed/libs.spk.zst/libvlc.so" dev="dm- 60" ino=53694 scontext=u:r:untrusted_app:s0:c255,c256,c512,c768 tcontext=u:object_r:app_data_file:s0:c255,c256,c512,c768 tclass=file app=com.mbwhatsapp
03-14 20:31:30.883 29330 29330 W com.mbwhatsapp: type=1400 audit(0.0:977): avc: granted { execute } for path="/data/data/com.mbwhatsapp/files/decompressed/libs.spk.zst/libwhatsapp.so" dev="dm-60" ino=53732 scontext=u:r:untrusted_app:s0:c255,c256,c512,c768 tcontext=u:object_r:app_data_file:s0:c255,c256,c512,c768 tclass=file app=com.mbwhatsapp
03-14 20:31:30.939 29330 29330 W com.mbwhatsapp: type=1400 audit(0.0:978): avc: granted { execute } for path="/data/data/com.mbwhatsapp/files/decompressed/libs.spk.zst/libcurve25519.so" dev="dm-60" ino=53903 scontext=u:r:untrusted_app:s0:c255,c256,c512,c768 tcontext=u:object_r:app_data_file:s0:c255,c256,c512,c768 tclass=file app=com.mbwhatsapp
03-14 20:31:30.943 29330 29330 W com.mbwhatsapp: type=1400 audit(0.0:979): avc: granted { execute } for path="/data/data/com.mbwhatsapp/files/decompressed/libs.spk.zst/libwhatsapp.so" dev="dm-60" ino=53732 scontext=u:r:untrusted_app:s0:c255,c256,c512,c768 tcontext=u:object_r:app_data_file:s0:c255,c256,c512,c768 tclass=file app=com.mbwhatsapp
03-14 20:31:30.943 29330 29330 W com.mbwhatsapp: type=1400 audit(0.0:980): avc: granted { execute } for path="/data/data/com.mbwhatsapp/files/decompressed/libs.spk.zst/libwhatsapp.so" dev="dm-60" ino=53732 scontext=u:r:untrusted_app:s0:c255,c256,c512,c768 tcontext=u:object_r:app_data_file:s0:c255,c256,c512,c768 tclass=file app=com.mbwhatsapp
03-14 20:31:30.943 29330 29330 W com.mbwhatsapp: type=1400 audit(0.0:981): avc: granted { execute } for path="/data/data/com.mbwhatsapp/files/decompressed/libs.spk.zst/libwhatsapp.so" dev="dm-60" ino=53732 scontext=u:r:untrusted_app:s0:c255,c256,c512,c768 tcontext=u:object_r:app_data_file:s0:c255,c256,c512,c768 tclass=file app=com.mbwhatsapp
03-14 20:31:31.020 29330 29393 W com.mbwhatsapp: Method void X.2rL.A03(java.lang.Integer) failed lock verification and will run slower.
03-14 20:31:31.020 29330 29393 W com.mbwhatsapp: Common causes for lock verification issues are non-optimized dex code
03-14 20:31:31.020 29330 29393 W com.mbwhatsapp: and incorrect proguard optimizations.
03-14 20:31:31.024 29330 29330 W com.mbwhatsapp: Method void X.0eU.A0h(X.0tK, boolean) failed lock verification and will run slower.
03-14 20:31:31.252 29330 29405 E com.mbwhatsapp: Loaded layer handle (9776215670179292203) for layer /my_product/lib64/libcolorx-loader.so
03-14 20:31:31.252 29330 29405 E com.mbwhatsapp: Looking for entrypoint ColorX_Check
03-14 20:31:31.252 29330 29405 E com.mbwhatsapp: Found ColorX_Check for /my_product/lib64/libcolorx-loader.so
03-14 20:31:31.252 29330 29405 E com.mbwhatsapp: Check failed
03-14 20:31:31.255 29330 29405 E QT : [QT]file does not exist
03-14 20:31:31.256 29330 29330 W com.mbwhatsapp: Method void com.mbwhatsapp.HomeActivity.A6e() failed lock verification and will run slower. --------- beginning of system
03-14 20:31:31.318 29330 29330 E OplusCustomizeRestrictionManager: sInstance is null, start a new sInstance
03-14 20:31:31.623 29330 29330 E ArmVmp : Match on catch block at 0x0a in for 0x18d
03-14 20:31:31.646 29330 29330 E ArmVmp : Match on catch block at 0x0a in for 0x279
03-14 20:31:31.699 29330 29330 W Activity: Can request only one set of permissions at a time
03-14 20:31:31.799 29330 29330 E SchedAssist: ofbOpen failed with error=No such file or directory
03-14 20:31:31.799 29330 29330 E SchedAssist: sysOpen failed with error=No such file or directory
03-14 20:31:31.799 29330 29330 E SchedAssist: sharedImFd failed with error=Permission denied
03-14 20:31:31.819 29330 29410 W com.mbwhatsapp: Accessing hidden method Lcom/android/org/conscrypt/ConscryptEngineSocket;->setUseSessionTickets(Z)V (max- target-q,core-platform-api, reflection, denied)
03-14 20:31:31.819 29330 29410 W com.mbwhatsapp: Accessing hidden method Lcom/android/org/conscrypt/OpenSSLSocketImpl;->setUseSessionTickets(Z)V (max- target-q,core-platform-api, reflection, denied)
03-14 20:31:31.819 29330 29410 W com.mbwhatsapp: Accessing hidden method Lcom/android/org/conscrypt/AbstractConscryptSocket;->setUseSessionTickets(Z)V (max- target-q, reflection, denied)
03-14 20:31:31.819 29330 29410 W com.mbwhatsapp: Accessing hidden method Lcom/android/org/conscrypt/ConscryptEngineSocket;->setHostname(Ljava/lang/String;)V (max-target-q,core-platform-api, reflection, denied)
03-14 20:31:31.819 29330 29410 W com.mbwhatsapp: Accessing hidden method Lcom/android/org/conscrypt/OpenSSLSocketImpl;->setHostname(Ljava/lang/String;)V (max-target-q,core-platform-api, reflection, denied)
03-14 20:31:31.819 29330 29410 W com.mbwhatsapp: Accessing hidden method Lcom/android/org/conscrypt/AbstractConscryptSocket;->setHostname(Ljava/lang/ String;)V (max-target-q, reflection, denied)
03-14 20:31:31.819 29330 29410 W com.mbwhatsapp: Accessing hidden method Lcom/android/org/conscrypt/OpenSSLSocketImpl;->setAlpnProtocols([B)V (max-target- q,core-platform-api, reflection, denied)
03-14 20:31:31.819 29330 29410 W com.mbwhatsapp: Accessing hidden method Lcom/android/org/conscrypt/AbstractConscryptSocket;->setAlpnProtocols([B)V (max- target-q, reflection, denied)
03-14 20:31:31.888 29330 29330 E OplusBracketLog: [OplusViewMirrorManager] updateHostViewRootIfNeeded, not support android.view.ViewRootImpl@afda3ab
03-14 20:31:31.911 29330 29410 W com.mbwhatsapp: Accessing hidden method Lcom/android/org/conscrypt/OpenSSLSocketImpl;->getAlpnSelectedProtocol()[B (max- target-q,core-platform-api, reflection, denied)
03-14 20:31:31.912 29330 29410 W com.mbwhatsapp: Accessing hidden method Lcom/android/org/conscrypt/AbstractConscryptSocket;->getAlpnSelectedProtocol()[B (max-target-q, reflection, denied)
03-14 20:31:32.588 29330 29330 E RecyclerView: No adapter attached; skipping layout
03-14 20:31:32.611 29330 29330 E ArmVmp : Match on catch block at 0x0a in for 0x1b9
03-14 20:31:32.669 29330 29330 E RecyclerView: No adapter attached; skipping layout
03-14 20:31:32.889 29330 29447 W LOTTIE : Animation contains merge paths. Merge paths are only supported on KitKat+ and must be manually enabled by calling enableMergePathsForKitKatAndAbove().
03-14 20:31:32.919 29330 29404 E OpenGLRenderer: Device claims wide gamut support, cannot find matching config, error = EGL_SUCCESS
03-14 20:31:32.920 29330 29404 W OpenGLRenderer: Failed to initialize 101010-2 format, error = EGL_SUCCESS
03-14 20:31:33.023 29330 29404 W libc : Access denied finding property "ro.vendor.magt.mtk_magt_support"
03-14 20:31:33.087 29330 29404 W Parcel : Expecting binder but got null!
03-14 20:31:33.146 29330 29330 W LOTTIE : Animation contains merge paths but they are disabled.
03-14 20:31:33.981 29330 29363 W LibraryVersion: Failed to get app version for libraryName: firebase-iid
03-14 20:31:35.955 29330 29330 E ArmVmp : Match on catch block at 0x0a in for 0x1b1
03-14 20:31:35.961 29330 29330 E OplusBracketLog: [OplusViewMirrorManager] updateHostViewRootIfNeeded, not support android.view.ViewRootImpl@b1538e5
03-14 20:31:36.013 29330 29404 W Parcel : Expecting binder but got null!
03-14 20:31:37.131 29330 29330 W InputEventReceiver: Attempted to finish an input event but the input event receiver has already been disposed.
03-14 20:31:38.753 29330 29330 E OplusBracketLog: [OplusViewMirrorManager] updateHostViewRootIfNeeded, not support android.view.ViewRootImpl@ab1caaa
03-14 20:31:38.775 29330 29330 E IPCThreadState: attemptIncStrongHandle(113): Not supported
03-14 20:31:38.798 29330 29404 W Parcel : Expecting binder but got null!
03-14 20:31:40.228 29330 29330 E OplusBracketLog: [OplusViewMirrorManager] updateHostViewRootIfNeeded, not support android.view.ViewRootImpl@9c8fd4d
03-14 20:31:40.251 29330 29330 E IPCThreadState: attemptIncStrongHandle(80): Not supported
03-14 20:31:40.268 29330 29404 W Parcel : Expecting binder but got null!
03-14 20:31:40.284 29330 29330 W View : requestLayout() improperly called by androidx.appcompat.view.menu.ActionMenuItemView{40a6b6b VFED..C.. ......ID 0,12- 144,156 #7f0b0f8a app:id/menuitem_search viewInfo = } during layout: running second layout pass
03-14 20:31:40.284 29330 29330 W View : requestLayout() improperly called by androidx.appcompat.view.menu.ActionMenuItemView{4ec86c8 VFED..C.. ......ID 144,12- 288,156 #7f0b0f8b app:id/menuitem_select_all viewInfo = } during layout: running second layout pass
03-14 20:31:40.284 29330 29330 W View : requestLayout() improperly called by androidx.appcompat.widget.ActionMenuView{768361 V.E...... ......ID 792,0-1080,168 viewInfo = } during layout: running second layout pass
03-14 20:31:40.633 29330 29349 W com.mbwhatsapp: Cleared Reference was only reachable from finalizer (only reported once)
03-14 20:31:43.158 29330 29330 E IPCThreadState: attemptIncStrongHandle(120): Not supported
03-14 20:31:44.856 29330 29330 E IPCThreadState: attemptIncStrongHandle(126): Not supported
03-14 20:31:47.269 29330 29330 W TabLayout: MODE_SCROLLABLE + GRAVITY_FILL is not supported, GRAVITY_START will be used instead
03-14 20:31:47.338 29330 29330 W BottomSheetBehavior: BottomSheetBehavior now supports multiple callbacks. `setBottomSheetCallback()` removes all existing callbacks, including ones set internally by library authors, which may result in unintended behavior. This may change in the future. Please use `addBottomSheetCallback()` and `removeBottomSheetCallback()` instead to set your own callbacks.
03-14 20:31:47.412 29330 29330 E OplusBracketLog: [OplusViewMirrorManager] updateHostViewRootIfNeeded, not support android.view.ViewRootImpl@e618139
03-14 20:31:47.504 29330 29330 E IPCThreadState: attemptIncStrongHandle(75): Not supported
03-14 20:31:47.528 29330 29330 W View : requestLayout() improperly called by com.mbwhatsapp.WaImageView{72d633 VF.D..CL. ......ID 0,0-192,192 #7f0b1814 app:id/shutter viewInfo = } during layout: running second layout pass
03-14 20:31:47.528 29330 29330 W View : requestLayout() improperly called by com.mbwhatsapp.CircularProgressBar{c9aedf0 V.ED..... ......ID 0,0-192,192 #7f0b14fc app:id/recording_progress viewInfo = } during layout: running second layout pass
03-14 20:31:47.528 29330 29330 W View : requestLayout() improperly called by com.mbwhatsapp.WaImageView{a169f69 VF.D..C.. ......ID 0,0-144,144 #7f0b1976 app:id/switch_camera_btn viewInfo = } during layout: running second layout pass
03-14 20:31:47.528 29330 29330 W View : requestLayout() improperly called by com.mbwhatsapp.WaImageView{46a0dee VFED..C.. ......ID 0,0-144,144 #7f0b0b0d app:id/gallery_btn viewInfo = } during layout: running second layout pass
03-14 20:31:47.528 29330 29330 W View : requestLayout() improperly called by com.mbwhatsapp.WaImageView{57aa28f VF.D..C.. ......ID 0,0-144,144 #7f0b0a9c app:id/flash_btn viewInfo = } during layout: running second layout pass
03-14 20:31:47.528 29330 29330 W View : requestLayout() improperly called by com.mbwhatsapp.WaImageView{c58f91c VFED..C.. ......ID 0,0-144,144 #7f0b057f app:id/close_camera_btn viewInfo = } during layout: running second layout pass
03-14 20:31:47.528 29330 29330 W View : requestLayout() improperly called by X.4Ki{570c925 V.ED..... ......ID 0,6-1080,150 viewInfo = } during layout: running second layout pass
03-14 20:31:47.556 29330 29404 W Parcel : Expecting binder but got null!
03-14 20:31:47.569 29330 29330 W View : requestLayout() improperly called by com.mbwhatsapp.WaImageView{72d633 VF.D..CL. ......ID 444,1669-636,1861 #7f0b1814 app:id/shutter viewInfo = } during layout: running second layout pass
03-14 20:31:47.569 29330 29330 W View : requestLayout() improperly called by com.mbwhatsapp.CircularProgressBar{c9aedf0 V.ED..... ......ID 444,1669-636,1861 #7f0b14fc app:id/recording_progress viewInfo = } during layout: running second layout pass
03-14 20:31:47.570 29330 29330 W View : requestLayout() improperly called by com.mbwhatsapp.WaImageView{a169f69 VF.D..C.. ......ID 912,1693-1056,1837 #7f0b1976 app:id/switch_camera_btn viewInfo = } during layout: running second layout pass
03-14 20:31:47.570 29330 29330 W View : requestLayout() improperly called by com.mbwhatsapp.WaImageView{46a0dee VFED..C.. ......ID 24,1693-168,1837 #7f0b0b0d app:id/gallery_btn viewInfo = } during layout: running second layout pass
03-14 20:31:47.570 29330 29330 W View : requestLayout() improperly called by com.mbwhatsapp.WaImageView{57aa28f VF.D..C.. ......I. 912,24-1056,168 #7f0b0a9c app:id/flash_btn viewInfo = } during layout: running second layout pass
03-14 20:31:47.570 29330 29330 W View : requestLayout() improperly called by com.mbwhatsapp.WaImageView{c58f91c VFED..C.. ......I. 24,24-168,168 #7f0b057f app:id/close_camera_btn viewInfo = } during layout: running second layout pass
03-14 20:31:47.623 29330 29330 W pool-6-thread-1: type=1400 audit(0.0:987): avc: granted { execute } for path="/data/data/com.mbwhatsapp/files/decompressed/libs.spk.zst/libgifimage.so" dev="dm-60" ino=53511 scontext=u:r:untrusted_app:s0:c255,c256,c512,c768 tcontext=u:object_r:app_data_file:s0:c255,c256,c512,c768 tclass=file app=com.mbwhatsapp
03-14 20:31:49.108 29330 29330 E OplusBracketLog: [OplusViewMirrorManager] updateHostViewRootIfNeeded, not support android.view.ViewRootImpl@55ab519
03-14 20:31:49.131 29330 29330 E IPCThreadState: attemptIncStrongHandle(133): Not supported
03-14 20:31:49.150 29330 29404 W Parcel : Expecting binder but got null!
03-14 20:31:49.268 29330 29330 W OnBackInvokedCallback: OnBackInvokedCallback is not enabled for the application.
03-14 20:31:49.268 29330 29330 W OnBackInvokedCallback: Set 'android:enableOnBackInvokedCallback="true"' in the application manifest.
03-14 20:31:51.312 29330 29330 E IPCThreadState: attemptIncStrongHandle(82): Not supported
03-14 20:31:57.453 29330 29587 E ActivityThread: Failed to find provider info for com.oplus.statistics.provider
03-14 20:31:57.454 29330 29587 E OplusStatistics--: IllegalArgumentException:java.lang.IllegalArgumentException: Unknown URL content://com.oplus.statistics.provider/track_event
03-14 20:35:22.638 29330 29330 E IPCThreadState: attemptIncStrongHandle(100): Not supported
03-14 20:35:22.638 29330 29330 E IPCThreadState: attemptIncStrongHandle(72): Not supported
03-14 20:35:22.641 29330 29404 E OpenGLRenderer: Device claims wide gamut support, cannot find matching config, error = EGL_SUCCESS
03-14 20:35:22.641 29330 29404 W OpenGLRenderer: Failed to initialize 101010-2 format, error = EGL_SUCCESS
03-14 20:35:23.618 29330 29330 E OplusBracketLog: [OplusViewMirrorManager] updateHostViewRootIfNeeded, not support android.view.ViewRootImpl@9d3821d
03-14 20:35:23.638 29330 29404 W Parcel : Expecting binder but got null!
03-14 20:35:29.763 29330 29330 W Choreographer: Already have a pending vsync event. There should only be one at a time.
03-14 20:35:29.798 29330 29330 W Choreographer: Already have a pending vsync event. There should only be one at a time.
03-14 20:35:29.948 29330 29330 W Choreographer: Already have a pending vsync event. There should only be one at a time.
03-14 20:51:41.924 29330 5104 E SQLiteLog: (1) no such table: messages_vcards in "INSERT INTO messages_vcards(vcard,message_row_id,sender_jid,chat_jid) VALUES (?,?,?,?)"
03-14 20:51:41.925 29330 5104 E SQLiteDatabase: Error inserting vcard=BEGIN:VCARD
03-14 20:51:41.925 29330 5104 E SQLiteDatabase: VERSION:3.0
03-14 20:51:41.925 29330 5104 E SQLiteDatabase: N:;Adit;;;
03-14 20:51:41.925 29330 5104 E SQLiteDatabase: FN:Adit
03-14 20:51:41.925 29330 5104 E SQLiteDatabase: item1.TEL;waid=6283876904836:+62 838-7690-4836
03-14 20:51:41.925 29330 5104 E SQLiteDatabase: item1.X-ABLabel:Ponsel
03-14 20:51:41.925 29330 5104 E SQLiteDatabase: END:VCARD message_row_id=130 sender_jid=6283834592195@s.whatsapp.net chat_jid=6283834592195@s.whatsapp.net
03-14 20:51:41.925 29330 5104 E SQLiteDatabase: android.database.sqlite.SQLiteException: no such table: messages_vcards (code 1 SQLITE_ERROR): , while compiling: INSERT INTO messages_vcards(vcard,message_row_id,sender_jid,chat_jid) VALUES (?,?,?,?)
03-14 20:51:41.925 29330 5104 E SQLiteDatabase: at android.database.sqlite.SQLiteConnection.nativePrepareStatement(Native Method)
03-14 20:51:41.925 29330 5104 E SQLiteDatabase: at android.database.sqlite.SQLiteConnection.acquirePreparedStatement(SQLiteConnection. java:1074)
03-14 20:51:41.925 29330 5104 E SQLiteDatabase: at android.database.sqlite.SQLiteConnection.prepare(SQLiteConnection.java:679)
03-14 20:51:41.925 29330 5104 E SQLiteDatabase: at android.database.sqlite.SQLiteSession.prepare(SQLiteSession.java:590)
03-14 20:51:41.925 29330 5104 E SQLiteDatabase: at android.database.sqlite.SQLiteProgram.<init>(SQLiteProgram.java:62)
03-14 20:51:41.925 29330 5104 E SQLiteDatabase: at android.database.sqlite.SQLiteStatement.<init>(SQLiteStatement.java:34)
03-14 20:51:41.925 29330 5104 E SQLiteDatabase: at android.database.sqlite.SQLiteDatabase.insertWithOnConflict(SQLiteDatabase.java:186 6)
03-14 20:51:41.925 29330 5104 E SQLiteDatabase: at android.database.sqlite.SQLiteDatabase.insert(SQLiteDatabase.java:1737)
03-14 20:51:41.925 29330 5104 E SQLiteDatabase: at X.2tm.A08(Unknown Source:6)
03-14 20:51:41.925 29330 5104 E SQLiteDatabase: at com.mbwhatsapp.jobqueue.job.messagejob.AsyncMessageJob.A06(Unknown Source:300)
03-14 20:51:41.925 29330 5104 E SQLiteDatabase: at X.3e7.run(Unknown Source:1006)
03-14 20:51:41.925 29330 5104 E SQLiteDatabase: at java.util.concurrent.ThreadPoolExecutor.runWorker(ThreadPoolExecutor.java:1137)
03-14 20:51:41.925 29330 5104 E SQLiteDatabase: at java.util.concurrent.ThreadPoolExecutor$Worker.run(ThreadPoolExecutor.java:637)
03-14 20:51:41.925 29330 5104 E SQLiteDatabase: at X.3e7.run(Unknown Source:1130)
03-14 20:51:41.925 29330 5104 E SQLiteDatabase: at java.lang.Thread.run(Thread.java:1012)
03-14 20:51:41.926 29330 5104 E SQLiteLog: (1) no such table: messages_vcards_jids in "INSERT INTO messages_vcards_jids(vcard_row_id,message_row_id,vcard_jid) VALUES (?,?,?)"
03-14 20:51:41.926 29330 5104 E SQLiteDatabase: Error inserting vcard_row_id=-1 message_row_id=130 vcard_jid=6283876904836@s.whatsapp.net
03-14 20:51:41.926 29330 5104 E SQLiteDatabase: android.database.sqlite.SQLiteException: no such table: messages_vcards_jids (code 1 SQLITE_ERROR): , while compiling: INSERT INTO messages_vcards_jids(vcard_row_id,message_row_id,vcard_jid) VALUES (?,?,?)
03-14 20:51:41.926 29330 5104 E SQLiteDatabase: at android.database.sqlite.SQLiteConnection.nativePrepareStatement(Native Method)
03-14 20:51:41.926 29330 5104 E SQLiteDatabase: at android.database.sqlite.SQLiteConnection.acquirePreparedStatement(SQLiteConnection. java:1074)
03-14 20:51:41.926 29330 5104 E SQLiteDatabase: at android.database.sqlite.SQLiteConnection.prepare(SQLiteConnection.java:679)
03-14 20:51:41.926 29330 5104 E SQLiteDatabase: at android.database.sqlite.SQLiteSession.prepare(SQLiteSession.java:590)
03-14 20:51:41.926 29330 5104 E SQLiteDatabase: at android.database.sqlite.SQLiteProgram.<init>(SQLiteProgram.java:62)
03-14 20:51:41.926 29330 5104 E SQLiteDatabase: at android.database.sqlite.SQLiteStatement.<init>(SQLiteStatement.java:34)
03-14 20:51:41.926 29330 5104 E SQLiteDatabase: at android.database.sqlite.SQLiteDatabase.insertWithOnConflict(SQLiteDatabase.java:186 6)
03-14 20:51:41.926 29330 5104 E SQLiteDatabase: at android.database.sqlite.SQLiteDatabase.insert(SQLiteDatabase.java:1737)
03-14 20:51:41.926 29330 5104 E SQLiteDatabase: at X.2tm.A08(Unknown Source:6)
03-14 20:51:41.926 29330 5104 E SQLiteDatabase: at com.mbwhatsapp.jobqueue.job.messagejob.AsyncMessageJob.A06(Unknown Source:355)
03-14 20:51:41.926 29330 5104 E SQLiteDatabase: at X.3e7.run(Unknown Source:1006)
03-14 20:51:41.926 29330 5104 E SQLiteDatabase: at java.util.concurrent.ThreadPoolExecutor.runWorker(ThreadPoolExecutor.java:1137)
03-14 20:51:41.926 29330 5104 E SQLiteDatabase: at java.util.concurrent.ThreadPoolExecutor$Worker.run(ThreadPoolExecutor.java:637)
03-14 20:51:41.926 29330 5104 E SQLiteDatabase: at X.3e7.run(Unknown Source:1130)
03-14 20:51:41.926 29330 5104 E SQLiteDatabase: at java.lang.Thread.run(Thread.java:1012)
03-14 20:51:41.931 29330 5104 E SQLiteLog: (1) no such table: messages_vcards in "INSERT INTO messages_vcards(vcard,message_row_id,sender_jid,chat_jid) VALUES (?,?,?,?)"
03-14 20:51:41.931 29330 5104 E SQLiteDatabase: Error inserting vcard=BEGIN:VCARD
03-14 20:51:41.931 29330 5104 E SQLiteDatabase: VERSION:3.0
03-14 20:51:41.931 29330 5104 E SQLiteDatabase: N:;Ahdan;;;
03-14 20:51:41.931 29330 5104 E SQLiteDatabase: FN:Ahdan
03-14 20:51:41.931 29330 5104 E SQLiteDatabase: item1.TEL;waid=6281210374074:+62 812-1037-4074
03-14 20:51:41.931 29330 5104 E SQLiteDatabase: item1.X-ABLabel:Ponsel
03-14 20:51:41.931 29330 5104 E SQLiteDatabase: END:VCARD message_row_id=130 sender_jid=6283834592195@s.whatsapp.net chat_jid=6283834592195@s.whatsapp.net
03-14 20:51:41.931 29330 5104 E SQLiteDatabase: android.database.sqlite.SQLiteException: no such table: messages_vcards (code 1 SQLITE_ERROR): , while compiling: INSERT INTO messages_vcards(vcard,message_row_id,sender_jid,chat_jid) VALUES (?,?,?,?)
03-14 20:51:41.931 29330 5104 E SQLiteDatabase: at android.database.sqlite.SQLiteConnection.nativePrepareStatement(Native Method)
03-14 20:51:41.931 29330 5104 E SQLiteDatabase: at android.database.sqlite.SQLiteConnection.acquirePreparedStatement(SQLiteConnection. java:1074)
03-14 20:51:41.931 29330 5104 E SQLiteDatabase: at android.database.sqlite.SQLiteConnection.prepare(SQLiteConnection.java:679)
03-14 20:51:41.931 29330 5104 E SQLiteDatabase: at android.database.sqlite.SQLiteSession.prepare(SQLiteSession.java:590)
03-14 20:51:41.931 29330 5104 E SQLiteDatabase: at android.database.sqlite.SQLiteProgram.<init>(SQLiteProgram.java:62)
03-14 20:51:41.931 29330 5104 E SQLiteDatabase: at android.database.sqlite.SQLiteStatement.<init>(SQLiteStatement.java:34)
03-14 20:51:41.931 29330 5104 E SQLiteDatabase: at android.database.sqlite.SQLiteDatabase.insertWithOnConflict(SQLiteDatabase.java:186 6)
03-14 20:51:41.931 29330 5104 E SQLiteDatabase: at android.database.sqlite.SQLiteDatabase.insert(SQLiteDatabase.java:1737)
03-14 20:51:41.931 29330 5104 E SQLiteDatabase: at X.2tm.A08(Unknown Source:6)
03-14 20:51:41.931 29330 5104 E SQLiteDatabase: at com.mbwhatsapp.jobqueue.job.messagejob.AsyncMessageJob.A06(Unknown Source:300)
03-14 20:51:41.931 29330 5104 E SQLiteDatabase: at X.3e7.run(Unknown Source:1006)
03-14 20:51:41.931 29330 5104 E SQLiteDatabase: at java.util.concurrent.ThreadPoolExecutor.runWorker(ThreadPoolExecutor.java:1137)
03-14 20:51:41.931 29330 5104 E SQLiteDatabase: at java.util.concurrent.ThreadPoolExecutor$Worker.run(ThreadPoolExecutor.java:637)
03-14 20:51:41.931 29330 5104 E SQLiteDatabase: at X.3e7.run(Unknown Source:1130)
03-14 20:51:41.931 29330 5104 E SQLiteDatabase: at java.lang.Thread.run(Thread.java:1012)
03-14 20:51:41.932 29330 5104 E SQLiteLog: (1) no such table: messages_vcards_jids in "INSERT INTO messages_vcards_jids(vcard_row_id,message_row_id,vcard_jid) VALUES (?,?,?)"
03-14 20:51:41.932 29330 5104 E SQLiteDatabase: Error inserting vcard_row_id=-1 message_row_id=130 vcard_jid=6281210374074@s.whatsapp.net
03-14 20:51:41.932 29330 5104 E SQLiteDatabase: android.database.sqlite.SQLiteException: no such table: messages_vcards_jids (code 1 SQLITE_ERROR): , while compiling: INSERT INTO messages_vcards_jids(vcard_row_id,message_row_id,vcard_jid) VALUES (?,?,?)
03-14 20:51:41.932 29330 5104 E SQLiteDatabase: at android.database.sqlite.SQLiteConnection.nativePrepareStatement(Native Method)
03-14 20:51:41.932 29330 5104 E SQLiteDatabase: at android.database.sqlite.SQLiteConnection.acquirePreparedStatement(SQLiteConnection. java:1074)
03-14 20:51:41.932 29330 5104 E SQLiteDatabase: at android.database.sqlite.SQLiteConnection.prepare(SQLiteConnection.java:679)
03-14 20:51:41.932 29330 5104 E SQLiteDatabase: at android.database.sqlite.SQLiteSession.prepare(SQLiteSession.java:590)
03-14 20:51:41.932 29330 5104 E SQLiteDatabase: at android.database.sqlite.SQLiteProgram.<init>(SQLiteProgram.java:62)
03-14 20:51:41.932 29330 5104 E SQLiteDatabase: at android.database.sqlite.SQLiteStatement.<init>(SQLiteStatement.java:34)
03-14 20:51:41.932 29330 5104 E SQLiteDatabase: at android.database.sqlite.SQLiteDatabase.insertWithOnConflict(SQLiteDatabase.java:186 6)
03-14 20:51:41.932 29330 5104 E SQLiteDatabase: at android.database.sqlite.SQLiteDatabase.insert(SQLiteDatabase.java:1737)
03-14 20:51:41.932 29330 5104 E SQLiteDatabase: at X.2tm.A08(Unknown Source:6)
03-14 20:51:41.932 29330 5104 E SQLiteDatabase: at com.mbwhatsapp.jobqueue.job.messagejob.AsyncMessageJob.A06(Unknown Source:355)
03-14 20:51:41.932 29330 5104 E SQLiteDatabase: at X.3e7.run(Unknown Source:1006)
03-14 20:51:41.932 29330 5104 E SQLiteDatabase: at java.util.concurrent.ThreadPoolExecutor.runWorker(ThreadPoolExecutor.java:1137)
03-14 20:51:41.932 29330 5104 E SQLiteDatabase: at java.util.concurrent.ThreadPoolExecutor$Worker.run(ThreadPoolExecutor.java:637)
03-14 20:51:41.932 29330 5104 E SQLiteDatabase: at X.3e7.run(Unknown Source:1130)
03-14 20:51:41.932 29330 5104 E SQLiteDatabase: at java.lang.Thread.run(Thread.java:1012)
03-14 20:51:41.933 29330 5104 E SQLiteLog: (1) no such table: messages_vcards in "INSERT INTO messages_vcards(vcard,message_row_id,sender_jid,chat_jid) VALUES (?,?,?,?)"
03-14 20:51:41.934 29330 5104 E SQLiteDatabase: Error inserting vcard=BEGIN:VCARD
03-14 20:51:41.934 29330 5104 E SQLiteDatabase: VERSION:3.0
03-14 20:51:41.934 29330 5104 E SQLiteDatabase: N:;Apingggg;;;
03-14 20:51:41.934 29330 5104 E SQLiteDatabase: FN:Apingggg
03-14 20:51:41.934 29330 5104 E SQLiteDatabase: item1.TEL;waid=6285935088551:+62 859-3508-8551
03-14 20:51:41.934 29330 5104 E SQLiteDatabase: item1.X-ABLabel:Ponsel
03-14 20:51:41.934 29330 5104 E SQLiteDatabase: END:VCARD message_row_id=130 sender_jid=6283834592195@s.whatsapp.net chat_jid=6283834592195@s.whatsapp.net
03-14 20:51:41.934 29330 5104 E SQLiteDatabase: android.database.sqlite.SQLiteException: no such table: messages_vcards (code 1 SQLITE_ERROR): , while compiling: INSERT INTO messages_vcards(vcard,message_row_id,sender_jid,chat_jid) VALUES (?,?,?,?)
03-14 20:51:41.934 29330 5104 E SQLiteDatabase: at android.database.sqlite.SQLiteConnection.nativePrepareStatement(Native Method)
03-14 20:51:41.934 29330 5104 E SQLiteDatabase: at android.database.sqlite.SQLiteConnection.acquirePreparedStatement(SQLiteConnection. java:1074)
03-14 20:51:41.934 29330 5104 E SQLiteDatabase: at android.database.sqlite.SQLiteConnection.prepare(SQLiteConnection.java:679)
03-14 20:51:41.934 29330 5104 E SQLiteDatabase: at android.database.sqlite.SQLiteSession.prepare(SQLiteSession.java:590)
03-14 20:51:41.934 29330 5104 E SQLiteDatabase: at android.database.sqlite.SQLiteProgram.<init>(SQLiteProgram.java:62)
03-14 20:51:41.934 29330 5104 E SQLiteDatabase: at android.database.sqlite.SQLiteStatement.<init>(SQLiteStatement.java:34)
03-14 20:51:41.934 29330 5104 E SQLiteDatabase: at android.database.sqlite.SQLiteDatabase.insertWithOnConflict(SQLiteDatabase.java:186 6)
03-14 20:51:41.934 29330 5104 E SQLiteDatabase: at android.database.sqlite.SQLiteDatabase.insert(SQLiteDatabase.java:1737)
03-14 20:51:41.934 29330 5104 E SQLiteDatabase: at X.2tm.A08(Unknown Source:6)
03-14 20:51:41.934 29330 5104 E SQLiteDatabase: at com.mbwhatsapp.jobqueue.job.messagejob.AsyncMessageJob.A06(Unknown Source:300)
03-14 20:51:41.934 29330 5104 E SQLiteDatabase: at X.3e7.run(Unknown Source:1006)
03-14 20:51:41.934 29330 5104 E SQLiteDatabase: at java.util.concurrent.ThreadPoolExecutor.runWorker(ThreadPoolExecutor.java:1137)
03-14 20:51:41.934 29330 5104 E SQLiteDatabase: at java.util.concurrent.ThreadPoolExecutor$Worker.run(ThreadPoolExecutor.java:637)
03-14 20:51:41.934 29330 5104 E SQLiteDatabase: at X.3e7.run(Unknown Source:1130)
03-14 20:51:41.934 29330 5104 E SQLiteDatabase: at java.lang.Thread.run(Thread.java:1012)
03-14 20:51:41.934 29330 5104 E SQLiteLog: (1) no such table: messages_vcards_jids in "INSERT INTO messages_vcards_jids(vcard_row_id,message_row_id,vcard_jid) VALUES (?,?,?)"
03-14 20:51:41.935 29330 5104 E SQLiteDatabase: Error inserting vcard_row_id=-1 message_row_id=130 vcard_jid=6285935088551@s.whatsapp.net
03-14 20:51:41.935 29330 5104 E SQLiteDatabase: android.database.sqlite.SQLiteException: no such table: messages_vcards_jids (code 1 SQLITE_ERROR): , while compiling: INSERT INTO messages_vcards_jids(vcard_row_id,message_row_id,vcard_jid) VALUES (?,?,?)
03-14 20:51:41.935 29330 5104 E SQLiteDatabase: at android.database.sqlite.SQLiteConnection.nativePrepareStatement(Native Method)
03-14 20:51:41.935 29330 5104 E SQLiteDatabase: at android.database.sqlite.SQLiteConnection.acquirePreparedStatement(SQLiteConnection. java:1074)
03-14 20:51:41.935 29330 5104 E SQLiteDatabase: at android.database.sqlite.SQLiteConnection.prepare(SQLiteConnection.java:679)
03-14 20:51:41.935 29330 5104 E SQLiteDatabase: at android.database.sqlite.SQLiteSession.prepare(SQLiteSession.java:590)
03-14 20:51:41.935 29330 5104 E SQLiteDatabase: at android.database.sqlite.SQLiteProgram.<init>(SQLiteProgram.java:62)
