03-15 09:08:48.533 7519 7519 W BottomSheetBehavior: BottomSheetBehavior now supports multiple callbacks. `setBottomSheetCallback()` removes all existing callbacks, including ones set internally by library authors, which may result in unintended behavior. This may change in the future. Please use `addBottomSheetCallback()` and `removeBottomSheetCallback()` instead to set your own callbacks.
03-15 09:08:48.533 7519 7519 W BottomSheetBehavior: BottomSheetBehavior now supports multiple callbacks. `setBottomSheetCallback()` removes all existing callbacks, including ones set internally by library authors, which may result in unintended behavior. This may change in the future. Please use `addBottomSheetCallback()` and `removeBottomSheetCallback()` instead to set your own callbacks.
03-15 09:08:48.559 7519 7519 W BottomSheetBehavior: BottomSheetBehavior now supports multiple callbacks. `setBottomSheetCallback()` removes all existing callbacks, including ones set internally by library authors, which may result in unintended behavior. This may change in the future. Please use `addBottomSheetCallback()` and `removeBottomSheetCallback()` instead to set your own callbacks.
03-15 09:08:48.559 7519 7519 W BottomSheetBehavior: BottomSheetBehavior now supports multiple callbacks. `setBottomSheetCallback()` removes all existing callbacks, including ones set internally by library authors, which may result in unintended behavior. This may change in the future. Please use `addBottomSheetCallback()` and `removeBottomSheetCallback()` instead to set your own callbacks.
03-15 09:08:48.580 7519 7519 E RecyclerView: No adapter attached; skipping layout
03-15 09:08:48.618 7519 18305 W libc : Access denied finding property "vendor.oplus.media.vpp.stutter"
03-15 09:08:48.658 7519 18319 W ColorUtils: expected specified color aspects (2:0:0:0)
03-15 09:08:48.661 7519 18312 W AString : ctor got NULL, using empty string instead
03-15 09:08:48.671 7519 18319 W Codec2Client: query -- param skipped: index = 1107298332.
03-15 09:08:48.671 7519 18319 W CCodec : This behavior is subject to change. It is recommended that app developers double check whether the requested max input size is in reasonable range.
03-15 09:08:48.678 7519 18319 W Codec2Client: query -- param skipped: index = 1342179345.
03-15 09:08:48.678 7519 18319 W Codec2Client: query -- param skipped: index = 2415921170.
03-15 09:08:48.678 7519 18319 W Codec2Client: query -- param skipped: index = 1610614798.
03-15 09:08:48.715 7519 18305 W libc : Access denied finding property "vendor.oplus.media.vpp.stutter"
03-15 09:08:48.746 7519 18330 E ListServiceUtils: checkInListByUid module:sr-osie- whitelist uid:10255 cost 1910us return 0
03-15 09:08:48.752 7519 18330 W Codec2Client: query -- param skipped: index = 1107298332.
03-15 09:08:48.752 7519 18330 W CCodec : This behavior is subject to change. It is recommended that app developers double check whether the requested max input size is in reasonable range.
03-15 09:08:48.757 7519 18330 W Codec2Client: query -- param skipped: index = 1342179345.
03-15 09:08:48.757 7519 18330 W Codec2Client: query -- param skipped: index = 2415921170.
03-15 09:08:48.757 7519 18330 W Codec2Client: query -- param skipped: index = 1610614798.
03-15 09:08:48.842 7519 18305 E ListServiceUtils: checkInListByUid module:control package:audioBoostEnable cost 1190us return 1
03-15 09:08:49.005 7519 18312 W Codec2Client: query -- param skipped: index = 1342179345.
03-15 09:08:49.005 7519 18312 W Codec2Client: query -- param skipped: index = 2415921170.
03-15 09:08:49.005 7519 18312 W Codec2Client: query -- param skipped: index = 1610614798.
03-15 09:08:49.011 7519 18330 W Codec2Client: query -- param skipped: index = 1342179345.
03-15 09:08:49.011 7519 18330 W Codec2Client: query -- param skipped: index = 2415921170.
03-15 09:08:49.011 7519 18330 W Codec2Client: query -- param skipped: index = 1610614798.
03-15 09:08:49.017 7519 7519 W BottomSheetBehavior: BottomSheetBehavior now supports multiple callbacks. `setBottomSheetCallback()` removes all existing callbacks, including ones set internally by library authors, which may result in unintended behavior. This may change in the future. Please use `addBottomSheetCallback()` and `removeBottomSheetCallback()` instead to set your own callbacks.
03-15 09:08:49.018 7519 7519 W BottomSheetBehavior: BottomSheetBehavior now supports multiple callbacks. `setBottomSheetCallback()` removes all existing callbacks, including ones set internally by library authors, which may result in unintended behavior. This may change in the future. Please use `addBottomSheetCallback()` and `removeBottomSheetCallback()` instead to set your own callbacks.
03-15 09:08:49.020 7519 7916 W Codec2-OutputBufferQueue: receiving stale buffer: generation 7699468 , diff 1 : slot 3
03-15 09:08:49.023 7519 7519 E RecyclerView: No adapter attached; skipping layout
03-15 09:08:49.061 7519 18305 W libc : Access denied finding property "vendor.oplus.media.vpp.stutter"
03-15 09:08:49.120 7519 18352 W ColorUtils: expected specified color aspects (2:0:0:0)
03-15 09:08:49.125 7519 18351 W AString : ctor got NULL, using empty string instead
03-15 09:08:49.127 7519 18351 E ListServiceUtils: checkInListByUid pid:7519 procName: cost 1739us return -1
03-15 09:08:49.133 7519 18351 E ListServiceUtils: checkInListByUid module:mtkomx- color-convert uid:10255 cost 2723us return 0
03-15 09:08:49.144 7519 18352 W Codec2Client: query -- param skipped: index = 1107298332.
03-15 09:08:49.144 7519 18352 W CCodec : This behavior is subject to change. It is recommended that app developers double check whether the requested max input size is in reasonable range.
03-15 09:08:49.154 7519 18352 W Codec2Client: query -- param skipped: index = 1342179345.
03-15 09:08:49.154 7519 18352 W Codec2Client: query -- param skipped: index = 2415921170.
03-15 09:08:49.154 7519 18352 W Codec2Client: query -- param skipped: index = 1610614798.
03-15 09:08:49.179 7519 7519 E RecyclerView: No adapter attached; skipping layout
03-15 09:08:49.220 7519 18305 W libc : Access denied finding property "vendor.oplus.media.vpp.stutter"
03-15 09:08:49.221 7519 18305 E ListServiceUtils: checkInListByUid module:sr-osie- whitelist uid:10255 cost 1323us return 0
03-15 09:08:49.283 7519 18364 E ListServiceUtils: checkInListByUid module:sr-osie- whitelist uid:10255 cost 1022us return 0
03-15 09:08:49.287 7519 18364 W Codec2Client: query -- param skipped: index = 1107298332.
03-15 09:08:49.287 7519 18364 W CCodec : This behavior is subject to change. It is recommended that app developers double check whether the requested max input size is in reasonable range.
03-15 09:08:49.290 7519 18364 W Codec2Client: query -- param skipped: index = 1342179345.
03-15 09:08:49.290 7519 18364 W Codec2Client: query -- param skipped: index = 2415921170.
03-15 09:08:49.290 7519 18364 W Codec2Client: query -- param skipped: index = 1610614798.
03-15 09:08:49.390 7519 18305 E ListServiceUtils: checkInListByUid module:audio- boost-blacklist uid:10255 cost 1499us return 0
03-15 09:08:49.481 7519 18351 W Codec2Client: query -- param skipped: index = 1342179345.
03-15 09:08:49.481 7519 18351 W Codec2Client: query -- param skipped: index = 2415921170.
03-15 09:08:49.481 7519 18351 W Codec2Client: query -- param skipped: index = 1610614798.
03-15 09:08:49.486 7519 18379 E ListServiceUtils: checkInListByUid module:audio- boost-blacklist uid:-1 cost 1213us return 0
03-15 09:08:49.487 7519 18364 W Codec2Client: query -- param skipped: index = 1342179345.
03-15 09:08:49.487 7519 18364 W Codec2Client: query -- param skipped: index = 2415921170.
03-15 09:08:49.487 7519 18364 W Codec2Client: query -- param skipped: index = 1610614798.
03-15 09:08:49.555 7519 18305 W libc : Access denied finding property "vendor.oplus.media.vpp.stutter"
03-15 09:08:49.558 7519 18305 E ListServiceUtils: checkInListByUid module:sr-osie- whitelist uid:10255 cost 2021us return 0
03-15 09:08:49.610 7519 18385 W ColorUtils: expected specified color aspects (2:0:0:0)
03-15 09:08:49.616 7519 18384 W AString : ctor got NULL, using empty string instead
03-15 09:08:49.621 7519 18384 E ListServiceUtils: checkInListByUid module:video- resolution-blurry uid:10255 cost 1299us return 0
03-15 09:08:49.634 7519 18385 W Codec2Client: query -- param skipped: index = 1107298332.
03-15 09:08:49.634 7519 18385 W CCodec : This behavior is subject to change. It is recommended that app developers double check whether the requested max input size is in reasonable range.
03-15 09:08:49.651 7519 18385 W Codec2Client: query -- param skipped: index = 1342179345.
03-15 09:08:49.651 7519 18385 W Codec2Client: query -- param skipped: index = 2415921170.
03-15 09:08:49.651 7519 18385 W Codec2Client: query -- param skipped: index = 1610614798.
03-15 09:08:49.700 7519 18305 W libc : Access denied finding property "vendor.oplus.media.vpp.stutter"
03-15 09:08:49.758 7519 18397 W Codec2Client: query -- param skipped: index = 1107298332.
03-15 09:08:49.758 7519 18397 W CCodec : This behavior is subject to change. It is recommended that app developers double check whether the requested max input size is in reasonable range.
03-15 09:08:49.761 7519 18397 W Codec2Client: query -- param skipped: index = 1342179345.
03-15 09:08:49.761 7519 18397 W Codec2Client: query -- param skipped: index = 2415921170.
03-15 09:08:49.761 7519 18397 W Codec2Client: query -- param skipped: index = 1610614798.
03-15 09:08:51.803 7519 7565 E SQLiteDatabase: Error inserting transferred=1 media_job_uuid=1c1a1c1e-1f07-459c-b3d8-8af00861cc67 transcoded=0 gif_attribution=0 first_scan_length=0 direct_path=/v/t62.7161- 24/34630298_918041226688307_2027691114398268077_n.enc?ccb=11- 4&oh=01_AdQfBn3FcaTa1luVMRk0w_9rmqnosJn2015QTDS-0IRJ6A&oe=661B1ACD&_nc_sid=5e03e0 thumbnail_height_width_ratio=1.7777778 is_animated_sticker=0 file_hash=TsH7eFBp6hgSI1CD+gBaDBSHpXIA3DwW+K3whhN1EI4= file_path=Media/.Statuses/cbe6007710a14bf49dd5e3eaa8a86f9d.mp4 file_size=1568414 partial_media_hash=null face_x=0 face_y=0 height=1024 trim_to=0 media_key_timestamp=1710467180000 message_url=https://mmg.whatsapp.net/v/t62.7161- 24/34630298_918041226688307_2027691114398268077_n.enc?ccb=11- 4&oh=01_AdQfBn3FcaTa1luVMRk0w_9rmqnosJn2015QTDS- 0IRJ6A&oe=661B1ACD&_nc_sid=5e03e0&mms3=true media_caption=null trim_from=0 mime_type=video/mp4 partial_media_enc_hash=null width=576 original_file_hash=null has_streaming_sidecar=1 autotransfer_retry_enabled=1 media_upload_handle=null message_row_id=244 multicast_id=null enc_file_hash=FEeJGBeTeXbSFF69LzHHLNNM/GLDLauLFYOJc+jGZ+8= mute_video=0 page_count=0 first_scan_sidecar=null suspicious_content=0 file_length=1568414 media_name=null media_duration=12 chat_row_id=27 media_key=[B@f33bb54
03-15 09:08:51.803 7519 7565 E SQLiteDatabase: android.database.sqlite.SQLiteConstraintException: UNIQUE constraint failed: message_media.message_row_id (code 1555 SQLITE_CONSTRAINT_PRIMARYKEY)
03-15 09:08:51.803 7519 7565 E SQLiteDatabase: at android.database.sqlite.SQLiteConnection.nativeExecuteForLastInsertedRowId(Native Method)
03-15 09:08:51.803 7519 7565 E SQLiteDatabase: at android.database.sqlite.SQLiteConnection.executeForLastInsertedRowId(SQLiteConnecti on.java:967)
03-15 09:08:51.803 7519 7565 E SQLiteDatabase: at android.database.sqlite.SQLiteSession.executeForLastInsertedRowId(SQLiteSession.jav a:790)
03-15 09:08:51.803 7519 7565 E SQLiteDatabase: at android.database.sqlite.SQLiteStatement.executeInsert(SQLiteStatement.java:89)
03-15 09:08:51.803 7519 7565 E SQLiteDatabase: at android.database.sqlite.SQLiteDatabase.insertWithOnConflict(SQLiteDatabase.java:186 8)
03-15 09:08:51.803 7519 7565 E SQLiteDatabase: at android.database.sqlite.SQLiteDatabase.insert(SQLiteDatabase.java:1737)
03-15 09:08:51.803 7519 7565 E SQLiteDatabase: at X.2tm.A08(Unknown Source:6)
03-15 09:08:51.803 7519 7565 E SQLiteDatabase: at X.35Y.A07(Unknown Source:212)
03-15 09:08:51.803 7519 7565 E SQLiteDatabase: at X.3QF.A14(Unknown Source:470)
03-15 09:08:51.803 7519 7565 E SQLiteDatabase: at X.3gU.run(Unknown Source:982)
03-15 09:08:51.803 7519 7565 E SQLiteDatabase: at android.os.Handler.handleCallback(Handler.java:942)
03-15 09:08:51.803 7519 7565 E SQLiteDatabase: at android.os.Handler.dispatchMessage(Handler.java:99)
03-15 09:08:51.803 7519 7565 E SQLiteDatabase: at X.0zq.dispatchMessage(Unknown Source:4)
03-15 09:08:51.803 7519 7565 E SQLiteDatabase: at android.os.Looper.loopOnce(Looper.java:240)
03-15 09:08:51.803 7519 7565 E SQLiteDatabase: at android.os.Looper.loop(Looper.java:351)
03-15 09:08:51.803 7519 7565 E SQLiteDatabase: at android.os.HandlerThread.run(HandlerThread.java:67)
03-15 09:08:51.836 7519 7565 E SQLiteDatabase: Error inserting transferred=0 media_job_uuid=8430501a-524e-4312-a7ef-b4853b39599b transcoded=0 gif_attribution=0 first_scan_length=0 direct_path=/v/t62.7161- 24/35874149_1445441199726133_6510642056410221041_n.enc?ccb=11- 4&oh=01_AdR0qDrKdyNbcPc2MNi7wbFgaLX36IiWPtSDYTJ-icwg7Q&oe=661B2297&_nc_sid=5e03e0 thumbnail_height_width_ratio=1.7777778 is_animated_sticker=0 file_hash=rqQHqZXT8rKKUPeYE6Mvb74dikEZHjFXVSoQTs8bgL4= file_path=null file_size=0 partial_media_hash=null face_x=0 face_y=0 height=1024 trim_to=0 media_key_timestamp=1710466902000 message_url=https://mmg.whatsapp.net/v/t62.7161- 24/35874149_1445441199726133_6510642056410221041_n.enc?ccb=11- 4&oh=01_AdR0qDrKdyNbcPc2MNi7wbFgaLX36IiWPtSDYTJ- icwg7Q&oe=661B2297&_nc_sid=5e03e0&mms3=true media_caption=null trim_from=0 mime_type=video/mp4 partial_media_enc_hash=null width=576 original_file_hash=null has_streaming_sidecar=1 autotransfer_retry_enabled=1 media_upload_handle=null message_row_id=243 multicast_id=null enc_file_hash=YxZmzw1W+LrL9hEVrvcxhjvaHhzcu5SuSn0DjuJ/B14= mute_video=0 page_count=0 first_scan_sidecar=null suspicious_content=0 file_length=7850425 media_name=null media_duration=18 chat_row_id=27 media_key=[B@b68de63
03-15 09:08:51.836 7519 7565 E SQLiteDatabase: android.database.sqlite.SQLiteConstraintException: UNIQUE constraint failed: message_media.message_row_id (code 1555 SQLITE_CONSTRAINT_PRIMARYKEY)
03-15 09:08:51.836 7519 7565 E SQLiteDatabase: at android.database.sqlite.SQLiteConnection.nativeExecuteForLastInsertedRowId(Native Method)
03-15 09:08:51.836 7519 7565 E SQLiteDatabase: at android.database.sqlite.SQLiteConnection.executeForLastInsertedRowId(SQLiteConnecti on.java:967)
03-15 09:08:51.836 7519 7565 E SQLiteDatabase: at android.database.sqlite.SQLiteSession.executeForLastInsertedRowId(SQLiteSession.jav a:790)
03-15 09:08:51.836 7519 7565 E SQLiteDatabase: at android.database.sqlite.SQLiteStatement.executeInsert(SQLiteStatement.java:89)
03-15 09:08:51.836 7519 7565 E SQLiteDatabase: at android.database.sqlite.SQLiteDatabase.insertWithOnConflict(SQLiteDatabase.java:186 8)
03-15 09:08:51.836 7519 7565 E SQLiteDatabase: at android.database.sqlite.SQLiteDatabase.insert(SQLiteDatabase.java:1737)
03-15 09:08:51.836 7519 7565 E SQLiteDatabase: at X.2tm.A08(Unknown Source:6)
03-15 09:08:51.836 7519 7565 E SQLiteDatabase: at X.35Y.A07(Unknown Source:212)
03-15 09:08:51.836 7519 7565 E SQLiteDatabase: at X.3QF.A14(Unknown Source:470)
03-15 09:08:51.836 7519 7565 E SQLiteDatabase: at X.3gU.run(Unknown Source:982)
03-15 09:08:51.836 7519 7565 E SQLiteDatabase: at android.os.Handler.handleCallback(Handler.java:942)
03-15 09:08:51.836 7519 7565 E SQLiteDatabase: at android.os.Handler.dispatchMessage(Handler.java:99)
03-15 09:08:51.836 7519 7565 E SQLiteDatabase: at X.0zq.dispatchMessage(Unknown Source:4)
03-15 09:08:51.836 7519 7565 E SQLiteDatabase: at android.os.Looper.loopOnce(Looper.java:240)
03-15 09:08:51.836 7519 7565 E SQLiteDatabase: at android.os.Looper.loop(Looper.java:351)
03-15 09:08:51.836 7519 7565 E SQLiteDatabase: at android.os.HandlerThread.run(HandlerThread.java:67)
03-15 09:08:59.134 7519 18384 W Codec2Client: query -- param skipped: index = 1342179345.
03-15 09:08:59.134 7519 18384 W Codec2Client: query -- param skipped: index = 2415921170.
03-15 09:08:59.134 7519 18384 W Codec2Client: query -- param skipped: index = 1610614798.
03-15 09:08:59.138 7519 18397 W Codec2Client: query -- param skipped: index = 1342179345.
03-15 09:08:59.138 7519 18397 W Codec2Client: query -- param skipped: index = 2415921170.
03-15 09:08:59.138 7519 18397 W Codec2Client: query -- param skipped: index = 1610614798.
03-15 09:08:59.139 7519 18427 E ListServiceUtils: checkInListByUid module:audio- boost-blacklist uid:-1 cost 1109us return 0
03-15 09:08:59.801 7519 7519 E IPCThreadState: attemptIncStrongHandle(156): Not supported
03-15 09:22:59.156 7519 7565 E SQLiteDatabase: Error inserting transferred=1 media_job_uuid=e53dc800-b42b-4454-824f-6c181830d08b transcoded=0 gif_attribution=0 first_scan_length=0 direct_path=/v/t62.7117- 24/56193142_721135023338309_1838638792318084605_n.enc?ccb=11- 4&oh=01_AdSz6hozUPUMvLAqSp7U5NV6T8Dn-uEJBk2AxtkxyDPjvQ&oe=661B13E8&_nc_sid=5e03e0 thumbnail_height_width_ratio=0.0 is_animated_sticker=0 file_hash=7S4Cp3wdi97HC+ +Jb2WjdE3zz+Tlt8JdvnL47oAv3qA= file_path=Media/MBWhatsApp Voice Notes/202411/PTT- 20240315-WA0001.opus file_size=6968 partial_media_hash=null face_x=0 face_y=0 height=0 trim_to=0 media_key_timestamp=1710469375000 message_url=https://mmg.whatsapp.net/v/t62.7117- 24/56193142_721135023338309_1838638792318084605_n.enc?ccb=11- 4&oh=01_AdSz6hozUPUMvLAqSp7U5NV6T8Dn- uEJBk2AxtkxyDPjvQ&oe=661B13E8&_nc_sid=5e03e0&mms3=true media_caption=null trim_from=0 mime_type=audio/ogg; codecs=opus partial_media_enc_hash=null width=0 original_file_hash=null has_streaming_sidecar=0 autotransfer_retry_enabled=1 media_upload_handle=null message_row_id=248 multicast_id=null enc_file_hash=DyKiSzQX3YY8F+UCmpj/mz+qR64WziTGbZMOVAQn4jc= mute_video=0 page_count=0 first_scan_sidecar=null suspicious_content=0 file_length=6968 media_name=null media_duration=2 chat_row_id=103 media_key=[B@ccd1254
03-15 09:22:59.156 7519 7565 E SQLiteDatabase: android.database.sqlite.SQLiteConstraintException: UNIQUE constraint failed: message_media.message_row_id (code 1555 SQLITE_CONSTRAINT_PRIMARYKEY)
03-15 09:22:59.156 7519 7565 E SQLiteDatabase: at android.database.sqlite.SQLiteConnection.nativeExecuteForLastInsertedRowId(Native Method)
03-15 09:22:59.156 7519 7565 E SQLiteDatabase: at android.database.sqlite.SQLiteConnection.executeForLastInsertedRowId(SQLiteConnecti on.java:967)
03-15 09:22:59.156 7519 7565 E SQLiteDatabase: at android.database.sqlite.SQLiteSession.executeForLastInsertedRowId(SQLiteSession.jav a:790)
03-15 09:22:59.156 7519 7565 E SQLiteDatabase: at android.database.sqlite.SQLiteStatement.executeInsert(SQLiteStatement.java:89)
03-15 09:22:59.156 7519 7565 E SQLiteDatabase: at android.database.sqlite.SQLiteDatabase.insertWithOnConflict(SQLiteDatabase.java:186 8)
03-15 09:22:59.156 7519 7565 E SQLiteDatabase: at android.database.sqlite.SQLiteDatabase.insert(SQLiteDatabase.java:1737)
03-15 09:22:59.156 7519 7565 E SQLiteDatabase: at X.2tm.A08(Unknown Source:6)
03-15 09:22:59.156 7519 7565 E SQLiteDatabase: at X.35Y.A07(Unknown Source:212)
03-15 09:22:59.156 7519 7565 E SQLiteDatabase: at X.3QF.A14(Unknown Source:470)
03-15 09:22:59.156 7519 7565 E SQLiteDatabase: at X.3gU.run(Unknown Source:982)
03-15 09:22:59.156 7519 7565 E SQLiteDatabase: at android.os.Handler.handleCallback(Handler.java:942)
03-15 09:22:59.156 7519 7565 E SQLiteDatabase: at android.os.Handler.dispatchMessage(Handler.java:99)
03-15 09:22:59.156 7519 7565 E SQLiteDatabase: at X.0zq.dispatchMessage(Unknown Source:4)
03-15 09:22:59.156 7519 7565 E SQLiteDatabase: at android.os.Looper.loopOnce(Looper.java:240)
03-15 09:22:59.156 7519 7565 E SQLiteDatabase: at android.os.Looper.loop(Looper.java:351)
03-15 09:22:59.156 7519 7565 E SQLiteDatabase: at android.os.HandlerThread.run(HandlerThread.java:67)
03-15 09:33:00.421 7519 7519 E IPCThreadState: attemptIncStrongHandle(145): Not supported
03-15 09:33:00.422 7519 7519 E IPCThreadState: attemptIncStrongHandle(125): Not supported
03-15 09:33:00.930 7519 7519 E ArmVmp : Match on catch block at 0x0a in for 0x189
03-15 09:33:00.951 7519 7519 E ArmVmp : Match on catch block at 0x0a in for 0x261
03-15 09:33:01.009 7519 7519 W Activity: Can request only one set of permissions at a time
03-15 09:33:01.123 7519 7519 E OplusBracketLog: [OplusViewMirrorManager] updateHostViewRootIfNeeded, not support android.view.ViewRootImpl@48cc9f7
03-15 09:33:01.158 7519 7519 E IPCThreadState: attemptIncStrongHandle(163): Not supported
03-15 09:33:01.415 7519 7519 E RecyclerView: No adapter attached; skipping layout
03-15 09:33:01.494 7519 7789 W Parcel : Expecting binder but got null!
03-15 09:33:01.619 7519 7519 E RecyclerView: No adapter attached; skipping layout
03-15 09:33:01.648 7519 7519 E ArmVmp : Match on catch block at 0x0a in for 0x1b9
03-15 09:33:01.853 7519 7519 E ArmVmp : Match on catch block at 0x5b in for 0x10d
03-15 09:33:01.869 7519 7519 E ArmVmp : Match on catch block at 0x5b in for 0x10d
03-15 09:33:07.645 7519 7519 E OplusBracketLog: [OplusViewMirrorManager] updateHostViewRootIfNeeded, not support android.view.ViewRootImpl@466a021
03-15 09:33:07.672 7519 7789 W Parcel : Expecting binder but got null!
03-15 09:33:09.364 7519 7519 E IPCThreadState: attemptIncStrongHandle(166): Not supported
03-15 09:33:12.390 7519 7519 E ArmVmp : Match on catch block at 0x0a in for 0x199
03-15 09:33:12.396 7519 7519 E ArmVmp : Match on catch block at 0x0a in for 0x191
03-15 09:33:12.453 7519 7519 E OplusBracketLog: [OplusViewMirrorManager] updateHostViewRootIfNeeded, not support android.view.ViewRootImpl@d48f4f7
03-15 09:33:12.477 7519 7519 E IPCThreadState: attemptIncStrongHandle(95): Not supported
03-15 09:33:12.573 7519 7519 E ArmVmp : Match on catch block at 0xc3 in for 0x16d
03-15 09:33:12.577 7519 7519 E ArmVmp : Match on catch block at 0xc3 in for 0x165
03-15 09:33:12.581 7519 7519 E ArmVmp : Match on catch block at 0xc3 in for 0x179
03-15 09:33:12.613 7519 7789 W Parcel : Expecting binder but got null!
03-15 09:33:12.635 7519 7519 E ArmVmp : Match on catch block at 0xc3 in for 0x159
03-15 09:33:12.637 7519 7519 E ArmVmp : Match on catch block at 0xc3 in for 0x155
03-15 09:33:12.640 7519 7519 E ArmVmp : Match on catch block at 0xc3 in for 0x159
03-15 09:33:12.670 7519 7519 E ArmVmp : Match on catch block at 0xc3 in for 0x141
03-15 09:33:12.672 7519 7519 E ArmVmp : Match on catch block at 0xc3 in for 0x159
03-15 09:33:12.675 7519 7519 E ArmVmp : Match on catch block at 0xc3 in for 0x141
03-15 09:33:12.687 7519 7519 E ArmVmp : Match on catch block at 0xc3 in for 0x155
03-15 09:33:12.690 7519 7519 E ArmVmp : Match on catch block at 0xc3 in for 0x151
03-15 09:33:12.693 7519 7519 E ArmVmp : Match on catch block at 0xc3 in for 0x155
03-15 09:33:12.703 7519 7519 E ArmVmp : Match on catch block at 0xc3 in for 0x14d
03-15 09:33:12.707 7519 7519 E ArmVmp : Match on catch block at 0xc3 in for 0x149
03-15 09:33:12.709 7519 7519 E ArmVmp : Match on catch block at 0xc3 in for 0x14d
03-15 09:33:12.719 7519 7519 E ArmVmp : Match on catch block at 0xc3 in for 0x145
03-15 09:33:12.723 7519 7519 E ArmVmp : Match on catch block at 0xc3 in for 0x141
03-15 09:33:12.725 7519 7519 E ArmVmp : Match on catch block at 0xc3 in for 0x145
03-15 09:33:12.734 7519 7519 E ArmVmp : Match on catch block at 0xc3 in for 0x159
03-15 09:33:12.737 7519 7519 E ArmVmp : Match on catch block at 0xc3 in for 0x155
03-15 09:33:12.740 7519 7519 E ArmVmp : Match on catch block at 0xc3 in for 0x159
03-15 09:33:12.748 7519 7519 E ArmVmp : Match on catch block at 0xc3 in for 0x151
03-15 09:33:12.751 7519 7519 E ArmVmp : Match on catch block at 0xc3 in for 0x14d
03-15 09:33:12.754 7519 7519 E ArmVmp : Match on catch block at 0xc3 in for 0x151
03-15 09:33:12.787 7519 7519 E ArmVmp : Match on catch block at 0xc3 in for 0x14d
03-15 09:33:12.790 7519 7519 E ArmVmp : Match on catch block at 0xc3 in for 0x149
03-15 09:33:12.793 7519 7519 E ArmVmp : Match on catch block at 0xc3 in for 0x14d
03-15 09:33:12.811 7519 7519 E ArmVmp : Match on catch block at 0xc3 in for 0x149
03-15 09:33:12.815 7519 7519 E ArmVmp : Match on catch block at 0xc3 in for 0x145
03-15 09:33:12.817 7519 7519 E ArmVmp : Match on catch block at 0xc3 in for 0x149
03-15 09:33:12.836 7519 7519 E ArmVmp : Match on catch block at 0xc3 in for 0x149
03-15 09:33:12.838 7519 7519 E ArmVmp : Match on catch block at 0xc3 in for 0x145
03-15 09:33:12.842 7519 7519 E ArmVmp : Match on catch block at 0xc3 in for 0x149
03-15 09:33:12.851 7519 7519 E ArmVmp : Match on catch block at 0xc3 in for 0x149
03-15 09:33:12.855 7519 7519 E ArmVmp : Match on catch block at 0xc3 in for 0x145
03-15 09:33:12.858 7519 7519 E ArmVmp : Match on catch block at 0xc3 in for 0x149
03-15 09:33:12.863 7519 7519 E ArmVmp : Match on catch block at 0xc3 in for 0x149
03-15 09:33:12.867 7519 7519 E ArmVmp : Match on catch block at 0xc3 in for 0x145
03-15 09:33:12.870 7519 7519 E ArmVmp : Match on catch block at 0xc3 in for 0x149
03-15 09:33:12.878 7519 7519 E ArmVmp : Match on catch block at 0xc3 in for 0x149
03-15 09:33:12.880 7519 7519 E ArmVmp : Match on catch block at 0xc3 in for 0x145
03-15 09:33:12.883 7519 7519 E ArmVmp : Match on catch block at 0xc3 in for 0x149
03-15 09:33:12.894 7519 7519 E ArmVmp : Match on catch block at 0xc3 in for 0x149
03-15 09:33:12.897 7519 7519 E ArmVmp : Match on catch block at 0xc3 in for 0x145
03-15 09:33:12.900 7519 7519 E ArmVmp : Match on catch block at 0xc3 in for 0x149
03-15 09:33:13.281 7519 7519 E ArmVmp : Match on catch block at 0xc3 in for 0x155
03-15 09:33:13.291 7519 7519 E ArmVmp : Match on catch block at 0xc3 in for 0x151
03-15 09:33:13.302 7519 7519 E ArmVmp : Match on catch block at 0xc3 in for 0x155
03-15 09:33:13.611 7519 7519 E ArmVmp : Match on catch block at 0xc3 in for 0x151
03-15 09:33:13.614 7519 7519 E ArmVmp : Match on catch block at 0xc3 in for 0x14d
03-15 09:33:13.616 7519 7519 E ArmVmp : Match on catch block at 0xc3 in for 0x151
03-15 09:33:13.628 7519 7519 W AudioManager: Use of stream types is deprecated for operations other than volume control
03-15 09:33:13.628 7519 7519 W AudioManager: See the documentation of requestAudioFocus() for what to use instead with android.media.AudioAttributes to qualify your playback use case
03-15 09:33:13.657 7519 7565 E SQLiteDatabase: Error inserting transferred=1 media_job_uuid=e53dc800-b42b-4454-824f-6c181830d08b transcoded=0 gif_attribution=0 first_scan_length=0 direct_path=/v/t62.7117- 24/56193142_721135023338309_1838638792318084605_n.enc?ccb=11- 4&oh=01_AdSz6hozUPUMvLAqSp7U5NV6T8Dn-uEJBk2AxtkxyDPjvQ&oe=661B13E8&_nc_sid=5e03e0 thumbnail_height_width_ratio=0.0 is_animated_sticker=0 file_hash=7S4Cp3wdi97HC+ +Jb2WjdE3zz+Tlt8JdvnL47oAv3qA= file_path=Media/MBWhatsApp Voice Notes/202411/PTT- 20240315-WA0001.opus file_size=6968 partial_media_hash=null face_x=0 face_y=0 height=0 trim_to=0 media_key_timestamp=1710469375000 message_url=https://mmg.whatsapp.net/v/t62.7117- 24/56193142_721135023338309_1838638792318084605_n.enc?ccb=11- 4&oh=01_AdSz6hozUPUMvLAqSp7U5NV6T8Dn- uEJBk2AxtkxyDPjvQ&oe=661B13E8&_nc_sid=5e03e0&mms3=true media_caption=null trim_from=0 mime_type=audio/ogg; codecs=opus partial_media_enc_hash=null width=0 original_file_hash=null has_streaming_sidecar=0 autotransfer_retry_enabled=1 media_upload_handle=null message_row_id=248 multicast_id=null enc_file_hash=DyKiSzQX3YY8F+UCmpj/mz+qR64WziTGbZMOVAQn4jc= mute_video=0 page_count=0 first_scan_sidecar=null suspicious_content=0 file_length=6968 media_name=PTT-20240315-WA0001.opus media_duration=2 chat_row_id=103 media_key=[B@ccd1254
03-15 09:33:13.657 7519 7565 E SQLiteDatabase: android.database.sqlite.SQLiteConstraintException: UNIQUE constraint failed: message_media.message_row_id (code 1555 SQLITE_CONSTRAINT_PRIMARYKEY)
03-15 09:33:13.657 7519 7565 E SQLiteDatabase: at android.database.sqlite.SQLiteConnection.nativeExecuteForLastInsertedRowId(Native Method)
03-15 09:33:13.657 7519 7565 E SQLiteDatabase: at android.database.sqlite.SQLiteConnection.executeForLastInsertedRowId(SQLiteConnecti on.java:967)
03-15 09:33:13.657 7519 7565 E SQLiteDatabase: at android.database.sqlite.SQLiteSession.executeForLastInsertedRowId(SQLiteSession.jav a:790)
03-15 09:33:13.657 7519 7565 E SQLiteDatabase: at android.database.sqlite.SQLiteStatement.executeInsert(SQLiteStatement.java:89)
03-15 09:33:13.657 7519 7565 E SQLiteDatabase: at android.database.sqlite.SQLiteDatabase.insertWithOnConflict(SQLiteDatabase.java:186 8)
03-15 09:33:13.657 7519 7565 E SQLiteDatabase: at android.database.sqlite.SQLiteDatabase.insert(SQLiteDatabase.java:1737)
03-15 09:33:13.657 7519 7565 E SQLiteDatabase: at X.2tm.A08(Unknown Source:6)
03-15 09:33:13.657 7519 7565 E SQLiteDatabase: at X.35Y.A07(Unknown Source:212)
03-15 09:33:13.657 7519 7565 E SQLiteDatabase: at X.3QF.A14(Unknown Source:470)
03-15 09:33:13.657 7519 7565 E SQLiteDatabase: at X.31e.A03(Unknown Source:174)
03-15 09:33:13.657 7519 7565 E SQLiteDatabase: at X.3g7.run(Unknown Source:1017)
03-15 09:33:13.657 7519 7565 E SQLiteDatabase: at android.os.Handler.handleCallback(Handler.java:942)
03-15 09:33:13.657 7519 7565 E SQLiteDatabase: at android.os.Handler.dispatchMessage(Handler.java:99)
03-15 09:33:13.657 7519 7565 E SQLiteDatabase: at X.0zq.dispatchMessage(Unknown Source:4)
03-15 09:33:13.657 7519 7565 E SQLiteDatabase: at android.os.Looper.loopOnce(Looper.java:240)
03-15 09:33:13.657 7519 7565 E SQLiteDatabase: at android.os.Looper.loop(Looper.java:351)
03-15 09:33:13.657 7519 7565 E SQLiteDatabase: at android.os.HandlerThread.run(HandlerThread.java:67)
03-15 09:33:13.747 7519 7519 E ArmVmp : Match on catch block at 0xc3 in for 0x159
03-15 09:33:13.749 7519 7519 E ArmVmp : Match on catch block at 0xc3 in for 0x155
03-15 09:33:13.751 7519 7519 E ArmVmp : Match on catch block at 0xc3 in for 0x159
03-15 09:33:13.764 7519 7519 E ArmVmp : Match on catch block at 0xc3 in for 0x149
03-15 09:33:13.768 7519 7519 E ArmVmp : Match on catch block at 0xc3 in for 0x145
03-15 09:33:13.770 7519 7519 E ArmVmp : Match on catch block at 0xc3 in for 0x149
03-15 09:33:13.779 7519 7519 E ArmVmp : Match on catch block at 0xc3 in for 0x14d
03-15 09:33:13.783 7519 7519 E ArmVmp : Match on catch block at 0xc3 in for 0x149
03-15 09:33:13.787 7519 7519 E ArmVmp : Match on catch block at 0xc3 in for 0x14d
03-15 09:33:13.796 7519 7519 E ArmVmp : Match on catch block at 0xc3 in for 0x155
03-15 09:33:13.802 7519 7519 E ArmVmp : Match on catch block at 0xc3 in for 0x151
03-15 09:33:13.805 7519 7519 E ArmVmp : Match on catch block at 0xc3 in for 0x155
03-15 09:33:13.811 7519 7519 E ArmVmp : Match on catch block at 0xc3 in for 0x155
03-15 09:33:13.815 7519 7519 E ArmVmp : Match on catch block at 0xc3 in for 0x151
03-15 09:33:13.819 7519 7519 E ArmVmp : Match on catch block at 0xc3 in for 0x155
03-15 09:33:13.825 7519 7519 E ArmVmp : Match on catch block at 0xc3 in for 0x155
03-15 09:33:13.829 7519 7519 E ArmVmp : Match on catch block at 0xc3 in for 0x151
03-15 09:33:13.832 7519 7519 E ArmVmp : Match on catch block at 0xc3 in for 0x155
03-15 09:33:13.842 7519 7519 E ArmVmp : Match on catch block at 0xc3 in for 0x155
03-15 09:33:13.845 7519 7519 E ArmVmp : Match on catch block at 0xc3 in for 0x151
03-15 09:33:13.847 7519 7519 E ArmVmp : Match on catch block at 0xc3 in for 0x155
03-15 09:33:13.859 7519 7519 E ArmVmp : Match on catch block at 0xc3 in for 0x155
03-15 09:33:13.861 7519 7519 E ArmVmp : Match on catch block at 0xc3 in for 0x151
03-15 09:33:13.864 7519 7519 E ArmVmp : Match on catch block at 0xc3 in for 0x155
03-15 09:33:13.875 7519 7519 E ArmVmp : Match on catch block at 0xc3 in for 0x155
03-15 09:33:13.878 7519 7519 E ArmVmp : Match on catch block at 0xc3 in for 0x151
03-15 09:33:13.880 7519 7519 E ArmVmp : Match on catch block at 0xc3 in for 0x155
03-15 09:33:13.892 7519 7519 E ArmVmp : Match on catch block at 0xc3 in for 0x155
03-15 09:33:13.894 7519 7519 E ArmVmp : Match on catch block at 0xc3 in for 0x151
03-15 09:33:13.896 7519 7519 E ArmVmp : Match on catch block at 0xc3 in for 0x155
03-15 09:33:13.908 7519 7519 E ArmVmp : Match on catch block at 0xc3 in for 0x155
03-15 09:33:13.911 7519 7519 E ArmVmp : Match on catch block at 0xc3 in for 0x151
03-15 09:33:13.913 7519 7519 E ArmVmp : Match on catch block at 0xc3 in for 0x155
03-15 09:33:13.925 7519 7519 E ArmVmp : Match on catch block at 0xc3 in for 0x155
03-15 09:33:13.928 7519 7519 E ArmVmp : Match on catch block at 0xc3 in for 0x151
03-15 09:33:13.930 7519 7519 E ArmVmp : Match on catch block at 0xc3 in for 0x155
03-15 09:33:13.943 7519 7519 E ArmVmp : Match on catch block at 0xc3 in for 0x155
03-15 09:33:13.948 7519 7519 E ArmVmp : Match on catch block at 0xc3 in for 0x151
03-15 09:33:13.952 7519 7519 E ArmVmp : Match on catch block at 0xc3 in for 0x155
03-15 09:33:13.959 7519 7519 E ArmVmp : Match on catch block at 0xc3 in for 0x155
03-15 09:33:13.963 7519 7519 E ArmVmp : Match on catch block at 0xc3 in for 0x151
03-15 09:33:13.967 7519 7519 E ArmVmp : Match on catch block at 0xc3 in for 0x155
03-15 09:33:13.975 7519 7519 E ArmVmp : Match on catch block at 0xc3 in for 0x155
03-15 09:33:13.978 7519 7519 E ArmVmp : Match on catch block at 0xc3 in for 0x151
03-15 09:33:13.981 7519 7519 E ArmVmp : Match on catch block at 0xc3 in for 0x155
03-15 09:33:13.991 7519 7519 E ArmVmp : Match on catch block at 0xc3 in for 0x155
03-15 09:33:13.994 7519 7519 E ArmVmp : Match on catch block at 0xc3 in for 0x151
03-15 09:33:13.997 7519 7519 E ArmVmp : Match on catch block at 0xc3 in for 0x155
03-15 09:33:14.008 7519 7519 E ArmVmp : Match on catch block at 0xc3 in for 0x155
03-15 09:33:14.011 7519 7519 E ArmVmp : Match on catch block at 0xc3 in for 0x151
03-15 09:33:14.013 7519 7519 E ArmVmp : Match on catch block at 0xc3 in for 0x155
03-15 09:33:14.025 7519 7519 E ArmVmp : Match on catch block at 0xc3 in for 0x155
03-15 09:33:14.027 7519 7519 E ArmVmp : Match on catch block at 0xc3 in for 0x151
03-15 09:33:14.030 7519 7519 E ArmVmp : Match on catch block at 0xc3 in for 0x155
03-15 09:33:14.041 7519 7519 E ArmVmp : Match on catch block at 0xc3 in for 0x155
03-15 09:33:14.045 7519 7519 E ArmVmp : Match on catch block at 0xc3 in for 0x151
03-15 09:33:14.048 7519 7519 E ArmVmp : Match on catch block at 0xc3 in for 0x155
03-15 09:33:14.058 7519 7519 E ArmVmp : Match on catch block at 0xc3 in for 0x149
03-15 09:33:14.060 7519 7519 E ArmVmp : Match on catch block at 0xc3 in for 0x145
03-15 09:33:14.062 7519 7519 E ArmVmp : Match on catch block at 0xc3 in for 0x149
03-15 09:33:14.108 7519 7519 E ArmVmp : Match on catch block at 0xc3 in for 0x149
03-15 09:33:14.110 7519 7519 E ArmVmp : Match on catch block at 0xc3 in for 0x145
03-15 09:33:14.113 7519 7519 E ArmVmp : Match on catch block at 0xc3 in for 0x149
03-15 09:33:14.158 7519 7519 E ArmVmp : Match on catch block at 0xc3 in for 0x149
03-15 09:33:14.160 7519 7519 E ArmVmp : Match on catch block at 0xc3 in for 0x145
03-15 09:33:14.163 7519 7519 E ArmVmp : Match on catch block at 0xc3 in for 0x149
03-15 09:33:14.207 7519 7519 E ArmVmp : Match on catch block at 0xc3 in for 0x149
03-15 09:33:14.210 7519 7519 E ArmVmp : Match on catch block at 0xc3 in for 0x145
03-15 09:33:14.212 7519 7519 E ArmVmp : Match on catch block at 0xc3 in for 0x149
03-15 09:33:14.257 7519 7519 E ArmVmp : Match on catch block at 0xc3 in for 0x149
03-15 09:33:14.259 7519 7519 E ArmVmp : Match on catch block at 0xc3 in for 0x145
03-15 09:33:14.262 7519 7519 E ArmVmp : Match on catch block at 0xc3 in for 0x149
03-15 09:33:14.308 7519 7519 E ArmVmp : Match on catch block at 0xc3 in for 0x149
03-15 09:33:14.312 7519 7519 E ArmVmp : Match on catch block at 0xc3 in for 0x145
03-15 09:33:14.315 7519 7519 E ArmVmp : Match on catch block at 0xc3 in for 0x149
03-15 09:33:14.325 7519 7519 E ArmVmp : Match on catch block at 0xc3 in for 0x149
03-15 09:33:14.329 7519 7519 E ArmVmp : Match on catch block at 0xc3 in for 0x145
03-15 09:33:14.331 7519 7519 E ArmVmp : Match on catch block at 0xc3 in for 0x149
03-15 09:33:14.374 7519 7519 E ArmVmp : Match on catch block at 0xc3 in for 0x149
03-15 09:33:14.378 7519 7519 E ArmVmp : Match on catch block at 0xc3 in for 0x145
03-15 09:33:14.381 7519 7519 E ArmVmp : Match on catch block at 0xc3 in for 0x149
03-15 09:33:14.425 7519 7519 E ArmVmp : Match on catch block at 0xc3 in for 0x149
03-15 09:33:14.428 7519 7519 E ArmVmp : Match on catch block at 0xc3 in for 0x145
03-15 09:33:14.432 7519 7519 E ArmVmp : Match on catch block at 0xc3 in for 0x149
03-15 09:33:14.474 7519 7519 E ArmVmp : Match on catch block at 0xc3 in for 0x149
03-15 09:33:14.477 7519 7519 E ArmVmp : Match on catch block at 0xc3 in for 0x145
03-15 09:33:14.480 7519 7519 E ArmVmp : Match on catch block at 0xc3 in for 0x149
03-15 09:33:14.526 7519 7519 E ArmVmp : Match on catch block at 0xc3 in for 0x149
03-15 09:33:14.530 7519 7519 E ArmVmp : Match on catch block at 0xc3 in for 0x145
03-15 09:33:14.533 7519 7519 E ArmVmp : Match on catch block at 0xc3 in for 0x149
03-15 09:33:14.592 7519 7519 E ArmVmp : Match on catch block at 0xc3 in for 0x149
03-15 09:33:14.595 7519 7519 E ArmVmp : Match on catch block at 0xc3 in for 0x145
03-15 09:33:14.599 7519 7519 E ArmVmp : Match on catch block at 0xc3 in for 0x149
03-15 09:33:14.642 7519 7519 E ArmVmp : Match on catch block at 0xc3 in for 0x149
03-15 09:33:14.647 7519 7519 E ArmVmp : Match on catch block at 0xc3 in for 0x145
03-15 09:33:14.651 7519 7519 E ArmVmp : Match on catch block at 0xc3 in for 0x149
03-15 09:33:14.691 7519 7519 E ArmVmp : Match on catch block at 0xc3 in for 0x149
03-15 09:33:14.695 7519 7519 E ArmVmp : Match on catch block at 0xc3 in for 0x145
03-15 09:33:14.698 7519 7519 E ArmVmp : Match on catch block at 0xc3 in for 0x149
03-15 09:33:14.742 7519 7519 E ArmVmp : Match on catch block at 0xc3 in for 0x149
03-15 09:33:14.746 7519 7519 E ArmVmp : Match on catch block at 0xc3 in for 0x145
03-15 09:33:14.749 7519 7519 E ArmVmp : Match on catch block at 0xc3 in for 0x149
03-15 09:33:14.803 7519 7519 E ArmVmp : Match on catch block at 0xc3 in for 0x151
03-15 09:33:14.806 7519 7519 E ArmVmp : Match on catch block at 0xc3 in for 0x14d
03-15 09:33:14.809 7519 7519 E ArmVmp : Match on catch block at 0xc3 in for 0x151
03-15 09:33:14.823 7519 7519 E ArmVmp : Match on catch block at 0xc3 in for 0x151
03-15 09:33:14.827 7519 7519 E ArmVmp : Match on catch block at 0xc3 in for 0x14d
03-15 09:33:14.830 7519 7519 E ArmVmp : Match on catch block at 0xc3 in for 0x151
03-15 09:33:14.857 7519 7519 E ArmVmp : Match on catch block at 0xc3 in for 0x151
03-15 09:33:14.859 7519 7519 E ArmVmp : Match on catch block at 0xc3 in for 0x14d
03-15 09:33:14.862 7519 7519 E ArmVmp : Match on catch block at 0xc3 in for 0x151
03-15 09:33:14.907 7519 7519 E ArmVmp : Match on catch block at 0xc3 in for 0x151
03-15 09:33:14.909 7519 7519 E ArmVmp : Match on catch block at 0xc3 in for 0x14d
03-15 09:33:14.912 7519 7519 E ArmVmp : Match on catch block at 0xc3 in for 0x151
03-15 09:33:14.958 7519 7519 E ArmVmp : Match on catch block at 0xc3 in for 0x151
03-15 09:33:14.961 7519 7519 E ArmVmp : Match on catch block at 0xc3 in for 0x14d
03-15 09:33:14.965 7519 7519 E ArmVmp : Match on catch block at 0xc3 in for 0x151
03-15 09:33:15.007 7519 7519 E ArmVmp : Match on catch block at 0xc3 in for 0x151
03-15 09:33:15.010 7519 7519 E ArmVmp : Match on catch block at 0xc3 in for 0x14d
03-15 09:33:15.013 7519 7519 E ArmVmp : Match on catch block at 0xc3 in for 0x151
03-15 09:33:15.057 7519 7519 E ArmVmp : Match on catch block at 0xc3 in for 0x151
03-15 09:33:15.062 7519 7519 E ArmVmp : Match on catch block at 0xc3 in for 0x14d
03-15 09:33:15.066 7519 7519 E ArmVmp : Match on catch block at 0xc3 in for 0x151
03-15 09:33:15.123 7519 7519 E ArmVmp : Match on catch block at 0xc3 in for 0x151
03-15 09:33:15.126 7519 7519 E ArmVmp : Match on catch block at 0xc3 in for 0x14d
03-15 09:33:15.129 7519 7519 E ArmVmp : Match on catch block at 0xc3 in for 0x151
03-15 09:33:15.174 7519 7519 E ArmVmp : Match on catch block at 0xc3 in for 0x151
03-15 09:33:15.178 7519 7519 E ArmVmp : Match on catch block at 0xc3 in for 0x14d
03-15 09:33:15.181 7519 7519 E ArmVmp : Match on catch block at 0xc3 in for 0x151
03-15 09:33:15.224 7519 7519 E ArmVmp : Match on catch block at 0xc3 in for 0x151
03-15 09:33:15.228 7519 7519 E ArmVmp : Match on catch block at 0xc3 in for 0x14d
03-15 09:33:15.230 7519 7519 E ArmVmp : Match on catch block at 0xc3 in for 0x151
03-15 09:33:15.273 7519 7519 E ArmVmp : Match on catch block at 0xc3 in for 0x151
03-15 09:33:15.276 7519 7519 E ArmVmp : Match on catch block at 0xc3 in for 0x14d
03-15 09:33:15.279 7519 7519 E ArmVmp : Match on catch block at 0xc3 in for 0x151
03-15 09:33:15.323 7519 7519 E ArmVmp : Match on catch block at 0xc3 in for 0x151
03-15 09:33:15.326 7519 7519 E ArmVmp : Match on catch block at 0xc3 in for 0x14d
03-15 09:33:15.329 7519 7519 E ArmVmp : Match on catch block at 0xc3 in for 0x151
03-15 09:33:15.339 7519 7519 E ArmVmp : Match on catch block at 0xc3 in for 0x151
03-15 09:33:15.344 7519 7519 E ArmVmp : Match on catch block at 0xc3 in for 0x14d
03-15 09:33:15.346 7519 7519 E ArmVmp : Match on catch block at 0xc3 in for 0x151
03-15 09:33:15.373 7519 7519 E ArmVmp : Match on catch block at 0xc3 in for 0x151
03-15 09:33:15.376 7519 7519 E ArmVmp : Match on catch block at 0xc3 in for 0x14d
03-15 09:33:15.378 7519 7519 E ArmVmp : Match on catch block at 0xc3 in for 0x151
03-15 09:33:15.422 7519 7519 E ArmVmp : Match on catch block at 0xc3 in for 0x151
03-15 09:33:15.426 7519 7519 E ArmVmp : Match on catch block at 0xc3 in for 0x14d
03-15 09:33:15.429 7519 7519 E ArmVmp : Match on catch block at 0xc3 in for 0x151
03-15 09:33:15.472 7519 7519 E ArmVmp : Match on catch block at 0xc3 in for 0x159
03-15 09:33:15.475 7519 7519 E ArmVmp : Match on catch block at 0xc3 in for 0x155
03-15 09:33:15.478 7519 7519 E ArmVmp : Match on catch block at 0xc3 in for 0x159
03-15 09:33:15.522 7519 7519 E ArmVmp : Match on catch block at 0xc3 in for 0x159
03-15 09:33:15.525 7519 7519 E ArmVmp : Match on catch block at 0xc3 in for 0x155
03-15 09:33:15.527 7519 7519 E ArmVmp : Match on catch block at 0xc3 in for 0x159
03-15 09:33:15.572 7519 7519 E ArmVmp : Match on catch block at 0xc3 in for 0x159
03-15 09:33:15.574 7519 7519 E ArmVmp : Match on catch block at 0xc3 in for 0x155
03-15 09:33:15.576 7519 7519 E ArmVmp : Match on catch block at 0xc3 in for 0x159
03-15 09:33:15.622 7519 7519 E ArmVmp : Match on catch block at 0xc3 in for 0x159
03-15 09:33:15.625 7519 7519 E ArmVmp : Match on catch block at 0xc3 in for 0x155
03-15 09:33:15.627 7519 7519 E ArmVmp : Match on catch block at 0xc3 in for 0x159
03-15 09:33:15.672 7519 7519 E ArmVmp : Match on catch block at 0xc3 in for 0x159
03-15 09:33:15.675 7519 7519 E ArmVmp : Match on catch block at 0xc3 in for 0x155
03-15 09:33:15.679 7519 7519 E ArmVmp : Match on catch block at 0xc3 in for 0x159
03-15 09:33:15.722 7519 7519 E ArmVmp : Match on catch block at 0xc3 in for 0x159
03-15 09:33:15.725 7519 7519 E ArmVmp : Match on catch block at 0xc3 in for 0x155
03-15 09:33:15.729 7519 7519 E ArmVmp : Match on catch block at 0xc3 in for 0x159
03-15 09:33:15.772 7519 7519 E ArmVmp : Match on catch block at 0xc3 in for 0x159
03-15 09:33:15.775 7519 7519 E ArmVmp : Match on catch block at 0xc3 in for 0x155
03-15 09:33:15.778 7519 7519 E ArmVmp : Match on catch block at 0xc3 in for 0x159
03-15 09:33:15.828 7519 7519 E ArmVmp : Match on catch block at 0xc3 in for 0x141
03-15 09:33:15.831 7519 7519 E ArmVmp : Match on catch block at 0xc3 in for 0x159
03-15 09:33:15.835 7519 7519 E ArmVmp : Match on catch block at 0xc3 in for 0x141
03-15 09:33:15.854 7519 7519 E ArmVmp : Match on catch block at 0xc3 in for 0x141
03-15 09:33:15.857 7519 7519 E ArmVmp : Match on catch block at 0xc3 in for 0x159
03-15 09:33:15.859 7519 7519 E ArmVmp : Match on catch block at 0xc3 in for 0x141
03-15 09:33:15.888 7519 7519 E ArmVmp : Match on catch block at 0xc3 in for 0x159
03-15 09:33:15.890 7519 7519 E ArmVmp : Match on catch block at 0xc3 in for 0x155
03-15 09:33:15.892 7519 7519 E ArmVmp : Match on catch block at 0xc3 in for 0x159
03-15 09:33:15.971 7519 7519 E ArmVmp : Match on catch block at 0xc3 in for 0x149
03-15 09:33:15.974 7519 7519 E ArmVmp : Match on catch block at 0xc3 in for 0x145
03-15 09:33:15.978 7519 7519 E ArmVmp : Match on catch block at 0xc3 in for 0x149
03-15 09:33:16.003 7519 7519 E ArmVmp : Match on catch block at 0xc3 in for 0x14d
03-15 09:33:16.009 7519 7519 E ArmVmp : Match on catch block at 0xc3 in for 0x149
03-15 09:33:16.014 7519 7519 E ArmVmp : Match on catch block at 0xc3 in for 0x14d
03-15 09:33:16.070 7519 7519 E ArmVmp : Match on catch block at 0xc3 in for 0x14d
03-15 09:33:16.078 7519 7519 E ArmVmp : Match on catch block at 0xc3 in for 0x149
03-15 09:33:16.085 7519 7519 E ArmVmp : Match on catch block at 0xc3 in for 0x14d
03-15 09:33:16.185 7519 7519 E ArmVmp : Match on catch block at 0xc3 in for 0x145
03-15 09:33:16.187 7519 7519 E ArmVmp : Match on catch block at 0xc3 in for 0x141
03-15 09:33:16.191 7519 7519 E ArmVmp : Match on catch block at 0xc3 in for 0x145
03-15 09:33:16.215 7519 7519 E IPCThreadState: attemptIncStrongHandle(80): Not supported
03-15 09:33:16.292 7519 7519 E ArmVmp : Match on catch block at 0xc3 in for 0x155
03-15 09:33:16.295 7519 7519 E ArmVmp : Match on catch block at 0xc3 in for 0x151
03-15 09:33:16.297 7519 7519 E ArmVmp : Match on catch block at 0xc3 in for 0x155
03-15 09:33:16.318 7519 7519 E ArmVmp : Match on catch block at 0xc3 in for 0x149
03-15 09:33:16.320 7519 7519 E ArmVmp : Match on catch block at 0xc3 in for 0x145
03-15 09:33:16.325 7519 7519 E ArmVmp : Match on catch block at 0xc3 in for 0x149
03-15 09:33:16.343 7519 7519 E ArmVmp : Match on catch block at 0xc3 in for 0x141
03-15 09:33:16.347 7519 7519 E ArmVmp : Match on catch block at 0xc3 in for 0x159
03-15 09:33:16.351 7519 7519 E ArmVmp : Match on catch block at 0xc3 in for 0x141
03-15 09:33:16.365 7519 7519 E ArmVmp : Match on catch block at 0xc3 in for 0x141
03-15 09:33:16.367 7519 7519 E ArmVmp : Match on catch block at 0xc3 in for 0x159
03-15 09:33:16.369 7519 7519 E ArmVmp : Match on catch block at 0xc3 in for 0x141
03-15 09:33:16.384 7519 7519 E ArmVmp : Match on catch block at 0xc3 in for 0x14d
03-15 09:33:16.386 7519 7519 E ArmVmp : Match on catch block at 0xc3 in for 0x149
03-15 09:33:16.389 7519 7519 E ArmVmp : Match on catch block at 0xc3 in for 0x14d
03-15 09:33:16.553 7519 7519 E ArmVmp : Match on catch block at 0xc3 in for 0x141
03-15 09:33:16.557 7519 7519 E ArmVmp : Match on catch block at 0xc3 in for 0x159
03-15 09:33:16.560 7519 7519 E ArmVmp : Match on catch block at 0xc3 in for 0x141
03-15 09:33:16.568 7519 7519 E ArmVmp : Match on catch block at 0xc3 in for 0x141
03-15 09:33:16.571 7519 7519 E ArmVmp : Match on catch block at 0xc3 in for 0x159
03-15 09:33:16.573 7519 7519 E ArmVmp : Match on catch block at 0xc3 in for 0x141
03-15 09:33:16.753 7519 23017 E ListServiceUtils: checkInListByUid module:control package:audioBoostEnable cost 3288us return 1
03-15 09:33:46.057 7519 17036 E ArmVmp : No matching catch block at 0x07
03-15 09:33:46.057 7519 17036 E ArmVmp : Match on catch block at 0x02 in for 0x49
03-15 09:33:46.059 7519 17036 W System.err: java.net.UnknownHostException: Unable to resolve host "pastebin.com": No address associated with hostname
03-15 09:33:46.060 7519 17036 W System.err:
03-15 09:33:46.061 7519 17036 W System.err: at java.net.Inet6AddressImpl.lookupHostByName(Inet6AddressImpl.java:156)
03-15 09:33:46.061 7519 17036 W System.err:
03-15 09:33:46.061 7519 17036 W System.err: at java.net.Inet6AddressImpl.lookupAllHostAddr(Inet6AddressImpl.java:103)
03-15 09:33:46.061 7519 17036 W System.err:
03-15 09:33:46.061 7519 17036 W System.err: at java.net.InetAddress.getAllByName(InetAddress.java:1152)
03-15 09:33:46.062 7519 17036 W System.err:
03-15 09:33:46.062 7519 17036 W System.err: at com.android.okhttp.Dns$1.lookup(Dns.java:41)
03-15 09:33:46.062 7519 17036 W System.err:
03-15 09:33:46.063 7519 17036 W System.err: at com.android.okhttp.internal.http.RouteSelector.resetNextInetSocketAddress(RouteSele ctor.java:178)
03-15 09:33:46.063 7519 17036 W System.err:
03-15 09:33:46.063 7519 17036 W System.err: at com.android.okhttp.internal.http.RouteSelector.nextProxy(RouteSelector.java:144)
03-15 09:33:46.063 7519 17036 W System.err:
03-15 09:33:46.064 7519 17036 W System.err: at com.android.okhttp.internal.http.RouteSelector.next(RouteSelector.java:86)
03-15 09:33:46.064 7519 17036 W System.err:
03-15 09:33:46.064 7519 17036 W System.err: at com.android.okhttp.internal.http.StreamAllocation.findConnection(StreamAllocation.j ava:176)
03-15 09:33:46.064 7519 17036 W System.err:
03-15 09:33:46.065 7519 17036 W System.err: at com.android.okhttp.internal.http.StreamAllocation.findHealthyConnection(StreamAlloc ation.java:128)
03-15 09:33:46.066 7519 17036 W System.err:
03-15 09:33:46.066 7519 17036 W System.err: at com.android.okhttp.internal.http.StreamAllocation.newStream(StreamAllocation.java:9 7)
03-15 09:33:46.066 7519 17036 W System.err:
03-15 09:33:46.067 7519 17036 W System.err: at com.android.okhttp.internal.http.HttpEngine.connect(HttpEngine.java:289)
03-15 09:33:46.067 7519 17036 W System.err:
03-15 09:33:46.067 7519 17036 W System.err: at com.android.okhttp.internal.http.HttpEngine.sendRequest(HttpEngine.java:232)
03-15 09:33:46.068 7519 17036 W System.err:
03-15 09:33:46.068 7519 17036 W System.err: at com.android.okhttp.internal.huc.HttpURLConnectionImpl.execute(HttpURLConnectionImpl .java:465)
03-15 09:33:46.068 7519 17036 W System.err:
03-15 09:33:46.069 7519 17036 W System.err: at com.android.okhttp.internal.huc.HttpURLConnectionImpl.getResponse(HttpURLConnection Impl.java:411)
03-15 09:33:46.069 7519 17036 W System.err:
03-15 09:33:46.069 7519 17036 W System.err: at com.android.okhttp.internal.huc.HttpURLConnectionImpl.getInputStream(HttpURLConnect ionImpl.java:248)
03-15 09:33:46.069 7519 17036 W System.err:
