03-15 05:06:34.926 29999 29999 W OnBackInvokedCallback: OnBackInvokedCallback is not enabled for the application.
03-15 05:06:34.926 29999 29999 W OnBackInvokedCallback: Set 'android:enableOnBackInvokedCallback="true"' in the application manifest.
03-15 05:06:37.016 29999 29999 W RemoteInputConnectionImpl: requestCursorAnchorInfo on inactive InputConnection
03-15 05:06:37.137 29999 29999 W OnBackInvokedCallback: OnBackInvokedCallback is not enabled for the application.
03-15 05:06:37.137 29999 29999 W OnBackInvokedCallback: Set 'android:enableOnBackInvokedCallback="true"' in the application manifest.
03-15 05:06:43.952 29999 29999 W RemoteInputConnectionImpl: requestCursorAnchorInfo on inactive InputConnection
03-15 05:06:43.970 29999 29999 E ImeBackDispatcher: Ime callback not found. Ignoring unregisterReceivedCallback. callbackId: 34789536
03-15 05:06:44.616 29999 29999 W ResourceType: Bad XML block: header size 18254 or total size 169478669 is larger than data size 650
03-15 05:06:44.898 29999 29999 E IPCThreadState: attemptIncStrongHandle(123): Not supported
03-15 05:06:44.898 29999 29999 E IPCThreadState: attemptIncStrongHandle(137): Not supported
03-15 05:06:44.947 29999 29999 W ResourceType: Bad XML block: header size 18254 or total size 169478669 is larger than data size 650
03-15 05:06:45.149 29999 29999 W ResourceType: Bad XML block: header size 18254 or total size 169478669 is larger than data size 650
03-15 05:06:50.290 29999 29999 E OplusBracketLog: [OplusViewMirrorManager] updateHostViewRootIfNeeded, not support android.view.ViewRootImpl@b0a9c65
03-15 05:06:50.332 29999 29999 E IPCThreadState: attemptIncStrongHandle(143): Not supported
03-15 05:06:50.353 29999 30060 W Parcel : Expecting binder but got null!
03-15 05:06:50.395 29999 29999 W BottomSheetBehavior: BottomSheetBehavior now supports multiple callbacks. `setBottomSheetCallback()` removes all existing callbacks, including ones set internally by library authors, which may result in unintended behavior. This may change in the future. Please use `addBottomSheetCallback()` and `removeBottomSheetCallback()` instead to set your own callbacks.
03-15 05:06:50.395 29999 29999 W BottomSheetBehavior: BottomSheetBehavior now supports multiple callbacks. `setBottomSheetCallback()` removes all existing callbacks, including ones set internally by library authors, which may result in unintended behavior. This may change in the future. Please use `addBottomSheetCallback()` and `removeBottomSheetCallback()` instead to set your own callbacks.
03-15 05:06:50.521 29999 29999 E RecyclerView: No adapter attached; skipping layout
03-15 05:06:50.562 29999 30444 W AudioCapabilities: Unsupported mime audio/x-adpcm- dvi-ima
03-15 05:06:50.563 29999 30444 W AudioCapabilities: Unsupported mime audio/x-adpcm- dvi-ima
03-15 05:06:50.563 29999 30444 W AudioCapabilities: Unsupported mime audio/x-adpcm- ms
03-15 05:06:50.563 29999 30444 W AudioCapabilities: Unsupported mime audio/x-adpcm- ms
03-15 05:06:50.563 29999 30444 W AudioCapabilities: Unsupported mime audio/alac
03-15 05:06:50.564 29999 30444 W AudioCapabilities: Unsupported mime audio/alac
03-15 05:06:50.564 29999 30444 W AudioCapabilities: Unsupported mime audio/ape
03-15 05:06:50.564 29999 30444 W AudioCapabilities: Unsupported mime audio/ape
03-15 05:06:50.572 29999 30444 W AudioCapabilities: Unsupported mime audio/ffmpeg
03-15 05:06:50.580 29999 30444 W VideoCapabilities: Unrecognized profile/level 32768/256 for video/mp4v-es
03-15 05:06:50.580 29999 30444 W VideoCapabilities: Unrecognized profile/level 32768/256 for video/mp4v-es
03-15 05:06:50.581 29999 30444 W VideoCapabilities: Unsupported mime video/x-ms-wmv
03-15 05:06:50.581 29999 30444 W VideoCapabilities: Unsupported mime video/x-ms-wmv
03-15 05:06:50.585 29999 30444 W VideoCapabilities: Unsupported mime video/ffmpeg
03-15 05:06:50.600 29999 30444 W libc : Access denied finding property "vendor.oplus.media.vpp.stutter"
03-15 05:06:50.654 29999 30457 W ColorUtils: expected specified color aspects (2:0:0:0)
03-15 05:06:50.660 29999 30456 W AString : ctor got NULL, using empty string instead
03-15 05:06:50.670 29999 30457 W Codec2Client: query -- param skipped: index = 1107298332.
03-15 05:06:50.670 29999 30457 W CCodec : This behavior is subject to change. It is recommended that app developers double check whether the requested max input size is in reasonable range.
03-15 05:06:50.677 29999 30457 W Codec2Client: query -- param skipped: index = 1342179345.
03-15 05:06:50.677 29999 30457 W Codec2Client: query -- param skipped: index = 2415921170.
03-15 05:06:50.677 29999 30457 W Codec2Client: query -- param skipped: index = 1610614798.
03-15 05:06:50.687 29999 30457 E ion : ioctl c0044901 failed with code -1: Invalid argument
03-15 05:06:50.718 29999 30444 W libc : Access denied finding property "vendor.oplus.media.vpp.stutter"
03-15 05:06:50.755 29999 30474 W Codec2Client: query -- param skipped: index = 1107298332.
03-15 05:06:50.755 29999 30474 W CCodec : This behavior is subject to change. It is recommended that app developers double check whether the requested max input size is in reasonable range.
03-15 05:06:50.758 29999 30474 W Codec2Client: query -- param skipped: index = 1342179345.
03-15 05:06:50.758 29999 30474 W Codec2Client: query -- param skipped: index = 2415921170.
03-15 05:06:50.758 29999 30474 W Codec2Client: query -- param skipped: index = 1610614798.
03-15 05:06:58.048 29999 29999 E OplusBracketLog: [OplusViewMirrorManager] updateHostViewRootIfNeeded, not support android.view.ViewRootImpl@4e69776
03-15 05:06:58.077 29999 30060 W Parcel : Expecting binder but got null!
03-15 05:06:59.321 29999 30046 E SQLiteDatabase: Error inserting transferred=1 media_job_uuid=3889800a-7961-43c9-9ccd-4bcaa58f8740 transcoded=0 gif_attribution=0 first_scan_length=0 direct_path=/v/t62.7161- 24/30774500_1608561623296427_2346119501129642415_n.enc?ccb=11- 4&oh=01_AdQEW4aTHvCE6agrfd8MApqflCXhks8X7I2TwS5_1sNEbA&oe=661ADB93&_nc_sid=5e03e0 thumbnail_height_width_ratio=1.7777778 is_animated_sticker=0 file_hash=TRXXyOWrVkNqFPHpEATogQ8WggIVfR4SD9wPoFivwag= file_path=Media/.Statuses/f0b137aa1164471c8fbe262821540233.mp4 file_size=2753793 partial_media_hash=null face_x=0 face_y=0 height=1024 trim_to=0 media_key_timestamp=1710451022000 message_url=https://mmg.whatsapp.net/v/t62.7161- 24/30774500_1608561623296427_2346119501129642415_n.enc?ccb=11- 4&oh=01_AdQEW4aTHvCE6agrfd8MApqflCXhks8X7I2TwS5_1sNEbA&oe=661ADB93&_nc_sid=5e03e0&m ms3=true media_caption=null trim_from=0 mime_type=video/mp4 partial_media_enc_hash=null width=576 original_file_hash=null has_streaming_sidecar=1 autotransfer_retry_enabled=1 media_upload_handle=null message_row_id=220 multicast_id=null enc_file_hash=phni/NNBw7xtfdaby8NTKbDsu1u/JnGVNEuf6od38rY= mute_video=0 page_count=0 first_scan_sidecar=null suspicious_content=0 file_length=2753793 media_name=null media_duration=18 chat_row_id=27 media_key=[B@13df7fe
03-15 05:06:59.321 29999 30046 E SQLiteDatabase: android.database.sqlite.SQLiteConstraintException: UNIQUE constraint failed: message_media.message_row_id (code 1555 SQLITE_CONSTRAINT_PRIMARYKEY)
03-15 05:06:59.321 29999 30046 E SQLiteDatabase: at android.database.sqlite.SQLiteConnection.nativeExecuteForLastInsertedRowId(Native Method)
03-15 05:06:59.321 29999 30046 E SQLiteDatabase: at android.database.sqlite.SQLiteConnection.executeForLastInsertedRowId(SQLiteConnecti on.java:967)
03-15 05:06:59.321 29999 30046 E SQLiteDatabase: at android.database.sqlite.SQLiteSession.executeForLastInsertedRowId(SQLiteSession.jav a:790)
03-15 05:06:59.321 29999 30046 E SQLiteDatabase: at android.database.sqlite.SQLiteStatement.executeInsert(SQLiteStatement.java:89)
03-15 05:06:59.321 29999 30046 E SQLiteDatabase: at android.database.sqlite.SQLiteDatabase.insertWithOnConflict(SQLiteDatabase.java:186 8)
03-15 05:06:59.321 29999 30046 E SQLiteDatabase: at android.database.sqlite.SQLiteDatabase.insert(SQLiteDatabase.java:1737)
03-15 05:06:59.321 29999 30046 E SQLiteDatabase: at X.2tm.A08(Unknown Source:6)
03-15 05:06:59.321 29999 30046 E SQLiteDatabase: at X.35Y.A07(Unknown Source:212)
03-15 05:06:59.321 29999 30046 E SQLiteDatabase: at X.3QF.A14(Unknown Source:470)
03-15 05:06:59.321 29999 30046 E SQLiteDatabase: at X.3gU.run(Unknown Source:982)
03-15 05:06:59.321 29999 30046 E SQLiteDatabase: at android.os.Handler.handleCallback(Handler.java:942)
03-15 05:06:59.321 29999 30046 E SQLiteDatabase: at android.os.Handler.dispatchMessage(Handler.java:99)
03-15 05:06:59.321 29999 30046 E SQLiteDatabase: at X.0zq.dispatchMessage(Unknown Source:4)
03-15 05:06:59.321 29999 30046 E SQLiteDatabase: at android.os.Looper.loopOnce(Looper.java:240)
03-15 05:06:59.321 29999 30046 E SQLiteDatabase: at android.os.Looper.loop(Looper.java:351)
03-15 05:06:59.321 29999 30046 E SQLiteDatabase: at android.os.HandlerThread.run(HandlerThread.java:67)
03-15 05:06:59.618 29999 30060 E FrameEvents: updateAcquireFence: Did not find frame.
03-15 05:06:59.728 29999 29999 W ResourceType: Bad XML block: header size 18254 or total size 169478669 is larger than data size 380
03-15 05:06:59.731 29999 29999 W ResourceType: Bad XML block: header size 18254 or total size 169478669 is larger than data size 633
03-15 05:06:59.739 29999 29999 W ResourceType: Bad XML block: header size 18254 or total size 169478669 is larger than data size 677
03-15 05:06:59.742 29999 29999 W ResourceType: Bad XML block: header size 18254 or total size 169478669 is larger than data size 248
03-15 05:06:59.748 29999 29999 W ResourceType: Bad XML block: header size 18254 or total size 169478669 is larger than data size 571
03-15 05:06:59.753 29999 29999 W ResourceType: Bad XML block: header size 18254 or total size 169478669 is larger than data size 333
03-15 05:06:59.756 29999 29999 W ResourceType: Bad XML block: header size 18254 or total size 169478669 is larger than data size 650
03-15 05:06:59.759 29999 29999 W ResourceType: Bad XML block: header size 18254 or total size 169478669 is larger than data size 1150
03-15 05:06:59.762 29999 29999 W ResourceType: Bad XML block: header size 18254 or total size 169478669 is larger than data size 491
03-15 05:06:59.764 29999 29999 W ResourceType: Bad XML block: header size 18254 or total size 169478669 is larger than data size 1150
03-15 05:06:59.767 29999 29999 W ResourceType: Bad XML block: header size 18254 or total size 169478669 is larger than data size 659
03-15 05:06:59.770 29999 29999 W ResourceType: Bad XML block: header size 18254 or total size 169478669 is larger than data size 593
03-15 05:06:59.777 29999 29999 W ResourceType: Bad XML block: header size 18254 or total size 169478669 is larger than data size 1171
03-15 05:06:59.779 29999 29999 W ResourceType: Bad XML block: header size 18254 or total size 169478669 is larger than data size 510
03-15 05:06:59.798 29999 29999 W ResourceType: Bad XML block: header size 18254 or total size 169478669 is larger than data size 853
03-15 05:06:59.841 29999 29999 W ResourceType: Bad XML block: header size 18254 or total size 169478669 is larger than data size 650
03-15 05:06:59.867 29999 29999 E OplusBracketLog: [OplusViewMirrorManager] updateHostViewRootIfNeeded, not support android.view.ViewRootImpl@f85de1f
03-15 05:06:59.899 29999 29999 W View : requestLayout() improperly called by android.widget.Space{e343d3b I.ED..... ......I. 36,108-48,120 #7f0b00ba app:id/action_tile_spacing viewInfo = } during layout: running second layout pass
03-15 05:06:59.899 29999 29999 W View : requestLayout() improperly called by android.widget.Space{d883c58 I.ED..... ......I. 36,108-48,120 #7f0b00ba app:id/action_tile_spacing viewInfo = } during layout: running second layout pass
03-15 05:06:59.899 29999 29999 W View : requestLayout() improperly called by android.widget.Space{974b1b1 I.ED..... ......I. 36,108-48,120 #7f0b00ba app:id/action_tile_spacing viewInfo = } during layout: running second layout pass
03-15 05:07:00.015 29999 30060 W Parcel : Expecting binder but got null!
03-15 05:07:00.352 29999 29999 W ResourceType: Bad XML block: header size 18254 or total size 169478669 is larger than data size 853
03-15 05:07:00.983 29999 29999 E OplusBracketLog: [OplusViewMirrorManager] updateHostViewRootIfNeeded, not support android.view.ViewRootImpl@2f27f49
03-15 05:07:00.993 29999 29999 E IPCThreadState: attemptIncStrongHandle(92): Not supported
03-15 05:07:00.993 29999 29999 E IPCThreadState: attemptIncStrongHandle(78): Not supported
03-15 05:07:00.993 29999 29999 E IPCThreadState: attemptIncStrongHandle(162): Not supported
03-15 05:07:01.028 29999 30060 W Parcel : Expecting binder but got null!
03-15 05:07:02.034 29999 29999 E OplusBracketLog: [OplusViewMirrorManager] updateHostViewRootIfNeeded, not support android.view.ViewRootImpl@6300e08
03-15 05:07:02.091 29999 30060 W Parcel : Expecting binder but got null!
03-15 05:07:03.082 29999 29999 E OplusBracketLog: [OplusViewMirrorManager] updateHostViewRootIfNeeded, not support android.view.ViewRootImpl@783778
03-15 05:07:03.091 29999 29999 E IPCThreadState: attemptIncStrongHandle(133): Not supported
03-15 05:07:03.091 29999 29999 E IPCThreadState: attemptIncStrongHandle(140): Not supported
03-15 05:07:03.102 29999 30060 W Parcel : Expecting binder but got null!
03-15 05:07:03.122 29999 29999 W OnBackInvokedCallback: OnBackInvokedCallback is not enabled for the application.
03-15 05:07:03.122 29999 29999 W OnBackInvokedCallback: Set 'android:enableOnBackInvokedCallback="true"' in the application manifest.
03-15 05:07:04.274 29999 29999 W RemoteInputConnectionImpl: requestCursorAnchorInfo on inactive InputConnection
03-15 05:07:04.278 29999 29999 E OplusBracketLog: [OplusViewMirrorManager] updateHostViewRootIfNeeded, not support android.view.ViewRootImpl@12a314a
03-15 05:07:04.289 29999 29999 E IPCThreadState: attemptIncStrongHandle(146): Not supported
03-15 05:07:04.305 29999 30060 W Parcel : Expecting binder but got null!
03-15 05:07:04.342 29999 29999 W OnBackInvokedCallback: OnBackInvokedCallback is not enabled for the application.
03-15 05:07:04.342 29999 29999 W OnBackInvokedCallback: Set 'android:enableOnBackInvokedCallback="true"' in the application manifest.
03-15 05:07:06.144 29999 29999 W RemoteInputConnectionImpl: requestCursorAnchorInfo on inactive InputConnection
03-15 05:07:06.150 29999 29999 E OplusBracketLog: [OplusViewMirrorManager] updateHostViewRootIfNeeded, not support android.view.ViewRootImpl@2bafc05
03-15 05:07:06.160 29999 29999 E IPCThreadState: attemptIncStrongHandle(148): Not supported
03-15 05:07:06.172 29999 30060 W Parcel : Expecting binder but got null!
03-15 05:07:06.225 29999 29999 W OnBackInvokedCallback: OnBackInvokedCallback is not enabled for the application.
03-15 05:07:06.225 29999 29999 W OnBackInvokedCallback: Set 'android:enableOnBackInvokedCallback="true"' in the application manifest.
03-15 05:07:09.253 29999 29999 E IPCThreadState: attemptIncStrongHandle(153): Not supported
03-15 05:07:09.329 29999 29999 W OnBackInvokedCallback: OnBackInvokedCallback is not enabled for the application.
03-15 05:07:09.329 29999 29999 W OnBackInvokedCallback: Set 'android:enableOnBackInvokedCallback="true"' in the application manifest.
03-15 05:07:09.360 29999 29999 W RemoteInputConnectionImpl: requestCursorAnchorInfo on inactive InputConnection
03-15 05:07:10.031 29999 29999 W ResourceType: Bad XML block: header size 18254 or total size 169478669 is larger than data size 650
03-15 05:07:10.045 29999 29999 W ResourceType: Bad XML block: header size 18254 or total size 169478669 is larger than data size 650
03-15 05:07:10.107 29999 30249 W PermissionInjector: applyBatch in invalid type: 2
03-15 05:07:10.161 29999 29999 W ResourceType: Bad XML block: header size 18254 or total size 169478669 is larger than data size 650
03-15 05:07:10.338 29999 29999 W ResourceType: Bad XML block: header size 18254 or total size 169478669 is larger than data size 650
03-15 05:07:10.835 29999 29999 E IPCThreadState: attemptIncStrongHandle(143): Not supported
03-15 05:07:12.540 29999 30456 W Codec2Client: query -- param skipped: index = 1342179345.
03-15 05:07:12.540 29999 30456 W Codec2Client: query -- param skipped: index = 2415921170.
03-15 05:07:12.540 29999 30456 W Codec2Client: query -- param skipped: index = 1610614798.
03-15 05:07:12.544 29999 30474 W Codec2Client: query -- param skipped: index = 1342179345.
03-15 05:07:12.544 29999 30474 W Codec2Client: query -- param skipped: index = 2415921170.
03-15 05:07:12.544 29999 30474 W Codec2Client: query -- param skipped: index = 1610614798.
03-15 05:07:13.512 29999 29999 E OplusBracketLog: [OplusViewMirrorManager] updateHostViewRootIfNeeded, not support android.view.ViewRootImpl@bb0a260
03-15 05:07:13.527 29999 29999 E IPCThreadState: attemptIncStrongHandle(37): Not supported
03-15 05:07:13.527 29999 29999 E IPCThreadState: attemptIncStrongHandle(158): Not supported
03-15 05:07:13.541 29999 30060 W Parcel : Expecting binder but got null!
03-15 05:07:14.656 29999 29999 E IPCThreadState: attemptIncStrongHandle(173): Not supported
03-15 05:07:20.769 29999 29999 E OplusBracketLog: [OplusViewMirrorManager] updateHostViewRootIfNeeded, not support android.view.ViewRootImpl@ca27d53
03-15 05:07:20.774 29999 29999 W Chip : Chip text must be vertically center and start aligned
03-15 05:07:20.775 29999 29999 W Chip : Chip text must be vertically center and start aligned
03-15 05:07:20.783 29999 29999 W Chip : Chip text must be vertically center and start aligned
03-15 05:07:20.784 29999 29999 W Chip : Chip text must be vertically center and start aligned
03-15 05:07:20.787 29999 29999 W Chip : Chip text must be vertically center and start aligned
03-15 05:07:20.788 29999 29999 W Chip : Chip text must be vertically center and start aligned
03-15 05:07:20.791 29999 29999 W Chip : Chip text must be vertically center and start aligned
03-15 05:07:20.791 29999 29999 W Chip : Chip text must be vertically center and start aligned
03-15 05:07:20.795 29999 29999 W Chip : Chip text must be vertically center and start aligned
03-15 05:07:20.795 29999 29999 W Chip : Chip text must be vertically center and start aligned
03-15 05:07:20.816 29999 29999 E IPCThreadState: attemptIncStrongHandle(102): Not supported
03-15 05:07:20.848 29999 30060 W Parcel : Expecting binder but got null!
03-15 05:07:22.120 29999 29999 E IPCThreadState: attemptIncStrongHandle(76): Not supported
03-15 05:07:28.967 29999 29999 W Choreographer: Already have a pending vsync event. There should only be one at a time.
03-15 05:07:29.013 29999 29999 W Choreographer: Already have a pending vsync event. There should only be one at a time.
03-15 05:07:29.048 29999 29999 W Choreographer: Already have a pending vsync event. There should only be one at a time.
03-15 05:07:29.125 29999 29999 W Choreographer: Already have a pending vsync event. There should only be one at a time.
03-15 05:07:31.566 29999 29999 E ArmVmp : Match on catch block at 0x0a in for 0x191
03-15 05:07:31.570 29999 29999 E ArmVmp : Match on catch block at 0x0a in for 0x189
03-15 05:07:31.627 29999 29999 E OplusBracketLog: [OplusViewMirrorManager] updateHostViewRootIfNeeded, not support android.view.ViewRootImpl@914313b
03-15 05:07:31.652 29999 29999 E IPCThreadState: attemptIncStrongHandle(132): Not supported
03-15 05:07:31.700 29999 29999 E ArmVmp : Match on catch block at 0xc3 in for 0x165
03-15 05:07:31.703 29999 29999 E ArmVmp : Match on catch block at 0xc3 in for 0x179
03-15 05:07:31.725 29999 30060 W Parcel : Expecting binder but got null!
03-15 05:07:31.755 29999 29999 E ArmVmp : Match on catch block at 0xc3 in for 0x151
03-15 05:07:31.757 29999 29999 E ArmVmp : Match on catch block at 0xc3 in for 0x14d
03-15 05:07:31.787 29999 29999 E ArmVmp : Match on catch block at 0xc3 in for 0x145
03-15 05:07:31.790 29999 29999 E ArmVmp : Match on catch block at 0xc3 in for 0x141
03-15 05:07:31.810 29999 29999 E ArmVmp : Match on catch block at 0xc3 in for 0x155
03-15 05:07:31.812 29999 29999 E ArmVmp : Match on catch block at 0xc3 in for 0x151
03-15 05:07:31.825 29999 29999 E ArmVmp : Match on catch block at 0xc3 in for 0x151
03-15 05:07:31.828 29999 29999 E ArmVmp : Match on catch block at 0xc3 in for 0x14d
03-15 05:07:31.838 29999 29999 E ArmVmp : Match on catch block at 0xc3 in for 0x14d
03-15 05:07:31.841 29999 29999 E ArmVmp : Match on catch block at 0xc3 in for 0x149
03-15 05:07:31.854 29999 29999 E ArmVmp : Match on catch block at 0xc3 in for 0x149
03-15 05:07:31.858 29999 29999 E ArmVmp : Match on catch block at 0xc3 in for 0x145
03-15 05:07:31.903 29999 29999 E ArmVmp : Match on catch block at 0xc3 in for 0x151
03-15 05:07:31.906 29999 29999 E ArmVmp : Match on catch block at 0xc3 in for 0x14d
03-15 05:07:31.920 29999 29999 E ArmVmp : Match on catch block at 0xc3 in for 0x155
03-15 05:07:31.923 29999 29999 E ArmVmp : Match on catch block at 0xc3 in for 0x151
03-15 05:07:31.937 29999 29999 E ArmVmp : Match on catch block at 0xc3 in for 0x159
03-15 05:07:31.940 29999 29999 E ArmVmp : Match on catch block at 0xc3 in for 0x155
03-15 05:07:31.954 29999 29999 E ArmVmp : Match on catch block at 0xc3 in for 0x141
03-15 05:07:31.957 29999 29999 E ArmVmp : Match on catch block at 0xc3 in for 0x159
03-15 05:07:31.971 29999 29999 E ArmVmp : Match on catch block at 0xc3 in for 0x145
03-15 05:07:31.976 29999 29999 E ArmVmp : Match on catch block at 0xc3 in for 0x141
03-15 05:07:31.987 29999 29999 E ArmVmp : Match on catch block at 0xc3 in for 0x149
03-15 05:07:31.991 29999 29999 E ArmVmp : Match on catch block at 0xc3 in for 0x145
03-15 05:07:32.004 29999 29999 E ArmVmp : Match on catch block at 0xc3 in for 0x14d
03-15 05:07:32.008 29999 29999 E ArmVmp : Match on catch block at 0xc3 in for 0x149
03-15 05:07:32.394 29999 29999 E ArmVmp : Match on catch block at 0xc3 in for 0x149
03-15 05:07:32.405 29999 29999 E ArmVmp : Match on catch block at 0xc3 in for 0x145
03-15 05:07:32.530 29999 29999 E ArmVmp : Match on catch block at 0xc3 in for 0x159
03-15 05:07:32.535 29999 29999 E ArmVmp : Match on catch block at 0xc3 in for 0x155
03-15 05:07:32.568 29999 29999 W OnBackInvokedCallback: OnBackInvokedCallback is not enabled for the application.
03-15 05:07:32.568 29999 29999 W OnBackInvokedCallback: Set 'android:enableOnBackInvokedCallback="true"' in the application manifest.
03-15 05:07:32.625 29999 29999 E ArmVmp : Match on catch block at 0xc3 in for 0x141
03-15 05:07:32.628 29999 29999 E ArmVmp : Match on catch block at 0xc3 in for 0x159
03-15 05:07:32.637 29999 29999 E ArmVmp : Match on catch block at 0xc3 in for 0x145
03-15 05:07:32.640 29999 29999 E ArmVmp : Match on catch block at 0xc3 in for 0x141
03-15 05:07:32.885 29999 29999 E ArmVmp : Match on catch block at 0xc3 in for 0x149
03-15 05:07:32.889 29999 29999 E ArmVmp : Match on catch block at 0xc3 in for 0x145
03-15 05:07:33.386 29999 29999 E ArmVmp : Match on catch block at 0xc3 in for 0x14d
03-15 05:07:33.389 29999 29999 E ArmVmp : Match on catch block at 0xc3 in for 0x149
03-15 05:07:33.449 29999 29999 E ArmVmp : Match on catch block at 0xc3 in for 0x14d
03-15 05:07:33.453 29999 29999 E ArmVmp : Match on catch block at 0xc3 in for 0x149
03-15 05:07:33.468 29999 29999 E ArmVmp : Match on catch block at 0xc3 in for 0x149
03-15 05:07:33.472 29999 29999 E ArmVmp : Match on catch block at 0xc3 in for 0x145
03-15 05:07:33.485 29999 29999 E ArmVmp : Match on catch block at 0xc3 in for 0x14d
03-15 05:07:33.489 29999 29999 E ArmVmp : Match on catch block at 0xc3 in for 0x149
03-15 05:07:33.503 29999 29999 E ArmVmp : Match on catch block at 0xc3 in for 0x151
03-15 05:07:33.508 29999 29999 E ArmVmp : Match on catch block at 0xc3 in for 0x14d
03-15 05:07:33.519 29999 29999 E ArmVmp : Match on catch block at 0xc3 in for 0x155
03-15 05:07:33.524 29999 29999 E ArmVmp : Match on catch block at 0xc3 in for 0x151
03-15 05:07:33.535 29999 29999 E ArmVmp : Match on catch block at 0xc3 in for 0x159
03-15 05:07:33.541 29999 29999 E ArmVmp : Match on catch block at 0xc3 in for 0x155
03-15 05:07:33.551 29999 29999 E ArmVmp : Match on catch block at 0xc3 in for 0x141
03-15 05:07:33.556 29999 29999 E ArmVmp : Match on catch block at 0xc3 in for 0x159
03-15 05:07:33.572 29999 29999 E ArmVmp : Match on catch block at 0xc3 in for 0x145
03-15 05:07:33.577 29999 29999 E ArmVmp : Match on catch block at 0xc3 in for 0x141
03-15 05:07:33.601 29999 29999 E ArmVmp : Match on catch block at 0xc3 in for 0x149
03-15 05:07:33.606 29999 29999 E ArmVmp : Match on catch block at 0xc3 in for 0x145
03-15 05:07:33.618 29999 29999 E ArmVmp : Match on catch block at 0xc3 in for 0x14d
03-15 05:07:33.623 29999 29999 E ArmVmp : Match on catch block at 0xc3 in for 0x149
03-15 05:07:33.635 29999 29999 E ArmVmp : Match on catch block at 0xc3 in for 0x151
03-15 05:07:33.640 29999 29999 E ArmVmp : Match on catch block at 0xc3 in for 0x14d
03-15 05:07:33.669 29999 29999 E ArmVmp : Match on catch block at 0xc3 in for 0x141
03-15 05:07:33.675 29999 29999 E ArmVmp : Match on catch block at 0xc3 in for 0x159
03-15 05:07:33.836 29999 29999 E ArmVmp : Match on catch block at 0xc3 in for 0x14d
03-15 05:07:33.842 29999 29999 E ArmVmp : Match on catch block at 0xc3 in for 0x149
03-15 05:07:34.020 29999 29999 E ArmVmp : Match on catch block at 0xc3 in for 0x159
03-15 05:07:34.026 29999 29999 E ArmVmp : Match on catch block at 0xc3 in for 0x155
03-15 05:07:34.532 29999 29999 E ArmVmp : Match on catch block at 0xc3 in for 0x141
03-15 05:07:34.534 29999 29999 E ArmVmp : Match on catch block at 0xc3 in for 0x159
03-15 05:07:34.552 29999 29999 E ArmVmp : Match on catch block at 0xc3 in for 0x14d
03-15 05:07:34.561 29999 29999 E ArmVmp : Match on catch block at 0xc3 in for 0x149
03-15 05:07:34.819 29999 29999 E ArmVmp : Match on catch block at 0xc3 in for 0x145
03-15 05:07:34.826 29999 29999 E ArmVmp : Match on catch block at 0xc3 in for 0x141
03-15 05:07:34.967 29999 29999 E ArmVmp : Match on catch block at 0xc3 in for 0x151
03-15 05:07:34.974 29999 29999 E ArmVmp : Match on catch block at 0xc3 in for 0x14d
03-15 05:07:35.168 29999 29999 E ArmVmp : Match on catch block at 0xc3 in for 0x141
03-15 05:07:35.174 29999 29999 E ArmVmp : Match on catch block at 0xc3 in for 0x159
03-15 05:07:35.318 29999 29999 E ArmVmp : Match on catch block at 0xc3 in for 0x14d
03-15 05:07:35.323 29999 29999 E ArmVmp : Match on catch block at 0xc3 in for 0x149
03-15 05:07:35.367 29999 29999 E ArmVmp : Match on catch block at 0xc3 in for 0x159
03-15 05:07:35.372 29999 29999 E ArmVmp : Match on catch block at 0xc3 in for 0x155
03-15 05:07:35.869 29999 29999 E ArmVmp : Match on catch block at 0xc3 in for 0x141
03-15 05:07:35.880 29999 29999 E ArmVmp : Match on catch block at 0xc3 in for 0x159
03-15 05:07:36.094 29999 29999 E ArmVmp : Match on catch block at 0xc3 in for 0x14d
03-15 05:07:36.098 29999 29999 E ArmVmp : Match on catch block at 0xc3 in for 0x149
03-15 05:07:36.593 29999 29999 E ArmVmp : Match on catch block at 0xc3 in for 0x151
03-15 05:07:36.597 29999 29999 E ArmVmp : Match on catch block at 0xc3 in for 0x14d
03-15 05:07:36.612 29999 29999 E ArmVmp : Match on catch block at 0xc3 in for 0x14d
03-15 05:07:36.615 29999 29999 E ArmVmp : Match on catch block at 0xc3 in for 0x149
03-15 05:07:36.717 29999 29999 E ArmVmp : Match on catch block at 0xc3 in for 0x159
03-15 05:07:36.729 29999 29999 E ArmVmp : Match on catch block at 0xc3 in for 0x155
03-15 05:07:36.899 29999 29999 E ArmVmp : Match on catch block at 0xc3 in for 0x149
03-15 05:07:36.910 29999 29999 E ArmVmp : Match on catch block at 0xc3 in for 0x145
03-15 05:07:37.175 29999 29999 E ArmVmp : Match on catch block at 0xc3 in for 0x155
03-15 05:07:37.179 29999 29999 E ArmVmp : Match on catch block at 0xc3 in for 0x151
03-15 05:07:37.541 29999 29999 E ArmVmp : Match on catch block at 0xc3 in for 0x145
03-15 05:07:37.544 29999 29999 E ArmVmp : Match on catch block at 0xc3 in for 0x141
03-15 05:07:37.762 29999 29999 E ArmVmp : Match on catch block at 0xc3 in for 0x151
03-15 05:07:37.771 29999 29999 E ArmVmp : Match on catch block at 0xc3 in for 0x14d
03-15 05:07:37.888 29999 29999 E ArmVmp : Match on catch block at 0xc3 in for 0x159
03-15 05:07:37.900 29999 29999 E ArmVmp : Match on catch block at 0xc3 in for 0x155
03-15 05:07:37.961 29999 29999 E ArmVmp : Match on catch block at 0xc3 in for 0x14d
03-15 05:07:37.969 29999 29999 E ArmVmp : Match on catch block at 0xc3 in for 0x149
03-15 05:07:38.020 29999 29999 E ArmVmp : Match on catch block at 0xc3 in for 0x155
03-15 05:07:38.027 29999 29999 E ArmVmp : Match on catch block at 0xc3 in for 0x151
03-15 05:07:38.083 29999 29999 E ArmVmp : Match on catch block at 0xc3 in for 0x14d
03-15 05:07:38.090 29999 29999 E ArmVmp : Match on catch block at 0xc3 in for 0x149
03-15 05:07:38.121 29999 29999 E ArmVmp : Match on catch block at 0xc3 in for 0x155
03-15 05:07:38.126 29999 29999 E ArmVmp : Match on catch block at 0xc3 in for 0x151
03-15 05:07:38.153 29999 29999 E ArmVmp : Match on catch block at 0xc3 in for 0x151
03-15 05:07:38.159 29999 29999 E ArmVmp : Match on catch block at 0xc3 in for 0x14d
03-15 05:07:38.174 29999 29999 E ArmVmp : Match on catch block at 0xc3 in for 0x155
03-15 05:07:38.182 29999 29999 E ArmVmp : Match on catch block at 0xc3 in for 0x151
03-15 05:07:38.375 29999 29999 E ArmVmp : Match on catch block at 0xc3 in for 0x14d
03-15 05:07:38.378 29999 29999 E ArmVmp : Match on catch block at 0xc3 in for 0x149
03-15 05:07:38.386 29999 30074 W MediaPlayer: Use of stream types is deprecated for operations other than volume control
03-15 05:07:38.386 29999 30074 W MediaPlayer: See the documentation of setAudioStreamType() for what to use instead with android.media.AudioAttributes to qualify your playback use case
03-15 05:07:38.438 29999 29999 E ArmVmp : Match on catch block at 0xc3 in for 0x149
03-15 05:07:38.442 29999 29999 E ArmVmp : Match on catch block at 0xc3 in for 0x145
03-15 05:07:38.463 29999 29999 E ArmVmp : Match on catch block at 0xc3 in for 0x14d
03-15 05:07:38.466 29999 29999 E ArmVmp : Match on catch block at 0xc3 in for 0x149
03-15 05:07:38.476 29999 29999 E ArmVmp : Match on catch block at 0xc3 in for 0x151
03-15 05:07:38.481 29999 29999 E ArmVmp : Match on catch block at 0xc3 in for 0x14d
03-15 05:07:38.523 29999 29999 E ArmVmp : Match on catch block at 0xc3 in for 0x14d
03-15 05:07:38.526 29999 29999 E ArmVmp : Match on catch block at 0xc3 in for 0x149
03-15 05:07:38.589 29999 29999 E ArmVmp : Match on catch block at 0xc3 in for 0x149
03-15 05:07:38.594 29999 29999 E ArmVmp : Match on catch block at 0xc3 in for 0x145
03-15 05:07:38.679 29999 29999 E IPCThreadState: attemptIncStrongHandle(37): Not supported
03-15 05:07:38.733 29999 29999 E ArmVmp : Match on catch block at 0xc3 in for 0x159
03-15 05:07:38.738 29999 29999 E ArmVmp : Match on catch block at 0xc3 in for 0x155
03-15 05:07:38.794 29999 29999 E ArmVmp : Match on catch block at 0xc3 in for 0x145
03-15 05:07:38.802 29999 29999 E ArmVmp : Match on catch block at 0xc3 in for 0x141
03-15 05:07:38.886 29999 29999 E ArmVmp : Match on catch block at 0xc3 in for 0x155
03-15 05:07:38.890 29999 29999 E ArmVmp : Match on catch block at 0xc3 in for 0x151
03-15 05:07:38.905 29999 29999 E ArmVmp : Match on catch block at 0xc3 in for 0x149
03-15 05:07:38.908 29999 29999 E ArmVmp : Match on catch block at 0xc3 in for 0x145
03-15 05:07:39.314 29999 29999 E ArmVmp : Match on catch block at 0xc3 in for 0x149
03-15 05:07:39.321 29999 29999 E ArmVmp : Match on catch block at 0xc3 in for 0x145
03-15 05:07:46.319 29999 29999 E OplusBracketLog: [OplusViewMirrorManager] updateHostViewRootIfNeeded, not support android.view.ViewRootImpl@a7ef4b6
03-15 05:07:46.333 29999 29999 E IPCThreadState: attemptIncStrongHandle(109): Not supported
03-15 05:07:46.346 29999 30060 W Parcel : Expecting binder but got null!
03-15 05:07:47.897 29999 29999 E IPCThreadState: attemptIncStrongHandle(143): Not supported
03-15 05:07:49.429 29999 29999 E OplusBracketLog: [OplusViewMirrorManager] updateHostViewRootIfNeeded, not support android.view.ViewRootImpl@2ec99cd
03-15 05:07:49.452 29999 29999 E IPCThreadState: attemptIncStrongHandle(147): Not supported
03-15 05:07:49.522 29999 30060 W Parcel : Expecting binder but got null!
03-15 05:07:51.694 29999 29999 E OplusBracketLog: [OplusViewMirrorManager] updateHostViewRootIfNeeded, not support android.view.ViewRootImpl@23c6e90
03-15 05:07:51.712 29999 29999 E IPCThreadState: attemptIncStrongHandle(150): Not supported
03-15 05:07:51.742 29999 30060 W Parcel : Expecting binder but got null!
03-15 05:07:55.618 29999 29999 E OplusBracketLog: [OplusViewMirrorManager] updateHostViewRootIfNeeded, not support android.view.ViewRootImpl@8142536
03-15 05:07:55.626 29999 29999 E IPCThreadState: attemptIncStrongHandle(152): Not supported
03-15 05:07:55.637 29999 30060 W Parcel : Expecting binder but got null!
03-15 07:08:44.744 29999 30008 W com.mbwhatsapp: Reducing the number of considered missed Gc histogram windows from 628 to 100
03-15 07:11:50.528 29999 29999 E IPCThreadState: attemptIncStrongHandle(96): Not supported
03-15 07:11:50.528 29999 29999 E IPCThreadState: attemptIncStrongHandle(110): Not supported
03-15 07:11:56.955 29999 30046 E SQLiteDatabase: Error inserting transferred=0 media_job_uuid=11f87369-aa9d-4b80-892a-fb1d90c1c454 transcoded=0 gif_attribution=0 first_scan_length=0 direct_path= thumbnail_height_width_ratio=1.7777778 is_animated_sticker=0 file_hash=cH8IA38X0Su6l7gOPt2hDNPVBkIB+AcDvM6mLvwfRhA= file_path=null file_size=0 partial_media_hash=null face_x=0 face_y=0 height=0 trim_to=0 media_key_timestamp=0 message_url=https://static.whatsapp.net/downloadable? category=PSA&id=906152962809726914&num=f28ef44d-ddf3-4b75-8901- c270539ac891&_nc_cat=1 media_caption=null trim_from=0 mime_type=video/mp4 partial_media_enc_hash=null width=0 original_file_hash=null has_streaming_sidecar=0 autotransfer_retry_enabled=0 media_upload_handle=null message_row_id=229 multicast_id=null enc_file_hash=rpe5npqGi9EGbbO/lpbQTNI2/jIqeIQwZ3IMLqKf2Bs= mute_video=0 page_count=0 first_scan_sidecar=null suspicious_content=0 file_length=2360381 media_name=null media_duration=9 chat_row_id=27 media_key=[B@570dfc8
03-15 07:11:56.955 29999 30046 E SQLiteDatabase: android.database.sqlite.SQLiteConstraintException: UNIQUE constraint failed: message_media.message_row_id (code 1555 SQLITE_CONSTRAINT_PRIMARYKEY)
03-15 07:11:56.955 29999 30046 E SQLiteDatabase: at android.database.sqlite.SQLiteConnection.nativeExecuteForLastInsertedRowId(Native Method)
03-15 07:11:56.955 29999 30046 E SQLiteDatabase: at android.database.sqlite.SQLiteConnection.executeForLastInsertedRowId(SQLiteConnecti on.java:967)
03-15 07:11:56.955 29999 30046 E SQLiteDatabase: at android.database.sqlite.SQLiteSession.executeForLastInsertedRowId(SQLiteSession.jav a:790)
03-15 07:11:56.955 29999 30046 E SQLiteDatabase: at android.database.sqlite.SQLiteStatement.executeInsert(SQLiteStatement.java:89)
03-15 07:11:56.955 29999 30046 E SQLiteDatabase: at android.database.sqlite.SQLiteDatabase.insertWithOnConflict(SQLiteDatabase.java:186 8)
03-15 07:11:56.955 29999 30046 E SQLiteDatabase: at android.database.sqlite.SQLiteDatabase.insert(SQLiteDatabase.java:1737)
03-15 07:11:56.955 29999 30046 E SQLiteDatabase: at X.2tm.A08(Unknown Source:6)
03-15 07:11:56.955 29999 30046 E SQLiteDatabase: at X.35Y.A07(Unknown Source:212)
03-15 07:11:56.955 29999 30046 E SQLiteDatabase: at X.3QF.A14(Unknown Source:470)
03-15 07:11:56.955 29999 30046 E SQLiteDatabase: at X.3gU.run(Unknown Source:982)
03-15 07:11:56.955 29999 30046 E SQLiteDatabase: at android.os.Handler.handleCallback(Handler.java:942)
03-15 07:11:56.955 29999 30046 E SQLiteDatabase: at android.os.Handler.dispatchMessage(Handler.java:99)
03-15 07:11:56.955 29999 30046 E SQLiteDatabase: at X.0zq.dispatchMessage(Unknown Source:4)
03-15 07:11:56.955 29999 30046 E SQLiteDatabase: at android.os.Looper.loopOnce(Looper.java:240)
03-15 07:11:56.955 29999 30046 E SQLiteDatabase: at android.os.Looper.loop(Looper.java:351)
03-15 07:11:56.955 29999 30046 E SQLiteDatabase: at android.os.HandlerThread.run(HandlerThread.java:67)
03-15 07:11:56.958 29999 30046 E SQLiteDatabase: Error inserting transferred=0 media_job_uuid=47e023bf-a35a-4080-b5fb-f7337323c79f transcoded=0 gif_attribution=0 first_scan_length=0 direct_path= thumbnail_height_width_ratio=1.7777778 is_animated_sticker=0 file_hash=vxvzWlufILYwafbk/yOZt49DsEZwJeyOxVaqDqLzHMk= file_path=null file_size=0 partial_media_hash=null face_x=0 face_y=0 height=0 trim_to=0 media_key_timestamp=0 message_url=https://static.whatsapp.net/downloadable? category=PSA&id=323203628031916969&num=90c2c480-5803-4a0b-bb82- a28f988e97b6&_nc_cat=1 media_caption=null trim_from=0 mime_type=video/mp4 partial_media_enc_hash=null width=0 original_file_hash=null has_streaming_sidecar=0 autotransfer_retry_enabled=0 media_upload_handle=null message_row_id=231 multicast_id=null enc_file_hash=Fwima5x/qhC0kqkMOIB7Eibrm1A8wxGMeHRq2IVl+uU= mute_video=0 page_count=0 first_scan_sidecar=null suspicious_content=0 file_length=2350623 media_name=null media_duration=6 chat_row_id=27 media_key=[B@983074
03-15 07:11:56.958 29999 30046 E SQLiteDatabase: android.database.sqlite.SQLiteConstraintException: UNIQUE constraint failed: message_media.message_row_id (code 1555 SQLITE_CONSTRAINT_PRIMARYKEY)
03-15 07:11:56.958 29999 30046 E SQLiteDatabase: at android.database.sqlite.SQLiteConnection.nativeExecuteForLastInsertedRowId(Native Method)
03-15 07:11:56.958 29999 30046 E SQLiteDatabase: at android.database.sqlite.SQLiteConnection.executeForLastInsertedRowId(SQLiteConnecti on.java:967)
03-15 07:11:56.958 29999 30046 E SQLiteDatabase: at android.database.sqlite.SQLiteSession.executeForLastInsertedRowId(SQLiteSession.jav a:790)
03-15 07:11:56.958 29999 30046 E SQLiteDatabase: at android.database.sqlite.SQLiteStatement.executeInsert(SQLiteStatement.java:89)
03-15 07:11:56.958 29999 30046 E SQLiteDatabase: at android.database.sqlite.SQLiteDatabase.insertWithOnConflict(SQLiteDatabase.java:186 8)
03-15 07:11:56.958 29999 30046 E SQLiteDatabase: at android.database.sqlite.SQLiteDatabase.insert(SQLiteDatabase.java:1737)
03-15 07:11:56.958 29999 30046 E SQLiteDatabase: at X.2tm.A08(Unknown Source:6)
03-15 07:11:56.958 29999 30046 E SQLiteDatabase: at X.35Y.A07(Unknown Source:212)
03-15 07:11:56.958 29999 30046 E SQLiteDatabase: at X.3QF.A14(Unknown Source:470)
03-15 07:11:56.958 29999 30046 E SQLiteDatabase: at X.3gU.run(Unknown Source:982)
03-15 07:11:56.958 29999 30046 E SQLiteDatabase: at android.os.Handler.handleCallback(Handler.java:942)
03-15 07:11:56.958 29999 30046 E SQLiteDatabase: at android.os.Handler.dispatchMessage(Handler.java:99)
03-15 07:11:56.958 29999 30046 E SQLiteDatabase: at X.0zq.dispatchMessage(Unknown Source:4)
03-15 07:11:56.958 29999 30046 E SQLiteDatabase: at android.os.Looper.loopOnce(Looper.java:240)
03-15 07:11:56.958 29999 30046 E SQLiteDatabase: at android.os.Looper.loop(Looper.java:351)
03-15 07:11:56.958 29999 30046 E SQLiteDatabase: at android.os.HandlerThread.run(HandlerThread.java:67)
03-15 07:11:56.961 29999 30046 E SQLiteDatabase: Error inserting transferred=0 media_job_uuid=266cb15a-aee0-463c-9570-f430f58145ce transcoded=0 gif_attribution=0 first_scan_length=0 direct_path= thumbnail_height_width_ratio=1.7777778 is_animated_sticker=0 file_hash=GlFSWhq8TRS5ndEKwMdQmYWYfGR2OVm6ibDsite4dcA= file_path=null file_size=0 partial_media_hash=null face_x=0 face_y=0 height=0 trim_to=0 media_key_timestamp=0 message_url=https://static.whatsapp.net/downloadable? category=PSA&id=894282128297662629&num=885f65b0-3113-4e71-a7e2- ef541ac0c23a&_nc_cat=1 media_caption=null trim_from=0 mime_type=video/mp4 partial_media_enc_hash=null width=0 original_file_hash=null has_streaming_sidecar=0 autotransfer_retry_enabled=0 media_upload_handle=null message_row_id=228 multicast_id=null enc_file_hash=BHWWzkrEOby481bxi5g89LhkU+QP6OkL7yyabvYWZDE= mute_video=0 page_count=0 first_scan_sidecar=null suspicious_content=0 file_length=2558047 media_name=null media_duration=5 chat_row_id=27 media_key=[B@b41dfe0
03-15 07:11:56.961 29999 30046 E SQLiteDatabase: android.database.sqlite.SQLiteConstraintException: UNIQUE constraint failed: message_media.message_row_id (code 1555 SQLITE_CONSTRAINT_PRIMARYKEY)
03-15 07:11:56.961 29999 30046 E SQLiteDatabase: at android.database.sqlite.SQLiteConnection.nativeExecuteForLastInsertedRowId(Native Method)
03-15 07:11:56.961 29999 30046 E SQLiteDatabase: at android.database.sqlite.SQLiteConnection.executeForLastInsertedRowId(SQLiteConnecti on.java:967)
03-15 07:11:56.961 29999 30046 E SQLiteDatabase: at android.database.sqlite.SQLiteSession.executeForLastInsertedRowId(SQLiteSession.jav a:790)
03-15 07:11:56.961 29999 30046 E SQLiteDatabase: at android.database.sqlite.SQLiteStatement.executeInsert(SQLiteStatement.java:89)
03-15 07:11:56.961 29999 30046 E SQLiteDatabase: at android.database.sqlite.SQLiteDatabase.insertWithOnConflict(SQLiteDatabase.java:186 8)
03-15 07:11:56.961 29999 30046 E SQLiteDatabase: at android.database.sqlite.SQLiteDatabase.insert(SQLiteDatabase.java:1737)
03-15 07:11:56.961 29999 30046 E SQLiteDatabase: at X.2tm.A08(Unknown Source:6)
03-15 07:11:56.961 29999 30046 E SQLiteDatabase: at X.35Y.A07(Unknown Source:212)
03-15 07:11:56.961 29999 30046 E SQLiteDatabase: at X.3QF.A14(Unknown Source:470)
03-15 07:11:56.961 29999 30046 E SQLiteDatabase: at X.3gU.run(Unknown Source:982)
03-15 07:11:56.961 29999 30046 E SQLiteDatabase: at android.os.Handler.handleCallback(Handler.java:942)
03-15 07:11:56.961 29999 30046 E SQLiteDatabase: at android.os.Handler.dispatchMessage(Handler.java:99)
03-15 07:11:56.961 29999 30046 E SQLiteDatabase: at X.0zq.dispatchMessage(Unknown Source:4)
03-15 07:11:56.961 29999 30046 E SQLiteDatabase: at android.os.Looper.loopOnce(Looper.java:240)
03-15 07:11:56.961 29999 30046 E SQLiteDatabase: at android.os.Looper.loop(Looper.java:351)
03-15 07:11:56.961 29999 30046 E SQLiteDatabase: at android.os.HandlerThread.run(HandlerThread.java:67)
03-15 07:11:56.963 29999 30046 E SQLiteDatabase: Error inserting transferred=0 media_job_uuid=b0e6335f-6399-4c78-b03c-74543551f9f0 transcoded=0 gif_attribution=0 first_scan_length=0 direct_path= thumbnail_height_width_ratio=1.7777778 is_animated_sticker=0 file_hash=Ix7+EH7zS81/+lbRTNnf8PoYOA4jLIqm2oHQ7cfF2CU= file_path=null file_size=0 partial_media_hash=null face_x=0 face_y=0 height=0 trim_to=0 media_key_timestamp=0 message_url=https://static.whatsapp.net/downloadable? category=PSA&id=793897065839131289&num=52532f28-92bf-4c68-83bd- 004832d098ea&_nc_cat=1 media_caption=null trim_from=0 mime_type=video/mp4 partial_media_enc_hash=null width=0 original_file_hash=null has_streaming_sidecar=0 autotransfer_retry_enabled=0 media_upload_handle=null message_row_id=230 multicast_id=null enc_file_hash=qPf9HJaUKyPytmM309SbJADbveEksdJezOc6dd0jr1Q= mute_video=0 page_count=0 first_scan_sidecar=null suspicious_content=0 file_length=2966463 media_name=null media_duration=7 chat_row_id=27 media_key=[B@d5ff13f
03-15 07:11:56.963 29999 30046 E SQLiteDatabase: android.database.sqlite.SQLiteConstraintException: UNIQUE constraint failed: message_media.message_row_id (code 1555 SQLITE_CONSTRAINT_PRIMARYKEY)
03-15 07:11:56.963 29999 30046 E SQLiteDatabase: at android.database.sqlite.SQLiteConnection.nativeExecuteForLastInsertedRowId(Native Method)
03-15 07:11:56.963 29999 30046 E SQLiteDatabase: at android.database.sqlite.SQLiteConnection.executeForLastInsertedRowId(SQLiteConnecti on.java:967)
03-15 07:11:56.963 29999 30046 E SQLiteDatabase: at android.database.sqlite.SQLiteSession.executeForLastInsertedRowId(SQLiteSession.jav a:790)
03-15 07:11:56.963 29999 30046 E SQLiteDatabase: at android.database.sqlite.SQLiteStatement.executeInsert(SQLiteStatement.java:89)
03-15 07:11:56.963 29999 30046 E SQLiteDatabase: at android.database.sqlite.SQLiteDatabase.insertWithOnConflict(SQLiteDatabase.java:186 8)
03-15 07:11:56.963 29999 30046 E SQLiteDatabase: at android.database.sqlite.SQLiteDatabase.insert(SQLiteDatabase.java:1737)
03-15 07:11:56.963 29999 30046 E SQLiteDatabase: at X.2tm.A08(Unknown Source:6)
03-15 07:11:56.963 29999 30046 E SQLiteDatabase: at X.35Y.A07(Unknown Source:212)
03-15 07:11:56.963 29999 30046 E SQLiteDatabase: at X.3QF.A14(Unknown Source:470)
03-15 07:11:56.963 29999 30046 E SQLiteDatabase: at X.3gU.run(Unknown Source:982)
03-15 07:11:56.963 29999 30046 E SQLiteDatabase: at android.os.Handler.handleCallback(Handler.java:942)
03-15 07:11:56.963 29999 30046 E SQLiteDatabase: at android.os.Handler.dispatchMessage(Handler.java:99)
03-15 07:11:56.963 29999 30046 E SQLiteDatabase: at X.0zq.dispatchMessage(Unknown Source:4)
03-15 07:11:56.963 29999 30046 E SQLiteDatabase: at android.os.Looper.loopOnce(Looper.java:240)
03-15 07:11:56.963 29999 30046 E SQLiteDatabase: at android.os.Looper.loop(Looper.java:351)
03-15 07:11:56.963 29999 30046 E SQLiteDatabase: at android.os.HandlerThread.run(HandlerThread.java:67)
03-15 07:11:57.039 29999 30046 E SQLiteDatabase: Error inserting transferred=0 media_job_uuid=266cb15a-aee0-463c-9570-f430f58145ce transcoded=0 gif_attribution=0 first_scan_length=0 direct_path= thumbnail_height_width_ratio=1.7777778 is_animated_sticker=0 file_hash=GlFSWhq8TRS5ndEKwMdQmYWYfGR2OVm6ibDsite4dcA= file_path=null file_size=0 partial_media_hash=null face_x=0 face_y=0 height=0 trim_to=0 media_key_timestamp=0 message_url=https://static.whatsapp.net/downloadable? category=PSA&id=894282128297662629&num=885f65b0-3113-4e71-a7e2- ef541ac0c23a&_nc_cat=1 media_caption=null trim_from=0 mime_type=video/mp4 partial_media_enc_hash=null width=0 original_file_hash=null has_streaming_sidecar=0 autotransfer_retry_enabled=0 media_upload_handle=null message_row_id=228 multicast_id=null enc_file_hash=BHWWzkrEOby481bxi5g89LhkU+QP6OkL7yyabvYWZDE= mute_video=0 page_count=0 first_scan_sidecar=null suspicious_content=0 file_length=2558047 media_name=null media_duration=5 chat_row_id=27 media_key=[B@b41dfe0
03-15 07:11:57.039 29999 30046 E SQLiteDatabase: android.database.sqlite.SQLiteConstraintException: UNIQUE constraint failed: message_media.message_row_id (code 1555 SQLITE_CONSTRAINT_PRIMARYKEY)
03-15 07:11:57.039 29999 30046 E SQLiteDatabase: at android.database.sqlite.SQLiteConnection.nativeExecuteForLastInsertedRowId(Native Method)
03-15 07:11:57.039 29999 30046 E SQLiteDatabase: at android.database.sqlite.SQLiteConnection.executeForLastInsertedRowId(SQLiteConnecti on.java:967)
03-15 07:11:57.039 29999 30046 E SQLiteDatabase: at android.database.sqlite.SQLiteSession.executeForLastInsertedRowId(SQLiteSession.jav a:790)
03-15 07:11:57.039 29999 30046 E SQLiteDatabase: at android.database.sqlite.SQLiteStatement.executeInsert(SQLiteStatement.java:89)
03-15 07:11:57.039 29999 30046 E SQLiteDatabase: at android.database.sqlite.SQLiteDatabase.insertWithOnConflict(SQLiteDatabase.java:186 8)
03-15 07:11:57.039 29999 30046 E SQLiteDatabase: at android.database.sqlite.SQLiteDatabase.insert(SQLiteDatabase.java:1737)
03-15 07:11:57.039 29999 30046 E SQLiteDatabase: at X.2tm.A08(Unknown Source:6)
03-15 07:11:57.039 29999 30046 E SQLiteDatabase: at X.35Y.A07(Unknown Source:212)
03-15 07:11:57.039 29999 30046 E SQLiteDatabase: at X.3QF.A14(Unknown Source:470)
03-15 07:11:57.039 29999 30046 E SQLiteDatabase: at X.3gU.run(Unknown Source:982)
03-15 07:11:57.039 29999 30046 E SQLiteDatabase: at android.os.Handler.handleCallback(Handler.java:942)
03-15 07:11:57.039 29999 30046 E SQLiteDatabase: at android.os.Handler.dispatchMessage(Handler.java:99)
03-15 07:11:57.039 29999 30046 E SQLiteDatabase: at X.0zq.dispatchMessage(Unknown Source:4)
03-15 07:11:57.039 29999 30046 E SQLiteDatabase: at android.os.Looper.loopOnce(Looper.java:240)
03-15 07:11:57.039 29999 30046 E SQLiteDatabase: at android.os.Looper.loop(Looper.java:351)
03-15 07:11:57.039 29999 30046 E SQLiteDatabase: at android.os.HandlerThread.run(HandlerThread.java:67)
03-15 07:11:57.040 29999 29999 E OplusBracketLog: [OplusViewMirrorManager] updateHostViewRootIfNeeded, not support android.view.ViewRootImpl@ff86a9c
03-15 07:11:57.043 29999 30046 E SQLiteDatabase: Error inserting transferred=0 media_job_uuid=11f87369-aa9d-4b80-892a-fb1d90c1c454 transcoded=0 gif_attribution=0 first_scan_length=0 direct_path= thumbnail_height_width_ratio=1.7777778 is_animated_sticker=0 file_hash=cH8IA38X0Su6l7gOPt2hDNPVBkIB+AcDvM6mLvwfRhA= file_path=null file_size=0 partial_media_hash=null face_x=0 face_y=0 height=0 trim_to=0 media_key_timestamp=0 message_url=https://static.whatsapp.net/downloadable? category=PSA&id=906152962809726914&num=f28ef44d-ddf3-4b75-8901- c270539ac891&_nc_cat=1 media_caption=null trim_from=0 mime_type=video/mp4 partial_media_enc_hash=null width=0 original_file_hash=null has_streaming_sidecar=0 autotransfer_retry_enabled=0 media_upload_handle=null message_row_id=229 multicast_id=null enc_file_hash=rpe5npqGi9EGbbO/lpbQTNI2/jIqeIQwZ3IMLqKf2Bs= mute_video=0 page_count=0 first_scan_sidecar=null suspicious_content=0 file_length=2360381 media_name=null media_duration=9 chat_row_id=27 media_key=[B@570dfc8
03-15 07:11:57.043 29999 30046 E SQLiteDatabase: android.database.sqlite.SQLiteConstraintException: UNIQUE constraint failed: message_media.message_row_id (code 1555 SQLITE_CONSTRAINT_PRIMARYKEY)
03-15 07:11:57.043 29999 30046 E SQLiteDatabase: at android.database.sqlite.SQLiteConnection.nativeExecuteForLastInsertedRowId(Native Method)
03-15 07:11:57.043 29999 30046 E SQLiteDatabase: at android.database.sqlite.SQLiteConnection.executeForLastInsertedRowId(SQLiteConnecti on.java:967)
03-15 07:11:57.043 29999 30046 E SQLiteDatabase: at android.database.sqlite.SQLiteSession.executeForLastInsertedRowId(SQLiteSession.jav a:790)
03-15 07:11:57.043 29999 30046 E SQLiteDatabase: at android.database.sqlite.SQLiteStatement.executeInsert(SQLiteStatement.java:89)
03-15 07:11:57.043 29999 30046 E SQLiteDatabase: at android.database.sqlite.SQLiteDatabase.insertWithOnConflict(SQLiteDatabase.java:186 8)
