03-15 09:06:51.992 7519 7519 E ArmVmp : Match on catch block at 0xc3 in for 0x149
03-15 09:06:51.994 7519 7519 E ArmVmp : Match on catch block at 0xc3 in for 0x145
03-15 09:06:52.007 7519 7519 E ArmVmp : Match on catch block at 0xc3 in for 0x159
03-15 09:06:52.009 7519 7519 E ArmVmp : Match on catch block at 0xc3 in for 0x155
03-15 09:06:52.156 7519 7519 E ArmVmp : Match on catch block at 0xc3 in for 0x141
03-15 09:06:52.162 7519 7519 E ArmVmp : Match on catch block at 0xc3 in for 0x159
03-15 09:06:52.166 7519 7519 E ArmVmp : Match on catch block at 0xc3 in for 0x141
03-15 09:06:52.291 7519 7519 E ArmVmp : Match on catch block at 0xc3 in for 0x151
03-15 09:06:52.295 7519 7519 E ArmVmp : Match on catch block at 0xc3 in for 0x14d
03-15 09:06:52.789 7519 7519 E ArmVmp : Match on catch block at 0xc3 in for 0x155
03-15 09:06:52.794 7519 7519 E ArmVmp : Match on catch block at 0xc3 in for 0x151
03-15 09:06:53.287 7519 7519 E ArmVmp : Match on catch block at 0xc3 in for 0x159
03-15 09:06:53.291 7519 7519 E ArmVmp : Match on catch block at 0xc3 in for 0x155
03-15 09:06:53.804 7519 7519 E ArmVmp : Match on catch block at 0xc3 in for 0x141
03-15 09:06:53.809 7519 7519 E ArmVmp : Match on catch block at 0xc3 in for 0x159
03-15 09:06:54.202 7519 7519 E ArmVmp : Match on catch block at 0xc3 in for 0x14d
03-15 09:06:54.204 7519 7519 E ArmVmp : Match on catch block at 0xc3 in for 0x149
03-15 09:06:54.250 7519 7519 E ArmVmp : Match on catch block at 0xc3 in for 0x145
03-15 09:06:54.255 7519 7519 E ArmVmp : Match on catch block at 0xc3 in for 0x141
03-15 09:06:54.269 7519 7789 E FrameEvents: updateAcquireFence: Did not find frame.
03-15 09:06:54.300 7519 7519 E ArmVmp : Match on catch block at 0xc3 in for 0x149
03-15 09:06:54.303 7519 7519 E ArmVmp : Match on catch block at 0xc3 in for 0x145
03-15 09:06:54.473 7519 7519 W ResourceType: Bad XML block: header size 18254 or total size 169478669 is larger than data size 380
03-15 09:06:54.478 7519 7519 W ResourceType: Bad XML block: header size 18254 or total size 169478669 is larger than data size 633
03-15 09:06:54.497 7519 7519 W ResourceType: Bad XML block: header size 18254 or total size 169478669 is larger than data size 677
03-15 09:06:54.501 7519 7519 W ResourceType: Bad XML block: header size 18254 or total size 169478669 is larger than data size 248
03-15 09:06:54.511 7519 7519 W ResourceType: Bad XML block: header size 18254 or total size 169478669 is larger than data size 571
03-15 09:06:54.519 7519 7519 W ResourceType: Bad XML block: header size 18254 or total size 169478669 is larger than data size 333
03-15 09:06:54.524 7519 7519 W ResourceType: Bad XML block: header size 18254 or total size 169478669 is larger than data size 650
03-15 09:06:54.530 7519 7519 W ResourceType: Bad XML block: header size 18254 or total size 169478669 is larger than data size 1150
03-15 09:06:54.535 7519 7519 W ResourceType: Bad XML block: header size 18254 or total size 169478669 is larger than data size 491
03-15 09:06:54.539 7519 7519 W ResourceType: Bad XML block: header size 18254 or total size 169478669 is larger than data size 1150
03-15 09:06:54.544 7519 7519 W ResourceType: Bad XML block: header size 18254 or total size 169478669 is larger than data size 659
03-15 09:06:54.548 7519 7519 W ResourceType: Bad XML block: header size 18254 or total size 169478669 is larger than data size 593
03-15 09:06:54.557 7519 7519 W ResourceType: Bad XML block: header size 18254 or total size 169478669 is larger than data size 1171
03-15 09:06:54.561 7519 7519 W ResourceType: Bad XML block: header size 18254 or total size 169478669 is larger than data size 510
03-15 09:06:54.601 7519 7519 W ResourceType: Bad XML block: header size 18254 or total size 169478669 is larger than data size 853
03-15 09:06:54.664 7519 7519 W ResourceType: Bad XML block: header size 18254 or total size 169478669 is larger than data size 650
03-15 09:06:54.689 7519 7519 E ArmVmp : Match on catch block at 0xc3 in for 0x159
03-15 09:06:54.692 7519 7519 E ArmVmp : Match on catch block at 0xc3 in for 0x155
03-15 09:06:54.696 7519 7519 E OplusBracketLog: [OplusViewMirrorManager] updateHostViewRootIfNeeded, not support android.view.ViewRootImpl@b012c03
03-15 09:06:54.713 7519 7519 E IPCThreadState: attemptIncStrongHandle(94): Not supported
03-15 09:06:54.734 7519 7519 W View : requestLayout() improperly called by android.widget.Space{932187b I.ED..... ......I. 36,108-48,120 #7f0b00ba app:id/action_tile_spacing viewInfo = } during layout: running second layout pass
03-15 09:06:54.734 7519 7519 W View : requestLayout() improperly called by android.widget.Space{7ec1698 I.ED..... ......I. 36,108-48,120 #7f0b00ba app:id/action_tile_spacing viewInfo = } during layout: running second layout pass
03-15 09:06:54.734 7519 7519 W View : requestLayout() improperly called by android.widget.Space{ff81ef1 I.ED..... ......I. 36,108-48,120 #7f0b00ba app:id/action_tile_spacing viewInfo = } during layout: running second layout pass
03-15 09:06:54.734 7519 7519 W View : requestLayout() improperly called by android.widget.Space{578cad6 I.ED..... ......I. 36,108-48,120 #7f0b00ba app:id/action_tile_spacing viewInfo = } during layout: running second layout pass
03-15 09:06:54.752 7519 7519 E ArmVmp : Match on catch block at 0xc3 in for 0x151
03-15 09:06:54.755 7519 7519 E ArmVmp : Match on catch block at 0xc3 in for 0x14d
03-15 09:06:54.776 7519 7519 E ArmVmp : Match on catch block at 0xc3 in for 0x14d
03-15 09:06:54.779 7519 7519 E ArmVmp : Match on catch block at 0xc3 in for 0x149
03-15 09:06:54.831 7519 7789 W Parcel : Expecting binder but got null!
03-15 09:06:54.833 7519 7519 E ArmVmp : Match on catch block at 0xc3 in for 0x151
03-15 09:06:54.836 7519 7519 E ArmVmp : Match on catch block at 0xc3 in for 0x14d
03-15 09:06:54.846 7519 7519 E ArmVmp : Match on catch block at 0xc3 in for 0x155
03-15 09:06:54.850 7519 7519 E ArmVmp : Match on catch block at 0xc3 in for 0x151
03-15 09:06:54.860 7519 7519 E ArmVmp : Match on catch block at 0xc3 in for 0x159
03-15 09:06:54.863 7519 7519 E ArmVmp : Match on catch block at 0xc3 in for 0x155
03-15 09:06:54.876 7519 7519 E ArmVmp : Match on catch block at 0xc3 in for 0x141
03-15 09:06:54.879 7519 7519 E ArmVmp : Match on catch block at 0xc3 in for 0x159
03-15 09:06:55.056 7519 7519 E ArmVmp : Match on catch block at 0xc3 in for 0x151
03-15 09:06:55.061 7519 7519 E ArmVmp : Match on catch block at 0xc3 in for 0x14d
03-15 09:06:55.085 7519 7519 E ArmVmp : Match on catch block at 0xc3 in for 0x159
03-15 09:06:55.093 7519 7519 E ArmVmp : Match on catch block at 0xc3 in for 0x155
03-15 09:06:55.195 7519 7519 E ArmVmp : Match on catch block at 0xc3 in for 0x149
03-15 09:06:55.198 7519 7519 E ArmVmp : Match on catch block at 0xc3 in for 0x145
03-15 09:06:55.381 7519 7519 E OplusBracketLog: [OplusViewMirrorManager] updateHostViewRootIfNeeded, not support android.view.ViewRootImpl@b0575bf
03-15 09:06:55.390 7519 7519 E IPCThreadState: attemptIncStrongHandle(134): Not supported
03-15 09:06:55.414 7519 7789 W Parcel : Expecting binder but got null!
03-15 09:06:55.498 7519 7519 W ResourceType: Bad XML block: header size 18254 or total size 169478669 is larger than data size 650
03-15 09:06:57.138 7519 7519 E OplusBracketLog: [OplusViewMirrorManager] updateHostViewRootIfNeeded, not support android.view.ViewRootImpl@6a2d0f4
03-15 09:06:57.258 7519 7789 W Parcel : Expecting binder but got null!
03-15 09:06:57.270 7519 7519 W BottomSheetBehavior: BottomSheetBehavior now supports multiple callbacks. `setBottomSheetCallback()` removes all existing callbacks, including ones set internally by library authors, which may result in unintended behavior. This may change in the future. Please use `addBottomSheetCallback()` and `removeBottomSheetCallback()` instead to set your own callbacks.
03-15 09:06:57.633 7519 7519 W OnBackInvokedCallback: OnBackInvokedCallback is not enabled for the application.
03-15 09:06:57.633 7519 7519 W OnBackInvokedCallback: Set 'android:enableOnBackInvokedCallback="true"' in the application manifest.
03-15 09:06:59.899 7519 7519 E OplusBracketLog: [OplusViewMirrorManager] updateHostViewRootIfNeeded, not support android.view.ViewRootImpl@f06749a
03-15 09:06:59.939 7519 7519 E IPCThreadState: attemptIncStrongHandle(136): Not supported
03-15 09:06:59.978 7519 7789 W Parcel : Expecting binder but got null!
03-15 09:07:02.078 7519 7519 W OnBackInvokedCallback: OnBackInvokedCallback is not enabled for the application.
03-15 09:07:02.078 7519 7519 W OnBackInvokedCallback: Set 'android:enableOnBackInvokedCallback="true"' in the application manifest.
03-15 09:07:40.167 7519 7519 W RemoteInputConnectionImpl: requestCursorAnchorInfo on inactive InputConnection
03-15 09:07:40.204 7519 7519 E ImeBackDispatcher: Ime callback not found. Ignoring unregisterReceivedCallback. callbackId: 34789536
03-15 09:07:40.713 7519 7519 W ResourceType: Bad XML block: header size 18254 or total size 169478669 is larger than data size 650
03-15 09:07:40.743 7519 7519 W ResourceType: Bad XML block: header size 18254 or total size 169478669 is larger than data size 650
03-15 09:07:40.942 7519 7519 W ResourceType: Bad XML block: header size 18254 or total size 169478669 is larger than data size 650
03-15 09:07:41.529 7519 7519 W ResourceType: Bad XML block: header size 18254 or total size 169478669 is larger than data size 650
03-15 09:07:41.630 7519 7519 E ArmVmp : Match on catch block at 0x0a in for 0x199
03-15 09:07:41.634 7519 7519 E ArmVmp : Match on catch block at 0x0a in for 0x191
03-15 09:07:41.661 7519 7519 E IPCThreadState: attemptIncStrongHandle(147): Not supported
03-15 09:07:41.661 7519 7519 E IPCThreadState: attemptIncStrongHandle(142): Not supported
03-15 09:07:41.665 7519 7519 E ArmVmp : Match on catch block at 0xc3 in for 0x145
03-15 09:07:41.669 7519 7519 E ArmVmp : Match on catch block at 0xc3 in for 0x141
03-15 09:07:41.677 7519 7789 E FrameEvents: updateAcquireFence: Did not find frame.
03-15 09:07:41.683 7519 7519 E ArmVmp : Match on catch block at 0xc3 in for 0x159
03-15 09:07:41.687 7519 7519 E ArmVmp : Match on catch block at 0xc3 in for 0x155
03-15 09:07:41.710 7519 7519 E ArmVmp : Match on catch block at 0xc3 in for 0x145
03-15 09:07:41.714 7519 7519 E ArmVmp : Match on catch block at 0xc3 in for 0x141
03-15 09:07:41.733 7519 7519 E ArmVmp : Match on catch block at 0xc3 in for 0x149
03-15 09:07:41.736 7519 7519 E ArmVmp : Match on catch block at 0xc3 in for 0x145
03-15 09:07:41.741 7519 7519 E ArmVmp : Match on catch block at 0xc3 in for 0x14d
03-15 09:07:41.745 7519 7519 E ArmVmp : Match on catch block at 0xc3 in for 0x149
03-15 09:07:41.757 7519 7519 E ArmVmp : Match on catch block at 0xc3 in for 0x151
03-15 09:07:41.761 7519 7519 E ArmVmp : Match on catch block at 0xc3 in for 0x14d
03-15 09:07:41.774 7519 7519 E ArmVmp : Match on catch block at 0xc3 in for 0x155
03-15 09:07:41.777 7519 7519 E ArmVmp : Match on catch block at 0xc3 in for 0x151
03-15 09:07:41.790 7519 7519 E ArmVmp : Match on catch block at 0xc3 in for 0x159
03-15 09:07:41.794 7519 7519 E ArmVmp : Match on catch block at 0xc3 in for 0x155
03-15 09:07:41.804 7519 7519 W ResourceType: Bad XML block: header size 18254 or total size 169478669 is larger than data size 650
03-15 09:07:41.809 7519 7519 E ArmVmp : Match on catch block at 0xc3 in for 0x141
03-15 09:07:41.812 7519 7519 E ArmVmp : Match on catch block at 0xc3 in for 0x159
03-15 09:07:41.824 7519 7519 E ArmVmp : Match on catch block at 0xc3 in for 0x149
03-15 09:07:41.828 7519 7519 E ArmVmp : Match on catch block at 0xc3 in for 0x145
03-15 09:07:42.058 7519 7519 E ArmVmp : Match on catch block at 0xc3 in for 0x14d
03-15 09:07:42.063 7519 7519 E ArmVmp : Match on catch block at 0xc3 in for 0x149
03-15 09:07:42.075 7519 7519 E ArmVmp : Match on catch block at 0xc3 in for 0x159
03-15 09:07:42.079 7519 7519 E ArmVmp : Match on catch block at 0xc3 in for 0x155
03-15 09:07:42.091 7519 7519 E ArmVmp : Match on catch block at 0xc3 in for 0x151
03-15 09:07:42.095 7519 7519 E ArmVmp : Match on catch block at 0xc3 in for 0x14d
03-15 09:07:42.271 7519 7519 E ArmVmp : Match on catch block at 0xc3 in for 0x151
03-15 09:07:42.276 7519 7519 E ArmVmp : Match on catch block at 0xc3 in for 0x14d
03-15 09:07:42.308 7519 7519 E ArmVmp : Match on catch block at 0xc3 in for 0x145
03-15 09:07:42.311 7519 7519 E ArmVmp : Match on catch block at 0xc3 in for 0x141
03-15 09:07:42.322 7519 7519 E ArmVmp : Match on catch block at 0xc3 in for 0x149
03-15 09:07:42.325 7519 7519 E ArmVmp : Match on catch block at 0xc3 in for 0x145
03-15 09:07:42.339 7519 7519 E ArmVmp : Match on catch block at 0xc3 in for 0x14d
03-15 09:07:42.342 7519 7519 E ArmVmp : Match on catch block at 0xc3 in for 0x149
03-15 09:07:42.356 7519 7519 E ArmVmp : Match on catch block at 0xc3 in for 0x151
03-15 09:07:42.359 7519 7519 E ArmVmp : Match on catch block at 0xc3 in for 0x14d
03-15 09:07:42.373 7519 7519 E ArmVmp : Match on catch block at 0xc3 in for 0x155
03-15 09:07:42.376 7519 7519 E ArmVmp : Match on catch block at 0xc3 in for 0x151
03-15 09:07:42.389 7519 7519 E ArmVmp : Match on catch block at 0xc3 in for 0x159
03-15 09:07:42.392 7519 7519 E ArmVmp : Match on catch block at 0xc3 in for 0x155
03-15 09:07:42.406 7519 7519 E ArmVmp : Match on catch block at 0xc3 in for 0x141
03-15 09:07:42.409 7519 7519 E ArmVmp : Match on catch block at 0xc3 in for 0x159
03-15 09:07:42.806 7519 7519 E ArmVmp : Match on catch block at 0xc3 in for 0x155
03-15 09:07:42.810 7519 7519 E ArmVmp : Match on catch block at 0xc3 in for 0x151
03-15 09:07:43.304 7519 7519 E ArmVmp : Match on catch block at 0xc3 in for 0x159
03-15 09:07:43.308 7519 7519 E ArmVmp : Match on catch block at 0xc3 in for 0x155
03-15 09:07:43.804 7519 7519 E ArmVmp : Match on catch block at 0xc3 in for 0x141
03-15 09:07:43.809 7519 7519 E ArmVmp : Match on catch block at 0xc3 in for 0x159
03-15 09:07:44.306 7519 7519 E ArmVmp : Match on catch block at 0xc3 in for 0x145
03-15 09:07:44.312 7519 7519 E ArmVmp : Match on catch block at 0xc3 in for 0x141
03-15 09:07:44.805 7519 7519 E ArmVmp : Match on catch block at 0xc3 in for 0x149
03-15 09:07:44.812 7519 7519 E ArmVmp : Match on catch block at 0xc3 in for 0x145
03-15 09:07:45.301 7519 7519 E ArmVmp : Match on catch block at 0xc3 in for 0x155
03-15 09:07:45.306 7519 7519 E ArmVmp : Match on catch block at 0xc3 in for 0x151
03-15 09:07:45.802 7519 7519 E ArmVmp : Match on catch block at 0xc3 in for 0x159
03-15 09:07:45.806 7519 7519 E ArmVmp : Match on catch block at 0xc3 in for 0x155
03-15 09:07:46.318 7519 7519 E ArmVmp : Match on catch block at 0xc3 in for 0x141
03-15 09:07:46.324 7519 7519 E ArmVmp : Match on catch block at 0xc3 in for 0x159
03-15 09:07:46.629 7519 7519 E ArmVmp : Match on catch block at 0xc3 in for 0x145
03-15 09:07:46.632 7519 7519 E ArmVmp : Match on catch block at 0xc3 in for 0x141
03-15 09:07:46.646 7519 7519 E ArmVmp : Match on catch block at 0xc3 in for 0x149
03-15 09:07:46.649 7519 7519 E ArmVmp : Match on catch block at 0xc3 in for 0x145
03-15 09:07:46.723 7519 7519 E ArmVmp : Match on catch block at 0xc3 in for 0x155
03-15 09:07:46.728 7519 7519 E ArmVmp : Match on catch block at 0xc3 in for 0x151
03-15 09:07:46.741 7519 7519 E OplusBracketLog: [OplusViewMirrorManager] updateHostViewRootIfNeeded, not support android.view.ViewRootImpl@5fff0e9
03-15 09:07:46.758 7519 7519 E IPCThreadState: attemptIncStrongHandle(100): Not supported
03-15 09:07:46.817 7519 7789 W Parcel : Expecting binder but got null!
03-15 09:07:46.829 7519 7519 E ArmVmp : Match on catch block at 0xc3 in for 0x14d
03-15 09:07:46.834 7519 7519 E ArmVmp : Match on catch block at 0xc3 in for 0x149
03-15 09:07:46.843 7519 7519 E ArmVmp : Match on catch block at 0xc3 in for 0x159
03-15 09:07:46.846 7519 7519 E ArmVmp : Match on catch block at 0xc3 in for 0x155
03-15 09:07:46.857 7519 7519 E ArmVmp : Match on catch block at 0xc3 in for 0x141
03-15 09:07:46.860 7519 7519 E ArmVmp : Match on catch block at 0xc3 in for 0x159
03-15 09:07:46.870 7519 7519 E ArmVmp : Match on catch block at 0xc3 in for 0x145
03-15 09:07:46.873 7519 7519 E ArmVmp : Match on catch block at 0xc3 in for 0x141
03-15 09:07:46.879 7519 7519 E ArmVmp : Match on catch block at 0xc3 in for 0x149
03-15 09:07:46.882 7519 7519 E ArmVmp : Match on catch block at 0xc3 in for 0x145
03-15 09:07:46.896 7519 7519 E ArmVmp : Match on catch block at 0xc3 in for 0x14d
03-15 09:07:46.899 7519 7519 E ArmVmp : Match on catch block at 0xc3 in for 0x149
03-15 09:07:46.912 7519 7519 E ArmVmp : Match on catch block at 0xc3 in for 0x151
03-15 09:07:46.915 7519 7519 E ArmVmp : Match on catch block at 0xc3 in for 0x14d
03-15 09:07:46.929 7519 7519 E ArmVmp : Match on catch block at 0xc3 in for 0x155
03-15 09:07:46.931 7519 7519 E ArmVmp : Match on catch block at 0xc3 in for 0x151
03-15 09:07:47.180 7519 7519 E ArmVmp : Match on catch block at 0xc3 in for 0x149
03-15 09:07:47.186 7519 7519 E ArmVmp : Match on catch block at 0xc3 in for 0x145
03-15 09:07:47.196 7519 7519 E ArmVmp : Match on catch block at 0xc3 in for 0x14d
03-15 09:07:47.203 7519 7519 E ArmVmp : Match on catch block at 0xc3 in for 0x149
03-15 09:07:48.018 7519 7519 E OplusBracketLog: [OplusViewMirrorManager] updateHostViewRootIfNeeded, not support android.view.ViewRootImpl@4403bf5
03-15 09:07:48.063 7519 7789 W Parcel : Expecting binder but got null!
03-15 09:07:49.162 7519 7519 E OplusBracketLog: [OplusViewMirrorManager] updateHostViewRootIfNeeded, not support android.view.ViewRootImpl@8bd24c
03-15 09:07:49.188 7519 7519 E IPCThreadState: attemptIncStrongHandle(135): Not supported
03-15 09:07:49.188 7519 7519 E IPCThreadState: attemptIncStrongHandle(161): Not supported
03-15 09:07:49.214 7519 7789 W Parcel : Expecting binder but got null!
03-15 09:07:49.232 7519 7519 E ArmVmp : Match on catch block at 0xc3 in for 0x155
03-15 09:07:49.239 7519 7519 E ArmVmp : Match on catch block at 0xc3 in for 0x151
03-15 09:07:50.403 7519 7519 E OplusBracketLog: [OplusViewMirrorManager] updateHostViewRootIfNeeded, not support android.view.ViewRootImpl@84ccd6b
03-15 09:07:50.417 7519 7519 E IPCThreadState: attemptIncStrongHandle(165): Not supported
03-15 09:07:50.432 7519 7789 W Parcel : Expecting binder but got null!
03-15 09:07:50.435 7519 7519 E ArmVmp : Match on catch block at 0xc3 in for 0x155
03-15 09:07:50.439 7519 7519 E ArmVmp : Match on catch block at 0xc3 in for 0x151
03-15 09:07:50.510 7519 7519 E OplusBracketLog: [OplusViewMirrorManager] updateHostViewRootIfNeeded, not support android.view.ViewRootImpl@70b67e9
03-15 09:07:50.539 7519 7789 W Parcel : Expecting binder but got null!
03-15 09:07:54.072 7519 17527 E ActivityThread: Failed to find provider info for androidx.car.app.connection
03-15 09:07:54.071 7519 7519 W com.mbwhatsapp: type=1400 audit(0.0:4050): avc: granted { execute } for comm=486967682050726920576F726B6572 path="/data/data/com.mbwhatsapp/files/decompressed/libs.spk.zst/libaom.so" dev="dm- 60" ino=53774 scontext=u:r:untrusted_app:s0:c255,c256,c512,c768 tcontext=u:object_r:app_data_file:s0:c255,c256,c512,c768 tclass=file app=com.mbwhatsapp
03-15 09:07:54.125 7519 7519 W CarApp.Conn: Null response from content provider when checking connection to the car, treating as disconnected
03-15 09:07:54.145 7519 17591 W AudioManager: Use of stream types is deprecated for operations other than volume control
03-15 09:07:54.145 7519 17591 W AudioManager: See the documentation of requestAudioFocus() for what to use instead with android.media.AudioAttributes to qualify your playback use case
03-15 09:07:54.148 7519 7519 W SoundPool: Use of stream types is deprecated for operations other than volume control
03-15 09:07:54.148 7519 7519 W SoundPool: See the documentation of SoundPool() for what to use instead with android.media.AudioAttributes to qualify your playback use case
03-15 09:07:54.177 7519 17592 W libc : Access denied finding property "vendor.oplus.media.vpp.stutter"
03-15 09:07:54.177 7519 17593 W libc : Access denied finding property "vendor.oplus.media.vpp.stutter"
03-15 09:07:54.215 7519 17594 W Codec2Client: query -- param skipped: index = 1107298332.
03-15 09:07:54.217 7519 17595 W Codec2Client: query -- param skipped: index = 1107298332.
03-15 09:07:54.217 7519 17594 W Codec2Client: query -- param skipped: index = 1342179345.
03-15 09:07:54.217 7519 17594 W Codec2Client: query -- param skipped: index = 2415921170.
03-15 09:07:54.220 7519 17595 W Codec2Client: query -- param skipped: index = 1342179345.
03-15 09:07:54.220 7519 17595 W Codec2Client: query -- param skipped: index = 2415921170.
03-15 09:07:54.328 7519 7519 E ArmVmp : Match on catch block at 0xc3 in for 0x155
03-15 09:07:54.331 7519 7519 E ArmVmp : Match on catch block at 0xc3 in for 0x151
03-15 09:07:54.412 7519 17593 W libc : Access denied finding property "vendor.oplus.media.vpp.stutter"
03-15 09:07:54.431 7519 17605 W Codec2Client: query -- param skipped: index = 1107298332.
03-15 09:07:54.432 7519 17605 W Codec2Client: query -- param skipped: index = 1342179345.
03-15 09:07:54.432 7519 17605 W Codec2Client: query -- param skipped: index = 2415921170.
03-15 09:07:54.435 7519 17592 W libc : Access denied finding property "vendor.oplus.media.vpp.stutter"
03-15 09:07:54.459 7519 17607 W Codec2Client: query -- param skipped: index = 1107298332.
03-15 09:07:54.462 7519 17607 W Codec2Client: query -- param skipped: index = 1342179345.
03-15 09:07:54.463 7519 17607 W Codec2Client: query -- param skipped: index = 2415921170.
03-15 09:07:54.541 7519 7519 E ArmVmp : Match on catch block at 0xc3 in for 0x155
03-15 09:07:54.548 7519 7519 E ArmVmp : Match on catch block at 0xc3 in for 0x151
03-15 09:07:54.577 7519 17593 W libc : Access denied finding property "vendor.oplus.media.vpp.stutter"
03-15 09:07:54.603 7519 17614 W Codec2Client: query -- param skipped: index = 1107298332.
03-15 09:07:54.605 7519 17614 W Codec2Client: query -- param skipped: index = 1342179345.
03-15 09:07:54.605 7519 17614 W Codec2Client: query -- param skipped: index = 2415921170.
03-15 09:07:54.962 7519 7519 E ArmVmp : Match on catch block at 0xc3 in for 0x141
03-15 09:07:54.965 7519 7519 E ArmVmp : Match on catch block at 0xc3 in for 0x159
03-15 09:07:54.968 7519 7519 E OplusBracketLog: [OplusViewMirrorManager] updateHostViewRootIfNeeded, not support android.view.ViewRootImpl@9e84f29
03-15 09:07:54.977 7519 7519 E IPCThreadState: attemptIncStrongHandle(96): Not supported
03-15 09:07:54.977 7519 7519 E IPCThreadState: attemptIncStrongHandle(170): Not supported
03-15 09:07:54.992 7519 7789 W Parcel : Expecting binder but got null!
03-15 09:07:54.993 7519 7519 E OplusBracketLog: [OplusViewMirrorManager] updateHostViewRootIfNeeded, not support android.view.ViewRootImpl@5b99394
03-15 09:07:55.042 7519 7789 W Parcel : Expecting binder but got null!
03-15 09:07:55.050 7519 7519 W BottomSheetBehavior: BottomSheetBehavior now supports multiple callbacks. `setBottomSheetCallback()` removes all existing callbacks, including ones set internally by library authors, which may result in unintended behavior. This may change in the future. Please use `addBottomSheetCallback()` and `removeBottomSheetCallback()` instead to set your own callbacks.
03-15 09:07:55.183 7519 7519 E ArmVmp : Match on catch block at 0xc3 in for 0x145
03-15 09:07:55.187 7519 7519 E ArmVmp : Match on catch block at 0xc3 in for 0x141
03-15 09:07:55.911 7519 7519 W com.mbwhatsapp: type=1400 audit(0.0:4051): avc: granted { execute } for comm=4D42576861747341707020576F726B path="/data/data/com.mbwhatsapp/files/decompressed/libs.spk.zst/libfbjni.so" dev="dm-60" ino=53689 scontext=u:r:untrusted_app:s0:c255,c256,c512,c768 tcontext=u:object_r:app_data_file:s0:c255,c256,c512,c768 tclass=file app=com.mbwhatsapp
03-15 09:07:55.928 7519 17600 E ListServiceUtils: checkInListByUid module:control package:audioBoostEnable cost 1036us return 1
03-15 09:07:55.927 7519 7519 W com.mbwhatsapp: type=1400 audit(0.0:4052): avc: granted { execute } for comm=4D42576861747341707020576F726B path="/data/data/com.mbwhatsapp/files/decompressed/libs.spk.zst/libglog.so" dev="dm-60" ino=53911 scontext=u:r:untrusted_app:s0:c255,c256,c512,c768 tcontext=u:object_r:app_data_file:s0:c255,c256,c512,c768 tclass=file app=com.mbwhatsapp
03-15 09:07:55.939 7519 7519 W com.mbwhatsapp: type=1400 audit(0.0:4053): avc: granted { execute } for comm=4D42576861747341707020576F726B path="/data/data/com.mbwhatsapp/files/decompressed/libs.spk.zst/libar-bundle3.so" dev="dm-60" ino=50185 scontext=u:r:untrusted_app:s0:c255,c256,c512,c768 tcontext=u:object_r:app_data_file:s0:c255,c256,c512,c768 tclass=file app=com.mbwhatsapp
03-15 09:07:55.963 7519 7519 W com.mbwhatsapp: type=1400 audit(0.0:4054): avc: granted { execute } for comm=4D42576861747341707020576F726B path="/data/data/com.mbwhatsapp/files/decompressed/libs.spk.zst/libpytorch.so" dev="dm-60" ino=54017 scontext=u:r:untrusted_app:s0:c255,c256,c512,c768 tcontext=u:object_r:app_data_file:s0:c255,c256,c512,c768 tclass=file app=com.mbwhatsapp
03-15 09:07:56.007 7519 7519 W com.mbwhatsapp: type=1400 audit(0.0:4055): avc: granted { execute } for comm=4D42576861747341707020576F726B path="/data/data/com.mbwhatsapp/files/decompressed/libs.spk.zst/libtorch-code- gen.so" dev="dm-60" ino=54086 scontext=u:r:untrusted_app:s0:c255,c256,c512,c768 tcontext=u:object_r:app_data_file:s0:c255,c256,c512,c768 tclass=file app=com.mbwhatsapp
03-15 09:07:56.273 7519 17600 E ListServiceUtils: checkInListByUid module:audio- boost-blacklist uid:10255 cost 1615us return 0
03-15 09:07:56.293 7519 17600 E AudioSystem: invalid attributes { Content type: AUDIO_CONTENT_TYPE_UNKNOWN Usage: AUDIO_USAGE_UNKNOWN Source: AUDIO_SOURCE_DEFAULT Flags: 0x0 Tags: } when converting to stream
03-15 09:07:56.298 7519 17600 W libOpenSLES: Conversion from OpenSL ES positional channel mask 0x4 to Android mask 0 loses channels
03-15 09:07:56.437 7519 17600 E ListServiceUtils: checkInListByUid module:control package:audioBoostEnable cost 1034us return 1
03-15 09:08:27.611 7519 7519 E IPCThreadState: attemptIncStrongHandle(96): Not supported
03-15 09:08:27.611 7519 7519 E IPCThreadState: attemptIncStrongHandle(99): Not supported
03-15 09:08:27.611 7519 7519 E IPCThreadState: attemptIncStrongHandle(156): Not supported
03-15 09:08:30.072 7519 17600 E ListServiceUtils: checkInListByUid module:control package:audioBoostEnable cost 2444us return 1
03-15 09:08:30.079 7519 17600 E ListServiceUtils: checkInListByUid module:audio- boost-blacklist uid:-1 cost 6630us return 0
03-15 09:08:30.320 7519 7519 E ArmVmp : Match on catch block at 0x0a in for 0x189
03-15 09:08:30.328 7519 7519 E ArmVmp : Match on catch block at 0x0a in for 0x181
03-15 09:08:30.397 7519 7519 E ArmVmp : Match on catch block at 0xc3 in for 0x151
03-15 09:08:30.400 7519 7519 E ArmVmp : Match on catch block at 0xc3 in for 0x14d
03-15 09:08:30.434 7519 7519 E ArmVmp : Match on catch block at 0xc3 in for 0x149
03-15 09:08:30.439 7519 7519 E ArmVmp : Match on catch block at 0xc3 in for 0x145
03-15 09:08:30.457 7519 7519 E ArmVmp : Match on catch block at 0xc3 in for 0x141
03-15 09:08:30.461 7519 7519 E ArmVmp : Match on catch block at 0xc3 in for 0x159
03-15 09:08:30.474 7519 7519 E ArmVmp : Match on catch block at 0xc3 in for 0x155
03-15 09:08:30.477 7519 7519 E ArmVmp : Match on catch block at 0xc3 in for 0x151
03-15 09:08:30.486 7519 7519 E ArmVmp : Match on catch block at 0xc3 in for 0x159
03-15 09:08:30.491 7519 7519 E ArmVmp : Match on catch block at 0xc3 in for 0x155
03-15 09:08:30.523 7519 7519 E ArmVmp : Match on catch block at 0xc3 in for 0x159
03-15 09:08:30.527 7519 7519 E ArmVmp : Match on catch block at 0xc3 in for 0x155
03-15 09:08:30.539 7519 7519 E ArmVmp : Match on catch block at 0xc3 in for 0x141
03-15 09:08:30.543 7519 7519 E ArmVmp : Match on catch block at 0xc3 in for 0x159
03-15 09:08:30.555 7519 7519 E ArmVmp : Match on catch block at 0xc3 in for 0x145
03-15 09:08:30.560 7519 7519 E ArmVmp : Match on catch block at 0xc3 in for 0x141
03-15 09:08:30.574 7519 7519 E ArmVmp : Match on catch block at 0xc3 in for 0x149
03-15 09:08:30.577 7519 7519 E ArmVmp : Match on catch block at 0xc3 in for 0x145
03-15 09:08:30.586 7519 7519 E ArmVmp : Match on catch block at 0xc3 in for 0x14d
03-15 09:08:30.589 7519 7519 E ArmVmp : Match on catch block at 0xc3 in for 0x149
03-15 09:08:30.608 7519 7519 E ArmVmp : Match on catch block at 0xc3 in for 0x151
03-15 09:08:30.612 7519 7519 E ArmVmp : Match on catch block at 0xc3 in for 0x14d
03-15 09:08:30.623 7519 7519 E ArmVmp : Match on catch block at 0xc3 in for 0x155
03-15 09:08:30.626 7519 7519 E ArmVmp : Match on catch block at 0xc3 in for 0x151
03-15 09:08:31.035 7519 7519 E ArmVmp : Match on catch block at 0xc3 in for 0x155
03-15 09:08:31.039 7519 7519 E ArmVmp : Match on catch block at 0xc3 in for 0x151
03-15 09:08:31.367 7519 7519 E ArmVmp : Match on catch block at 0xc3 in for 0x149
03-15 09:08:31.372 7519 7519 E ArmVmp : Match on catch block at 0xc3 in for 0x145
03-15 09:08:31.432 7519 7519 E ArmVmp : Match on catch block at 0xc3 in for 0x151
03-15 09:08:31.435 7519 7519 E ArmVmp : Match on catch block at 0xc3 in for 0x14d
03-15 09:08:31.488 7519 7519 E IPCThreadState: attemptIncStrongHandle(99): Not supported
03-15 09:08:31.488 7519 7519 E IPCThreadState: attemptIncStrongHandle(110): Not supported
03-15 09:08:31.693 7519 7519 E ArmVmp : Match on catch block at 0xc3 in for 0x141
03-15 09:08:31.697 7519 7519 E ArmVmp : Match on catch block at 0xc3 in for 0x159
03-15 09:08:31.729 7519 7519 E ArmVmp : Match on catch block at 0xc3 in for 0x14d
03-15 09:08:31.733 7519 7519 E ArmVmp : Match on catch block at 0xc3 in for 0x149
03-15 09:08:31.775 7519 7519 E ArmVmp : Match on catch block at 0xc3 in for 0x155
03-15 09:08:31.778 7519 7519 E ArmVmp : Match on catch block at 0xc3 in for 0x151
03-15 09:08:31.801 7519 7519 E ArmVmp : Match on catch block at 0xc3 in for 0x151
03-15 09:08:31.804 7519 7519 E ArmVmp : Match on catch block at 0xc3 in for 0x14d
03-15 09:08:32.166 7519 7519 E ArmVmp : Match on catch block at 0xc3 in for 0x14d
03-15 09:08:32.176 7519 7519 E ArmVmp : Match on catch block at 0xc3 in for 0x149
03-15 09:08:35.347 7519 7519 E OplusBracketLog: [OplusViewMirrorManager] updateHostViewRootIfNeeded, not support android.view.ViewRootImpl@b76d61
03-15 09:08:35.373 7519 7519 E IPCThreadState: attemptIncStrongHandle(86): Not supported
03-15 09:08:35.404 7519 7789 W Parcel : Expecting binder but got null!
03-15 09:08:36.967 7519 7519 E OplusBracketLog: [OplusViewMirrorManager] updateHostViewRootIfNeeded, not support android.view.ViewRootImpl@32468ec
03-15 09:08:36.982 7519 7519 E IPCThreadState: attemptIncStrongHandle(121): Not supported
03-15 09:08:36.993 7519 7789 W Parcel : Expecting binder but got null!
03-15 09:08:38.812 7519 7519 E OplusBracketLog: [OplusViewMirrorManager] updateHostViewRootIfNeeded, not support android.view.ViewRootImpl@c7bfa82
03-15 09:08:38.843 7519 7519 E IPCThreadState: attemptIncStrongHandle(69): Not supported
03-15 09:08:38.853 7519 7789 W Parcel : Expecting binder but got null!
03-15 09:08:38.883 7519 7519 W BottomSheetBehavior: BottomSheetBehavior now supports multiple callbacks. `setBottomSheetCallback()` removes all existing callbacks, including ones set internally by library authors, which may result in unintended behavior. This may change in the future. Please use `addBottomSheetCallback()` and `removeBottomSheetCallback()` instead to set your own callbacks.
03-15 09:08:38.883 7519 7519 W BottomSheetBehavior: BottomSheetBehavior now supports multiple callbacks. `setBottomSheetCallback()` removes all existing callbacks, including ones set internally by library authors, which may result in unintended behavior. This may change in the future. Please use `addBottomSheetCallback()` and `removeBottomSheetCallback()` instead to set your own callbacks.
03-15 09:08:38.915 7519 7519 E RecyclerView: No adapter attached; skipping layout
03-15 09:08:38.934 7519 18107 W libc : Access denied finding property "vendor.oplus.media.vpp.stutter"
03-15 09:08:38.971 7519 18110 W ColorUtils: expected specified color aspects (2:0:0:0)
03-15 09:08:38.974 7519 18109 W AString : ctor got NULL, using empty string instead
03-15 09:08:38.983 7519 18110 W Codec2Client: query -- param skipped: index = 1107298332.
03-15 09:08:38.983 7519 18110 W CCodec : This behavior is subject to change. It is recommended that app developers double check whether the requested max input size is in reasonable range.
03-15 09:08:38.989 7519 18110 W Codec2Client: query -- param skipped: index = 1342179345.
03-15 09:08:38.989 7519 18110 W Codec2Client: query -- param skipped: index = 2415921170.
03-15 09:08:38.989 7519 18110 W Codec2Client: query -- param skipped: index = 1610614798.
03-15 09:08:39.027 7519 18107 W libc : Access denied finding property "vendor.oplus.media.vpp.stutter"
03-15 09:08:39.057 7519 18124 W Codec2Client: query -- param skipped: index = 1107298332.
03-15 09:08:39.058 7519 18124 W CCodec : This behavior is subject to change. It is recommended that app developers double check whether the requested max input size is in reasonable range.
03-15 09:08:39.059 7519 18124 W Codec2Client: query -- param skipped: index = 1342179345.
03-15 09:08:39.059 7519 18124 W Codec2Client: query -- param skipped: index = 2415921170.
03-15 09:08:39.059 7519 18124 W Codec2Client: query -- param skipped: index = 1610614798.
03-15 09:08:39.128 7519 18107 E ListServiceUtils: checkInListByUid module:change- futex-timeout uid:10255 cost 1080us return 0
03-15 09:08:44.891 7519 18109 W Codec2Client: query -- param skipped: index = 1342179345.
03-15 09:08:44.892 7519 18109 W Codec2Client: query -- param skipped: index = 2415921170.
03-15 09:08:44.892 7519 18109 W Codec2Client: query -- param skipped: index = 1610614798.
03-15 09:08:44.897 7519 18124 W Codec2Client: query -- param skipped: index = 1342179345.
03-15 09:08:44.897 7519 18124 W Codec2Client: query -- param skipped: index = 2415921170.
03-15 09:08:44.897 7519 18124 W Codec2Client: query -- param skipped: index = 1610614798.
03-15 09:08:45.333 7519 7519 E OplusBracketLog: [OplusViewMirrorManager] updateHostViewRootIfNeeded, not support android.view.ViewRootImpl@d620de9
03-15 09:08:45.364 7519 7519 E IPCThreadState: attemptIncStrongHandle(141): Not supported
03-15 09:08:45.375 7519 7789 W Parcel : Expecting binder but got null!
03-15 09:08:45.400 7519 7519 W BottomSheetBehavior: BottomSheetBehavior now supports multiple callbacks. `setBottomSheetCallback()` removes all existing callbacks, including ones set internally by library authors, which may result in unintended behavior. This may change in the future. Please use `addBottomSheetCallback()` and `removeBottomSheetCallback()` instead to set your own callbacks.
03-15 09:08:45.400 7519 7519 W BottomSheetBehavior: BottomSheetBehavior now supports multiple callbacks. `setBottomSheetCallback()` removes all existing callbacks, including ones set internally by library authors, which may result in unintended behavior. This may change in the future. Please use `addBottomSheetCallback()` and `removeBottomSheetCallback()` instead to set your own callbacks.
03-15 09:08:45.424 7519 7519 W BottomSheetBehavior: BottomSheetBehavior now supports multiple callbacks. `setBottomSheetCallback()` removes all existing callbacks, including ones set internally by library authors, which may result in unintended behavior. This may change in the future. Please use `addBottomSheetCallback()` and `removeBottomSheetCallback()` instead to set your own callbacks.
03-15 09:08:45.424 7519 7519 W BottomSheetBehavior: BottomSheetBehavior now supports multiple callbacks. `setBottomSheetCallback()` removes all existing callbacks, including ones set internally by library authors, which may result in unintended behavior. This may change in the future. Please use `addBottomSheetCallback()` and `removeBottomSheetCallback()` instead to set your own callbacks.
03-15 09:08:45.439 7519 7519 E RecyclerView: No adapter attached; skipping layout
03-15 09:08:45.469 7519 18184 W libc : Access denied finding property "vendor.oplus.media.vpp.stutter"
03-15 09:08:45.512 7519 18187 W ColorUtils: expected specified color aspects (2:0:0:0)
03-15 09:08:45.517 7519 18186 W AString : ctor got NULL, using empty string instead
03-15 09:08:45.528 7519 18187 W Codec2Client: query -- param skipped: index = 1107298332.
03-15 09:08:45.528 7519 18187 W CCodec : This behavior is subject to change. It is recommended that app developers double check whether the requested max input size is in reasonable range.
03-15 09:08:45.534 7519 18187 W Codec2Client: query -- param skipped: index = 1342179345.
03-15 09:08:45.534 7519 18187 W Codec2Client: query -- param skipped: index = 2415921170.
03-15 09:08:45.534 7519 18187 W Codec2Client: query -- param skipped: index = 1610614798.
03-15 09:08:45.566 7519 18184 W libc : Access denied finding property "vendor.oplus.media.vpp.stutter"
03-15 09:08:45.604 7519 18205 W Codec2Client: query -- param skipped: index = 1107298332.
03-15 09:08:45.604 7519 18205 W CCodec : This behavior is subject to change. It is recommended that app developers double check whether the requested max input size is in reasonable range.
03-15 09:08:45.606 7519 18205 W Codec2Client: query -- param skipped: index = 1342179345.
03-15 09:08:45.606 7519 18205 W Codec2Client: query -- param skipped: index = 2415921170.
03-15 09:08:45.606 7519 18205 W Codec2Client: query -- param skipped: index = 1610614798.
03-15 09:08:46.473 7519 18184 E ListServiceUtils: checkInListByUid module:control package:audioBoostEnable cost 1586us return 1
03-15 09:08:46.855 7519 18186 W Codec2Client: query -- param skipped: index = 1342179345.
03-15 09:08:46.855 7519 18186 W Codec2Client: query -- param skipped: index = 2415921170.
03-15 09:08:46.855 7519 18186 W Codec2Client: query -- param skipped: index = 1610614798.
03-15 09:08:46.860 7519 7519 W BottomSheetBehavior: BottomSheetBehavior now supports multiple callbacks. `setBottomSheetCallback()` removes all existing callbacks, including ones set internally by library authors, which may result in unintended behavior. This may change in the future. Please use `addBottomSheetCallback()` and `removeBottomSheetCallback()` instead to set your own callbacks.
03-15 09:08:46.860 7519 7519 W BottomSheetBehavior: BottomSheetBehavior now supports multiple callbacks. `setBottomSheetCallback()` removes all existing callbacks, including ones set internally by library authors, which may result in unintended behavior. This may change in the future. Please use `addBottomSheetCallback()` and `removeBottomSheetCallback()` instead to set your own callbacks.
03-15 09:08:46.863 7519 18205 W Codec2Client: query -- param skipped: index = 1342179345.
03-15 09:08:46.863 7519 18205 W Codec2Client: query -- param skipped: index = 2415921170.
03-15 09:08:46.863 7519 18205 W Codec2Client: query -- param skipped: index = 1610614798.
03-15 09:08:46.869 7519 7519 E RecyclerView: No adapter attached; skipping layout
03-15 09:08:46.931 7519 18184 W libc : Access denied finding property "vendor.oplus.media.vpp.stutter"
03-15 09:08:46.957 7519 18235 W ColorUtils: expected specified color aspects (2:0:0:0)
03-15 09:08:46.960 7519 18233 W AString : ctor got NULL, using empty string instead
03-15 09:08:46.967 7519 18235 W Codec2Client: query -- param skipped: index = 1107298332.
03-15 09:08:46.967 7519 18235 W CCodec : This behavior is subject to change. It is recommended that app developers double check whether the requested max input size is in reasonable range.
03-15 09:08:46.976 7519 18235 W Codec2Client: query -- param skipped: index = 1342179345.
03-15 09:08:46.977 7519 18235 W Codec2Client: query -- param skipped: index = 2415921170.
03-15 09:08:46.977 7519 18235 W Codec2Client: query -- param skipped: index = 1610614798.
03-15 09:08:47.027 7519 18184 W libc : Access denied finding property "vendor.oplus.media.vpp.stutter"
03-15 09:08:47.031 7519 7519 E RecyclerView: No adapter attached; skipping layout
03-15 09:08:47.040 7519 7565 E SQLiteDatabase: Error inserting transferred=0 media_job_uuid=8430501a-524e-4312-a7ef-b4853b39599b transcoded=0 gif_attribution=0 first_scan_length=0 direct_path=/v/t62.7161- 24/35874149_1445441199726133_6510642056410221041_n.enc?ccb=11- 4&oh=01_AdR0qDrKdyNbcPc2MNi7wbFgaLX36IiWPtSDYTJ-icwg7Q&oe=661B2297&_nc_sid=5e03e0 thumbnail_height_width_ratio=1.7777778 is_animated_sticker=0 file_hash=rqQHqZXT8rKKUPeYE6Mvb74dikEZHjFXVSoQTs8bgL4= file_path=null file_size=0 partial_media_hash=null face_x=0 face_y=0 height=1024 trim_to=0 media_key_timestamp=1710466902000 message_url=https://mmg.whatsapp.net/v/t62.7161- 24/35874149_1445441199726133_6510642056410221041_n.enc?ccb=11- 4&oh=01_AdR0qDrKdyNbcPc2MNi7wbFgaLX36IiWPtSDYTJ- icwg7Q&oe=661B2297&_nc_sid=5e03e0&mms3=true media_caption=null trim_from=0 mime_type=video/mp4 partial_media_enc_hash=null width=576 original_file_hash=null has_streaming_sidecar=1 autotransfer_retry_enabled=0 media_upload_handle=null message_row_id=243 multicast_id=null enc_file_hash=YxZmzw1W+LrL9hEVrvcxhjvaHhzcu5SuSn0DjuJ/B14= mute_video=0 page_count=0 first_scan_sidecar=null suspicious_content=0 file_length=7850425 media_name=null media_duration=18 chat_row_id=27 media_key=[B@b68de63
03-15 09:08:47.040 7519 7565 E SQLiteDatabase: android.database.sqlite.SQLiteConstraintException: UNIQUE constraint failed: message_media.message_row_id (code 1555 SQLITE_CONSTRAINT_PRIMARYKEY)
03-15 09:08:47.040 7519 7565 E SQLiteDatabase: at android.database.sqlite.SQLiteConnection.nativeExecuteForLastInsertedRowId(Native Method)
03-15 09:08:47.040 7519 7565 E SQLiteDatabase: at android.database.sqlite.SQLiteConnection.executeForLastInsertedRowId(SQLiteConnecti on.java:967)
03-15 09:08:47.040 7519 7565 E SQLiteDatabase: at android.database.sqlite.SQLiteSession.executeForLastInsertedRowId(SQLiteSession.jav a:790)
03-15 09:08:47.040 7519 7565 E SQLiteDatabase: at android.database.sqlite.SQLiteStatement.executeInsert(SQLiteStatement.java:89)
03-15 09:08:47.040 7519 7565 E SQLiteDatabase: at android.database.sqlite.SQLiteDatabase.insertWithOnConflict(SQLiteDatabase.java:186 8)
03-15 09:08:47.040 7519 7565 E SQLiteDatabase: at android.database.sqlite.SQLiteDatabase.insert(SQLiteDatabase.java:1737)
03-15 09:08:47.040 7519 7565 E SQLiteDatabase: at X.2tm.A08(Unknown Source:6)
03-15 09:08:47.040 7519 7565 E SQLiteDatabase: at X.35Y.A07(Unknown Source:212)
03-15 09:08:47.040 7519 7565 E SQLiteDatabase: at X.3QF.A14(Unknown Source:470)
03-15 09:08:47.040 7519 7565 E SQLiteDatabase: at X.3gU.run(Unknown Source:982)
03-15 09:08:47.040 7519 7565 E SQLiteDatabase: at android.os.Handler.handleCallback(Handler.java:942)
03-15 09:08:47.040 7519 7565 E SQLiteDatabase: at android.os.Handler.dispatchMessage(Handler.java:99)
03-15 09:08:47.040 7519 7565 E SQLiteDatabase: at X.0zq.dispatchMessage(Unknown Source:4)
03-15 09:08:47.040 7519 7565 E SQLiteDatabase: at android.os.Looper.loopOnce(Looper.java:240)
03-15 09:08:47.040 7519 7565 E SQLiteDatabase: at android.os.Looper.loop(Looper.java:351)
03-15 09:08:47.040 7519 7565 E SQLiteDatabase: at android.os.HandlerThread.run(HandlerThread.java:67)
03-15 09:08:47.050 7519 7565 E SQLiteDatabase: Error inserting transferred=0 media_job_uuid=8430501a-524e-4312-a7ef-b4853b39599b transcoded=0 gif_attribution=0 first_scan_length=0 direct_path=/v/t62.7161- 24/35874149_1445441199726133_6510642056410221041_n.enc?ccb=11- 4&oh=01_AdR0qDrKdyNbcPc2MNi7wbFgaLX36IiWPtSDYTJ-icwg7Q&oe=661B2297&_nc_sid=5e03e0 thumbnail_height_width_ratio=1.7777778 is_animated_sticker=0 file_hash=rqQHqZXT8rKKUPeYE6Mvb74dikEZHjFXVSoQTs8bgL4= file_path=null file_size=0 partial_media_hash=null face_x=0 face_y=0 height=1024 trim_to=0 media_key_timestamp=1710466902000 message_url=https://mmg.whatsapp.net/v/t62.7161- 24/35874149_1445441199726133_6510642056410221041_n.enc?ccb=11- 4&oh=01_AdR0qDrKdyNbcPc2MNi7wbFgaLX36IiWPtSDYTJ- icwg7Q&oe=661B2297&_nc_sid=5e03e0&mms3=true media_caption=null trim_from=0 mime_type=video/mp4 partial_media_enc_hash=null width=576 original_file_hash=null has_streaming_sidecar=1 autotransfer_retry_enabled=0 media_upload_handle=null message_row_id=243 multicast_id=null enc_file_hash=YxZmzw1W+LrL9hEVrvcxhjvaHhzcu5SuSn0DjuJ/B14= mute_video=0 page_count=0 first_scan_sidecar=null suspicious_content=0 file_length=7850425 media_name=null media_duration=18 chat_row_id=27 media_key=[B@b68de63
03-15 09:08:47.050 7519 7565 E SQLiteDatabase: android.database.sqlite.SQLiteConstraintException: UNIQUE constraint failed: message_media.message_row_id (code 1555 SQLITE_CONSTRAINT_PRIMARYKEY)
03-15 09:08:47.050 7519 7565 E SQLiteDatabase: at android.database.sqlite.SQLiteConnection.nativeExecuteForLastInsertedRowId(Native Method)
03-15 09:08:47.050 7519 7565 E SQLiteDatabase: at android.database.sqlite.SQLiteConnection.executeForLastInsertedRowId(SQLiteConnecti on.java:967)
03-15 09:08:47.050 7519 7565 E SQLiteDatabase: at android.database.sqlite.SQLiteSession.executeForLastInsertedRowId(SQLiteSession.jav a:790)
03-15 09:08:47.050 7519 7565 E SQLiteDatabase: at android.database.sqlite.SQLiteStatement.executeInsert(SQLiteStatement.java:89)
03-15 09:08:47.050 7519 7565 E SQLiteDatabase: at android.database.sqlite.SQLiteDatabase.insertWithOnConflict(SQLiteDatabase.java:186 8)
03-15 09:08:47.050 7519 7565 E SQLiteDatabase: at android.database.sqlite.SQLiteDatabase.insert(SQLiteDatabase.java:1737)
03-15 09:08:47.050 7519 7565 E SQLiteDatabase: at X.2tm.A08(Unknown Source:6)
03-15 09:08:47.050 7519 7565 E SQLiteDatabase: at X.35Y.A07(Unknown Source:212)
03-15 09:08:47.050 7519 7565 E SQLiteDatabase: at X.3QF.A14(Unknown Source:470)
03-15 09:08:47.050 7519 7565 E SQLiteDatabase: at X.3gU.run(Unknown Source:982)
03-15 09:08:47.050 7519 7565 E SQLiteDatabase: at android.os.Handler.handleCallback(Handler.java:942)
03-15 09:08:47.050 7519 7565 E SQLiteDatabase: at android.os.Handler.dispatchMessage(Handler.java:99)
03-15 09:08:47.050 7519 7565 E SQLiteDatabase: at X.0zq.dispatchMessage(Unknown Source:4)
03-15 09:08:47.050 7519 7565 E SQLiteDatabase: at android.os.Looper.loopOnce(Looper.java:240)
03-15 09:08:47.050 7519 7565 E SQLiteDatabase: at android.os.Looper.loop(Looper.java:351)
03-15 09:08:47.050 7519 7565 E SQLiteDatabase: at android.os.HandlerThread.run(HandlerThread.java:67)
03-15 09:08:47.073 7519 18264 W Codec2Client: query -- param skipped: index = 1107298332.
03-15 09:08:47.073 7519 18264 W CCodec : This behavior is subject to change. It is recommended that app developers double check whether the requested max input size is in reasonable range.
03-15 09:08:47.077 7519 18264 W Codec2Client: query -- param skipped: index = 1342179345.
03-15 09:08:47.077 7519 18264 W Codec2Client: query -- param skipped: index = 2415921170.
03-15 09:08:47.077 7519 18264 W Codec2Client: query -- param skipped: index = 1610614798.
03-15 09:08:47.229 7519 18233 W Codec2Client: query -- param skipped: index = 1342179345.
03-15 09:08:47.229 7519 18233 W Codec2Client: query -- param skipped: index = 2415921170.
03-15 09:08:47.229 7519 18233 W Codec2Client: query -- param skipped: index = 1610614798.
03-15 09:08:47.235 7519 18264 W Codec2Client: query -- param skipped: index = 1342179345.
03-15 09:08:47.235 7519 18264 W Codec2Client: query -- param skipped: index = 2415921170.
03-15 09:08:47.235 7519 18264 W Codec2Client: query -- param skipped: index = 1610614798.
03-15 09:08:47.286 7519 18184 W libc : Access denied finding property "vendor.oplus.media.vpp.stutter"
03-15 09:08:47.341 7519 18280 W ColorUtils: expected specified color aspects (2:0:0:0)
03-15 09:08:47.347 7519 18279 W AString : ctor got NULL, using empty string instead
03-15 09:08:47.359 7519 18280 W Codec2Client: query -- param skipped: index = 1107298332.
03-15 09:08:47.359 7519 18280 W CCodec : This behavior is subject to change. It is recommended that app developers double check whether the requested max input size is in reasonable range.
03-15 09:08:47.367 7519 18280 W Codec2Client: query -- param skipped: index = 1342179345.
03-15 09:08:47.367 7519 18280 W Codec2Client: query -- param skipped: index = 2415921170.
03-15 09:08:47.367 7519 18280 W Codec2Client: query -- param skipped: index = 1610614798.
03-15 09:08:47.422 7519 18184 W libc : Access denied finding property "vendor.oplus.media.vpp.stutter"
03-15 09:08:47.456 7519 18289 W Codec2Client: query -- param skipped: index = 1107298332.
03-15 09:08:47.456 7519 18289 W CCodec : This behavior is subject to change. It is recommended that app developers double check whether the requested max input size is in reasonable range.
03-15 09:08:47.457 7519 18289 W Codec2Client: query -- param skipped: index = 1342179345.
03-15 09:08:47.457 7519 18289 W Codec2Client: query -- param skipped: index = 2415921170.
03-15 09:08:47.457 7519 18289 W Codec2Client: query -- param skipped: index = 1610614798.
03-15 09:08:47.513 7519 18184 E ListServiceUtils: checkInListByUid module:control package:audioBoostEnable cost 1060us return 1
03-15 09:08:47.991 7519 18279 W Codec2Client: query -- param skipped: index = 1342179345.
03-15 09:08:47.991 7519 18279 W Codec2Client: query -- param skipped: index = 2415921170.
03-15 09:08:47.991 7519 18279 W Codec2Client: query -- param skipped: index = 1610614798.
03-15 09:08:47.998 7519 18289 W Codec2Client: query -- param skipped: index = 1342179345.
03-15 09:08:47.998 7519 18289 W Codec2Client: query -- param skipped: index = 2415921170.
03-15 09:08:47.998 7519 18289 W Codec2Client: query -- param skipped: index = 1610614798.
03-15 09:08:48.456 7519 7519 E OplusBracketLog: [OplusViewMirrorManager] updateHostViewRootIfNeeded, not support android.view.ViewRootImpl@94de55d
03-15 09:08:48.488 7519 7519 E IPCThreadState: attemptIncStrongHandle(155): Not supported
03-15 09:08:48.500 7519 7789 W Parcel : Expecting binder but got null!
