02-23 17:58:16.051 21040 21040 E ArmVmp : Match on catch block at 0xc3 in for 0xa5
02-23 17:58:16.056 21040 21040 E ArmVmp : Match on catch block at 0xc3 in for 0xa9
02-23 17:58:16.059 21040 21040 E ArmVmp : Match on catch block at 0xc3 in for 0xa9
02-23 17:58:16.084 21040 21040 E ArmVmp : Match on catch block at 0xc3 in for 0xa1
02-23 17:58:16.089 21040 21040 E ArmVmp : Match on catch block at 0xc3 in for 0xa5
02-23 17:58:16.100 21040 21040 E ArmVmp : Match on catch block at 0xc3 in for 0xa1
02-23 17:58:16.112 21040 21040 E ArmVmp : Match on catch block at 0xc3 in for 0xa5
02-23 17:58:16.188 21040 21040 E ArmVmp : Match on catch block at 0xc3 in for 0xa9
02-23 17:58:16.200 21040 21040 E ArmVmp : Match on catch block at 0xc3 in for 0xa1
02-23 17:58:16.224 21040 21040 E ArmVmp : Match on catch block at 0xc3 in for 0xa9
02-23 17:58:16.229 21040 21040 E ArmVmp : Match on catch block at 0xc3 in for 0xa1
02-23 17:58:16.255 21040 21040 E ArmVmp : Match on catch block at 0xc3 in for 0xa5
02-23 17:58:16.260 21040 21040 E ArmVmp : Match on catch block at 0xc3 in for 0xa9
02-23 17:58:16.278 21040 21040 E ArmVmp : Match on catch block at 0xc3 in for 0xa5
02-23 17:58:16.282 21040 21040 E ArmVmp : Match on catch block at 0xc3 in for 0xa9
02-23 17:58:16.528 21040 21040 E ArmVmp : Match on catch block at 0xc3 in for 0xa1
02-23 17:58:16.536 21040 21040 E ArmVmp : Match on catch block at 0xc3 in for 0xa5
02-23 17:58:16.789 21040 21040 E ArmVmp : Match on catch block at 0xc3 in for 0xa9
02-23 17:58:16.791 21040 21040 E ArmVmp : Match on catch block at 0xc3 in for 0xa1
02-23 17:58:16.810 21040 21040 E ArmVmp : Match on catch block at 0xc3 in for 0xa9
02-23 17:58:16.813 21040 21040 E ArmVmp : Match on catch block at 0xc3 in for 0xa1
02-23 17:58:16.973 21040 21040 E ArmVmp : Match on catch block at 0xc3 in for 0xa1
02-23 17:58:16.981 21040 21040 E ArmVmp : Match on catch block at 0xc3 in for 0xa5
02-23 17:58:16.994 21040 21040 E ArmVmp : Match on catch block at 0xc3 in for 0xa1
02-23 17:58:16.999 21040 21040 E ArmVmp : Match on catch block at 0xc3 in for 0xa5
02-23 17:58:17.043 21040 21040 E ArmVmp : Match on catch block at 0xc3 in for 0xa5
02-23 17:58:17.047 21040 21040 E ArmVmp : Match on catch block at 0xc3 in for 0xa9
02-23 17:58:17.065 21040 25626 W MediaPlayer: Use of stream types is deprecated for
operations other than volume control
02-23 17:58:17.066 21040 25626 W MediaPlayer: See the documentation of
setAudioStreamType() for what to use instead with android.media.AudioAttributes to
qualify your playback use case
02-23 17:58:17.070 21040 21040 E ArmVmp : Match on catch block at 0xc3 in for 0xa1
02-23 17:58:17.074 21040 21040 E ArmVmp : Match on catch block at 0xc3 in for 0xa5
02-23 17:58:17.086 21040 21040 E ArmVmp : Match on catch block at 0xc3 in for 0xa1
02-23 17:58:17.090 21040 21040 E ArmVmp : Match on catch block at 0xc3 in for 0xa5
02-23 17:58:17.120 21040 21040 E ArmVmp : Match on catch block at 0xc3 in for 0xa1
02-23 17:58:17.124 21040 21040 E ArmVmp : Match on catch block at 0xc3 in for 0xa5
02-23 17:58:17.134 21040 21040 E ArmVmp : Match on catch block at 0xc3 in for 0xa1
02-23 17:58:17.137 21040 21040 E ArmVmp : Match on catch block at 0xc3 in for 0xa5
02-23 17:58:17.330 21040 24231 W MediaPlayerNative: info/warning (10973, 0)
02-23 17:58:17.546 21040 21040 E ArmVmp : Match on catch block at 0xc3 in for 0xa1
02-23 17:58:17.549 21040 21040 E ArmVmp : Match on catch block at 0xc3 in for 0xa5
02-23 17:58:17.562 21040 21040 E ArmVmp : Match on catch block at 0xc3 in for 0xa9
02-23 17:58:17.565 21040 21040 E ArmVmp : Match on catch block at 0xc3 in for 0xa1
02-23 17:58:17.632 21040 21040 E ArmVmp : Match on catch block at 0xc3 in for 0xa1
02-23 17:58:17.636 21040 21040 E ArmVmp : Match on catch block at 0xc3 in for 0xa5
02-23 17:58:17.645 21040 21040 E ArmVmp : Match on catch block at 0xc3 in for 0xa1
02-23 17:58:17.651 21040 21040 E ArmVmp : Match on catch block at 0xc3 in for 0xa5
02-23 17:58:17.660 21040 21040 E ArmVmp : Match on catch block at 0xc3 in for 0xa1
02-23 17:58:17.664 21040 21040 E ArmVmp : Match on catch block at 0xc3 in for 0xa5
02-23 17:58:17.676 21040 21040 E ArmVmp : Match on catch block at 0xc3 in for 0xa1
02-23 17:58:17.682 21040 21040 E ArmVmp : Match on catch block at 0xc3 in for 0xa5
02-23 17:58:17.693 21040 21040 E ArmVmp : Match on catch block at 0xc3 in for 0xa1
02-23 17:58:17.698 21040 21040 E ArmVmp : Match on catch block at 0xc3 in for 0xa5
02-23 17:58:17.710 21040 21040 E ArmVmp : Match on catch block at 0xc3 in for 0xa1
02-23 17:58:17.716 21040 21040 E ArmVmp : Match on catch block at 0xc3 in for 0xa5
02-23 17:58:17.726 21040 21040 E ArmVmp : Match on catch block at 0xc3 in for 0xa5
02-23 17:58:17.729 21040 21040 E ArmVmp : Match on catch block at 0xc3 in for 0xa9
02-23 17:58:17.743 21040 21040 E ArmVmp : Match on catch block at 0xc3 in for 0xa5
02-23 17:58:17.746 21040 21040 E ArmVmp : Match on catch block at 0xc3 in for 0xa9
02-23 17:58:17.759 21040 21040 E ArmVmp : Match on catch block at 0xc3 in for 0xa5
02-23 17:58:17.764 21040 21040 E ArmVmp : Match on catch block at 0xc3 in for 0xa9
02-23 17:58:17.776 21040 21040 E ArmVmp : Match on catch block at 0xc3 in for 0xa5
02-23 17:58:17.781 21040 21040 E ArmVmp : Match on catch block at 0xc3 in for 0xa9
02-23 17:58:17.793 21040 21040 E ArmVmp : Match on catch block at 0xc3 in for 0xa5
02-23 17:58:17.797 21040 21040 E ArmVmp : Match on catch block at 0xc3 in for 0xa9
02-23 17:58:17.809 21040 21040 E ArmVmp : Match on catch block at 0xc3 in for 0xa5
02-23 17:58:17.814 21040 21040 E ArmVmp : Match on catch block at 0xc3 in for 0xa9
02-23 17:58:17.826 21040 21040 E ArmVmp : Match on catch block at 0xc3 in for 0xa5
02-23 17:58:17.831 21040 21040 E ArmVmp : Match on catch block at 0xc3 in for 0xa9
02-23 17:58:17.843 21040 21040 E ArmVmp : Match on catch block at 0xc3 in for 0xa5
02-23 17:58:17.851 21040 21040 E ArmVmp : Match on catch block at 0xc3 in for 0xa9
02-23 17:58:17.859 21040 21040 E ArmVmp : Match on catch block at 0xc3 in for 0xa5
02-23 17:58:17.863 21040 21040 E ArmVmp : Match on catch block at 0xc3 in for 0xa9
02-23 17:58:17.876 21040 21040 E ArmVmp : Match on catch block at 0xc3 in for 0xa5
02-23 17:58:17.880 21040 21040 E ArmVmp : Match on catch block at 0xc3 in for 0xa9
02-23 17:58:17.893 21040 21040 E ArmVmp : Match on catch block at 0xc3 in for 0xa5
02-23 17:58:17.896 21040 21040 E ArmVmp : Match on catch block at 0xc3 in for 0xa9
02-23 17:58:17.909 21040 21040 E ArmVmp : Match on catch block at 0xc3 in for 0xa1
02-23 17:58:17.912 21040 21040 E ArmVmp : Match on catch block at 0xc3 in for 0xa5
02-23 17:58:17.926 21040 21040 E ArmVmp : Match on catch block at 0xc3 in for 0xa1
02-23 17:58:17.927 21040 24245 E SQLiteDatabase: Error inserting transferred=1
media_job_uuid=64113133-8856-462f-8ff2-ebd33329c641 transcoded=0 gif_attribution=0
first_scan_length=7231 direct_path=/v/t62.7118-
24/40340109_1434515694107444_7019179461380247928_n.enc?ccb=11-
4&oh=01_AdTdP1VWux_JbSNH_bULE-9F120UaNMTiKmvr_ghBmvc0g&oe=6600034D&_nc_sid=5e03e0
thumbnail_height_width_ratio=0.43055555 is_animated_sticker=0
file_hash=MgEboWXWc/A75HYJhqNWBwV8c75h7PM9MWDJZQxLch0= file_path=Media/MBWhatsApp
Images/IMG-20240223-WA0040.jpg file_size=75461
partial_media_hash=pJVcVuURWUIUzVkA/LSHK5e4ySWmPdqU6hHVR+p6Noo= face_x=0 face_y=0
height=540 trim_to=0 media_key_timestamp=1708650469000
message_url=https://mmg.whatsapp.net/v/t62.7118-
24/40340109_1434515694107444_7019179461380247928_n.enc?ccb=11-
4&oh=01_AdTdP1VWux_JbSNH_bULE-
9F120UaNMTiKmvr_ghBmvc0g&oe=6600034D&_nc_sid=5e03e0&mms3=true media_caption=null
trim_from=0 mime_type=image/jpeg partial_media_enc_hash=null width=1224
original_file_hash=null has_streaming_sidecar=1 autotransfer_retry_enabled=1
media_upload_handle=null message_row_id=3696 multicast_id=null
enc_file_hash=q2NRDFpMQ+gDNXTZD/jOAh8kwGq1yVo2um+3kHBXJlM= mute_video=0
page_count=0 first_scan_sidecar=[B@bf8e1bd suspicious_content=0 file_length=75461
media_name=null media_duration=0 chat_row_id=467 media_key=[B@2ede3b2
02-23 17:58:17.927 21040 24245 E SQLiteDatabase:
android.database.sqlite.SQLiteConstraintException: UNIQUE constraint failed:
message_media.message_row_id (code 1555 SQLITE_CONSTRAINT_PRIMARYKEY[1555])
02-23 17:58:17.927 21040 24245 E SQLiteDatabase: at
android.database.sqlite.SQLiteConnection.nativeExecuteForLastInsertedRowId(Native
Method)
02-23 17:58:17.927 21040 24245 E SQLiteDatabase: at
android.database.sqlite.SQLiteConnection.executeForLastInsertedRowId(SQLiteConnecti
on.java:1217)
02-23 17:58:17.927 21040 24245 E SQLiteDatabase: at
android.database.sqlite.SQLiteSession.executeForLastInsertedRowId(SQLiteSession.jav
a:790)
02-23 17:58:17.927 21040 24245 E SQLiteDatabase: at
android.database.sqlite.SQLiteStatement.executeInsert(SQLiteStatement.java:88)
02-23 17:58:17.927 21040 24245 E SQLiteDatabase: at
android.database.sqlite.SQLiteDatabase.insertWithOnConflict(SQLiteDatabase.java:221
9)
02-23 17:58:17.927 21040 24245 E SQLiteDatabase: at
android.database.sqlite.SQLiteDatabase.insert(SQLiteDatabase.java:2088)
02-23 17:58:17.927 21040 24245 E SQLiteDatabase: at X.2tm.A08(Unknown
Source:6)
02-23 17:58:17.927 21040 24245 E SQLiteDatabase: at X.35Y.A07(Unknown
Source:212)
02-23 17:58:17.927 21040 24245 E SQLiteDatabase: at X.3QF.A14(Unknown
Source:470)
02-23 17:58:17.927 21040 24245 E SQLiteDatabase: at X.3gU.run(Unknown
Source:982)
02-23 17:58:17.927 21040 24245 E SQLiteDatabase: at
android.os.Handler.handleCallback(Handler.java:938)
02-23 17:58:17.927 21040 24245 E SQLiteDatabase: at
android.os.Handler.dispatchMessage(Handler.java:99)
02-23 17:58:17.927 21040 24245 E SQLiteDatabase: at
X.0zq.dispatchMessage(Unknown Source:4)
02-23 17:58:17.927 21040 24245 E SQLiteDatabase: at
android.os.Looper.loop(Looper.java:246)
02-23 17:58:17.927 21040 24245 E SQLiteDatabase: at
android.os.HandlerThread.run(HandlerThread.java:67)
02-23 17:58:17.930 21040 21040 E ArmVmp : Match on catch block at 0xc3 in for 0xa5
02-23 17:58:17.948 21040 21040 E ArmVmp : Match on catch block at 0xc3 in for 0xa1
02-23 17:58:17.952 21040 21040 E ArmVmp : Match on catch block at 0xc3 in for 0xa5
02-23 17:58:17.999 21040 21040 E ArmVmp : Match on catch block at 0xc3 in for 0xa1
02-23 17:58:18.003 21040 21040 E ArmVmp : Match on catch block at 0xc3 in for 0xa5
02-23 17:58:18.061 21040 21040 E ArmVmp : Match on catch block at 0xc3 in for 0xa1
02-23 17:58:18.064 21040 21040 E ArmVmp : Match on catch block at 0xc3 in for 0xa5
02-23 17:58:18.124 21040 21040 E ArmVmp : Match on catch block at 0xc3 in for 0xa9
02-23 17:58:18.127 21040 21040 E ArmVmp : Match on catch block at 0xc3 in for 0xa1
02-23 17:58:18.138 21040 21040 E ArmVmp : Match on catch block at 0xc3 in for 0xa9
02-23 17:58:18.142 21040 21040 E ArmVmp : Match on catch block at 0xc3 in for 0xa1
02-23 17:58:18.160 21040 21040 E ArmVmp : Match on catch block at 0xc3 in for 0xa9
02-23 17:58:18.165 21040 21040 E ArmVmp : Match on catch block at 0xc3 in for 0xa1
02-23 17:58:18.177 21040 21040 E ArmVmp : Match on catch block at 0xc3 in for 0xa9
02-23 17:58:18.182 21040 21040 E ArmVmp : Match on catch block at 0xc3 in for 0xa1
02-23 17:58:18.193 21040 21040 E ArmVmp : Match on catch block at 0xc3 in for 0xa9
02-23 17:58:18.197 21040 21040 E ArmVmp : Match on catch block at 0xc3 in for 0xa1
02-23 17:58:18.210 21040 21040 E ArmVmp : Match on catch block at 0xc3 in for 0xa9
02-23 17:58:18.214 21040 21040 E ArmVmp : Match on catch block at 0xc3 in for 0xa1
02-23 17:58:18.226 21040 21040 E ArmVmp : Match on catch block at 0xc3 in for 0xa9
02-23 17:58:18.230 21040 21040 E ArmVmp : Match on catch block at 0xc3 in for 0xa1
02-23 17:58:18.243 21040 21040 E ArmVmp : Match on catch block at 0xc3 in for 0xa9
02-23 17:58:18.250 21040 21040 E ArmVmp : Match on catch block at 0xc3 in for 0xa1
02-23 17:58:18.259 21040 21040 E ArmVmp : Match on catch block at 0xc3 in for 0xa9
02-23 17:58:18.263 21040 21040 E ArmVmp : Match on catch block at 0xc3 in for 0xa1
02-23 17:58:18.276 21040 21040 E ArmVmp : Match on catch block at 0xc3 in for 0xa9
02-23 17:58:18.280 21040 21040 E ArmVmp : Match on catch block at 0xc3 in for 0xa1
02-23 17:58:18.292 21040 21040 E ArmVmp : Match on catch block at 0xc3 in for 0xa1
02-23 17:58:18.296 21040 21040 E ArmVmp : Match on catch block at 0xc3 in for 0xa5
02-23 17:58:18.309 21040 21040 E ArmVmp : Match on catch block at 0xc3 in for 0xa5
02-23 17:58:18.314 21040 21040 E ArmVmp : Match on catch block at 0xc3 in for 0xa9
02-23 17:58:18.326 21040 21040 E ArmVmp : Match on catch block at 0xc3 in for 0xa5
02-23 17:58:18.329 21040 21040 E ArmVmp : Match on catch block at 0xc3 in for 0xa9
02-23 17:58:18.342 21040 21040 E ArmVmp : Match on catch block at 0xc3 in for 0xa1
02-23 17:58:18.346 21040 21040 E ArmVmp : Match on catch block at 0xc3 in for 0xa5
02-23 17:58:18.359 21040 21040 E ArmVmp : Match on catch block at 0xc3 in for 0xa1
02-23 17:58:18.367 21040 21040 E ArmVmp : Match on catch block at 0xc3 in for 0xa5
02-23 17:58:18.377 21040 21040 E ArmVmp : Match on catch block at 0xc3 in for 0xa1
02-23 17:58:18.381 21040 21040 E ArmVmp : Match on catch block at 0xc3 in for 0xa5
02-23 17:58:18.392 21040 21040 E ArmVmp : Match on catch block at 0xc3 in for 0xa1
02-23 17:58:18.399 21040 21040 E ArmVmp : Match on catch block at 0xc3 in for 0xa5
02-23 17:58:18.410 21040 21040 E ArmVmp : Match on catch block at 0xc3 in for 0xa1
02-23 17:58:18.419 21040 21040 E ArmVmp : Match on catch block at 0xc3 in for 0xa5
02-23 17:58:18.428 21040 21040 E ArmVmp : Match on catch block at 0xc3 in for 0xa1
02-23 17:58:18.435 21040 21040 E ArmVmp : Match on catch block at 0xc3 in for 0xa5
02-23 17:58:18.453 21040 21040 E ArmVmp : Match on catch block at 0xc3 in for 0xa1
02-23 17:58:18.457 21040 21040 E ArmVmp : Match on catch block at 0xc3 in for 0xa5
02-23 17:58:18.469 21040 21040 E ArmVmp : Match on catch block at 0xc3 in for 0xa1
02-23 17:58:18.475 21040 21040 E ArmVmp : Match on catch block at 0xc3 in for 0xa5
02-23 17:58:18.492 21040 21040 E ArmVmp : Match on catch block at 0xc3 in for 0xa5
02-23 17:58:18.500 21040 21040 E ArmVmp : Match on catch block at 0xc3 in for 0xa9
02-23 17:58:18.509 21040 21040 E ArmVmp : Match on catch block at 0xc3 in for 0xa5
02-23 17:58:18.514 21040 21040 E ArmVmp : Match on catch block at 0xc3 in for 0xa9
02-23 17:58:18.528 21040 21040 E ArmVmp : Match on catch block at 0xc3 in for 0xa9
02-23 17:58:18.538 21040 21040 E ArmVmp : Match on catch block at 0xc3 in for 0xa1
02-23 17:58:18.546 21040 21040 E ArmVmp : Match on catch block at 0xc3 in for 0xa9
02-23 17:58:18.551 21040 21040 E ArmVmp : Match on catch block at 0xc3 in for 0xa1
02-23 17:58:18.585 21040 21040 E ArmVmp : Match on catch block at 0xc3 in for 0xa9
02-23 17:58:18.590 21040 21040 E ArmVmp : Match on catch block at 0xc3 in for 0xa1
02-23 17:58:18.639 21040 21040 E ArmVmp : Match on catch block at 0xc3 in for 0xa9
02-23 17:58:18.650 21040 21040 E ArmVmp : Match on catch block at 0xc3 in for 0xa1
02-23 17:58:18.730 21040 21040 E ArmVmp : Match on catch block at 0xc3 in for 0xa5
02-23 17:58:18.737 21040 21040 E ArmVmp : Match on catch block at 0xc3 in for 0xa9
02-23 17:58:19.163 21040 21040 E ArmVmp : Match on catch block at 0xc3 in for 0xa9
02-23 17:58:19.171 21040 21040 E ArmVmp : Match on catch block at 0xc3 in for 0xa1
02-23 17:58:19.255 21040 21040 E ArmVmp : Match on catch block at 0xc3 in for 0xa5
02-23 17:58:19.263 21040 21040 E ArmVmp : Match on catch block at 0xc3 in for 0xa9
02-23 17:58:19.327 21040 24245 E SQLiteDatabase: Error inserting transferred=1
media_job_uuid=e8b5c903-4df3-4ccd-88c9-622680360d4e transcoded=0 gif_attribution=0
first_scan_length=7232 direct_path=/v/t62.7118-
24/56154989_937200634687221_3188672142792950205_n.enc?ccb=11-
4&oh=01_AdT346W4DFO2koxXdcHHjqKwABPZxE1i028SO6T6XtFOlw&oe=65FFD23A&_nc_sid=5e03e0
thumbnail_height_width_ratio=0.43055555 is_animated_sticker=0
file_hash=thp3PpJ+KDuWxNbvd91+pQ4BbN4Vu6Kbbsny7/R3ssE= file_path=Media/MBWhatsApp
Images/IMG-20240223-WA0041.jpg file_size=76377
partial_media_hash=WbyXlSKbyydw+nWb+y/awy+54okPaa4osWWIdo1V2dc= face_x=0 face_y=0
height=540 trim_to=0 media_key_timestamp=1708650469000
message_url=https://mmg.whatsapp.net/v/t62.7118-
24/56154989_937200634687221_3188672142792950205_n.enc?ccb=11-
4&oh=01_AdT346W4DFO2koxXdcHHjqKwABPZxE1i028SO6T6XtFOlw&oe=65FFD23A&_nc_sid=5e03e0&m
ms3=true media_caption=null trim_from=0 mime_type=image/jpeg
partial_media_enc_hash=null width=1224 original_file_hash=null
has_streaming_sidecar=1 autotransfer_retry_enabled=1 media_upload_handle=null
message_row_id=3695 multicast_id=null
enc_file_hash=sScFb5ebpQBUYVV9qStH5E/NWfdCx5BRs/NgBvMxTs0= mute_video=0
page_count=0 first_scan_sidecar=[B@2b9a0a3 suspicious_content=0 file_length=76377
media_name=null media_duration=0 chat_row_id=467 media_key=[B@90d3fa0
02-23 17:58:19.327 21040 24245 E SQLiteDatabase:
android.database.sqlite.SQLiteConstraintException: UNIQUE constraint failed:
message_media.message_row_id (code 1555 SQLITE_CONSTRAINT_PRIMARYKEY[1555])
02-23 17:58:19.327 21040 24245 E SQLiteDatabase: at
android.database.sqlite.SQLiteConnection.nativeExecuteForLastInsertedRowId(Native
Method)
02-23 17:58:19.327 21040 24245 E SQLiteDatabase: at
android.database.sqlite.SQLiteConnection.executeForLastInsertedRowId(SQLiteConnecti
on.java:1217)
02-23 17:58:19.327 21040 24245 E SQLiteDatabase: at
android.database.sqlite.SQLiteSession.executeForLastInsertedRowId(SQLiteSession.jav
a:790)
02-23 17:58:19.327 21040 24245 E SQLiteDatabase: at
android.database.sqlite.SQLiteStatement.executeInsert(SQLiteStatement.java:88)
02-23 17:58:19.327 21040 24245 E SQLiteDatabase: at
android.database.sqlite.SQLiteDatabase.insertWithOnConflict(SQLiteDatabase.java:221
9)
02-23 17:58:19.327 21040 24245 E SQLiteDatabase: at
android.database.sqlite.SQLiteDatabase.insert(SQLiteDatabase.java:2088)
02-23 17:58:19.327 21040 24245 E SQLiteDatabase: at X.2tm.A08(Unknown
Source:6)
02-23 17:58:19.327 21040 24245 E SQLiteDatabase: at X.35Y.A07(Unknown
Source:212)
02-23 17:58:19.327 21040 24245 E SQLiteDatabase: at X.3QF.A14(Unknown
Source:470)
02-23 17:58:19.327 21040 24245 E SQLiteDatabase: at X.3gU.run(Unknown
Source:982)
02-23 17:58:19.327 21040 24245 E SQLiteDatabase: at
android.os.Handler.handleCallback(Handler.java:938)
02-23 17:58:19.327 21040 24245 E SQLiteDatabase: at
android.os.Handler.dispatchMessage(Handler.java:99)
02-23 17:58:19.327 21040 24245 E SQLiteDatabase: at
X.0zq.dispatchMessage(Unknown Source:4)
02-23 17:58:19.327 21040 24245 E SQLiteDatabase: at
android.os.Looper.loop(Looper.java:246)
02-23 17:58:19.327 21040 24245 E SQLiteDatabase: at
android.os.HandlerThread.run(HandlerThread.java:67)
02-23 17:58:19.337 21040 21040 E ArmVmp : Match on catch block at 0xc3 in for 0xa9
02-23 17:58:19.343 21040 21040 E ArmVmp : Match on catch block at 0xc3 in for 0xa1
02-23 17:58:19.663 21040 21040 E ArmVmp : Match on catch block at 0xc3 in for 0xa1
02-23 17:58:19.666 21040 21040 E ArmVmp : Match on catch block at 0xc3 in for 0xa5
02-23 17:58:19.760 21040 25595 W libEGL : EGLNativeWindowType 0x7ccfc6d010
disconnect failed
02-23 17:58:22.779 21040 25595 W libEGL : EGLNativeWindowType 0x7ccfbbc010
disconnect failed
02-23 17:58:23.789 21040 24245 E SQLiteDatabase: Error inserting transferred=0
media_job_uuid=5da93e1f-4529-4bf6-8544-36bc2b07a6d7 transcoded=0 gif_attribution=0
first_scan_length=8166 direct_path=/v/t62.7118-
24/24018357_3667346670150065_6867018353684822775_n.enc?ccb=11-4&oh=01_AdRU3aTc8J-
kbQzo4xY9TR-ALwf9wHcpiemj4LkxWz0HQw&oe=65FFEBB5&_nc_sid=5e03e0
thumbnail_height_width_ratio=0.43055555 is_animated_sticker=0
file_hash=8yBcPWgBuZJ/+4+LiTwAovWCrkmRmiDr6lW+KvZqcDk= file_path=null file_size=0
partial_media_hash=v4CEJ4e0rHtmphN9Gs43gu/Cfzu7fFk7crp45RXWObA= face_x=0 face_y=0
height=540 trim_to=0 media_key_timestamp=1708684701000
message_url=https://mmg.whatsapp.net/v/t62.7118-
24/24018357_3667346670150065_6867018353684822775_n.enc?ccb=11-4&oh=01_AdRU3aTc8J-
kbQzo4xY9TR-ALwf9wHcpiemj4LkxWz0HQw&oe=65FFEBB5&_nc_sid=5e03e0&mms3=true
media_caption=null trim_from=0 mime_type=image/jpeg partial_media_enc_hash=null
width=1200 original_file_hash=null has_streaming_sidecar=1
autotransfer_retry_enabled=1 media_upload_handle=null message_row_id=3801
multicast_id=null enc_file_hash=I6znYFOmif3+m/7KT2m8akMfcF3x2h8BrtzPNXhfBiU=
mute_video=0 page_count=0 first_scan_sidecar=[B@bf18d89 suspicious_content=0
file_length=104106 media_name=null media_duration=0 chat_row_id=69
media_key=[B@fef318e
02-23 17:58:23.789 21040 24245 E SQLiteDatabase:
android.database.sqlite.SQLiteConstraintException: UNIQUE constraint failed:
message_media.message_row_id (code 1555 SQLITE_CONSTRAINT_PRIMARYKEY[1555])
02-23 17:58:23.789 21040 24245 E SQLiteDatabase: at
android.database.sqlite.SQLiteConnection.nativeExecuteForLastInsertedRowId(Native
Method)
02-23 17:58:23.789 21040 24245 E SQLiteDatabase: at
android.database.sqlite.SQLiteConnection.executeForLastInsertedRowId(SQLiteConnecti
on.java:1217)
02-23 17:58:23.789 21040 24245 E SQLiteDatabase: at
android.database.sqlite.SQLiteSession.executeForLastInsertedRowId(SQLiteSession.jav
a:790)
02-23 17:58:23.789 21040 24245 E SQLiteDatabase: at
android.database.sqlite.SQLiteStatement.executeInsert(SQLiteStatement.java:88)
02-23 17:58:23.789 21040 24245 E SQLiteDatabase: at
android.database.sqlite.SQLiteDatabase.insertWithOnConflict(SQLiteDatabase.java:221
9)
02-23 17:58:23.789 21040 24245 E SQLiteDatabase: at
android.database.sqlite.SQLiteDatabase.insert(SQLiteDatabase.java:2088)
02-23 17:58:23.789 21040 24245 E SQLiteDatabase: at X.2tm.A08(Unknown
Source:6)
02-23 17:58:23.789 21040 24245 E SQLiteDatabase: at X.35Y.A07(Unknown
Source:212)
02-23 17:58:23.789 21040 24245 E SQLiteDatabase: at X.3QF.A14(Unknown
Source:470)
02-23 17:58:23.789 21040 24245 E SQLiteDatabase: at X.3gU.run(Unknown
Source:982)
02-23 17:58:23.789 21040 24245 E SQLiteDatabase: at
android.os.Handler.handleCallback(Handler.java:938)
02-23 17:58:23.789 21040 24245 E SQLiteDatabase: at
android.os.Handler.dispatchMessage(Handler.java:99)
02-23 17:58:23.789 21040 24245 E SQLiteDatabase: at
X.0zq.dispatchMessage(Unknown Source:4)
02-23 17:58:23.789 21040 24245 E SQLiteDatabase: at
android.os.Looper.loop(Looper.java:246)
02-23 17:58:23.789 21040 24245 E SQLiteDatabase: at
android.os.HandlerThread.run(HandlerThread.java:67)
02-23 17:58:53.557 21040 24245 E SQLiteDatabase: Error inserting transferred=0
media_job_uuid=c2322216-cf7b-4e99-a71f-1fcb2ea3c952 transcoded=0 gif_attribution=0
first_scan_length=9918 direct_path=/v/t62.7118-
24/25361730_808221624449644_1338749304156177465_n.enc?ccb=11-
4&oh=01_AdQjRx5H2zCiwbA5hlC0FWXTg1F3xspZGMO45DA8Rj-46Q&oe=65FFE004&_nc_sid=5e03e0
thumbnail_height_width_ratio=2.25 is_animated_sticker=0
file_hash=fdRjx/tsRnX0DM784ZbzT3lFyAX+zGe+O1jgASSVBHU= file_path=null file_size=0
partial_media_hash=873SttKZTM49DLqeeLAeRC26yj/GWsPV1b05O3dikfk= face_x=0 face_y=0
height=1600 trim_to=0 media_key_timestamp=1708685919000
message_url=https://mmg.whatsapp.net/v/t62.7118-
24/25361730_808221624449644_1338749304156177465_n.enc?ccb=11-
4&oh=01_AdQjRx5H2zCiwbA5hlC0FWXTg1F3xspZGMO45DA8Rj-
46Q&oe=65FFE004&_nc_sid=5e03e0&mms3=true media_caption=null trim_from=0
mime_type=image/jpeg partial_media_enc_hash=null width=720 original_file_hash=null
has_streaming_sidecar=1 autotransfer_retry_enabled=1 media_upload_handle=null
message_row_id=3818 multicast_id=null
enc_file_hash=dR/VyKTlfRIPsTUeG2SSM7os8homLU+V4eQ9GQltJYc= mute_video=0
page_count=0 first_scan_sidecar=[B@23ef08a suspicious_content=0 file_length=102891
media_name=null media_duration=0 chat_row_id=69 media_key=[B@6d2a6fb
02-23 17:58:53.557 21040 24245 E SQLiteDatabase:
android.database.sqlite.SQLiteConstraintException: UNIQUE constraint failed:
message_media.message_row_id (code 1555 SQLITE_CONSTRAINT_PRIMARYKEY[1555])
02-23 17:58:53.557 21040 24245 E SQLiteDatabase: at
android.database.sqlite.SQLiteConnection.nativeExecuteForLastInsertedRowId(Native
Method)
02-23 17:58:53.557 21040 24245 E SQLiteDatabase: at
android.database.sqlite.SQLiteConnection.executeForLastInsertedRowId(SQLiteConnecti
on.java:1217)
02-23 17:58:53.557 21040 24245 E SQLiteDatabase: at
android.database.sqlite.SQLiteSession.executeForLastInsertedRowId(SQLiteSession.jav
a:790)
02-23 17:58:53.557 21040 24245 E SQLiteDatabase: at
android.database.sqlite.SQLiteStatement.executeInsert(SQLiteStatement.java:88)
02-23 17:58:53.557 21040 24245 E SQLiteDatabase: at
android.database.sqlite.SQLiteDatabase.insertWithOnConflict(SQLiteDatabase.java:221
9)
02-23 17:58:53.557 21040 24245 E SQLiteDatabase: at
android.database.sqlite.SQLiteDatabase.insert(SQLiteDatabase.java:2088)
02-23 17:58:53.557 21040 24245 E SQLiteDatabase: at X.2tm.A08(Unknown
Source:6)
02-23 17:58:53.557 21040 24245 E SQLiteDatabase: at X.35Y.A07(Unknown
Source:212)
02-23 17:58:53.557 21040 24245 E SQLiteDatabase: at X.3QF.A14(Unknown
Source:470)
02-23 17:58:53.557 21040 24245 E SQLiteDatabase: at X.3gU.run(Unknown
Source:982)
02-23 17:58:53.557 21040 24245 E SQLiteDatabase: at
android.os.Handler.handleCallback(Handler.java:938)
02-23 17:58:53.557 21040 24245 E SQLiteDatabase: at
android.os.Handler.dispatchMessage(Handler.java:99)
02-23 17:58:53.557 21040 24245 E SQLiteDatabase: at
X.0zq.dispatchMessage(Unknown Source:4)
02-23 17:58:53.557 21040 24245 E SQLiteDatabase: at
android.os.Looper.loop(Looper.java:246)
02-23 17:58:53.557 21040 24245 E SQLiteDatabase: at
android.os.HandlerThread.run(HandlerThread.java:67)
02-23 17:59:08.746 21040 26450 W LibraryVersion: Failed to get app version for
libraryName: firebase-iid
02-23 17:59:38.623 21040 21040 E ArmVmp : Match on catch block at 0x0a in for 0xc1
02-23 17:59:38.627 21040 21040 E ArmVmp : Match on catch block at 0x0a in for 0xc9
02-23 17:59:38.932 21040 21040 E ArmVmp : Match on catch block at 0xc3 in for 0xb5
02-23 17:59:38.936 21040 21040 E ArmVmp : Match on catch block at 0xc3 in for 0xb5
02-23 17:59:38.940 21040 21040 E ArmVmp : Match on catch block at 0xc3 in for 0xb5
02-23 17:59:39.030 21040 21040 E ArmVmp : Match on catch block at 0xc3 in for 0xa5
02-23 17:59:39.039 21040 21040 E ArmVmp : Match on catch block at 0xc3 in for 0xa9
02-23 17:59:39.042 21040 21040 E ArmVmp : Match on catch block at 0xc3 in for 0xa9
02-23 17:59:39.077 21040 21040 E ArmVmp : Match on catch block at 0xc3 in for 0xa9
02-23 17:59:39.079 21040 21040 E ArmVmp : Match on catch block at 0xc3 in for 0xa1
02-23 17:59:39.082 21040 21040 E ArmVmp : Match on catch block at 0xc3 in for 0xa1
02-23 17:59:39.140 21040 21040 E ArmVmp : Match on catch block at 0xc3 in for 0xa1
02-23 17:59:39.142 21040 21040 E ArmVmp : Match on catch block at 0xc3 in for 0xa5
02-23 17:59:39.144 21040 21040 E ArmVmp : Match on catch block at 0xc3 in for 0xa5
02-23 17:59:39.461 21040 25595 W libEGL : EGLNativeWindowType 0x7cef1dc010
disconnect failed
02-23 17:59:39.783 21040 21040 E ArmVmp : Match on catch block at 0xc3 in for 0xa5
02-23 17:59:39.788 21040 21040 E ArmVmp : Match on catch block at 0xc3 in for 0xa9
02-23 17:59:39.792 21040 21040 E ArmVmp : Match on catch block at 0xc3 in for 0xa9
02-23 17:59:39.805 21040 21040 E ArmVmp : Match on catch block at 0xc3 in for 0xa1
02-23 17:59:39.808 21040 21040 E ArmVmp : Match on catch block at 0xc3 in for 0xa5
02-23 17:59:39.810 21040 21040 E ArmVmp : Match on catch block at 0xc3 in for 0xa5
02-23 17:59:39.817 21040 21040 E ArmVmp : Match on catch block at 0xc3 in for 0xa5
02-23 17:59:39.820 21040 21040 E ArmVmp : Match on catch block at 0xc3 in for 0xa9
02-23 17:59:39.822 21040 21040 E ArmVmp : Match on catch block at 0xc3 in for 0xa9
02-23 17:59:39.839 21040 21040 E ArmVmp : Match on catch block at 0xc3 in for 0xa1
02-23 17:59:39.841 21040 21040 E ArmVmp : Match on catch block at 0xc3 in for 0xa5
02-23 17:59:39.843 21040 21040 E ArmVmp : Match on catch block at 0xc3 in for 0xa5
02-23 17:59:39.850 21040 21040 E ArmVmp : Match on catch block at 0xc3 in for 0xa1
02-23 17:59:39.852 21040 21040 E ArmVmp : Match on catch block at 0xc3 in for 0xa5
02-23 17:59:39.854 21040 21040 E ArmVmp : Match on catch block at 0xc3 in for 0xa5
02-23 17:59:39.866 21040 21040 E ArmVmp : Match on catch block at 0xc3 in for 0xa9
02-23 17:59:39.868 21040 21040 E ArmVmp : Match on catch block at 0xc3 in for 0xa1
02-23 17:59:39.870 21040 21040 E ArmVmp : Match on catch block at 0xc3 in for 0xa1
02-23 17:59:39.884 21040 21040 E ArmVmp : Match on catch block at 0xc3 in for 0xa9
02-23 17:59:39.886 21040 21040 E ArmVmp : Match on catch block at 0xc3 in for 0xa1
02-23 17:59:39.888 21040 21040 E ArmVmp : Match on catch block at 0xc3 in for 0xa1
02-23 17:59:39.900 21040 21040 E ArmVmp : Match on catch block at 0xc3 in for 0xa9
02-23 17:59:39.905 21040 21040 E ArmVmp : Match on catch block at 0xc3 in for 0xa1
02-23 17:59:39.906 21040 21040 E ArmVmp : Match on catch block at 0xc3 in for 0xa1
02-23 17:59:39.924 21040 21040 E ArmVmp : Match on catch block at 0xc3 in for 0xa9
02-23 17:59:39.930 21040 21040 E ArmVmp : Match on catch block at 0xc3 in for 0xa1
02-23 17:59:39.933 21040 21040 E ArmVmp : Match on catch block at 0xc3 in for 0xa1
02-23 17:59:39.950 21040 21040 E ArmVmp : Match on catch block at 0xc3 in for 0xa9
02-23 17:59:39.954 21040 21040 E ArmVmp : Match on catch block at 0xc3 in for 0xa1
02-23 17:59:39.957 21040 21040 E ArmVmp : Match on catch block at 0xc3 in for 0xa1
02-23 17:59:39.979 21040 21040 E ArmVmp : Match on catch block at 0xc3 in for 0xa9
02-23 17:59:39.981 21040 21040 E ArmVmp : Match on catch block at 0xc3 in for 0xa1
02-23 17:59:39.985 21040 21040 E ArmVmp : Match on catch block at 0xc3 in for 0xa1
02-23 17:59:39.995 21040 21040 E ArmVmp : Match on catch block at 0xc3 in for 0xa5
02-23 17:59:40.000 21040 21040 E ArmVmp : Match on catch block at 0xc3 in for 0xa9
02-23 17:59:40.005 21040 21040 E ArmVmp : Match on catch block at 0xc3 in for 0xa9
02-23 17:59:40.016 21040 21040 E ArmVmp : Match on catch block at 0xc3 in for 0xa1
02-23 17:59:40.020 21040 21040 E ArmVmp : Match on catch block at 0xc3 in for 0xa5
02-23 17:59:40.022 21040 21040 E ArmVmp : Match on catch block at 0xc3 in for 0xa5
02-23 17:59:40.033 21040 21040 E ArmVmp : Match on catch block at 0xc3 in for 0xa9
02-23 17:59:40.037 21040 21040 E ArmVmp : Match on catch block at 0xc3 in for 0xa1
02-23 17:59:40.040 21040 21040 E ArmVmp : Match on catch block at 0xc3 in for 0xa1
02-23 17:59:40.050 21040 21040 E ArmVmp : Match on catch block at 0xc3 in for 0xa5
02-23 17:59:40.054 21040 21040 E ArmVmp : Match on catch block at 0xc3 in for 0xa9
02-23 17:59:40.056 21040 21040 E ArmVmp : Match on catch block at 0xc3 in for 0xa9
02-23 17:59:40.066 21040 21040 E ArmVmp : Match on catch block at 0xc3 in for 0xa1
02-23 17:59:40.071 21040 21040 E ArmVmp : Match on catch block at 0xc3 in for 0xa5
02-23 17:59:40.074 21040 21040 E ArmVmp : Match on catch block at 0xc3 in for 0xa5
02-23 17:59:40.083 21040 21040 E ArmVmp : Match on catch block at 0xc3 in for 0xa9
02-23 17:59:40.088 21040 21040 E ArmVmp : Match on catch block at 0xc3 in for 0xa1
02-23 17:59:40.090 21040 21040 E ArmVmp : Match on catch block at 0xc3 in for 0xa1
02-23 17:59:40.135 21040 21040 E ArmVmp : Match on catch block at 0xc3 in for 0xa9
02-23 17:59:40.139 21040 21040 E ArmVmp : Match on catch block at 0xc3 in for 0xa1
02-23 17:59:40.142 21040 21040 E ArmVmp : Match on catch block at 0xc3 in for 0xa1
02-23 17:59:40.163 21040 25595 W libEGL : EGLNativeWindowType 0x7ce8c52010
disconnect failed
02-23 17:59:40.163 21040 21040 E ArmVmp : Match on catch block at 0xc3 in for 0xa5
02-23 17:59:40.166 21040 21040 E ArmVmp : Match on catch block at 0xc3 in for 0xa9
02-23 17:59:40.169 21040 21040 E ArmVmp : Match on catch block at 0xc3 in for 0xa9
02-23 17:59:40.283 21040 21040 E ArmVmp : Match on catch block at 0xc3 in for 0xa1
02-23 17:59:40.287 21040 21040 E ArmVmp : Match on catch block at 0xc3 in for 0xa5
02-23 17:59:40.292 21040 21040 E ArmVmp : Match on catch block at 0xc3 in for 0xa5
02-23 17:59:40.745 21040 21040 E ArmVmp : Match on catch block at 0xc3 in for 0xa1
02-23 17:59:40.749 21040 21040 E ArmVmp : Match on catch block at 0xc3 in for 0xa5
02-23 17:59:40.753 21040 21040 E ArmVmp : Match on catch block at 0xc3 in for 0xa5
02-23 17:59:40.775 21040 21040 E ArmVmp : Match on catch block at 0xc3 in for 0xa5
02-23 17:59:40.778 21040 21040 E ArmVmp : Match on catch block at 0xc3 in for 0xa9
02-23 17:59:40.780 21040 21040 E ArmVmp : Match on catch block at 0xc3 in for 0xa9
02-23 17:59:40.800 21040 21040 E ArmVmp : Match on catch block at 0xc3 in for 0xa1
02-23 17:59:40.804 21040 21040 E ArmVmp : Match on catch block at 0xc3 in for 0xa5
02-23 17:59:40.806 21040 21040 E ArmVmp : Match on catch block at 0xc3 in for 0xa5
02-23 17:59:40.816 21040 21040 E ArmVmp : Match on catch block at 0xc3 in for 0xa9
02-23 17:59:40.819 21040 21040 E ArmVmp : Match on catch block at 0xc3 in for 0xa1
02-23 17:59:40.822 21040 21040 E ArmVmp : Match on catch block at 0xc3 in for 0xa1
02-23 17:59:40.833 21040 21040 E ArmVmp : Match on catch block at 0xc3 in for 0xa5
02-23 17:59:40.837 21040 21040 E ArmVmp : Match on catch block at 0xc3 in for 0xa9
02-23 17:59:40.840 21040 21040 E ArmVmp : Match on catch block at 0xc3 in for 0xa9
02-23 17:59:40.853 21040 21040 E ArmVmp : Match on catch block at 0xc3 in for 0xa1
02-23 17:59:40.856 21040 21040 E ArmVmp : Match on catch block at 0xc3 in for 0xa5
02-23 17:59:40.859 21040 21040 E ArmVmp : Match on catch block at 0xc3 in for 0xa5
02-23 17:59:40.866 21040 21040 E ArmVmp : Match on catch block at 0xc3 in for 0xa9
02-23 17:59:40.870 21040 21040 E ArmVmp : Match on catch block at 0xc3 in for 0xa1
02-23 17:59:40.873 21040 21040 E ArmVmp : Match on catch block at 0xc3 in for 0xa1
02-23 17:59:40.884 21040 21040 E ArmVmp : Match on catch block at 0xc3 in for 0xa5
02-23 17:59:40.888 21040 21040 E ArmVmp : Match on catch block at 0xc3 in for 0xa9
02-23 17:59:40.891 21040 21040 E ArmVmp : Match on catch block at 0xc3 in for 0xa9
02-23 17:59:40.899 21040 21040 E ArmVmp : Match on catch block at 0xc3 in for 0xa1
02-23 17:59:40.905 21040 21040 E ArmVmp : Match on catch block at 0xc3 in for 0xa5
02-23 17:59:40.907 21040 21040 E ArmVmp : Match on catch block at 0xc3 in for 0xa5
02-23 17:59:40.916 21040 21040 E ArmVmp : Match on catch block at 0xc3 in for 0xa9
02-23 17:59:40.919 21040 21040 E ArmVmp : Match on catch block at 0xc3 in for 0xa1
02-23 17:59:40.922 21040 21040 E ArmVmp : Match on catch block at 0xc3 in for 0xa1
02-23 17:59:40.933 21040 21040 E ArmVmp : Match on catch block at 0xc3 in for 0xa5
02-23 17:59:40.936 21040 21040 E ArmVmp : Match on catch block at 0xc3 in for 0xa9
02-23 17:59:40.939 21040 21040 E ArmVmp : Match on catch block at 0xc3 in for 0xa9
02-23 17:59:40.949 21040 21040 E ArmVmp : Match on catch block at 0xc3 in for 0xa1
02-23 17:59:40.954 21040 21040 E ArmVmp : Match on catch block at 0xc3 in for 0xa5
02-23 17:59:40.956 21040 21040 E ArmVmp : Match on catch block at 0xc3 in for 0xa5
02-23 17:59:41.083 21040 21040 E ArmVmp : Match on catch block at 0xc3 in for 0xa9
02-23 17:59:41.093 21040 21040 E ArmVmp : Match on catch block at 0xc3 in for 0xa1
02-23 17:59:41.096 21040 21040 E ArmVmp : Match on catch block at 0xc3 in for 0xa1
02-23 17:59:41.165 21040 21040 E ArmVmp : Match on catch block at 0xc3 in for 0xa5
02-23 17:59:41.172 21040 21040 E ArmVmp : Match on catch block at 0xc3 in for 0xa9
02-23 17:59:41.174 21040 21040 E ArmVmp : Match on catch block at 0xc3 in for 0xa9
02-23 17:59:41.310 21040 21040 E ArmVmp : Match on catch block at 0xc3 in for 0xa5
02-23 17:59:41.313 21040 21040 E ArmVmp : Match on catch block at 0xc3 in for 0xa9
02-23 17:59:41.315 21040 21040 E ArmVmp : Match on catch block at 0xc3 in for 0xa9
02-23 17:59:41.323 21040 21040 E ArmVmp : Match on catch block at 0xc3 in for 0xa1
02-23 17:59:41.326 21040 21040 E ArmVmp : Match on catch block at 0xc3 in for 0xa5
02-23 17:59:41.328 21040 21040 E ArmVmp : Match on catch block at 0xc3 in for 0xa5
02-23 17:59:41.349 21040 21040 E ArmVmp : Match on catch block at 0xc3 in for 0xa9
02-23 17:59:41.352 21040 21040 E ArmVmp : Match on catch block at 0xc3 in for 0xa1
02-23 17:59:41.354 21040 21040 E ArmVmp : Match on catch block at 0xc3 in for 0xa1
02-23 17:59:41.532 21040 21040 E ArmVmp : Match on catch block at 0xc3 in for 0xa5
02-23 17:59:41.538 21040 21040 E ArmVmp : Match on catch block at 0xc3 in for 0xa9
02-23 17:59:41.542 21040 21040 E ArmVmp : Match on catch block at 0xc3 in for 0xa9
02-23 17:59:41.683 21040 21040 E ArmVmp : Match on catch block at 0xc3 in for 0xa9
02-23 17:59:41.688 21040 21040 E ArmVmp : Match on catch block at 0xc3 in for 0xa1
02-23 17:59:41.691 21040 21040 E ArmVmp : Match on catch block at 0xc3 in for 0xa1
02-23 17:59:41.849 21040 21040 E ArmVmp : Match on catch block at 0xc3 in for 0xa5
02-23 17:59:41.853 21040 21040 E ArmVmp : Match on catch block at 0xc3 in for 0xa9
02-23 17:59:41.856 21040 21040 E ArmVmp : Match on catch block at 0xc3 in for 0xa9
02-23 17:59:42.049 21040 21040 E ArmVmp : Match on catch block at 0xc3 in for 0xa1
02-23 17:59:42.054 21040 21040 E ArmVmp : Match on catch block at 0xc3 in for 0xa5
02-23 17:59:42.057 21040 21040 E ArmVmp : Match on catch block at 0xc3 in for 0xa5
02-23 17:59:42.217 21040 21040 E ArmVmp : Match on catch block at 0xc3 in for 0xa9
02-23 17:59:42.222 21040 21040 E ArmVmp : Match on catch block at 0xc3 in for 0xa1
02-23 17:59:42.226 21040 21040 E ArmVmp : Match on catch block at 0xc3 in for 0xa1
02-23 17:59:42.349 21040 21040 E ArmVmp : Match on catch block at 0xc3 in for 0xa5
02-23 17:59:42.354 21040 21040 E ArmVmp : Match on catch block at 0xc3 in for 0xa9
02-23 17:59:42.358 21040 21040 E ArmVmp : Match on catch block at 0xc3 in for 0xa9
02-23 17:59:42.532 21040 21040 E ArmVmp : Match on catch block at 0xc3 in for 0xa1
02-23 17:59:42.537 21040 21040 E ArmVmp : Match on catch block at 0xc3 in for 0xa5
02-23 17:59:42.540 21040 21040 E ArmVmp : Match on catch block at 0xc3 in for 0xa5
02-23 17:59:42.665 21040 21040 E ArmVmp : Match on catch block at 0xc3 in for 0xa9
02-23 17:59:42.671 21040 21040 E ArmVmp : Match on catch block at 0xc3 in for 0xa1
02-23 17:59:42.674 21040 21040 E ArmVmp : Match on catch block at 0xc3 in for 0xa1
02-23 17:59:42.882 21040 21040 E ArmVmp : Match on catch block at 0xc3 in for 0xa5
02-23 17:59:42.887 21040 21040 E ArmVmp : Match on catch block at 0xc3 in for 0xa9
02-23 17:59:42.894 21040 21040 E ArmVmp : Match on catch block at 0xc3 in for 0xa9
02-23 17:59:42.909 21040 21040 E ArmVmp : Match on catch block at 0xc3 in for 0xa1
02-23 17:59:42.913 21040 21040 E ArmVmp : Match on catch block at 0xc3 in for 0xa5
02-23 17:59:42.916 21040 21040 E ArmVmp : Match on catch block at 0xc3 in for 0xa5
02-23 17:59:42.931 21040 21040 E ArmVmp : Match on catch block at 0xc3 in for 0xa9
02-23 17:59:42.936 21040 21040 E ArmVmp : Match on catch block at 0xc3 in for 0xa1
02-23 17:59:42.939 21040 21040 E ArmVmp : Match on catch block at 0xc3 in for 0xa1
02-23 17:59:42.948 21040 21040 E ArmVmp : Match on catch block at 0xc3 in for 0xa5
02-23 17:59:42.957 21040 21040 E ArmVmp : Match on catch block at 0xc3 in for 0xa9
02-23 17:59:42.960 21040 21040 E ArmVmp : Match on catch block at 0xc3 in for 0xa9
02-23 17:59:42.966 21040 21040 E ArmVmp : Match on catch block at 0xc3 in for 0xa1
02-23 17:59:42.971 21040 21040 E ArmVmp : Match on catch block at 0xc3 in for 0xa5
02-23 17:59:42.975 21040 21040 E ArmVmp : Match on catch block at 0xc3 in for 0xa5
02-23 17:59:42.982 21040 21040 E ArmVmp : Match on catch block at 0xc3 in for 0xa9
02-23 17:59:42.987 21040 21040 E ArmVmp : Match on catch block at 0xc3 in for 0xa1
02-23 17:59:42.990 21040 21040 E ArmVmp : Match on catch block at 0xc3 in for 0xa1
02-23 17:59:43.000 21040 21040 E ArmVmp : Match on catch block at 0xc3 in for 0xa5
02-23 17:59:43.004 21040 21040 E ArmVmp : Match on catch block at 0xc3 in for 0xa9
02-23 17:59:43.007 21040 21040 E ArmVmp : Match on catch block at 0xc3 in for 0xa9
02-23 17:59:43.016 21040 21040 E ArmVmp : Match on catch block at 0xc3 in for 0xa1
02-23 17:59:43.021 21040 21040 E ArmVmp : Match on catch block at 0xc3 in for 0xa5
02-23 17:59:43.025 21040 21040 E ArmVmp : Match on catch block at 0xc3 in for 0xa5
02-23 17:59:43.038 21040 21040 E ArmVmp : Match on catch block at 0xc3 in for 0xa9
02-23 17:59:43.046 21040 21040 E ArmVmp : Match on catch block at 0xc3 in for 0xa1
02-23 17:59:43.049 21040 21040 E ArmVmp : Match on catch block at 0xc3 in for 0xa1
02-23 17:59:43.058 21040 21040 E ArmVmp : Match on catch block at 0xc3 in for 0xa5
02-23 17:59:43.062 21040 21040 E ArmVmp : Match on catch block at 0xc3 in for 0xa9
02-23 17:59:43.067 21040 21040 E ArmVmp : Match on catch block at 0xc3 in for 0xa9
02-23 17:59:43.073 21040 21040 E ArmVmp : Match on catch block at 0xc3 in for 0xa1
02-23 17:59:43.077 21040 21040 E ArmVmp : Match on catch block at 0xc3 in for 0xa5
02-23 17:59:43.080 21040 21040 E ArmVmp : Match on catch block at 0xc3 in for 0xa5
02-23 17:59:43.087 21040 21040 E ArmVmp : Match on catch block at 0xc3 in for 0xa9
02-23 17:59:43.093 21040 21040 E ArmVmp : Match on catch block at 0xc3 in for 0xa1
02-23 17:59:43.096 21040 21040 E ArmVmp : Match on catch block at 0xc3 in for 0xa1
02-23 17:59:43.104 21040 21040 E ArmVmp : Match on catch block at 0xc3 in for 0xa5
02-23 17:59:43.113 21040 21040 E ArmVmp : Match on catch block at 0xc3 in for 0xa9
02-23 17:59:43.117 21040 21040 E ArmVmp : Match on catch block at 0xc3 in for 0xa9
02-23 17:59:43.129 21040 21040 E ArmVmp : Match on catch block at 0xc3 in for 0xa1
02-23 17:59:43.133 21040 21040 E ArmVmp : Match on catch block at 0xc3 in for 0xa5
02-23 17:59:43.137 21040 21040 E ArmVmp : Match on catch block at 0xc3 in for 0xa5
02-23 17:59:43.632 21040 21040 E ArmVmp : Match on catch block at 0xc3 in for 0xa9
02-23 17:59:43.639 21040 21040 E ArmVmp : Match on catch block at 0xc3 in for 0xa1
02-23 17:59:43.643 21040 21040 E ArmVmp : Match on catch block at 0xc3 in for 0xa1
02-23 17:59:44.064 21040 21040 E ArmVmp : Match on catch block at 0xc3 in for 0xa5
02-23 17:59:44.069 21040 21040 E ArmVmp : Match on catch block at 0xc3 in for 0xa9
02-23 17:59:44.071 21040 21040 E ArmVmp : Match on catch block at 0xc3 in for 0xa9
02-23 17:59:44.114 21040 21040 E ArmVmp : Match on catch block at 0xc3 in for 0xa5
02-23 17:59:44.120 21040 21040 E ArmVmp : Match on catch block at 0xc3 in for 0xa9
02-23 17:59:44.122 21040 21040 E ArmVmp : Match on catch block at 0xc3 in for 0xa9
02-23 17:59:44.152 21040 21040 E ArmVmp : Match on catch block at 0xc3 in for 0xa5
02-23 17:59:44.157 21040 21040 E ArmVmp : Match on catch block at 0xc3 in for 0xa9
02-23 17:59:44.165 21040 21040 E ArmVmp : Match on catch block at 0xc3 in for 0xa5
02-23 17:59:44.170 21040 21040 E ArmVmp : Match on catch block at 0xc3 in for 0xa9
02-23 17:59:44.181 21040 21040 E ArmVmp : Match on catch block at 0xc3 in for 0xa5
02-23 17:59:44.186 21040 21040 E ArmVmp : Match on catch block at 0xc3 in for 0xa9
02-23 17:59:44.198 21040 21040 E ArmVmp : Match on catch block at 0xc3 in for 0xa5
02-23 17:59:44.203 21040 21040 E ArmVmp : Match on catch block at 0xc3 in for 0xa9
02-23 17:59:44.214 21040 21040 E ArmVmp : Match on catch block at 0xc3 in for 0xa5
02-23 17:59:44.219 21040 21040 E ArmVmp : Match on catch block at 0xc3 in for 0xa9
02-23 17:59:44.230 21040 21040 E ArmVmp : Match on catch block at 0xc3 in for 0xa5
02-23 17:59:44.237 21040 21040 E ArmVmp : Match on catch block at 0xc3 in for 0xa9
02-23 17:59:44.247 21040 21040 E ArmVmp : Match on catch block at 0xc3 in for 0xa5
02-23 17:59:44.252 21040 21040 E ArmVmp : Match on catch block at 0xc3 in for 0xa9
02-23 17:59:44.263 21040 21040 E ArmVmp : Match on catch block at 0xc3 in for 0xa5
02-23 17:59:44.267 21040 21040 E ArmVmp : Match on catch block at 0xc3 in for 0xa9
02-23 17:59:44.331 21040 21040 E ArmVmp : Match on catch block at 0xc3 in for 0xa9
02-23 17:59:44.335 21040 21040 E ArmVmp : Match on catch block at 0xc3 in for 0xa1
02-23 17:59:44.357 21040 21040 E ArmVmp : Match on catch block at 0xc3 in for 0xa1
02-23 17:59:44.361 21040 21040 E ArmVmp : Match on catch block at 0xc3 in for 0xa5
02-23 17:59:44.381 21040 21040 E ArmVmp : Match on catch block at 0xc3 in for 0xa9
02-23 17:59:44.384 21040 21040 E ArmVmp : Match on catch block at 0xc3 in for 0xa1
02-23 17:59:44.502 21040 21040 E ArmVmp : Match on catch block at 0xc3 in for 0xa1
02-23 17:59:44.506 21040 21040 E ArmVmp : Match on catch block at 0xc3 in for 0xa5
02-23 17:59:44.530 21040 21040 E ArmVmp : Match on catch block at 0xc3 in for 0xa9
02-23 17:59:44.535 21040 21040 E ArmVmp : Match on catch block at 0xc3 in for 0xa1
02-23 17:59:44.547 21040 21040 E ArmVmp : Match on catch block at 0xc3 in for 0xa9
02-23 17:59:44.551 21040 21040 E ArmVmp : Match on catch block at 0xc3 in for 0xa1
02-23 17:59:44.563 21040 21040 E ArmVmp : Match on catch block at 0xc3 in for 0xa9
02-23 17:59:44.568 21040 21040 E ArmVmp : Match on catch block at 0xc3 in for 0xa1
02-23 17:59:44.580 21040 21040 E ArmVmp : Match on catch block at 0xc3 in for 0xa9
02-23 17:59:44.584 21040 21040 E ArmVmp : Match on catch block at 0xc3 in for 0xa1
02-23 17:59:44.597 21040 21040 E ArmVmp : Match on catch block at 0xc3 in for 0xa9
02-23 17:59:44.602 21040 21040 E ArmVmp : Match on catch block at 0xc3 in for 0xa1
02-23 17:59:44.638 21040 21040 E ArmVmp : Match on catch block at 0xc3 in for 0xa1
02-23 17:59:44.642 21040 21040 E ArmVmp : Match on catch block at 0xc3 in for 0xa5
02-23 17:59:44.663 21040 26583 W MediaPlayer: Use of stream types is deprecated for
operations other than volume control
02-23 17:59:44.663 21040 26583 W MediaPlayer: See the documentation of
setAudioStreamType() for what to use instead with android.media.AudioAttributes to
qualify your playback use case
02-23 17:59:44.663 21040 21040 E ArmVmp : Match on catch block at 0xc3 in for 0xa1
02-23 17:59:44.668 21040 21040 E ArmVmp : Match on catch block at 0xc3 in for 0xa5
02-23 17:59:44.749 21040 21040 E ArmVmp : Match on catch block at 0xc3 in for 0xa5
02-23 17:59:44.751 21040 24769 W MediaPlayerNative: info/warning (10973, 0)
02-23 17:59:44.753 21040 21040 E ArmVmp : Match on catch block at 0xc3 in for 0xa9
02-23 17:59:44.773 21040 21040 E ArmVmp : Match on catch block at 0xc3 in for 0xa5
02-23 17:59:44.777 21040 21040 E ArmVmp : Match on catch block at 0xc3 in for 0xa9
02-23 17:59:44.930 21040 21040 E ArmVmp : Match on catch block at 0xc3 in for 0xa5
02-23 17:59:44.938 21040 21040 E ArmVmp : Match on catch block at 0xc3 in for 0xa9
02-23 17:59:45.080 21040 21040 E ArmVmp : Match on catch block at 0xc3 in for 0xa5
02-23 17:59:45.087 21040 21040 E ArmVmp : Match on catch block at 0xc3 in for 0xa9
02-23 17:59:45.163 21040 21040 E ArmVmp : Match on catch block at 0xc3 in for 0xa5
02-23 17:59:45.168 21040 21040 E ArmVmp : Match on catch block at 0xc3 in for 0xa9
02-23 17:59:45.296 21040 21040 E ArmVmp : Match on catch block at 0xc3 in for 0xa5
02-23 17:59:45.302 21040 21040 E ArmVmp : Match on catch block at 0xc3 in for 0xa9
02-23 17:59:45.351 21040 21040 E ArmVmp : Match on catch block at 0xc3 in for 0xa9
02-23 17:59:45.358 21040 21040 E ArmVmp : Match on catch block at 0xc3 in for 0xa1
02-23 17:59:45.379 21040 21040 E ArmVmp : Match on catch block at 0xc3 in for 0xa1
02-23 17:59:45.383 21040 21040 E ArmVmp : Match on catch block at 0xc3 in for 0xa5
02-23 17:59:45.398 21040 21040 E ArmVmp : Match on catch block at 0xc3 in for 0xa5
02-23 17:59:45.402 21040 21040 E ArmVmp : Match on catch block at 0xc3 in for 0xa9
02-23 17:59:45.430 21040 21040 E ArmVmp : Match on catch block at 0xc3 in for 0xa9
02-23 17:59:45.435 21040 21040 E ArmVmp : Match on catch block at 0xc3 in for 0xa1
02-23 17:59:45.580 21040 21040 E ArmVmp : Match on catch block at 0xc3 in for 0xa9
02-23 17:59:45.586 21040 21040 E ArmVmp : Match on catch block at 0xc3 in for 0xa1
02-23 17:59:45.696 21040 21040 E ArmVmp : Match on catch block at 0xc3 in for 0xa9
02-23 17:59:45.702 21040 21040 E ArmVmp : Match on catch block at 0xc3 in for 0xa1
02-23 17:59:45.714 21040 21040 E ArmVmp : Match on catch block at 0xc3 in for 0xa9
02-23 17:59:45.719 21040 21040 E ArmVmp : Match on catch block at 0xc3 in for 0xa1
02-23 17:59:45.945 21040 21040 E ArmVmp : Match on catch block at 0xc3 in for 0xa9
02-23 17:59:45.950 21040 21040 E ArmVmp : Match on catch block at 0xc3 in for 0xa1
02-23 17:59:46.112 21040 21040 E ArmVmp : Match on catch block at 0xc3 in for 0xa9
02-23 17:59:46.118 21040 21040 E ArmVmp : Match on catch block at 0xc3 in for 0xa1
02-23 17:59:46.245 21040 21040 E ArmVmp : Match on catch block at 0xc3 in for 0xa9
02-23 17:59:46.249 21040 21040 E ArmVmp : Match on catch block at 0xc3 in for 0xa1
02-23 17:59:46.445 21040 21040 E ArmVmp : Match on catch block at 0xc3 in for 0xa9
02-23 17:59:46.452 21040 21040 E ArmVmp : Match on catch block at 0xc3 in for 0xa1
02-23 17:59:46.761 21040 21040 E ArmVmp : Match on catch block at 0xc3 in for 0xa9
02-23 17:59:46.765 21040 21040 E ArmVmp : Match on catch block at 0xc3 in for 0xa1
02-23 17:59:46.808 21040 21040 E ArmVmp : Match on catch block at 0xc3 in for 0xa1
02-23 17:59:46.812 21040 21040 E ArmVmp : Match on catch block at 0xc3 in for 0xa5
02-23 17:59:46.842 21040 21040 E ArmVmp : Match on catch block at 0xc3 in for 0xa1
02-23 17:59:46.848 21040 21040 E ArmVmp : Match on catch block at 0xc3 in for 0xa5
02-23 17:59:46.891 21040 21040 E ArmVmp : Match on catch block at 0xc3 in for 0xa9
02-23 17:59:46.899 21040 21040 E ArmVmp : Match on catch block at 0xc3 in for 0xa1
02-23 17:59:46.926 21040 21040 E ArmVmp : Match on catch block at 0xc3 in for 0xa9
02-23 17:59:46.934 21040 21040 E ArmVmp : Match on catch block at 0xc3 in for 0xa1
02-23 17:59:46.952 21040 21040 E ArmVmp : Match on catch block at 0xc3 in for 0xa1
02-23 17:59:46.956 21040 21040 E ArmVmp : Match on catch block at 0xc3 in for 0xa5
02-23 17:59:46.964 21040 21040 E ArmVmp : Match on catch block at 0xc3 in for 0xa1
02-23 17:59:46.968 21040 21040 E ArmVmp : Match on catch block at 0xc3 in for 0xa5
02-23 17:59:46.978 21040 21040 E ArmVmp : Match on catch block at 0xc3 in for 0xa1
