02-23 16:54:44.634 16668 16668 E ArmVmp : Match on catch block at 0xc3 in for 0xa1
02-23 16:54:44.641 16668 16668 E ArmVmp : Match on catch block at 0xc3 in for 0xa5
02-23 16:54:44.650 16668 16668 E ArmVmp : Match on catch block at 0xc3 in for 0xa9
02-23 16:54:44.656 16668 16668 E ArmVmp : Match on catch block at 0xc3 in for 0xa1
02-23 16:54:44.668 16668 16668 E ArmVmp : Match on catch block at 0xc3 in for 0xa1
02-23 16:54:44.678 16668 16668 E ArmVmp : Match on catch block at 0xc3 in for 0xa5
02-23 16:54:44.685 16668 16668 E ArmVmp : Match on catch block at 0xc3 in for 0xa5
02-23 16:54:44.695 16668 16668 E ArmVmp : Match on catch block at 0xc3 in for 0xa9
02-23 16:54:44.706 16668 16668 E ArmVmp : Match on catch block at 0xc3 in for 0xa9
02-23 16:54:44.714 16668 16668 E ArmVmp : Match on catch block at 0xc3 in for 0xa1
02-23 16:54:44.731 16668 16668 E ArmVmp : Match on catch block at 0xc3 in for 0xa1
02-23 16:54:44.740 16668 16668 E ArmVmp : Match on catch block at 0xc3 in for 0xa5
02-23 16:54:44.749 16668 16668 E ArmVmp : Match on catch block at 0xc3 in for 0xa5
02-23 16:54:44.761 16668 16668 E ArmVmp : Match on catch block at 0xc3 in for 0xa9
02-23 16:54:44.770 16668 16668 E ArmVmp : Match on catch block at 0xc3 in for 0xa9
02-23 16:54:44.783 16668 16668 E ArmVmp : Match on catch block at 0xc3 in for 0xa1
02-23 16:54:44.798 16668 16668 E ArmVmp : Match on catch block at 0xc3 in for 0xa1
02-23 16:54:44.808 16668 16668 E ArmVmp : Match on catch block at 0xc3 in for 0xa5
02-23 16:54:44.817 16668 16668 E ArmVmp : Match on catch block at 0xc3 in for 0xa5
02-23 16:54:44.826 16668 16668 E ArmVmp : Match on catch block at 0xc3 in for 0xa9
02-23 16:54:44.836 16668 16668 E ArmVmp : Match on catch block at 0xc3 in for 0xa9
02-23 16:54:44.845 16668 16668 E ArmVmp : Match on catch block at 0xc3 in for 0xa1
02-23 16:54:44.860 16668 16668 E ArmVmp : Match on catch block at 0xc3 in for 0xa1
02-23 16:54:44.868 16668 16668 E ArmVmp : Match on catch block at 0xc3 in for 0xa5
02-23 16:54:44.879 16668 16668 E ArmVmp : Match on catch block at 0xc3 in for 0xa5
02-23 16:54:44.885 16668 16668 E ArmVmp : Match on catch block at 0xc3 in for 0xa9
02-23 16:54:44.907 16668 16668 E ArmVmp : Match on catch block at 0xc3 in for 0xa1
02-23 16:54:44.915 16668 16668 E ArmVmp : Match on catch block at 0xc3 in for 0xa5
02-23 16:54:44.931 16668 16668 E ArmVmp : Match on catch block at 0xc3 in for 0xa5
02-23 16:54:44.937 16668 16668 E ArmVmp : Match on catch block at 0xc3 in for 0xa9
02-23 16:54:44.955 16668 16668 E ArmVmp : Match on catch block at 0xc3 in for 0xa9
02-23 16:54:44.963 16668 16668 E ArmVmp : Match on catch block at 0xc3 in for 0xa1
02-23 16:54:45.123 16668 16668 E ArmVmp : Match on catch block at 0xc3 in for 0xa9
02-23 16:54:45.128 16668 16668 E ArmVmp : Match on catch block at 0xc3 in for 0xa1
02-23 16:54:45.185 16668 16668 E ArmVmp : Match on catch block at 0xc3 in for 0xa1
02-23 16:54:45.190 16668 16668 E ArmVmp : Match on catch block at 0xc3 in for 0xa5
02-23 16:54:45.525 16668 16668 E ArmVmp : Match on catch block at 0xc3 in for 0xa5
02-23 16:54:45.532 16668 16668 E ArmVmp : Match on catch block at 0xc3 in for 0xa9
02-23 16:54:45.577 16668 16668 E ArmVmp : Match on catch block at 0xc3 in for 0xa5
02-23 16:54:45.582 16668 16668 E ArmVmp : Match on catch block at 0xc3 in for 0xa9
02-23 16:54:45.857 16668 16668 W View : requestLayout() improperly called by
X.4rg{a7599e0 V.E....L. ......ID 0,-221-720,241} during layout: running second
layout pass
02-23 16:54:45.858 16668 16668 W View : requestLayout() improperly called by
android.widget.LinearLayout{c34f499 V.E...... ......ID 79,9-597,453 #7f0b0e50
app:id/main_layout} during layout: running second layout pass
02-23 16:54:45.858 16668 16668 W View : requestLayout() improperly called by
com.mbwhatsapp.conversation.conversationrow.ConversationRowImage$RowImageView{c68f3
5e VFED..CL. ......ID 7,7-511,234 #7f0b0c84 app:id/image} during layout: running
second layout pass
02-23 16:54:45.858 16668 16668 W View : requestLayout() improperly called by
X.4rg{b0d77f5 V.E....L. ......ID 0,430-720,1193} during layout: running second
layout pass
02-23 16:54:45.858 16668 16668 W View : requestLayout() improperly called by
android.widget.LinearLayout{4ddc2b7 V.E...... ......ID 79,9-547,754 #7f0b0e50
app:id/main_layout} during layout: running second layout pass
02-23 16:54:45.858 16668 16668 W View : requestLayout() improperly called by
com.mbwhatsapp.conversation.conversationrow.ConversationRowImage$RowImageView{a0685
8e VFED..CL. ......ID 7,7-461,643 #7f0b0c84 app:id/image} during layout: running
second layout pass
02-23 16:54:45.866 16668 16668 E ArmVmp : Match on catch block at 0xc3 in for 0xa5
02-23 16:54:45.871 16668 16668 E ArmVmp : Match on catch block at 0xc3 in for 0xa9
02-23 16:54:45.905 16668 16668 E ArmVmp : Match on catch block at 0xc3 in for 0xa9
02-23 16:54:45.910 16668 16668 E ArmVmp : Match on catch block at 0xc3 in for 0xa1
02-23 16:54:45.937 16668 16668 W View : requestLayout() improperly called by
X.4rg{a7599e0 V.E....L. ......ID 0,-221-720,241} during second layout pass: posting
in next frame
02-23 16:54:45.937 16668 16668 W View : requestLayout() improperly called by
android.widget.LinearLayout{c34f499 V.E...... ......ID 79,9-597,453 #7f0b0e50
app:id/main_layout} during second layout pass: posting in next frame
02-23 16:54:45.937 16668 16668 W View : requestLayout() improperly called by
X.4rg{b0d77f5 V.E....L. ......ID 0,430-720,1193} during second layout pass: posting
in next frame
02-23 16:54:45.937 16668 16668 W View : requestLayout() improperly called by
android.widget.LinearLayout{4ddc2b7 V.E...... ......ID 79,9-547,754 #7f0b0e50
app:id/main_layout} during second layout pass: posting in next frame
02-23 16:54:45.951 16668 16668 E ArmVmp : Match on catch block at 0xc3 in for 0xa9
02-23 16:54:45.956 16668 16668 E ArmVmp : Match on catch block at 0xc3 in for 0xa1
02-23 16:54:45.974 16668 16668 E ArmVmp : Match on catch block at 0xc3 in for 0xa9
02-23 16:54:45.980 16668 16668 E ArmVmp : Match on catch block at 0xc3 in for 0xa1
02-23 16:54:45.993 16668 16668 E ArmVmp : Match on catch block at 0xc3 in for 0xa5
02-23 16:54:45.998 16668 16668 E ArmVmp : Match on catch block at 0xc3 in for 0xa9
02-23 16:54:46.008 16668 16668 E ArmVmp : Match on catch block at 0xc3 in for 0xa1
02-23 16:54:46.013 16668 16668 E ArmVmp : Match on catch block at 0xc3 in for 0xa5
02-23 16:54:46.023 16668 16668 E ArmVmp : Match on catch block at 0xc3 in for 0xa9
02-23 16:54:46.030 16668 16668 E ArmVmp : Match on catch block at 0xc3 in for 0xa1
02-23 16:54:46.046 16668 16668 E ArmVmp : Match on catch block at 0xc3 in for 0xa5
02-23 16:54:46.051 16668 16668 E ArmVmp : Match on catch block at 0xc3 in for 0xa9
02-23 16:54:46.062 16668 16668 E ArmVmp : Match on catch block at 0xc3 in for 0xa1
02-23 16:54:46.068 16668 16668 E ArmVmp : Match on catch block at 0xc3 in for 0xa5
02-23 16:54:46.077 16668 16668 E ArmVmp : Match on catch block at 0xc3 in for 0xa9
02-23 16:54:46.083 16668 16668 E ArmVmp : Match on catch block at 0xc3 in for 0xa1
02-23 16:54:46.127 16668 16668 E ArmVmp : Match on catch block at 0xc3 in for 0xa9
02-23 16:54:46.135 16668 16668 E ArmVmp : Match on catch block at 0xc3 in for 0xa1
02-23 16:54:46.146 16668 16668 E ArmVmp : Match on catch block at 0xc3 in for 0xa5
02-23 16:54:46.151 16668 16668 E ArmVmp : Match on catch block at 0xc3 in for 0xa9
02-23 16:54:46.162 16668 16668 E ArmVmp : Match on catch block at 0xc3 in for 0xa9
02-23 16:54:46.168 16668 16668 E ArmVmp : Match on catch block at 0xc3 in for 0xa1
02-23 16:54:46.181 16668 16668 E ArmVmp : Match on catch block at 0xc3 in for 0xa5
02-23 16:54:46.186 16668 16668 E ArmVmp : Match on catch block at 0xc3 in for 0xa9
02-23 16:54:46.195 16668 16668 E ArmVmp : Match on catch block at 0xc3 in for 0xa9
02-23 16:54:46.201 16668 16668 E ArmVmp : Match on catch block at 0xc3 in for 0xa1
02-23 16:54:46.212 16668 16668 E ArmVmp : Match on catch block at 0xc3 in for 0xa1
02-23 16:54:46.219 16668 16668 E ArmVmp : Match on catch block at 0xc3 in for 0xa5
02-23 16:54:46.232 16668 16668 E ArmVmp : Match on catch block at 0xc3 in for 0xa5
02-23 16:54:46.239 16668 16668 E ArmVmp : Match on catch block at 0xc3 in for 0xa9
02-23 16:54:46.254 16668 16668 E ArmVmp : Match on catch block at 0xc3 in for 0xa9
02-23 16:54:46.260 16668 16668 E ArmVmp : Match on catch block at 0xc3 in for 0xa1
02-23 16:54:46.268 16668 16668 E ArmVmp : Match on catch block at 0xc3 in for 0xa1
02-23 16:54:46.278 16668 16668 E ArmVmp : Match on catch block at 0xc3 in for 0xa5
02-23 16:54:46.285 16668 16668 E ArmVmp : Match on catch block at 0xc3 in for 0xa5
02-23 16:54:46.294 16668 16668 E ArmVmp : Match on catch block at 0xc3 in for 0xa9
02-23 16:54:46.303 16668 16668 E ArmVmp : Match on catch block at 0xc3 in for 0xa9
02-23 16:54:46.310 16668 16668 E ArmVmp : Match on catch block at 0xc3 in for 0xa1
02-23 16:54:46.317 16668 16668 E ArmVmp : Match on catch block at 0xc3 in for 0xa1
02-23 16:54:46.323 16668 16668 E ArmVmp : Match on catch block at 0xc3 in for 0xa5
02-23 16:54:46.331 16668 16668 E ArmVmp : Match on catch block at 0xc3 in for 0xa5
02-23 16:54:46.337 16668 16668 E ArmVmp : Match on catch block at 0xc3 in for 0xa9
02-23 16:54:46.345 16668 16668 E ArmVmp : Match on catch block at 0xc3 in for 0xa9
02-23 16:54:46.350 16668 16668 E ArmVmp : Match on catch block at 0xc3 in for 0xa1
02-23 16:54:46.357 16668 16668 E ArmVmp : Match on catch block at 0xc3 in for 0xa1
02-23 16:54:46.362 16668 16668 E ArmVmp : Match on catch block at 0xc3 in for 0xa5
02-23 16:54:46.371 16668 16668 E ArmVmp : Match on catch block at 0xc3 in for 0xa5
02-23 16:54:46.377 16668 16668 E ArmVmp : Match on catch block at 0xc3 in for 0xa9
02-23 16:54:46.393 16668 16668 E ArmVmp : Match on catch block at 0xc3 in for 0xa9
02-23 16:54:46.398 16668 16668 E ArmVmp : Match on catch block at 0xc3 in for 0xa1
02-23 16:54:46.406 16668 16668 E ArmVmp : Match on catch block at 0xc3 in for 0xa1
02-23 16:54:46.414 16668 16668 E ArmVmp : Match on catch block at 0xc3 in for 0xa5
02-23 16:54:46.421 16668 16668 E ArmVmp : Match on catch block at 0xc3 in for 0xa5
02-23 16:54:46.426 16668 16668 E ArmVmp : Match on catch block at 0xc3 in for 0xa9
02-23 16:54:46.441 16668 16668 E ArmVmp : Match on catch block at 0xc3 in for 0xa9
02-23 16:54:46.446 16668 16668 E ArmVmp : Match on catch block at 0xc3 in for 0xa1
02-23 16:54:46.462 16668 16668 E ArmVmp : Match on catch block at 0xc3 in for 0xa1
02-23 16:54:46.468 16668 16668 E ArmVmp : Match on catch block at 0xc3 in for 0xa5
02-23 16:54:46.477 16668 16668 E ArmVmp : Match on catch block at 0xc3 in for 0xa5
02-23 16:54:46.483 16668 16668 E ArmVmp : Match on catch block at 0xc3 in for 0xa9
02-23 16:54:46.496 16668 16668 E ArmVmp : Match on catch block at 0xc3 in for 0xa9
02-23 16:54:46.504 16668 16668 E ArmVmp : Match on catch block at 0xc3 in for 0xa1
02-23 16:54:46.514 16668 16668 E ArmVmp : Match on catch block at 0xc3 in for 0xa1
02-23 16:54:46.520 16668 16668 E ArmVmp : Match on catch block at 0xc3 in for 0xa5
02-23 16:54:46.528 16668 16668 E ArmVmp : Match on catch block at 0xc3 in for 0xa5
02-23 16:54:46.536 16668 16668 E ArmVmp : Match on catch block at 0xc3 in for 0xa9
02-23 16:54:46.549 16668 16668 E ArmVmp : Match on catch block at 0xc3 in for 0xa9
02-23 16:54:46.555 16668 16668 E ArmVmp : Match on catch block at 0xc3 in for 0xa1
02-23 16:54:46.566 16668 16668 E ArmVmp : Match on catch block at 0xc3 in for 0xa5
02-23 16:54:46.574 16668 16668 E ArmVmp : Match on catch block at 0xc3 in for 0xa9
02-23 16:54:46.582 16668 16668 E ArmVmp : Match on catch block at 0xc3 in for 0xa9
02-23 16:54:46.588 16668 16668 E ArmVmp : Match on catch block at 0xc3 in for 0xa1
02-23 16:54:46.599 16668 16668 E ArmVmp : Match on catch block at 0xc3 in for 0xa1
02-23 16:54:46.605 16668 16668 E ArmVmp : Match on catch block at 0xc3 in for 0xa5
02-23 16:54:46.613 16668 16668 E ArmVmp : Match on catch block at 0xc3 in for 0xa5
02-23 16:54:46.619 16668 16668 E ArmVmp : Match on catch block at 0xc3 in for 0xa9
02-23 16:54:46.632 16668 16668 E ArmVmp : Match on catch block at 0xc3 in for 0xa9
02-23 16:54:46.638 16668 16668 E ArmVmp : Match on catch block at 0xc3 in for 0xa1
02-23 16:54:46.657 16668 16668 E ArmVmp : Match on catch block at 0xc3 in for 0xa1
02-23 16:54:46.668 16668 16668 E ArmVmp : Match on catch block at 0xc3 in for 0xa5
02-23 16:54:46.697 16668 16668 E ArmVmp : Match on catch block at 0xc3 in for 0xa1
02-23 16:54:46.703 16668 16668 E ArmVmp : Match on catch block at 0xc3 in for 0xa5
02-23 16:54:46.745 16668 16668 E ArmVmp : Match on catch block at 0xc3 in for 0xa5
02-23 16:54:46.750 16668 16668 E ArmVmp : Match on catch block at 0xc3 in for 0xa9
02-23 16:54:46.802 16668 16668 E ArmVmp : Match on catch block at 0xc3 in for 0xa5
02-23 16:54:46.808 16668 16668 E ArmVmp : Match on catch block at 0xc3 in for 0xa9
02-23 16:54:47.074 16668 16668 E ArmVmp : Match on catch block at 0xc3 in for 0xa5
02-23 16:54:47.082 16668 16668 E ArmVmp : Match on catch block at 0xc3 in for 0xa9
02-23 16:54:47.149 16668 16668 E ArmVmp : Match on catch block at 0xc3 in for 0xa9
02-23 16:54:47.155 16668 16668 E ArmVmp : Match on catch block at 0xc3 in for 0xa1
02-23 16:54:47.185 16668 16668 E ArmVmp : Match on catch block at 0xc3 in for 0xa1
02-23 16:54:47.193 16668 16668 E ArmVmp : Match on catch block at 0xc3 in for 0xa5
02-23 16:54:47.217 16668 16668 E ArmVmp : Match on catch block at 0xc3 in for 0xa5
02-23 16:54:47.225 16668 16668 E ArmVmp : Match on catch block at 0xc3 in for 0xa9
02-23 16:54:47.252 16668 16668 E ArmVmp : Match on catch block at 0xc3 in for 0xa9
02-23 16:54:47.263 16668 16668 E ArmVmp : Match on catch block at 0xc3 in for 0xa1
02-23 16:54:47.293 16668 16668 E ArmVmp : Match on catch block at 0xc3 in for 0xa1
02-23 16:54:47.298 16668 16668 E ArmVmp : Match on catch block at 0xc3 in for 0xa5
02-23 16:54:47.316 16668 16668 E ArmVmp : Match on catch block at 0xc3 in for 0xa5
02-23 16:54:47.321 16668 16668 E ArmVmp : Match on catch block at 0xc3 in for 0xa9
02-23 16:54:47.342 16668 16668 E ArmVmp : Match on catch block at 0xc3 in for 0xa9
02-23 16:54:47.348 16668 16668 E ArmVmp : Match on catch block at 0xc3 in for 0xa1
02-23 16:54:47.365 16668 16668 E ArmVmp : Match on catch block at 0xc3 in for 0xa1
02-23 16:54:47.369 16668 16668 E ArmVmp : Match on catch block at 0xc3 in for 0xa5
02-23 16:54:47.385 16668 16668 E ArmVmp : Match on catch block at 0xc3 in for 0xa5
02-23 16:54:47.390 16668 16668 E ArmVmp : Match on catch block at 0xc3 in for 0xa9
02-23 16:54:47.406 16668 16668 E ArmVmp : Match on catch block at 0xc3 in for 0xa9
02-23 16:54:47.411 16668 16668 E ArmVmp : Match on catch block at 0xc3 in for 0xa1
02-23 16:54:47.430 16668 16668 E ArmVmp : Match on catch block at 0xc3 in for 0xa1
02-23 16:54:47.438 16668 16668 E ArmVmp : Match on catch block at 0xc3 in for 0xa5
02-23 16:54:47.469 16668 16739 W libEGL : EGLNativeWindowType 0x7cd6abe010
disconnect failed
02-23 16:54:47.483 16668 16668 E ArmVmp : Match on catch block at 0xc3 in for 0xa5
02-23 16:54:47.491 16668 16668 E ArmVmp : Match on catch block at 0xc3 in for 0xa9
02-23 16:54:49.138 16668 16739 W libEGL : EGLNativeWindowType 0x7cd6b2b010
disconnect failed
02-23 16:54:50.493 16668 16668 E ArmVmp : Match on catch block at 0x0a in for 0xc5
02-23 16:54:50.498 16668 16668 E ArmVmp : Match on catch block at 0x0a in for 0xc1
02-23 16:54:50.766 16668 16668 E ArmVmp : Match on catch block at 0xc3 in for 0xb9
02-23 16:54:50.769 16668 16668 E ArmVmp : Match on catch block at 0xc3 in for 0xb9
02-23 16:54:50.774 16668 16668 E ArmVmp : Match on catch block at 0xc3 in for 0xb9
02-23 16:54:50.874 16668 16668 E ArmVmp : Match on catch block at 0xc3 in for 0xa9
02-23 16:54:50.877 16668 16668 E ArmVmp : Match on catch block at 0xc3 in for 0xa1
02-23 16:54:50.880 16668 16668 E ArmVmp : Match on catch block at 0xc3 in for 0xa1
02-23 16:54:50.946 16668 16668 E ArmVmp : Match on catch block at 0xc3 in for 0xa9
02-23 16:54:50.949 16668 16668 E ArmVmp : Match on catch block at 0xc3 in for 0xa1
02-23 16:54:50.952 16668 16668 E ArmVmp : Match on catch block at 0xc3 in for 0xa1
02-23 16:54:51.033 16668 16668 E ArmVmp : Match on catch block at 0xc3 in for 0xa1
02-23 16:54:51.037 16668 16668 E ArmVmp : Match on catch block at 0xc3 in for 0xa5
02-23 16:54:51.040 16668 16668 E ArmVmp : Match on catch block at 0xc3 in for 0xa5
02-23 16:54:51.059 16668 16668 E ArmVmp : Match on catch block at 0xc3 in for 0xa1
02-23 16:54:51.063 16668 16668 E ArmVmp : Match on catch block at 0xc3 in for 0xa5
02-23 16:54:51.065 16668 16668 E ArmVmp : Match on catch block at 0xc3 in for 0xa5
02-23 16:54:51.273 16668 16739 W libEGL : EGLNativeWindowType 0x7d69603010
disconnect failed
02-23 16:54:51.366 16668 16668 E ArmVmp : Match on catch block at 0xc3 in for 0xa1
02-23 16:54:51.368 16668 16668 E ArmVmp : Match on catch block at 0xc3 in for 0xa5
02-23 16:54:51.371 16668 16668 E ArmVmp : Match on catch block at 0xc3 in for 0xa5
02-23 16:54:51.382 16668 16668 E ArmVmp : Match on catch block at 0xc3 in for 0xa9
02-23 16:54:51.385 16668 16668 E ArmVmp : Match on catch block at 0xc3 in for 0xa1
02-23 16:54:51.387 16668 16668 E ArmVmp : Match on catch block at 0xc3 in for 0xa1
02-23 16:54:51.399 16668 16668 E ArmVmp : Match on catch block at 0xc3 in for 0xa5
02-23 16:54:51.401 16668 16668 E ArmVmp : Match on catch block at 0xc3 in for 0xa9
02-23 16:54:51.404 16668 16668 E ArmVmp : Match on catch block at 0xc3 in for 0xa9
02-23 16:54:51.416 16668 16668 E ArmVmp : Match on catch block at 0xc3 in for 0xa1
02-23 16:54:51.419 16668 16668 E ArmVmp : Match on catch block at 0xc3 in for 0xa5
02-23 16:54:51.421 16668 16668 E ArmVmp : Match on catch block at 0xc3 in for 0xa5
02-23 16:54:51.432 16668 16668 E ArmVmp : Match on catch block at 0xc3 in for 0xa9
02-23 16:54:51.435 16668 16668 E ArmVmp : Match on catch block at 0xc3 in for 0xa1
02-23 16:54:51.438 16668 16668 E ArmVmp : Match on catch block at 0xc3 in for 0xa1
02-23 16:54:51.451 16668 16668 E ArmVmp : Match on catch block at 0xc3 in for 0xa5
02-23 16:54:51.460 16668 16668 E ArmVmp : Match on catch block at 0xc3 in for 0xa9
02-23 16:54:51.463 16668 16668 E ArmVmp : Match on catch block at 0xc3 in for 0xa9
02-23 16:54:51.470 16668 16668 E ArmVmp : Match on catch block at 0xc3 in for 0xa1
02-23 16:54:51.474 16668 16668 E ArmVmp : Match on catch block at 0xc3 in for 0xa5
02-23 16:54:51.477 16668 16668 E ArmVmp : Match on catch block at 0xc3 in for 0xa5
02-23 16:54:51.484 16668 16668 E ArmVmp : Match on catch block at 0xc3 in for 0xa9
02-23 16:54:51.487 16668 16668 E ArmVmp : Match on catch block at 0xc3 in for 0xa1
02-23 16:54:51.490 16668 16668 E ArmVmp : Match on catch block at 0xc3 in for 0xa1
02-23 16:54:51.501 16668 16668 E ArmVmp : Match on catch block at 0xc3 in for 0xa5
02-23 16:54:51.504 16668 16668 E ArmVmp : Match on catch block at 0xc3 in for 0xa9
02-23 16:54:51.507 16668 16668 E ArmVmp : Match on catch block at 0xc3 in for 0xa9
02-23 16:54:51.518 16668 16668 E ArmVmp : Match on catch block at 0xc3 in for 0xa1
02-23 16:54:51.521 16668 16668 E ArmVmp : Match on catch block at 0xc3 in for 0xa5
02-23 16:54:51.525 16668 16668 E ArmVmp : Match on catch block at 0xc3 in for 0xa5
02-23 16:54:51.533 16668 16668 E ArmVmp : Match on catch block at 0xc3 in for 0xa9
02-23 16:54:51.537 16668 16668 E ArmVmp : Match on catch block at 0xc3 in for 0xa1
02-23 16:54:51.539 16668 16668 E ArmVmp : Match on catch block at 0xc3 in for 0xa1
02-23 16:54:51.551 16668 16668 E ArmVmp : Match on catch block at 0xc3 in for 0xa5
02-23 16:54:51.554 16668 16668 E ArmVmp : Match on catch block at 0xc3 in for 0xa9
02-23 16:54:51.556 16668 16668 E ArmVmp : Match on catch block at 0xc3 in for 0xa9
02-23 16:54:51.567 16668 16668 E ArmVmp : Match on catch block at 0xc3 in for 0xa1
02-23 16:54:51.570 16668 16668 E ArmVmp : Match on catch block at 0xc3 in for 0xa5
02-23 16:54:51.572 16668 16668 E ArmVmp : Match on catch block at 0xc3 in for 0xa5
02-23 16:54:51.583 16668 16668 E ArmVmp : Match on catch block at 0xc3 in for 0xa9
02-23 16:54:51.586 16668 16668 E ArmVmp : Match on catch block at 0xc3 in for 0xa1
02-23 16:54:51.589 16668 16668 E ArmVmp : Match on catch block at 0xc3 in for 0xa1
02-23 16:54:51.600 16668 16668 E ArmVmp : Match on catch block at 0xc3 in for 0xa5
02-23 16:54:51.603 16668 16668 E ArmVmp : Match on catch block at 0xc3 in for 0xa9
02-23 16:54:51.606 16668 16668 E ArmVmp : Match on catch block at 0xc3 in for 0xa9
02-23 16:54:51.616 16668 16668 E ArmVmp : Match on catch block at 0xc3 in for 0xa1
02-23 16:54:51.619 16668 16668 E ArmVmp : Match on catch block at 0xc3 in for 0xa5
02-23 16:54:51.622 16668 16668 E ArmVmp : Match on catch block at 0xc3 in for 0xa5
02-23 16:54:51.633 16668 16668 E ArmVmp : Match on catch block at 0xc3 in for 0xa9
02-23 16:54:51.636 16668 16668 E ArmVmp : Match on catch block at 0xc3 in for 0xa1
02-23 16:54:51.639 16668 16668 E ArmVmp : Match on catch block at 0xc3 in for 0xa1
02-23 16:54:51.650 16668 16668 E ArmVmp : Match on catch block at 0xc3 in for 0xa5
02-23 16:54:51.653 16668 16668 E ArmVmp : Match on catch block at 0xc3 in for 0xa9
02-23 16:54:51.655 16668 16668 E ArmVmp : Match on catch block at 0xc3 in for 0xa9
02-23 16:54:51.666 16668 16668 E ArmVmp : Match on catch block at 0xc3 in for 0xa1
02-23 16:54:51.669 16668 16668 E ArmVmp : Match on catch block at 0xc3 in for 0xa5
02-23 16:54:51.672 16668 16668 E ArmVmp : Match on catch block at 0xc3 in for 0xa5
02-23 16:54:52.000 16668 16668 E ArmVmp : Match on catch block at 0xc3 in for 0xa9
02-23 16:54:52.005 16668 16668 E ArmVmp : Match on catch block at 0xc3 in for 0xa1
02-23 16:54:52.009 16668 16668 E ArmVmp : Match on catch block at 0xc3 in for 0xa1
02-23 16:54:52.186 16668 16668 E ArmVmp : Match on catch block at 0xc3 in for 0xa5
02-23 16:54:52.190 16668 16668 E ArmVmp : Match on catch block at 0xc3 in for 0xa9
02-23 16:54:52.192 16668 16668 E ArmVmp : Match on catch block at 0xc3 in for 0xa9
02-23 16:54:52.199 16668 16668 E ArmVmp : Match on catch block at 0xc3 in for 0xa1
02-23 16:54:52.204 16668 16668 E ArmVmp : Match on catch block at 0xc3 in for 0xa5
02-23 16:54:52.206 16668 16668 E ArmVmp : Match on catch block at 0xc3 in for 0xa5
02-23 16:54:52.269 16668 16668 E ArmVmp : Match on catch block at 0xc3 in for 0xa5
02-23 16:54:52.272 16668 16668 E ArmVmp : Match on catch block at 0xc3 in for 0xa9
02-23 16:54:52.274 16668 16668 E ArmVmp : Match on catch block at 0xc3 in for 0xa9
02-23 16:54:52.457 16668 16668 E ArmVmp : Match on catch block at 0xc3 in for 0xa5
02-23 16:54:52.460 16668 16668 E ArmVmp : Match on catch block at 0xc3 in for 0xa9
02-23 16:54:52.463 16668 16668 E ArmVmp : Match on catch block at 0xc3 in for 0xa9
02-23 16:54:52.888 16668 16739 W libEGL : EGLNativeWindowType 0x7cd6c14010
disconnect failed
02-23 16:54:57.619 16668 16668 W ResourceType: Bad XML block: header size 18254 or
total size 169478669 is larger than data size 231
02-23 16:54:57.627 16668 16668 W ResourceType: Bad XML block: header size 18254 or
total size 169478669 is larger than data size 431
02-23 16:54:57.654 16668 16668 W ResourceType: Bad XML block: header size 18254 or
total size 169478669 is larger than data size 376
02-23 16:54:57.661 16668 16668 W ResourceType: Bad XML block: header size 18254 or
total size 169478669 is larger than data size 168
02-23 16:54:57.677 16668 16668 W ResourceType: Bad XML block: header size 18254 or
total size 169478669 is larger than data size 571
02-23 16:54:57.692 16668 16668 W ResourceType: Bad XML block: header size 18254 or
total size 169478669 is larger than data size 193
02-23 16:54:57.699 16668 16668 W ResourceType: Bad XML block: header size 18254 or
total size 169478669 is larger than data size 363
02-23 16:54:57.708 16668 16668 W ResourceType: Bad XML block: header size 18254 or
total size 169478669 is larger than data size 630
02-23 16:54:57.716 16668 16668 W ResourceType: Bad XML block: header size 18254 or
total size 169478669 is larger than data size 313
02-23 16:54:57.725 16668 16668 W ResourceType: Bad XML block: header size 18254 or
total size 169478669 is larger than data size 630
02-23 16:54:57.735 16668 16668 W ResourceType: Bad XML block: header size 18254 or
total size 169478669 is larger than data size 457
02-23 16:54:57.744 16668 16668 W ResourceType: Bad XML block: header size 18254 or
total size 169478669 is larger than data size 343
02-23 16:54:57.848 16668 16668 W ResourceType: Bad XML block: header size 18254 or
total size 169478669 is larger than data size 325
02-23 16:54:57.855 16668 16668 W ResourceType: Bad XML block: header size 18254 or
total size 169478669 is larger than data size 293
02-23 16:54:57.879 16668 16668 W SQLiteLog: (28) double-quoted string literal: "53"
02-23 16:54:57.879 16668 16668 W SQLiteLog: (28) double-quoted string literal: "53"
02-23 16:54:57.998 16668 16668 E Linkify : Unsupported character for applying
links: u202C
02-23 16:54:58.037 16668 16668 W ResourceType: Bad XML block: header size 18254 or
total size 169478669 is larger than data size 325
02-23 16:54:58.174 16668 16668 W View : requestLayout() improperly called by
android.widget.Space{1482ef2 I.ED..... ......I. 21,63-28,70 #7f0b00ba
app:id/action_tile_spacing} during layout: running second layout pass
02-23 16:54:58.174 16668 16668 W View : requestLayout() improperly called by
android.widget.Space{b35e943 I.ED..... ......I. 21,63-28,70 #7f0b00ba
app:id/action_tile_spacing} during layout: running second layout pass
02-23 16:54:58.174 16668 16668 W View : requestLayout() improperly called by
android.widget.Space{fd8ebc0 I.ED..... ......I. 21,63-28,70 #7f0b00ba
app:id/action_tile_spacing} during layout: running second layout pass
02-23 16:54:59.297 16668 16739 W libEGL : EGLNativeWindowType 0x7ccf1ee010
disconnect failed
02-23 16:54:59.326 16668 16739 W libEGL : EGLNativeWindowType 0x7d69603010
disconnect failed
02-23 16:54:59.691 16668 16668 W ResourceType: Bad XML block: header size 18254 or
total size 169478669 is larger than data size 547
02-23 16:55:01.949 16668 16668 W View : requestLayout() improperly called by
com.mbwhatsapp.TextEmojiLabel{98cf6d1 VFED..C.. ......ID 0,0-482,58 #7f0b06ab
app:id/conversation_contact_name} during layout: running second layout pass
02-23 16:55:02.268 16668 16668 W View : requestLayout() improperly called by
com.mbwhatsapp.TextEmojiLabel{98cf6d1 VFED..C.. ......ID 0,0-482,58 #7f0b06ab
app:id/conversation_contact_name} during layout: running second layout pass
02-23 16:55:02.638 16668 16719 E SQLiteDatabase: Error inserting transferred=0
media_job_uuid=509c6e1f-4eda-417d-b035-c1c12ead8dfd transcoded=0 gif_attribution=0
first_scan_length=13962 direct_path=/v/t62.7118-
24/23655165_2149859188696332_8696320539227071984_n.enc?ccb=11-
4&oh=01_AdRkvGAey5JAKq2zhjWfZJvqulF5G3Ct9ysu8OeA4b08MA&oe=65FFD647&_nc_sid=5e03e0&_
nc_hot=1708682097 thumbnail_height_width_ratio=0.43055555 is_animated_sticker=0
file_hash=jHvAURv70GStlmo6RR+9VaQLHy+q491UJ4OxMJV51Co= file_path=null file_size=0
partial_media_hash=ui6BCppeO4xndsxKISgz+Qk+tImufhYAgT79YDj0FQM= face_x=0 face_y=0
height=720 trim_to=0 media_key_timestamp=1708583338000
message_url=https://mmg.whatsapp.net/v/t62.7118-
24/23655165_2149859188696332_8696320539227071984_n.enc?ccb=11-
4&oh=01_AdRkvGAey5JAKq2zhjWfZJvqulF5G3Ct9ysu8OeA4b08MA&oe=65FFD647&_nc_sid=5e03e0&m
ms3=true media_caption=null trim_from=0 mime_type=image/jpeg
partial_media_enc_hash=null width=1600 original_file_hash=null
has_streaming_sidecar=1 autotransfer_retry_enabled=1 media_upload_handle=null
message_row_id=1896 multicast_id=null
enc_file_hash=HyEHaBjmi7M3HeqcUuwp4cqSLR/f5RCg+0VVYJ8B7as= mute_video=0
page_count=0 first_scan_sidecar=[B@4ee57ff suspicious_content=0 file_length=166594
media_name=null media_duration=0 chat_row_id=52 media_key=[B@68559cc
02-23 16:55:02.638 16668 16719 E SQLiteDatabase:
android.database.sqlite.SQLiteConstraintException: UNIQUE constraint failed:
message_media.message_row_id (code 1555 SQLITE_CONSTRAINT_PRIMARYKEY[1555])
02-23 16:55:02.638 16668 16719 E SQLiteDatabase: at
android.database.sqlite.SQLiteConnection.nativeExecuteForLastInsertedRowId(Native
Method)
02-23 16:55:02.638 16668 16719 E SQLiteDatabase: at
android.database.sqlite.SQLiteConnection.executeForLastInsertedRowId(SQLiteConnecti
on.java:1217)
02-23 16:55:02.638 16668 16719 E SQLiteDatabase: at
android.database.sqlite.SQLiteSession.executeForLastInsertedRowId(SQLiteSession.jav
a:790)
02-23 16:55:02.638 16668 16719 E SQLiteDatabase: at
android.database.sqlite.SQLiteStatement.executeInsert(SQLiteStatement.java:88)
02-23 16:55:02.638 16668 16719 E SQLiteDatabase: at
android.database.sqlite.SQLiteDatabase.insertWithOnConflict(SQLiteDatabase.java:221
9)
02-23 16:55:02.638 16668 16719 E SQLiteDatabase: at
android.database.sqlite.SQLiteDatabase.insert(SQLiteDatabase.java:2088)
02-23 16:55:02.638 16668 16719 E SQLiteDatabase: at X.2tm.A08(Unknown
Source:6)
02-23 16:55:02.638 16668 16719 E SQLiteDatabase: at X.35Y.A07(Unknown
Source:212)
02-23 16:55:02.638 16668 16719 E SQLiteDatabase: at X.3QF.A14(Unknown
Source:470)
02-23 16:55:02.638 16668 16719 E SQLiteDatabase: at X.3gU.run(Unknown
Source:982)
02-23 16:55:02.638 16668 16719 E SQLiteDatabase: at
android.os.Handler.handleCallback(Handler.java:938)
02-23 16:55:02.638 16668 16719 E SQLiteDatabase: at
android.os.Handler.dispatchMessage(Handler.java:99)
02-23 16:55:02.638 16668 16719 E SQLiteDatabase: at
X.0zq.dispatchMessage(Unknown Source:4)
02-23 16:55:02.638 16668 16719 E SQLiteDatabase: at
android.os.Looper.loop(Looper.java:246)
02-23 16:55:02.638 16668 16719 E SQLiteDatabase: at
android.os.HandlerThread.run(HandlerThread.java:67)
02-23 16:55:02.801 16668 16668 W View : requestLayout() improperly called by
com.mbwhatsapp.TextEmojiLabel{98cf6d1 VFED..C.. ......ID 0,0-482,58 #7f0b06ab
app:id/conversation_contact_name} during layout: running second layout pass
02-23 16:55:02.937 16668 16668 W View : requestLayout() improperly called by
com.mbwhatsapp.TextEmojiLabel{98cf6d1 VFED..C.. ......ID 0,0-482,58 #7f0b06ab
app:id/conversation_contact_name} during layout: running second layout pass
02-23 16:55:03.054 16668 16668 W View : requestLayout() improperly called by
com.mbwhatsapp.TextEmojiLabel{98cf6d1 VFED..C.. ......ID 0,0-482,58 #7f0b06ab
app:id/conversation_contact_name} during layout: running second layout pass
02-23 16:55:03.857 16668 16668 W View : requestLayout() improperly called by
com.mbwhatsapp.TextEmojiLabel{98cf6d1 VFED..C.. ......ID 0,0-482,58 #7f0b06ab
app:id/conversation_contact_name} during layout: running second layout pass
02-23 16:55:04.306 16668 16668 E Linkify : Unsupported character for applying
links: u202C
02-23 16:55:04.341 16668 16668 W View : requestLayout() improperly called by
com.mbwhatsapp.TextEmojiLabel{98cf6d1 VFED..C.. ......ID 0,0-482,58 #7f0b06ab
app:id/conversation_contact_name} during layout: running second layout pass
02-23 16:55:04.357 16668 16668 W View : requestLayout() improperly called by
com.mbwhatsapp.TextEmojiLabel{98cf6d1 VFED..C.. ......ID 0,0-482,58 #7f0b06ab
app:id/conversation_contact_name} during layout: running second layout pass
02-23 16:55:04.666 16668 16668 E Linkify : Unsupported character for applying
links: u202C
02-23 16:55:04.718 16668 16668 W View : requestLayout() improperly called by
com.mbwhatsapp.TextEmojiLabel{98cf6d1 VFED..C.. ......ID 0,0-482,58 #7f0b06ab
app:id/conversation_contact_name} during layout: running second layout pass
02-23 16:55:04.755 16668 16668 W View : requestLayout() improperly called by
com.mbwhatsapp.TextEmojiLabel{98cf6d1 VFED..C.. ......ID 0,0-482,58 #7f0b06ab
app:id/conversation_contact_name} during layout: running second layout pass
02-23 16:55:04.856 16668 16668 W ResourceType: Bad XML block: header size 18254 or
total size 169478669 is larger than data size 547
02-23 16:55:04.904 16668 16668 W View : requestLayout() improperly called by
com.mbwhatsapp.TextEmojiLabel{98cf6d1 VFED..C.. ......ID 0,0-482,58 #7f0b06ab
app:id/conversation_contact_name} during layout: running second layout pass
02-23 16:55:05.066 16668 16668 W ResourceType: Bad XML block: header size 18254 or
total size 169478669 is larger than data size 547
02-23 16:55:05.105 16668 16668 W View : requestLayout() improperly called by
com.mbwhatsapp.TextEmojiLabel{98cf6d1 VFED..C.. ......ID 0,0-482,58 #7f0b06ab
app:id/conversation_contact_name} during layout: running second layout pass
02-23 16:55:05.130 16668 16739 W libEGL : EGLNativeWindowType 0x7d165b4010
disconnect failed
02-23 16:55:05.141 16668 16668 W View : requestLayout() improperly called by
com.mbwhatsapp.TextEmojiLabel{98cf6d1 VFED..C.. ......ID 0,0-482,58 #7f0b06ab
app:id/conversation_contact_name} during layout: running second layout pass
02-23 16:55:06.944 16668 16668 W View : requestLayout() improperly called by
com.mbwhatsapp.TextEmojiLabel{98cf6d1 VFED..C.. ......ID 0,0-482,58 #7f0b06ab
app:id/conversation_contact_name} during layout: running second layout pass
02-23 16:55:07.017 16668 16668 W View : requestLayout() improperly called by
com.mbwhatsapp.TextEmojiLabel{98cf6d1 VFED..C.. ......ID 0,0-482,58 #7f0b06ab
app:id/conversation_contact_name} during layout: running second layout pass
02-23 16:55:07.422 16668 16739 W libEGL : EGLNativeWindowType 0x7d160d8010
disconnect failed
02-23 16:55:08.378 16668 16739 W libEGL : EGLNativeWindowType 0x7d165b4010
disconnect failed
02-23 16:55:10.192 16668 16739 W libEGL : EGLNativeWindowType 0x7d160d8010
disconnect failed
02-23 16:55:10.668 16668 16739 W libEGL : EGLNativeWindowType 0x7d165b4010
disconnect failed
02-23 16:55:24.946 16668 16668 E ArmVmp : Match on catch block at 0x0a in for 0xc5
02-23 16:55:24.951 16668 16668 E ArmVmp : Match on catch block at 0x0a in for 0xc1
02-23 16:55:25.414 16668 16668 E ArmVmp : Match on catch block at 0xc3 in for 0xb5
02-23 16:55:25.419 16668 16668 E ArmVmp : Match on catch block at 0xc3 in for 0xb5
02-23 16:55:25.424 16668 16668 E ArmVmp : Match on catch block at 0xc3 in for 0xb5
02-23 16:55:25.544 16668 16668 E ArmVmp : Match on catch block at 0xc3 in for 0xa9
02-23 16:55:25.547 16668 16668 E ArmVmp : Match on catch block at 0xc3 in for 0xa1
02-23 16:55:25.550 16668 16668 E ArmVmp : Match on catch block at 0xc3 in for 0xa1
02-23 16:55:26.064 16668 16668 E ArmVmp : Match on catch block at 0xc3 in for 0xa1
02-23 16:55:26.067 16668 16668 E ArmVmp : Match on catch block at 0xc3 in for 0xa5
02-23 16:55:26.070 16668 16668 E ArmVmp : Match on catch block at 0xc3 in for 0xa5
02-23 16:55:26.184 16668 16668 E ArmVmp : Match on catch block at 0xc3 in for 0xa9
02-23 16:55:26.189 16668 16668 E ArmVmp : Match on catch block at 0xc3 in for 0xa1
02-23 16:55:26.192 16668 16668 E ArmVmp : Match on catch block at 0xc3 in for 0xa1
02-23 16:55:26.216 16668 16739 W libEGL : EGLNativeWindowType 0x7d165b4010
disconnect failed
02-23 16:55:26.264 16668 16668 E ArmVmp : Match on catch block at 0xc3 in for 0xa5
02-23 16:55:26.267 16668 16668 E ArmVmp : Match on catch block at 0xc3 in for 0xa9
02-23 16:55:26.269 16668 16668 E ArmVmp : Match on catch block at 0xc3 in for 0xa9
02-23 16:55:26.286 16668 16668 E ArmVmp : Match on catch block at 0xc3 in for 0xa1
02-23 16:55:26.288 16668 16668 E ArmVmp : Match on catch block at 0xc3 in for 0xa5
02-23 16:55:26.291 16668 16668 E ArmVmp : Match on catch block at 0xc3 in for 0xa5
02-23 16:55:26.298 16668 16668 E ArmVmp : Match on catch block at 0xc3 in for 0xa9
02-23 16:55:26.302 16668 16668 E ArmVmp : Match on catch block at 0xc3 in for 0xa1
02-23 16:55:26.305 16668 16668 E ArmVmp : Match on catch block at 0xc3 in for 0xa1
02-23 16:55:26.313 16668 16668 E ArmVmp : Match on catch block at 0xc3 in for 0xa9
02-23 16:55:26.316 16668 16668 E ArmVmp : Match on catch block at 0xc3 in for 0xa1
02-23 16:55:26.321 16668 16668 E ArmVmp : Match on catch block at 0xc3 in for 0xa1
02-23 16:55:26.340 16668 16668 E ArmVmp : Match on catch block at 0xc3 in for 0xa1
02-23 16:55:26.343 16668 16668 E ArmVmp : Match on catch block at 0xc3 in for 0xa5
02-23 16:55:26.346 16668 16668 E ArmVmp : Match on catch block at 0xc3 in for 0xa5
02-23 16:55:26.352 16668 16668 E ArmVmp : Match on catch block at 0xc3 in for 0xa9
02-23 16:55:26.355 16668 16668 E ArmVmp : Match on catch block at 0xc3 in for 0xa1
02-23 16:55:26.358 16668 16668 E ArmVmp : Match on catch block at 0xc3 in for 0xa1
02-23 16:55:26.368 16668 16668 E ArmVmp : Match on catch block at 0xc3 in for 0xa5
02-23 16:55:26.372 16668 16668 E ArmVmp : Match on catch block at 0xc3 in for 0xa9
02-23 16:55:26.374 16668 16668 E ArmVmp : Match on catch block at 0xc3 in for 0xa9
02-23 16:55:26.384 16668 16668 E ArmVmp : Match on catch block at 0xc3 in for 0xa1
02-23 16:55:26.387 16668 16668 E ArmVmp : Match on catch block at 0xc3 in for 0xa5
02-23 16:55:26.389 16668 16668 E ArmVmp : Match on catch block at 0xc3 in for 0xa5
02-23 16:55:26.401 16668 16668 E ArmVmp : Match on catch block at 0xc3 in for 0xa9
02-23 16:55:26.404 16668 16668 E ArmVmp : Match on catch block at 0xc3 in for 0xa1
02-23 16:55:26.406 16668 16668 E ArmVmp : Match on catch block at 0xc3 in for 0xa1
02-23 16:55:26.418 16668 16668 E ArmVmp : Match on catch block at 0xc3 in for 0xa5
02-23 16:55:26.421 16668 16668 E ArmVmp : Match on catch block at 0xc3 in for 0xa9
02-23 16:55:26.423 16668 16668 E ArmVmp : Match on catch block at 0xc3 in for 0xa9
02-23 16:55:26.518 16668 16668 E ArmVmp : Match on catch block at 0xc3 in for 0xa9
02-23 16:55:26.523 16668 16668 E ArmVmp : Match on catch block at 0xc3 in for 0xa1
02-23 16:55:26.526 16668 16668 E ArmVmp : Match on catch block at 0xc3 in for 0xa1
02-23 16:55:27.019 16668 16668 E ArmVmp : Match on catch block at 0xc3 in for 0xa9
02-23 16:55:27.023 16668 16668 E ArmVmp : Match on catch block at 0xc3 in for 0xa1
02-23 16:55:27.031 16668 16668 E ArmVmp : Match on catch block at 0xc3 in for 0xa1
02-23 16:55:27.237 16668 16668 E ArmVmp : Match on catch block at 0xc3 in for 0xa1
02-23 16:55:27.240 16668 16668 E ArmVmp : Match on catch block at 0xc3 in for 0xa5
02-23 16:55:27.242 16668 16668 E ArmVmp : Match on catch block at 0xc3 in for 0xa5
02-23 16:55:27.268 16668 16668 E ArmVmp : Match on catch block at 0xc3 in for 0xa1
02-23 16:55:27.271 16668 16668 E ArmVmp : Match on catch block at 0xc3 in for 0xa5
02-23 16:55:27.274 16668 16668 E ArmVmp : Match on catch block at 0xc3 in for 0xa5
02-23 16:55:27.285 16668 16668 E ArmVmp : Match on catch block at 0xc3 in for 0xa1
02-23 16:55:27.288 16668 16668 E ArmVmp : Match on catch block at 0xc3 in for 0xa5
02-23 16:55:27.291 16668 16668 E ArmVmp : Match on catch block at 0xc3 in for 0xa5
02-23 16:55:27.300 16668 16668 E ArmVmp : Match on catch block at 0xc3 in for 0xa1
02-23 16:55:27.303 16668 16668 E ArmVmp : Match on catch block at 0xc3 in for 0xa5
02-23 16:55:27.306 16668 16668 E ArmVmp : Match on catch block at 0xc3 in for 0xa5
02-23 16:55:27.317 16668 16668 E ArmVmp : Match on catch block at 0xc3 in for 0xa1
02-23 16:55:27.322 16668 16668 E ArmVmp : Match on catch block at 0xc3 in for 0xa5
02-23 16:55:27.324 16668 16668 E ArmVmp : Match on catch block at 0xc3 in for 0xa5
02-23 16:55:27.334 16668 16668 E ArmVmp : Match on catch block at 0xc3 in for 0xa1
02-23 16:55:27.337 16668 16668 E ArmVmp : Match on catch block at 0xc3 in for 0xa5
02-23 16:55:27.340 16668 16668 E ArmVmp : Match on catch block at 0xc3 in for 0xa5
02-23 16:55:27.350 16668 16668 E ArmVmp : Match on catch block at 0xc3 in for 0xa1
02-23 16:55:27.354 16668 16668 E ArmVmp : Match on catch block at 0xc3 in for 0xa5
02-23 16:55:27.357 16668 16668 E ArmVmp : Match on catch block at 0xc3 in for 0xa5
02-23 16:55:27.367 16668 16668 E ArmVmp : Match on catch block at 0xc3 in for 0xa1
02-23 16:55:27.370 16668 16668 E ArmVmp : Match on catch block at 0xc3 in for 0xa5
02-23 16:55:27.373 16668 16668 E ArmVmp : Match on catch block at 0xc3 in for 0xa5
02-23 16:55:27.383 16668 16668 E ArmVmp : Match on catch block at 0xc3 in for 0xa1
02-23 16:55:27.386 16668 16668 E ArmVmp : Match on catch block at 0xc3 in for 0xa5
02-23 16:55:27.389 16668 16668 E ArmVmp : Match on catch block at 0xc3 in for 0xa5
02-23 16:55:27.400 16668 16668 E ArmVmp : Match on catch block at 0xc3 in for 0xa1
02-23 16:55:27.403 16668 16668 E ArmVmp : Match on catch block at 0xc3 in for 0xa5
02-23 16:55:27.405 16668 16668 E ArmVmp : Match on catch block at 0xc3 in for 0xa5
02-23 16:55:27.417 16668 16668 E ArmVmp : Match on catch block at 0xc3 in for 0xa1
02-23 16:55:27.420 16668 16668 E ArmVmp : Match on catch block at 0xc3 in for 0xa5
02-23 16:55:27.422 16668 16668 E ArmVmp : Match on catch block at 0xc3 in for 0xa5
02-23 16:55:27.433 16668 16668 E ArmVmp : Match on catch block at 0xc3 in for 0xa1
02-23 16:55:27.436 16668 16668 E ArmVmp : Match on catch block at 0xc3 in for 0xa5
02-23 16:55:27.439 16668 16668 E ArmVmp : Match on catch block at 0xc3 in for 0xa5
02-23 16:55:27.450 16668 16668 E ArmVmp : Match on catch block at 0xc3 in for 0xa1
02-23 16:55:27.453 16668 16668 E ArmVmp : Match on catch block at 0xc3 in for 0xa5
02-23 16:55:27.456 16668 16668 E ArmVmp : Match on catch block at 0xc3 in for 0xa5
02-23 16:55:27.467 16668 16668 E ArmVmp : Match on catch block at 0xc3 in for 0xa1
02-23 16:55:27.471 16668 16668 E ArmVmp : Match on catch block at 0xc3 in for 0xa5
02-23 16:55:27.473 16668 16668 E ArmVmp : Match on catch block at 0xc3 in for 0xa5
02-23 16:55:27.484 16668 16668 E ArmVmp : Match on catch block at 0xc3 in for 0xa5
02-23 16:55:27.486 16668 16668 E ArmVmp : Match on catch block at 0xc3 in for 0xa9
02-23 16:55:27.489 16668 16668 E ArmVmp : Match on catch block at 0xc3 in for 0xa9
02-23 16:55:27.516 16668 16668 E ArmVmp : Match on catch block at 0xc3 in for 0xa1
02-23 16:55:27.519 16668 16668 E ArmVmp : Match on catch block at 0xc3 in for 0xa5
02-23 16:55:27.521 16668 16668 E ArmVmp : Match on catch block at 0xc3 in for 0xa5
02-23 16:55:27.883 16668 16668 E ArmVmp : Match on catch block at 0xc3 in for 0xa9
02-23 16:55:27.886 16668 16668 E ArmVmp : Match on catch block at 0xc3 in for 0xa1
02-23 16:55:27.889 16668 16668 E ArmVmp : Match on catch block at 0xc3 in for 0xa1
02-23 16:55:27.900 16668 16668 E ArmVmp : Match on catch block at 0xc3 in for 0xa5
02-23 16:55:27.903 16668 16668 E ArmVmp : Match on catch block at 0xc3 in for 0xa9
02-23 16:55:27.905 16668 16668 E ArmVmp : Match on catch block at 0xc3 in for 0xa9
02-23 16:55:27.916 16668 16668 E ArmVmp : Match on catch block at 0xc3 in for 0xa1
02-23 16:55:27.922 16668 16668 E ArmVmp : Match on catch block at 0xc3 in for 0xa5
02-23 16:55:27.924 16668 16668 E ArmVmp : Match on catch block at 0xc3 in for 0xa5
02-23 16:55:27.933 16668 16668 E ArmVmp : Match on catch block at 0xc3 in for 0xa9
02-23 16:55:27.936 16668 16668 E ArmVmp : Match on catch block at 0xc3 in for 0xa1
02-23 16:55:27.939 16668 16668 E ArmVmp : Match on catch block at 0xc3 in for 0xa1
02-23 16:55:27.950 16668 16668 E ArmVmp : Match on catch block at 0xc3 in for 0xa5
02-23 16:55:27.953 16668 16668 E ArmVmp : Match on catch block at 0xc3 in for 0xa9
02-23 16:55:27.955 16668 16668 E ArmVmp : Match on catch block at 0xc3 in for 0xa9
02-23 16:55:27.966 16668 16668 E ArmVmp : Match on catch block at 0xc3 in for 0xa1
02-23 16:55:27.969 16668 16668 E ArmVmp : Match on catch block at 0xc3 in for 0xa5
02-23 16:55:27.972 16668 16668 E ArmVmp : Match on catch block at 0xc3 in for 0xa5
02-23 16:55:27.983 16668 16668 E ArmVmp : Match on catch block at 0xc3 in for 0xa9
02-23 16:55:27.987 16668 16668 E ArmVmp : Match on catch block at 0xc3 in for 0xa1
02-23 16:55:27.989 16668 16668 E ArmVmp : Match on catch block at 0xc3 in for 0xa1
02-23 16:55:28.001 16668 16668 E ArmVmp : Match on catch block at 0xc3 in for 0xa1
02-23 16:55:28.004 16668 16668 E ArmVmp : Match on catch block at 0xc3 in for 0xa5
02-23 16:55:28.006 16668 16668 E ArmVmp : Match on catch block at 0xc3 in for 0xa5
02-23 16:55:28.016 16668 16668 E ArmVmp : Match on catch block at 0xc3 in for 0xa9
02-23 16:55:28.020 16668 16668 E ArmVmp : Match on catch block at 0xc3 in for 0xa1
02-23 16:55:28.022 16668 16668 E ArmVmp : Match on catch block at 0xc3 in for 0xa1
02-23 16:55:28.033 16668 16668 E ArmVmp : Match on catch block at 0xc3 in for 0xa5
02-23 16:55:28.036 16668 16668 E ArmVmp : Match on catch block at 0xc3 in for 0xa9
02-23 16:55:28.039 16668 16668 E ArmVmp : Match on catch block at 0xc3 in for 0xa9
02-23 16:55:28.050 16668 16668 E ArmVmp : Match on catch block at 0xc3 in for 0xa1
02-23 16:55:28.055 16668 16668 E ArmVmp : Match on catch block at 0xc3 in for 0xa5
02-23 16:55:28.058 16668 16668 E ArmVmp : Match on catch block at 0xc3 in for 0xa5
02-23 16:55:28.066 16668 16668 E ArmVmp : Match on catch block at 0xc3 in for 0xa9
02-23 16:55:28.070 16668 16668 E ArmVmp : Match on catch block at 0xc3 in for 0xa1
02-23 16:55:28.073 16668 16668 E ArmVmp : Match on catch block at 0xc3 in for 0xa1
02-23 16:55:28.085 16668 16668 E ArmVmp : Match on catch block at 0xc3 in for 0xa9
02-23 16:55:28.087 16668 16668 E ArmVmp : Match on catch block at 0xc3 in for 0xa1
02-23 16:55:28.090 16668 16668 E ArmVmp : Match on catch block at 0xc3 in for 0xa1
02-23 16:55:28.100 16668 16668 E ArmVmp : Match on catch block at 0xc3 in for 0xa5
02-23 16:55:28.104 16668 16668 E ArmVmp : Match on catch block at 0xc3 in for 0xa9
02-23 16:55:28.107 16668 16668 E ArmVmp : Match on catch block at 0xc3 in for 0xa9
02-23 16:55:28.116 16668 16668 E ArmVmp : Match on catch block at 0xc3 in for 0xa1
02-23 16:55:28.120 16668 16668 E ArmVmp : Match on catch block at 0xc3 in for 0xa5
02-23 16:55:28.123 16668 16668 E ArmVmp : Match on catch block at 0xc3 in for 0xa5
02-23 16:55:28.133 16668 16668 E ArmVmp : Match on catch block at 0xc3 in for 0xa9
02-23 16:55:28.136 16668 16668 E ArmVmp : Match on catch block at 0xc3 in for 0xa1
02-23 16:55:28.138 16668 16668 E ArmVmp : Match on catch block at 0xc3 in for 0xa1
02-23 16:55:28.237 16668 16668 E ArmVmp : Match on catch block at 0xc3 in for 0xa9
02-23 16:55:28.240 16668 16668 E ArmVmp : Match on catch block at 0xc3 in for 0xa1
02-23 16:55:28.242 16668 16668 E ArmVmp : Match on catch block at 0xc3 in for 0xa1
02-23 16:55:28.249 16668 16668 E ArmVmp : Match on catch block at 0xc3 in for 0xa5
02-23 16:55:28.253 16668 16668 E ArmVmp : Match on catch block at 0xc3 in for 0xa9
02-23 16:55:28.256 16668 16668 E ArmVmp : Match on catch block at 0xc3 in for 0xa9
02-23 16:55:28.326 16668 16668 E ArmVmp : Match on catch block at 0xc3 in for 0xa9
02-23 16:55:28.329 16668 16668 E ArmVmp : Match on catch block at 0xc3 in for 0xa1
02-23 16:55:28.331 16668 16668 E ArmVmp : Match on catch block at 0xc3 in for 0xa1
02-23 16:55:28.434 16668 16668 E ArmVmp : Match on catch block at 0xc3 in for 0xa1
02-23 16:55:28.438 16668 16668 E ArmVmp : Match on catch block at 0xc3 in for 0xa5
02-23 16:55:28.440 16668 16668 E ArmVmp : Match on catch block at 0xc3 in for 0xa5
02-23 16:55:28.804 16668 16739 W libEGL : EGLNativeWindowType 0x7d15fc5010
disconnect failed
02-23 16:55:28.820 16668 16668 E ArmVmp : Match on catch block at 0xc3 in for 0xa9
02-23 16:55:28.824 16668 16668 E ArmVmp : Match on catch block at 0xc3 in for 0xa1
02-23 16:55:28.828 16668 16668 E ArmVmp : Match on catch block at 0xc3 in for 0xa1
02-23 16:55:29.470 16668 16739 W libEGL : EGLNativeWindowType 0x7d08b8b010
disconnect failed
02-23 16:55:34.032 16668 16719 E SQLiteDatabase: Error inserting transferred=0
media_job_uuid=046a1511-835e-472e-b5a0-e6eabeacb44b transcoded=0 gif_attribution=0
first_scan_length=12026 direct_path=/o1/v/t62.7118-24/f1/m231/up-oil-image-
2831507f-c68a-455e-8c93-75dd1096b01c?ccb=9-
4&oh=01_AdQFqn0W4aRdw5ZEjktUnmMvPbr1_cOfBHt24MX3fmVsmw&oe=65FFF477&_nc_sid=000000
thumbnail_height_width_ratio=0.43055555 is_animated_sticker=0
file_hash=qd0rz4+J8fUEsN4W2cTRcf8JoLgbCAPKdMltmkGZujA= file_path=null file_size=0
partial_media_hash=WJnH8v1y9fjqpOKgOipkvlcHTkDIN/P6pIlMINy6PqQ= face_x=0 face_y=0
height=702 trim_to=0 media_key_timestamp=1708525899000
message_url=https://mmg.whatsapp.net/o1/v/t62.7118-24/f1/m231/up-oil-image-
2831507f-c68a-455e-8c93-75dd1096b01c?ccb=9-
4&oh=01_AdQFqn0W4aRdw5ZEjktUnmMvPbr1_cOfBHt24MX3fmVsmw&oe=65FFF477&_nc_sid=000000&m
ms3=true media_caption=null trim_from=0 mime_type=image/jpeg
partial_media_enc_hash=null width=1600 original_file_hash=null
has_streaming_sidecar=1 autotransfer_retry_enabled=1 media_upload_handle=null
message_row_id=1905 multicast_id=null
enc_file_hash=1QPJiXN5/bxbbUjhDiimXn9Sehpc8JzbZ5Ng9VBOjb0= mute_video=0
page_count=0 first_scan_sidecar=[B@165a2a7 suspicious_content=0 file_length=125022
media_name=null media_duration=0 chat_row_id=68 media_key=[B@3ff5354
02-23 16:55:34.032 16668 16719 E SQLiteDatabase:
android.database.sqlite.SQLiteConstraintException: UNIQUE constraint failed:
message_media.message_row_id (code 1555 SQLITE_CONSTRAINT_PRIMARYKEY[1555])
02-23 16:55:34.032 16668 16719 E SQLiteDatabase: at
android.database.sqlite.SQLiteConnection.nativeExecuteForLastInsertedRowId(Native
Method)
02-23 16:55:34.032 16668 16719 E SQLiteDatabase: at
android.database.sqlite.SQLiteConnection.executeForLastInsertedRowId(SQLiteConnecti
on.java:1217)
02-23 16:55:34.032 16668 16719 E SQLiteDatabase: at
android.database.sqlite.SQLiteSession.executeForLastInsertedRowId(SQLiteSession.jav
a:790)
02-23 16:55:34.032 16668 16719 E SQLiteDatabase: at
android.database.sqlite.SQLiteStatement.executeInsert(SQLiteStatement.java:88)
02-23 16:55:34.032 16668 16719 E SQLiteDatabase: at
android.database.sqlite.SQLiteDatabase.insertWithOnConflict(SQLiteDatabase.java:221
9)
02-23 16:55:34.032 16668 16719 E SQLiteDatabase: at
android.database.sqlite.SQLiteDatabase.insert(SQLiteDatabase.java:2088)
02-23 16:55:34.032 16668 16719 E SQLiteDatabase: at X.2tm.A08(Unknown
Source:6)
02-23 16:55:34.032 16668 16719 E SQLiteDatabase: at X.35Y.A07(Unknown
Source:212)
02-23 16:55:34.032 16668 16719 E SQLiteDatabase: at X.3QF.A14(Unknown
Source:470)
02-23 16:55:34.032 16668 16719 E SQLiteDatabase: at X.3gU.run(Unknown
Source:982)
02-23 16:55:34.032 16668 16719 E SQLiteDatabase: at
android.os.Handler.handleCallback(Handler.java:938)
