02-23 17:37:51.626 32272 32272 E ArmVmp : Match on catch block at 0xc3 in for 0xa5
02-23 17:37:51.643 32272 32272 E ArmVmp : Match on catch block at 0xc3 in for 0xa9
02-23 17:37:51.652 32272 32272 E ArmVmp : Match on catch block at 0xc3 in for 0xa1
02-23 17:37:51.664 32272 32272 E ArmVmp : Match on catch block at 0xc3 in for 0xa5
02-23 17:37:51.675 32272 32272 E ArmVmp : Match on catch block at 0xc3 in for 0xa9
02-23 17:37:51.687 32272 32272 E ArmVmp : Match on catch block at 0xc3 in for 0xa1
02-23 17:37:51.706 32272 32272 E ArmVmp : Match on catch block at 0xc3 in for 0xa5
02-23 17:37:51.713 32272 32272 E ArmVmp : Match on catch block at 0xc3 in for 0xa9
02-23 17:37:51.718 32272 32272 E ArmVmp : Match on catch block at 0xc3 in for 0xa1
02-23 17:37:51.728 32272 32272 E ArmVmp : Match on catch block at 0xc3 in for 0xa5
02-23 17:37:51.733 32272 32272 E ArmVmp : Match on catch block at 0xc3 in for 0xa9
02-23 17:37:51.761 32272 32272 E ArmVmp : Match on catch block at 0xc3 in for 0xa1
02-23 17:37:51.766 32272 32272 E ArmVmp : Match on catch block at 0xc3 in for 0xa5
02-23 17:37:51.774 32272 32272 E ArmVmp : Match on catch block at 0xc3 in for 0xa9
02-23 17:37:51.779 32272 32272 E ArmVmp : Match on catch block at 0xc3 in for 0xa1
02-23 17:37:51.787 32272 32272 E ArmVmp : Match on catch block at 0xc3 in for 0xa5
02-23 17:37:51.792 32272 32272 E ArmVmp : Match on catch block at 0xc3 in for 0xa9
02-23 17:37:51.804 32272 32272 E ArmVmp : Match on catch block at 0xc3 in for 0xa5
02-23 17:37:51.821 32272 32272 E ArmVmp : Match on catch block at 0xc3 in for 0xa9
02-23 17:37:51.986 32272 32272 E ArmVmp : Match on catch block at 0xc3 in for 0xa9
02-23 17:37:52.004 32272 32272 E ArmVmp : Match on catch block at 0xc3 in for 0xa1
02-23 17:37:52.020 32272 32272 E ArmVmp : Match on catch block at 0xc3 in for 0xa1
02-23 17:37:52.026 32272 32272 E ArmVmp : Match on catch block at 0xc3 in for 0xa5
02-23 17:37:52.036 32272 32272 E ArmVmp : Match on catch block at 0xc3 in for 0xa5
02-23 17:37:52.046 32272 32272 E ArmVmp : Match on catch block at 0xc3 in for 0xa9
02-23 17:37:52.053 32272 32272 E ArmVmp : Match on catch block at 0xc3 in for 0xa9
02-23 17:37:52.059 32272 32272 E ArmVmp : Match on catch block at 0xc3 in for 0xa1
02-23 17:37:52.069 32272 32272 E ArmVmp : Match on catch block at 0xc3 in for 0xa1
02-23 17:37:52.076 32272 32272 E ArmVmp : Match on catch block at 0xc3 in for 0xa5
02-23 17:37:52.086 32272 32272 E ArmVmp : Match on catch block at 0xc3 in for 0xa5
02-23 17:37:52.093 32272 32272 E ArmVmp : Match on catch block at 0xc3 in for 0xa9
02-23 17:37:52.106 32272 32272 E ArmVmp : Match on catch block at 0xc3 in for 0xa9
02-23 17:37:52.116 32272 32272 E ArmVmp : Match on catch block at 0xc3 in for 0xa1
02-23 17:37:52.122 32272 32272 E ArmVmp : Match on catch block at 0xc3 in for 0xa1
02-23 17:37:52.128 32272 32272 E ArmVmp : Match on catch block at 0xc3 in for 0xa5
02-23 17:37:52.145 32272 32272 E ArmVmp : Match on catch block at 0xc3 in for 0xa5
02-23 17:37:52.152 32272 32272 E ArmVmp : Match on catch block at 0xc3 in for 0xa9
02-23 17:37:52.170 32272 32272 E ArmVmp : Match on catch block at 0xc3 in for 0xa9
02-23 17:37:52.175 32272 32272 E ArmVmp : Match on catch block at 0xc3 in for 0xa1
02-23 17:37:52.187 32272 32272 E ArmVmp : Match on catch block at 0xc3 in for 0xa1
02-23 17:37:52.197 32272 32272 E ArmVmp : Match on catch block at 0xc3 in for 0xa5
02-23 17:37:52.209 32272 32272 E ArmVmp : Match on catch block at 0xc3 in for 0xa5
02-23 17:37:52.217 32272 32272 E ArmVmp : Match on catch block at 0xc3 in for 0xa9
02-23 17:37:52.242 32272 32272 E ArmVmp : Match on catch block at 0xc3 in for 0xa5
02-23 17:37:52.250 32272 32272 E ArmVmp : Match on catch block at 0xc3 in for 0xa9
02-23 17:37:52.272 32272 32272 E ArmVmp : Match on catch block at 0xc3 in for 0xa9
02-23 17:37:52.280 32272 32272 E ArmVmp : Match on catch block at 0xc3 in for 0xa1
02-23 17:37:52.320 32272 32272 E ArmVmp : Match on catch block at 0xc3 in for 0xa9
02-23 17:37:52.325 32272 32272 E ArmVmp : Match on catch block at 0xc3 in for 0xa1
02-23 17:37:52.337 32272 32272 E ArmVmp : Match on catch block at 0xc3 in for 0xa9
02-23 17:37:52.344 32272 32272 E ArmVmp : Match on catch block at 0xc3 in for 0xa1
02-23 17:37:52.355 32272 32272 E ArmVmp : Match on catch block at 0xc3 in for 0xa9
02-23 17:37:52.374 32272 32272 E ArmVmp : Match on catch block at 0xc3 in for 0xa1
02-23 17:37:52.382 32272 32272 E ArmVmp : Match on catch block at 0xc3 in for 0xa9
02-23 17:37:52.387 32272 32272 E ArmVmp : Match on catch block at 0xc3 in for 0xa1
02-23 17:37:52.396 32272 32272 E ArmVmp : Match on catch block at 0xc3 in for 0xa9
02-23 17:37:52.402 32272 32272 E ArmVmp : Match on catch block at 0xc3 in for 0xa1
02-23 17:37:52.419 32272 32272 E ArmVmp : Match on catch block at 0xc3 in for 0xa5
02-23 17:37:52.428 32272 32272 E ArmVmp : Match on catch block at 0xc3 in for 0xa9
02-23 17:37:52.438 32272 32272 E ArmVmp : Match on catch block at 0xc3 in for 0xa1
02-23 17:37:52.448 32272 32272 E ArmVmp : Match on catch block at 0xc3 in for 0xa5
02-23 17:37:52.461 32272 32272 E ArmVmp : Match on catch block at 0xc3 in for 0xa9
02-23 17:37:52.466 32272 32272 E ArmVmp : Match on catch block at 0xc3 in for 0xa1
02-23 17:37:52.491 32272 32272 E ArmVmp : Match on catch block at 0xc3 in for 0xa5
02-23 17:37:52.499 32272 32272 E ArmVmp : Match on catch block at 0xc3 in for 0xa9
02-23 17:37:52.508 32272 32272 E ArmVmp : Match on catch block at 0xc3 in for 0xa1
02-23 17:37:52.513 32272 32272 E ArmVmp : Match on catch block at 0xc3 in for 0xa5
02-23 17:37:52.526 32272 32272 E ArmVmp : Match on catch block at 0xc3 in for 0xa9
02-23 17:37:52.531 32272 32272 E ArmVmp : Match on catch block at 0xc3 in for 0xa1
02-23 17:37:52.546 32272 32272 E ArmVmp : Match on catch block at 0xc3 in for 0xa5
02-23 17:37:52.551 32272 32272 E ArmVmp : Match on catch block at 0xc3 in for 0xa9
02-23 17:37:52.577 32272 32272 E ArmVmp : Match on catch block at 0xc3 in for 0xa1
02-23 17:37:52.582 32272 32272 E ArmVmp : Match on catch block at 0xc3 in for 0xa5
02-23 17:37:52.592 32272 32272 E ArmVmp : Match on catch block at 0xc3 in for 0xa9
02-23 17:37:52.598 32272 32272 E ArmVmp : Match on catch block at 0xc3 in for 0xa1
02-23 17:37:52.608 32272 32272 E ArmVmp : Match on catch block at 0xc3 in for 0xa5
02-23 17:37:52.619 32272 32272 E ArmVmp : Match on catch block at 0xc3 in for 0xa9
02-23 17:37:52.633 32272 32272 E ArmVmp : Match on catch block at 0xc3 in for 0xa5
02-23 17:37:52.639 32272 32272 E ArmVmp : Match on catch block at 0xc3 in for 0xa9
02-23 17:37:52.745 32272 32272 E ArmVmp : Match on catch block at 0xc3 in for 0xa9
02-23 17:37:52.751 32272 32272 E ArmVmp : Match on catch block at 0xc3 in for 0xa1
02-23 17:37:52.766 32272 32272 E ArmVmp : Match on catch block at 0xc3 in for 0xa1
02-23 17:37:52.775 32272 32272 E ArmVmp : Match on catch block at 0xc3 in for 0xa5
02-23 17:37:52.786 32272 32272 E ArmVmp : Match on catch block at 0xc3 in for 0xa5
02-23 17:37:52.793 32272 32272 E ArmVmp : Match on catch block at 0xc3 in for 0xa9
02-23 17:37:52.807 32272 32272 E ArmVmp : Match on catch block at 0xc3 in for 0xa9
02-23 17:37:52.813 32272 32272 E ArmVmp : Match on catch block at 0xc3 in for 0xa1
02-23 17:37:52.823 32272 32272 E ArmVmp : Match on catch block at 0xc3 in for 0xa1
02-23 17:37:52.833 32272 32272 E ArmVmp : Match on catch block at 0xc3 in for 0xa5
02-23 17:37:52.843 32272 32272 E ArmVmp : Match on catch block at 0xc3 in for 0xa5
02-23 17:37:52.849 32272 32272 E ArmVmp : Match on catch block at 0xc3 in for 0xa9
02-23 17:37:52.861 32272 32272 E ArmVmp : Match on catch block at 0xc3 in for 0xa9
02-23 17:37:52.867 32272 32272 E ArmVmp : Match on catch block at 0xc3 in for 0xa1
02-23 17:37:52.877 32272 32272 E ArmVmp : Match on catch block at 0xc3 in for 0xa1
02-23 17:37:52.883 32272 32272 E ArmVmp : Match on catch block at 0xc3 in for 0xa5
02-23 17:37:52.921 32272 32272 E ArmVmp : Match on catch block at 0xc3 in for 0xa9
02-23 17:37:52.932 32272 32272 E ArmVmp : Match on catch block at 0xc3 in for 0xa1
02-23 17:37:52.945 32272 32272 E ArmVmp : Match on catch block at 0xc3 in for 0xa1
02-23 17:37:52.950 32272 32272 E ArmVmp : Match on catch block at 0xc3 in for 0xa5
02-23 17:37:52.971 32272 32272 E ArmVmp : Match on catch block at 0xc3 in for 0xa1
02-23 17:37:52.979 32272 32272 E ArmVmp : Match on catch block at 0xc3 in for 0xa5
02-23 17:37:52.990 32272 32272 E ArmVmp : Match on catch block at 0xc3 in for 0xa5
02-23 17:37:53.015 32272 32272 E ArmVmp : Match on catch block at 0xc3 in for 0xa9
02-23 17:37:53.031 32272 32272 E ArmVmp : Match on catch block at 0xc3 in for 0xa9
02-23 17:37:53.037 32272 32272 E ArmVmp : Match on catch block at 0xc3 in for 0xa1
02-23 17:37:53.046 32272 32272 E ArmVmp : Match on catch block at 0xc3 in for 0xa1
02-23 17:37:53.056 32272 32272 E ArmVmp : Match on catch block at 0xc3 in for 0xa5
02-23 17:37:53.069 32272 32272 E ArmVmp : Match on catch block at 0xc3 in for 0xa5
02-23 17:37:53.074 32272 32272 E ArmVmp : Match on catch block at 0xc3 in for 0xa9
02-23 17:37:53.089 32272 32272 E ArmVmp : Match on catch block at 0xc3 in for 0xa9
02-23 17:37:53.103 32272 32272 E ArmVmp : Match on catch block at 0xc3 in for 0xa1
02-23 17:37:53.113 32272 32272 E ArmVmp : Match on catch block at 0xc3 in for 0xa1
02-23 17:37:53.124 32272 32272 E ArmVmp : Match on catch block at 0xc3 in for 0xa5
02-23 17:37:53.134 32272 32272 E ArmVmp : Match on catch block at 0xc3 in for 0xa5
02-23 17:37:53.140 32272 32272 E ArmVmp : Match on catch block at 0xc3 in for 0xa9
02-23 17:37:53.155 32272 32272 E ArmVmp : Match on catch block at 0xc3 in for 0xa9
02-23 17:37:53.164 32272 32272 E ArmVmp : Match on catch block at 0xc3 in for 0xa1
02-23 17:37:53.181 32272 32272 E ArmVmp : Match on catch block at 0xc3 in for 0xa1
02-23 17:37:53.190 32272 32272 E ArmVmp : Match on catch block at 0xc3 in for 0xa5
02-23 17:37:53.202 32272 32272 E ArmVmp : Match on catch block at 0xc3 in for 0xa5
02-23 17:37:53.207 32272 32272 E ArmVmp : Match on catch block at 0xc3 in for 0xa9
02-23 17:37:53.218 32272 32272 E ArmVmp : Match on catch block at 0xc3 in for 0xa9
02-23 17:37:53.225 32272 32272 E ArmVmp : Match on catch block at 0xc3 in for 0xa1
02-23 17:37:53.234 32272 32272 E ArmVmp : Match on catch block at 0xc3 in for 0xa1
02-23 17:37:53.240 32272 32272 E ArmVmp : Match on catch block at 0xc3 in for 0xa5
02-23 17:37:53.256 32272 32272 E ArmVmp : Match on catch block at 0xc3 in for 0xa1
02-23 17:37:53.262 32272 32272 E ArmVmp : Match on catch block at 0xc3 in for 0xa5
02-23 17:37:53.272 32272 32272 E ArmVmp : Match on catch block at 0xc3 in for 0xa1
02-23 17:37:53.280 32272 32272 E ArmVmp : Match on catch block at 0xc3 in for 0xa5
02-23 17:37:53.292 32272 32272 E ArmVmp : Match on catch block at 0xc3 in for 0xa1
02-23 17:37:53.302 32272 32272 E ArmVmp : Match on catch block at 0xc3 in for 0xa5
02-23 17:37:53.319 32272 32272 E ArmVmp : Match on catch block at 0xc3 in for 0xa9
02-23 17:37:53.326 32272 32272 E ArmVmp : Match on catch block at 0xc3 in for 0xa1
02-23 17:37:53.386 32272 32272 E ArmVmp : Match on catch block at 0xc3 in for 0xa9
02-23 17:37:53.390 32272 32272 E ArmVmp : Match on catch block at 0xc3 in for 0xa1
02-23 17:37:53.502 32272 32272 E ArmVmp : Match on catch block at 0xc3 in for 0xa5
02-23 17:37:53.509 32272 32272 E ArmVmp : Match on catch block at 0xc3 in for 0xa9
02-23 17:37:53.553 32272 32272 E ArmVmp : Match on catch block at 0xc3 in for 0xa1
02-23 17:37:53.560 32272 32272 E ArmVmp : Match on catch block at 0xc3 in for 0xa5
02-23 17:37:53.586 32272 32272 E ArmVmp : Match on catch block at 0xc3 in for 0xa9
02-23 17:37:53.593 32272 32272 E ArmVmp : Match on catch block at 0xc3 in for 0xa1
02-23 17:37:53.603 32272 32272 E ArmVmp : Match on catch block at 0xc3 in for 0xa9
02-23 17:37:53.615 32272 32272 E ArmVmp : Match on catch block at 0xc3 in for 0xa1
02-23 17:37:53.623 32272 32272 E ArmVmp : Match on catch block at 0xc3 in for 0xa9
02-23 17:37:53.628 32272 32272 E ArmVmp : Match on catch block at 0xc3 in for 0xa1
02-23 17:37:53.640 32272 32272 E ArmVmp : Match on catch block at 0xc3 in for 0xa1
02-23 17:37:53.650 32272 32272 E ArmVmp : Match on catch block at 0xc3 in for 0xa5
02-23 17:37:53.669 32272 32272 E ArmVmp : Match on catch block at 0xc3 in for 0xa1
02-23 17:37:53.675 32272 32272 E ArmVmp : Match on catch block at 0xc3 in for 0xa5
02-23 17:37:53.687 32272 32272 E ArmVmp : Match on catch block at 0xc3 in for 0xa1
02-23 17:37:53.693 32272 32272 E ArmVmp : Match on catch block at 0xc3 in for 0xa5
02-23 17:37:53.704 32272 32272 E ArmVmp : Match on catch block at 0xc3 in for 0xa1
02-23 17:37:53.711 32272 32272 E ArmVmp : Match on catch block at 0xc3 in for 0xa5
02-23 17:37:53.725 32272 32272 E ArmVmp : Match on catch block at 0xc3 in for 0xa1
02-23 17:37:53.731 32272 32272 E ArmVmp : Match on catch block at 0xc3 in for 0xa5
02-23 17:37:53.739 32272 32272 E ArmVmp : Match on catch block at 0xc3 in for 0xa5
02-23 17:37:53.749 32272 32272 E ArmVmp : Match on catch block at 0xc3 in for 0xa9
02-23 17:37:53.758 32272 32272 E ArmVmp : Match on catch block at 0xc3 in for 0xa5
02-23 17:37:53.763 32272 32272 E ArmVmp : Match on catch block at 0xc3 in for 0xa9
02-23 17:37:53.773 32272 32272 E ArmVmp : Match on catch block at 0xc3 in for 0xa5
02-23 17:37:53.781 32272 32272 E ArmVmp : Match on catch block at 0xc3 in for 0xa9
02-23 17:37:53.791 32272 32272 E ArmVmp : Match on catch block at 0xc3 in for 0xa9
02-23 17:37:53.798 32272 32272 E ArmVmp : Match on catch block at 0xc3 in for 0xa1
02-23 17:37:53.807 32272 32272 E ArmVmp : Match on catch block at 0xc3 in for 0xa1
02-23 17:37:53.812 32272 32272 E ArmVmp : Match on catch block at 0xc3 in for 0xa5
02-23 17:37:53.843 32272 32272 E ArmVmp : Match on catch block at 0xc3 in for 0xa5
02-23 17:37:53.851 32272 32272 E ArmVmp : Match on catch block at 0xc3 in for 0xa9
02-23 17:37:53.904 32272 32272 E ArmVmp : Match on catch block at 0xc3 in for 0xa9
02-23 17:37:53.908 32272 32272 E ArmVmp : Match on catch block at 0xc3 in for 0xa1
02-23 17:37:53.969 32272 32272 E ArmVmp : Match on catch block at 0xc3 in for 0xa1
02-23 17:37:53.982 32272 32272 E ArmVmp : Match on catch block at 0xc3 in for 0xa5
02-23 17:37:54.070 32272 32272 E ArmVmp : Match on catch block at 0xc3 in for 0xa1
02-23 17:37:54.079 32272 32272 E ArmVmp : Match on catch block at 0xc3 in for 0xa5
02-23 17:37:54.220 32272 32272 E ArmVmp : Match on catch block at 0xc3 in for 0xa5
02-23 17:37:54.226 32272 32272 E ArmVmp : Match on catch block at 0xc3 in for 0xa9
02-23 17:37:54.253 32272 32272 E ArmVmp : Match on catch block at 0xc3 in for 0xa5
02-23 17:37:54.268 32272 32272 E ArmVmp : Match on catch block at 0xc3 in for 0xa9
02-23 17:37:54.319 32272 32272 E ArmVmp : Match on catch block at 0xc3 in for 0xa9
02-23 17:37:54.327 32272 32272 E ArmVmp : Match on catch block at 0xc3 in for 0xa1
02-23 17:37:54.386 32272 32272 E ArmVmp : Match on catch block at 0xc3 in for 0xa1
02-23 17:37:54.392 32272 32272 E ArmVmp : Match on catch block at 0xc3 in for 0xa5
02-23 17:37:54.404 32272 32272 E ArmVmp : Match on catch block at 0xc3 in for 0xa5
02-23 17:37:54.410 32272 32272 E ArmVmp : Match on catch block at 0xc3 in for 0xa9
02-23 17:37:54.424 32272 32272 E ArmVmp : Match on catch block at 0xc3 in for 0xa9
02-23 17:37:54.429 32272 32272 E ArmVmp : Match on catch block at 0xc3 in for 0xa1
02-23 17:37:54.442 32272 32272 E ArmVmp : Match on catch block at 0xc3 in for 0xa1
02-23 17:37:54.447 32272 32272 E ArmVmp : Match on catch block at 0xc3 in for 0xa5
02-23 17:37:54.465 32272 32272 E ArmVmp : Match on catch block at 0xc3 in for 0xa5
02-23 17:37:54.480 32272 32272 E ArmVmp : Match on catch block at 0xc3 in for 0xa9
02-23 17:37:54.493 32272 32272 E ArmVmp : Match on catch block at 0xc3 in for 0xa9
02-23 17:37:54.508 32272 32272 E ArmVmp : Match on catch block at 0xc3 in for 0xa1
02-23 17:37:54.518 32272 32272 E ArmVmp : Match on catch block at 0xc3 in for 0xa1
02-23 17:37:54.527 32272 32272 E ArmVmp : Match on catch block at 0xc3 in for 0xa5
02-23 17:37:54.541 32272 32272 E ArmVmp : Match on catch block at 0xc3 in for 0xa5
02-23 17:37:54.553 32272 32272 E ArmVmp : Match on catch block at 0xc3 in for 0xa9
02-23 17:37:54.564 32272 32272 E ArmVmp : Match on catch block at 0xc3 in for 0xa9
02-23 17:37:54.580 32272 32272 E ArmVmp : Match on catch block at 0xc3 in for 0xa1
02-23 17:37:54.593 32272 32272 E ArmVmp : Match on catch block at 0xc3 in for 0xa1
02-23 17:37:54.599 32272 32272 E ArmVmp : Match on catch block at 0xc3 in for 0xa5
02-23 17:37:54.610 32272 32272 E ArmVmp : Match on catch block at 0xc3 in for 0xa5
02-23 17:37:54.616 32272 32272 E ArmVmp : Match on catch block at 0xc3 in for 0xa9
02-23 17:37:54.627 32272 32272 E ArmVmp : Match on catch block at 0xc3 in for 0xa9
02-23 17:37:54.634 32272 32272 E ArmVmp : Match on catch block at 0xc3 in for 0xa1
02-23 17:37:54.647 32272 32272 E ArmVmp : Match on catch block at 0xc3 in for 0xa1
02-23 17:37:54.656 32272 32272 E ArmVmp : Match on catch block at 0xc3 in for 0xa5
02-23 17:37:54.670 32272 32272 E ArmVmp : Match on catch block at 0xc3 in for 0xa5
02-23 17:37:54.681 32272 32272 E ArmVmp : Match on catch block at 0xc3 in for 0xa9
02-23 17:37:54.695 32272 32272 E ArmVmp : Match on catch block at 0xc3 in for 0xa9
02-23 17:37:54.704 32272 32272 E ArmVmp : Match on catch block at 0xc3 in for 0xa1
02-23 17:37:54.713 32272 32272 E ArmVmp : Match on catch block at 0xc3 in for 0xa1
02-23 17:37:54.726 32272 32272 E ArmVmp : Match on catch block at 0xc3 in for 0xa5
02-23 17:37:54.734 32272 32272 E ArmVmp : Match on catch block at 0xc3 in for 0xa5
02-23 17:37:54.743 32272 32272 E ArmVmp : Match on catch block at 0xc3 in for 0xa9
02-23 17:37:54.760 32272 32272 E ArmVmp : Match on catch block at 0xc3 in for 0xa9
02-23 17:37:54.767 32272 32272 E ArmVmp : Match on catch block at 0xc3 in for 0xa1
02-23 17:37:54.774 32272 32272 E ArmVmp : Match on catch block at 0xc3 in for 0xa5
02-23 17:37:54.800 32272 32272 E ArmVmp : Match on catch block at 0xc3 in for 0xa9
02-23 17:37:54.830 32272 32272 E ArmVmp : Match on catch block at 0xc3 in for 0xa9
02-23 17:37:54.838 32272 32272 E ArmVmp : Match on catch block at 0xc3 in for 0xa1
02-23 17:37:54.847 32272 32272 E ArmVmp : Match on catch block at 0xc3 in for 0xa5
02-23 17:37:54.854 32272 32272 E ArmVmp : Match on catch block at 0xc3 in for 0xa9
02-23 17:37:54.865 32272 32272 E ArmVmp : Match on catch block at 0xc3 in for 0xa9
02-23 17:37:54.877 32272 32272 E ArmVmp : Match on catch block at 0xc3 in for 0xa1
02-23 17:37:54.887 32272 32272 E ArmVmp : Match on catch block at 0xc3 in for 0xa5
02-23 17:37:54.893 32272 32272 E ArmVmp : Match on catch block at 0xc3 in for 0xa9
02-23 17:37:54.903 32272 32272 E ArmVmp : Match on catch block at 0xc3 in for 0xa1
02-23 17:37:54.908 32272 32272 E ArmVmp : Match on catch block at 0xc3 in for 0xa5
02-23 17:37:54.918 32272 32272 E ArmVmp : Match on catch block at 0xc3 in for 0xa9
02-23 17:37:54.923 32272 32272 E ArmVmp : Match on catch block at 0xc3 in for 0xa1
02-23 17:37:54.935 32272 32272 E ArmVmp : Match on catch block at 0xc3 in for 0xa5
02-23 17:37:54.947 32272 32272 E ArmVmp : Match on catch block at 0xc3 in for 0xa9
02-23 17:37:54.968 32272 32272 E ArmVmp : Match on catch block at 0xc3 in for 0xa1
02-23 17:37:54.974 32272 32272 E ArmVmp : Match on catch block at 0xc3 in for 0xa5
02-23 17:37:54.984 32272 32272 E ArmVmp : Match on catch block at 0xc3 in for 0xa9
02-23 17:37:54.991 32272 32272 E ArmVmp : Match on catch block at 0xc3 in for 0xa1
02-23 17:37:54.999 32272 32272 E ArmVmp : Match on catch block at 0xc3 in for 0xa5
02-23 17:37:55.006 32272 32272 E ArmVmp : Match on catch block at 0xc3 in for 0xa9
02-23 17:37:55.018 32272 32272 E ArmVmp : Match on catch block at 0xc3 in for 0xa1
02-23 17:37:55.030 32272 32272 E ArmVmp : Match on catch block at 0xc3 in for 0xa5
02-23 17:37:55.044 32272 32272 E ArmVmp : Match on catch block at 0xc3 in for 0xa9
02-23 17:37:55.051 32272 32272 E ArmVmp : Match on catch block at 0xc3 in for 0xa1
02-23 17:37:55.058 32272 32272 E ArmVmp : Match on catch block at 0xc3 in for 0xa5
02-23 17:37:55.064 32272 32272 E ArmVmp : Match on catch block at 0xc3 in for 0xa9
02-23 17:37:55.077 32272 32272 E ArmVmp : Match on catch block at 0xc3 in for 0xa1
02-23 17:37:55.082 32272 32272 E ArmVmp : Match on catch block at 0xc3 in for 0xa5
02-23 17:37:55.097 32272 32272 E ArmVmp : Match on catch block at 0xc3 in for 0xa9
02-23 17:37:55.104 32272 32272 E ArmVmp : Match on catch block at 0xc3 in for 0xa1
02-23 17:37:55.111 32272 32272 E ArmVmp : Match on catch block at 0xc3 in for 0xa5
02-23 17:37:55.116 32272 32272 E ArmVmp : Match on catch block at 0xc3 in for 0xa9
02-23 17:37:55.125 32272 32272 E ArmVmp : Match on catch block at 0xc3 in for 0xa1
02-23 17:37:55.136 32272 32272 E ArmVmp : Match on catch block at 0xc3 in for 0xa5
02-23 17:37:55.145 32272 32272 E ArmVmp : Match on catch block at 0xc3 in for 0xa9
02-23 17:37:55.151 32272 32272 E ArmVmp : Match on catch block at 0xc3 in for 0xa1
02-23 17:37:55.159 32272 32272 E ArmVmp : Match on catch block at 0xc3 in for 0xa5
02-23 17:37:55.165 32272 32272 E ArmVmp : Match on catch block at 0xc3 in for 0xa9
02-23 17:37:55.176 32272 32272 E ArmVmp : Match on catch block at 0xc3 in for 0xa1
02-23 17:37:55.184 32272 32272 E ArmVmp : Match on catch block at 0xc3 in for 0xa5
02-23 17:37:55.194 32272 32272 E ArmVmp : Match on catch block at 0xc3 in for 0xa9
02-23 17:37:55.210 32272 32272 E ArmVmp : Match on catch block at 0xc3 in for 0xa1
02-23 17:37:55.217 32272 32272 E ArmVmp : Match on catch block at 0xc3 in for 0xa5
02-23 17:37:55.224 32272 32272 E ArmVmp : Match on catch block at 0xc3 in for 0xa9
02-23 17:37:55.230 32272 32272 E ArmVmp : Match on catch block at 0xc3 in for 0xa1
02-23 17:37:55.240 32272 32272 E ArmVmp : Match on catch block at 0xc3 in for 0xa5
02-23 17:37:55.249 32272 32272 E ArmVmp : Match on catch block at 0xc3 in for 0xa9
02-23 17:37:55.255 32272 32272 E ArmVmp : Match on catch block at 0xc3 in for 0xa1
02-23 17:37:55.269 32272 32272 E ArmVmp : Match on catch block at 0xc3 in for 0xa5
02-23 17:37:55.279 32272 32272 E ArmVmp : Match on catch block at 0xc3 in for 0xa9
02-23 17:37:55.288 32272 32272 E ArmVmp : Match on catch block at 0xc3 in for 0xa1
02-23 17:37:55.294 32272 32272 E ArmVmp : Match on catch block at 0xc3 in for 0xa5
02-23 17:37:55.303 32272 32272 E ArmVmp : Match on catch block at 0xc3 in for 0xa9
02-23 17:37:55.310 32272 32272 E ArmVmp : Match on catch block at 0xc3 in for 0xa1
02-23 17:37:55.319 32272 32272 E ArmVmp : Match on catch block at 0xc3 in for 0xa1
02-23 17:37:55.327 32272 32272 E ArmVmp : Match on catch block at 0xc3 in for 0xa5
02-23 17:37:55.351 32272 32272 E ArmVmp : Match on catch block at 0xc3 in for 0xa5
02-23 17:37:55.361 32272 32272 E ArmVmp : Match on catch block at 0xc3 in for 0xa9
02-23 17:37:55.716 32272 32272 E ArmVmp : Match on catch block at 0xc3 in for 0xa9
02-23 17:37:55.721 32272 32272 E ArmVmp : Match on catch block at 0xc3 in for 0xa1
02-23 17:37:55.733 32272 32272 E ArmVmp : Match on catch block at 0xc3 in for 0xa1
02-23 17:37:55.738 32272 32272 E ArmVmp : Match on catch block at 0xc3 in for 0xa5
02-23 17:37:55.749 32272 32272 E ArmVmp : Match on catch block at 0xc3 in for 0xa5
02-23 17:37:55.757 32272 32272 E ArmVmp : Match on catch block at 0xc3 in for 0xa9
02-23 17:37:55.766 32272 32272 E ArmVmp : Match on catch block at 0xc3 in for 0xa9
02-23 17:37:55.775 32272 32272 E ArmVmp : Match on catch block at 0xc3 in for 0xa1
02-23 17:37:55.786 32272 32272 E ArmVmp : Match on catch block at 0xc3 in for 0xa1
02-23 17:37:55.793 32272 32272 E ArmVmp : Match on catch block at 0xc3 in for 0xa5
02-23 17:37:55.800 32272 32272 E ArmVmp : Match on catch block at 0xc3 in for 0xa5
02-23 17:37:55.815 32272 32272 E ArmVmp : Match on catch block at 0xc3 in for 0xa9
02-23 17:37:55.836 32272 32272 E ArmVmp : Match on catch block at 0xc3 in for 0xa5
02-23 17:37:55.841 32272 32272 E ArmVmp : Match on catch block at 0xc3 in for 0xa9
02-23 17:37:55.853 32272 32272 E ArmVmp : Match on catch block at 0xc3 in for 0xa5
02-23 17:37:55.862 32272 32272 E ArmVmp : Match on catch block at 0xc3 in for 0xa9
02-23 17:37:55.879 32272 32272 E ArmVmp : Match on catch block at 0xc3 in for 0xa1
02-23 17:37:55.884 32272 32272 E ArmVmp : Match on catch block at 0xc3 in for 0xa5
02-23 17:37:55.899 32272 32272 E ArmVmp : Match on catch block at 0xc3 in for 0xa5
02-23 17:37:55.905 32272 32272 E ArmVmp : Match on catch block at 0xc3 in for 0xa9
02-23 17:37:56.350 32272 32272 E ArmVmp : Match on catch block at 0xc3 in for 0xa9
02-23 17:37:56.357 32272 32272 E ArmVmp : Match on catch block at 0xc3 in for 0xa1
02-23 17:37:56.370 32272 32272 E ArmVmp : Match on catch block at 0xc3 in for 0xa1
02-23 17:37:56.377 32272 32272 E ArmVmp : Match on catch block at 0xc3 in for 0xa5
02-23 17:37:56.504 32272 32272 E ArmVmp : Match on catch block at 0xc3 in for 0xa1
02-23 17:37:56.513 32272 32272 E ArmVmp : Match on catch block at 0xc3 in for 0xa5
02-23 17:37:56.535 32272 32272 E ArmVmp : Match on catch block at 0xc3 in for 0xa5
02-23 17:37:56.541 32272 32272 E ArmVmp : Match on catch block at 0xc3 in for 0xa9
02-23 17:37:56.558 32272 32272 E ArmVmp : Match on catch block at 0xc3 in for 0xa5
02-23 17:37:56.568 32272 32272 E ArmVmp : Match on catch block at 0xc3 in for 0xa9
02-23 17:37:56.579 32272 32272 E ArmVmp : Match on catch block at 0xc3 in for 0xa9
02-23 17:37:56.586 32272 32272 E ArmVmp : Match on catch block at 0xc3 in for 0xa1
02-23 17:37:56.597 32272 32272 E ArmVmp : Match on catch block at 0xc3 in for 0xa1
02-23 17:37:56.607 32272 32272 E ArmVmp : Match on catch block at 0xc3 in for 0xa5
02-23 17:37:56.617 32272 32272 E ArmVmp : Match on catch block at 0xc3 in for 0xa5
02-23 17:37:56.639 32272 32272 E ArmVmp : Match on catch block at 0xc3 in for 0xa9
02-23 17:37:56.669 32272 32272 E ArmVmp : Match on catch block at 0xc3 in for 0xa9
02-23 17:37:56.679 32272 32272 E ArmVmp : Match on catch block at 0xc3 in for 0xa1
02-23 17:37:56.697 32272 32272 E ArmVmp : Match on catch block at 0xc3 in for 0xa5
02-23 17:37:56.704 32272 32272 E ArmVmp : Match on catch block at 0xc3 in for 0xa9
02-23 17:37:56.713 32272 32272 E ArmVmp : Match on catch block at 0xc3 in for 0xa1
02-23 17:37:56.718 32272 32272 E ArmVmp : Match on catch block at 0xc3 in for 0xa5
02-23 17:37:56.726 32272 32272 E ArmVmp : Match on catch block at 0xc3 in for 0xa9
02-23 17:37:56.731 32272 32272 E ArmVmp : Match on catch block at 0xc3 in for 0xa1
02-23 17:37:56.740 32272 32272 E ArmVmp : Match on catch block at 0xc3 in for 0xa5
02-23 17:37:56.747 32272 32272 E ArmVmp : Match on catch block at 0xc3 in for 0xa9
02-23 17:37:56.756 32272 32272 E ArmVmp : Match on catch block at 0xc3 in for 0xa1
02-23 17:37:56.764 32272 32272 E ArmVmp : Match on catch block at 0xc3 in for 0xa5
02-23 17:37:56.775 32272 32272 E ArmVmp : Match on catch block at 0xc3 in for 0xa9
02-23 17:37:56.779 32272 32272 E ArmVmp : Match on catch block at 0xc3 in for 0xa1
02-23 17:37:56.794 32272 32272 E ArmVmp : Match on catch block at 0xc3 in for 0xa5
02-23 17:37:56.799 32272 32272 E ArmVmp : Match on catch block at 0xc3 in for 0xa9
02-23 17:37:56.809 32272 32272 E ArmVmp : Match on catch block at 0xc3 in for 0xa9
02-23 17:37:56.824 32272 32272 E ArmVmp : Match on catch block at 0xc3 in for 0xa1
02-23 17:37:56.830 32272 32272 E ArmVmp : Match on catch block at 0xc3 in for 0xa1
02-23 17:37:56.844 32272 32272 E ArmVmp : Match on catch block at 0xc3 in for 0xa5
02-23 17:37:56.851 32272 32272 E ArmVmp : Match on catch block at 0xc3 in for 0xa5
02-23 17:37:56.855 32272 32272 E ArmVmp : Match on catch block at 0xc3 in for 0xa9
02-23 17:37:56.866 32272 32272 E ArmVmp : Match on catch block at 0xc3 in for 0xa9
02-23 17:37:56.871 32272 32272 E ArmVmp : Match on catch block at 0xc3 in for 0xa1
02-23 17:37:56.882 32272 32272 E ArmVmp : Match on catch block at 0xc3 in for 0xa1
02-23 17:37:56.894 32272 32272 E ArmVmp : Match on catch block at 0xc3 in for 0xa5
02-23 17:37:56.908 32272 32272 E ArmVmp : Match on catch block at 0xc3 in for 0xa5
02-23 17:37:56.912 32272 32272 E ArmVmp : Match on catch block at 0xc3 in for 0xa9
02-23 17:37:56.922 32272 32272 E ArmVmp : Match on catch block at 0xc3 in for 0xa9
02-23 17:37:56.932 32272 32272 E ArmVmp : Match on catch block at 0xc3 in for 0xa1
02-23 17:37:56.941 32272 32272 E ArmVmp : Match on catch block at 0xc3 in for 0xa1
02-23 17:37:56.955 32272 32272 E ArmVmp : Match on catch block at 0xc3 in for 0xa5
02-23 17:37:56.963 32272 32272 E ArmVmp : Match on catch block at 0xc3 in for 0xa5
02-23 17:37:56.968 32272 32272 E ArmVmp : Match on catch block at 0xc3 in for 0xa9
02-23 17:37:56.977 32272 32272 E ArmVmp : Match on catch block at 0xc3 in for 0xa9
02-23 17:37:56.985 32272 32272 E ArmVmp : Match on catch block at 0xc3 in for 0xa1
02-23 17:37:56.994 32272 32272 E ArmVmp : Match on catch block at 0xc3 in for 0xa1
02-23 17:37:57.001 32272 32272 E ArmVmp : Match on catch block at 0xc3 in for 0xa5
02-23 17:37:57.051 32272 32272 E ArmVmp : Match on catch block at 0xc3 in for 0xa5
02-23 17:37:57.075 32272 32272 E ArmVmp : Match on catch block at 0xc3 in for 0xa9
02-23 17:37:57.083 32272 32272 E ArmVmp : Match on catch block at 0xc3 in for 0xa9
02-23 17:37:57.087 32272 32272 E ArmVmp : Match on catch block at 0xc3 in for 0xa1
02-23 17:37:57.103 32272 32272 E ArmVmp : Match on catch block at 0xc3 in for 0xa1
02-23 17:37:57.106 32272 32272 E ArmVmp : Match on catch block at 0xc3 in for 0xa5
02-23 17:37:57.115 32272 32272 E ArmVmp : Match on catch block at 0xc3 in for 0xa5
02-23 17:37:57.122 32272 32272 E ArmVmp : Match on catch block at 0xc3 in for 0xa9
02-23 17:37:57.132 32272 32272 E ArmVmp : Match on catch block at 0xc3 in for 0xa9
02-23 17:37:57.137 32272 32272 E ArmVmp : Match on catch block at 0xc3 in for 0xa1
02-23 17:37:57.149 32272 32272 E ArmVmp : Match on catch block at 0xc3 in for 0xa1
02-23 17:37:57.154 32272 32272 E ArmVmp : Match on catch block at 0xc3 in for 0xa5
02-23 17:37:57.165 32272 32272 E ArmVmp : Match on catch block at 0xc3 in for 0xa5
02-23 17:37:57.169 32272 32272 E ArmVmp : Match on catch block at 0xc3 in for 0xa9
02-23 17:37:57.182 32272 32272 E ArmVmp : Match on catch block at 0xc3 in for 0xa9
02-23 17:37:57.187 32272 32272 E ArmVmp : Match on catch block at 0xc3 in for 0xa1
02-23 17:37:57.198 32272 32272 E ArmVmp : Match on catch block at 0xc3 in for 0xa1
02-23 17:37:57.209 32272 32272 E ArmVmp : Match on catch block at 0xc3 in for 0xa5
02-23 17:37:57.223 32272 32272 E ArmVmp : Match on catch block at 0xc3 in for 0xa5
02-23 17:37:57.227 32272 32272 E ArmVmp : Match on catch block at 0xc3 in for 0xa9
02-23 17:37:57.259 32272 32272 E ArmVmp : Match on catch block at 0xc3 in for 0xa9
02-23 17:37:57.271 32272 32272 E ArmVmp : Match on catch block at 0xc3 in for 0xa1
02-23 17:37:57.288 32272 32272 E ArmVmp : Match on catch block at 0xc3 in for 0xa1
02-23 17:37:57.296 32272 32272 E ArmVmp : Match on catch block at 0xc3 in for 0xa5
02-23 17:37:57.319 32272 32272 E ArmVmp : Match on catch block at 0xc3 in for 0xa5
02-23 17:37:57.328 32272 32272 E ArmVmp : Match on catch block at 0xc3 in for 0xa9
02-23 17:37:57.345 32272 32272 E ArmVmp : Match on catch block at 0xc3 in for 0xa9
02-23 17:37:57.353 32272 32272 E ArmVmp : Match on catch block at 0xc3 in for 0xa1
02-23 17:37:57.377 32272 32272 E ArmVmp : Match on catch block at 0xc3 in for 0xa1
02-23 17:37:57.390 32272 32272 E ArmVmp : Match on catch block at 0xc3 in for 0xa5
02-23 17:37:57.407 32272 32272 E ArmVmp : Match on catch block at 0xc3 in for 0xa5
02-23 17:37:57.415 32272 32272 E ArmVmp : Match on catch block at 0xc3 in for 0xa9
02-23 17:37:57.434 32272 32272 E ArmVmp : Match on catch block at 0xc3 in for 0xa9
02-23 17:37:57.442 32272 32272 E ArmVmp : Match on catch block at 0xc3 in for 0xa1
02-23 17:37:57.461 32272 32272 E ArmVmp : Match on catch block at 0xc3 in for 0xa1
02-23 17:37:57.472 32272 32272 E ArmVmp : Match on catch block at 0xc3 in for 0xa5
02-23 17:37:57.499 32272 32272 E ArmVmp : Match on catch block at 0xc3 in for 0xa5
02-23 17:37:57.508 32272 32272 E ArmVmp : Match on catch block at 0xc3 in for 0xa9
02-23 17:37:57.536 32272 32272 E ArmVmp : Match on catch block at 0xc3 in for 0xa9
02-23 17:37:57.544 32272 32272 E ArmVmp : Match on catch block at 0xc3 in for 0xa1
02-23 17:37:57.567 32272 32272 E ArmVmp : Match on catch block at 0xc3 in for 0xa9
02-23 17:37:57.571 32272 32272 E ArmVmp : Match on catch block at 0xc3 in for 0xa1
02-23 17:37:57.581 32272 32272 E ArmVmp : Match on catch block at 0xc3 in for 0xa1
02-23 17:37:57.585 32272 32272 E ArmVmp : Match on catch block at 0xc3 in for 0xa5
02-23 17:37:57.598 32272 32272 E ArmVmp : Match on catch block at 0xc3 in for 0xa5
02-23 17:37:57.605 32272 32272 E ArmVmp : Match on catch block at 0xc3 in for 0xa9
02-23 17:37:57.625 32272 32272 E ArmVmp : Match on catch block at 0xc3 in for 0xa1
02-23 17:37:57.632 32272 32272 E ArmVmp : Match on catch block at 0xc3 in for 0xa5
02-23 17:37:57.643 32272 32272 E ArmVmp : Match on catch block at 0xc3 in for 0xa5
02-23 17:37:57.650 32272 32272 E ArmVmp : Match on catch block at 0xc3 in for 0xa9
02-23 17:37:57.677 32272 32272 E ArmVmp : Match on catch block at 0xc3 in for 0xa9
02-23 17:37:57.682 32272 32272 E ArmVmp : Match on catch block at 0xc3 in for 0xa1
02-23 17:37:57.697 32272 32272 E ArmVmp : Match on catch block at 0xc3 in for 0xa1
02-23 17:37:57.704 32272 32272 E ArmVmp : Match on catch block at 0xc3 in for 0xa5
02-23 17:37:57.717 32272 32272 E ArmVmp : Match on catch block at 0xc3 in for 0xa5
02-23 17:37:57.730 32272 32272 E ArmVmp : Match on catch block at 0xc3 in for 0xa9
02-23 17:37:57.753 32272 32272 E ArmVmp : Match on catch block at 0xc3 in for 0xa9
02-23 17:37:57.758 32272 32272 E ArmVmp : Match on catch block at 0xc3 in for 0xa1
02-23 17:37:57.768 32272 32272 E ArmVmp : Match on catch block at 0xc3 in for 0xa1
02-23 17:37:57.773 32272 32272 E ArmVmp : Match on catch block at 0xc3 in for 0xa5
02-23 17:37:57.785 32272 32272 E ArmVmp : Match on catch block at 0xc3 in for 0xa9
02-23 17:37:57.803 32272 32272 E ArmVmp : Match on catch block at 0xc3 in for 0xa1
02-23 17:37:57.813 32272 32272 E ArmVmp : Match on catch block at 0xc3 in for 0xa5
02-23 17:37:57.819 32272 32272 E ArmVmp : Match on catch block at 0xc3 in for 0xa9
02-23 17:37:57.826 32272 32272 E ArmVmp : Match on catch block at 0xc3 in for 0xa9
02-23 17:37:57.831 32272 32272 E ArmVmp : Match on catch block at 0xc3 in for 0xa1
02-23 17:37:57.838 32272 32272 E ArmVmp : Match on catch block at 0xc3 in for 0xa1
02-23 17:37:57.846 32272 32272 E ArmVmp : Match on catch block at 0xc3 in for 0xa5
02-23 17:37:57.865 32272 32272 E ArmVmp : Match on catch block at 0xc3 in for 0xa5
02-23 17:37:57.876 32272 32272 E ArmVmp : Match on catch block at 0xc3 in for 0xa9
02-23 17:37:57.899 32272 32272 E ArmVmp : Match on catch block at 0xc3 in for 0xa9
02-23 17:37:57.911 32272 32272 E ArmVmp : Match on catch block at 0xc3 in for 0xa1
02-23 17:37:57.932 32272 32272 E ArmVmp : Match on catch block at 0xc3 in for 0xa1
02-23 17:37:57.938 32272 32272 E ArmVmp : Match on catch block at 0xc3 in for 0xa5
02-23 17:37:57.949 32272 32272 E ArmVmp : Match on catch block at 0xc3 in for 0xa5
02-23 17:37:57.956 32272 32272 E ArmVmp : Match on catch block at 0xc3 in for 0xa9
02-23 17:37:58.216 32272 32272 E ArmVmp : Match on catch block at 0xc3 in for 0xa9
02-23 17:37:58.228 32272 32272 E ArmVmp : Match on catch block at 0xc3 in for 0xa1
02-23 17:37:58.238 32272 32272 E ArmVmp : Match on catch block at 0xc3 in for 0xa1
02-23 17:37:58.253 32272 32272 E ArmVmp : Match on catch block at 0xc3 in for 0xa5
02-23 17:37:58.277 32272 32272 E ArmVmp : Match on catch block at 0xc3 in for 0xa5
02-23 17:37:58.286 32272 32272 E ArmVmp : Match on catch block at 0xc3 in for 0xa9
02-23 17:37:58.305 32272 32272 E ArmVmp : Match on catch block at 0xc3 in for 0xa9
02-23 17:37:58.313 32272 32272 E ArmVmp : Match on catch block at 0xc3 in for 0xa1
02-23 17:37:58.332 32272 32272 E ArmVmp : Match on catch block at 0xc3 in for 0xa1
02-23 17:37:58.339 32272 32272 E ArmVmp : Match on catch block at 0xc3 in for 0xa5
02-23 17:37:58.358 32272 32272 E ArmVmp : Match on catch block at 0xc3 in for 0xa5
02-23 17:37:58.378 32272 32272 E ArmVmp : Match on catch block at 0xc3 in for 0xa9
02-23 17:37:58.389 32272 32272 E ArmVmp : Match on catch block at 0xc3 in for 0xa9
02-23 17:37:58.397 32272 32272 E ArmVmp : Match on catch block at 0xc3 in for 0xa1
02-23 17:37:58.416 32272 32272 E ArmVmp : Match on catch block at 0xc3 in for 0xa1
02-23 17:37:58.424 32272 32272 E ArmVmp : Match on catch block at 0xc3 in for 0xa5
02-23 17:37:58.433 32272 32272 E ArmVmp : Match on catch block at 0xc3 in for 0xa5
02-23 17:37:58.448 32272 32272 E ArmVmp : Match on catch block at 0xc3 in for 0xa9
02-23 17:37:58.466 32272 32272 E ArmVmp : Match on catch block at 0xc3 in for 0xa9
02-23 17:37:58.478 32272 32272 E ArmVmp : Match on catch block at 0xc3 in for 0xa1
02-23 17:37:58.969 32272 32272 E ArmVmp : Match on catch block at 0xc3 in for 0xa1
02-23 17:37:58.984 32272 32272 E ArmVmp : Match on catch block at 0xc3 in for 0xa5
02-23 17:37:59.465 32272 32272 E ArmVmp : Match on catch block at 0xc3 in for 0xa5
02-23 17:37:59.472 32272 32272 E ArmVmp : Match on catch block at 0xc3 in for 0xa9
02-23 17:37:59.747 32272 32272 E ArmVmp : Match on catch block at 0xc3 in for 0xa5
02-23 17:37:59.759 32272 32272 E ArmVmp : Match on catch block at 0xc3 in for 0xa9
02-23 17:37:59.922 32272 32272 E ArmVmp : Match on catch block at 0xc3 in for 0xa5
02-23 17:37:59.930 32272 32272 E ArmVmp : Match on catch block at 0xc3 in for 0xa9
02-23 17:37:59.963 32272 32272 W MultiSplitHandler: update Handler ViewLayout -
handler is null
02-23 17:38:00.317 32272 32272 E ArmVmp : Match on catch block at 0xc3 in for 0xa9
02-23 17:38:00.323 32272 32272 E ArmVmp : Match on catch block at 0xc3 in for 0xa1
02-23 17:38:00.493 32272 12600 W libEGL : EGLNativeWindowType 0x7d101ba010
disconnect failed
02-23 17:38:00.659 32272 12600 W libEGL : EGLNativeWindowType 0x7d101bc010
disconnect failed
02-23 17:38:00.885 32272 12600 W libEGL : EGLNativeWindowType 0x7c8d9df010
disconnect failed
02-23 17:38:01.014 32272 12600 W libEGL : EGLNativeWindowType 0x7d1002a010
disconnect failed
02-23 17:38:04.383 32272 32272 W MultiSplitHandler: update Handler ViewLayout -
handler is null
02-23 17:38:05.549 32272 12600 W libEGL : EGLNativeWindowType 0x7cbfe15010
disconnect failed
02-23 17:38:05.730 32272 12600 W libEGL : EGLNativeWindowType 0x7d101ba010
disconnect failed
02-23 17:38:05.770 32272 12600 W libEGL : EGLNativeWindowType 0x7d101bc010
disconnect failed
02-23 17:38:07.564 32272 32272 E ArmVmp : Match on catch block at 0x0a in for 0xc5
02-23 17:38:07.570 32272 32272 E ArmVmp : Match on catch block at 0x0a in for 0xc1
02-23 17:38:08.371 32272 32272 E ArmVmp : Match on catch block at 0xc3 in for 0xb5
02-23 17:38:08.380 32272 32272 E ArmVmp : Match on catch block at 0xc3 in for 0xb5
02-23 17:38:08.506 32272 32272 E ArmVmp : Match on catch block at 0xc3 in for 0xa9
02-23 17:38:08.509 32272 32272 E ArmVmp : Match on catch block at 0xc3 in for 0xa1
02-23 17:38:08.812 32272 32272 E ArmVmp : Match on catch block at 0xc3 in for 0xa9
02-23 17:38:08.818 32272 32272 E ArmVmp : Match on catch block at 0xc3 in for 0xa1
02-23 17:38:08.882 32272 32272 E ArmVmp : Match on catch block at 0xc3 in for 0xa5
02-23 17:38:08.886 32272 32272 E ArmVmp : Match on catch block at 0xc3 in for 0xa9
02-23 17:38:08.912 32272 12600 W libEGL : EGLNativeWindowType 0x7c8d38a010
disconnect failed
02-23 17:38:08.930 32272 12600 W libEGL : EGLNativeWindowType 0x7ce19d4010
disconnect failed
02-23 17:38:08.968 32272 12600 W libEGL : EGLNativeWindowType 0x7cbfe15010
disconnect failed
02-23 17:38:09.124 32272 32272 E ArmVmp : Match on catch block at 0xc3 in for 0xa9
02-23 17:38:09.140 32272 32272 E ArmVmp : Match on catch block at 0xc3 in for 0xa1
02-23 17:38:09.243 32272 32272 E ArmVmp : Match on catch block at 0xc3 in for 0xa5
02-23 17:38:09.255 32272 32272 E ArmVmp : Match on catch block at 0xc3 in for 0xa9
02-23 17:38:09.270 32272 32272 E ArmVmp : Match on catch block at 0xc3 in for 0xa9
02-23 17:38:09.274 32272 32272 E ArmVmp : Match on catch block at 0xc3 in for 0xa1
02-23 17:38:09.287 32272 32272 E ArmVmp : Match on catch block at 0xc3 in for 0xa1
02-23 17:38:09.299 32272 32272 E ArmVmp : Match on catch block at 0xc3 in for 0xa5
02-23 17:38:09.322 32272 32272 E ArmVmp : Match on catch block at 0xc3 in for 0xa9
02-23 17:38:09.327 32272 32272 E ArmVmp : Match on catch block at 0xc3 in for 0xa1
02-23 17:38:09.355 32272 32272 E ArmVmp : Match on catch block at 0xc3 in for 0xa9
02-23 17:38:09.360 32272 32272 E ArmVmp : Match on catch block at 0xc3 in for 0xa1
02-23 17:38:09.433 32272 32272 E ArmVmp : Match on catch block at 0xc3 in for 0xa1
02-23 17:38:09.438 32272 32272 E ArmVmp : Match on catch block at 0xc3 in for 0xa5
02-23 17:38:09.573 32272 32272 E ArmVmp : Match on catch block at 0xc3 in for 0xa5
02-23 17:38:09.577 32272 32272 E ArmVmp : Match on catch block at 0xc3 in for 0xa9
02-23 17:38:09.822 32272 32272 E ArmVmp : Match on catch block at 0xc3 in for 0xa1
02-23 17:38:09.836 32272 32272 E ArmVmp : Match on catch block at 0xc3 in for 0xa5
02-23 17:38:10.018 32272 12600 W libEGL : EGLNativeWindowType 0x7ce19d4010
disconnect failed
02-23 17:38:10.141 32272 12600 W libEGL : EGLNativeWindowType 0x7c8d38a010
disconnect failed
02-23 17:38:10.261 32272 12600 W libEGL : EGLNativeWindowType 0x7c8d372010
disconnect failed
02-23 17:38:10.283 32272 32272 E ArmVmp : Match on catch block at 0xc3 in for 0xa5
02-23 17:38:10.306 32272 32272 E ArmVmp : Match on catch block at 0xc3 in for 0xa9
02-23 17:38:19.486 32272 12600 W libEGL : EGLNativeWindowType 0x7c7bf52010
disconnect failed
02-23 17:38:19.672 32272 32272 W BottomSheetBehavior: BottomSheetBehavior now
supports multiple callbacks. `setBottomSheetCallback()` removes all existing
callbacks, including ones set internally by library authors, which may result in
unintended behavior. This may change in the future. Please use
`addBottomSheetCallback()` and `removeBottomSheetCallback()` instead to set your
own callbacks.
02-23 17:38:19.673 32272 32272 W BottomSheetBehavior: BottomSheetBehavior now
supports multiple callbacks. `setBottomSheetCallback()` removes all existing
callbacks, including ones set internally by library authors, which may result in
unintended behavior. This may change in the future. Please use
`addBottomSheetCallback()` and `removeBottomSheetCallback()` instead to set your
own callbacks.
02-23 17:38:19.713 32272 32272 E RecyclerView: No adapter attached; skipping layout
02-23 17:38:19.747 32272 32272 W BottomSheetBehavior: BottomSheetBehavior now
supports multiple callbacks. `setBottomSheetCallback()` removes all existing
callbacks, including ones set internally by library authors, which may result in
unintended behavior. This may change in the future. Please use
`addBottomSheetCallback()` and `removeBottomSheetCallback()` instead to set your
own callbacks.
02-23 17:38:19.747 32272 32272 W BottomSheetBehavior: BottomSheetBehavior now
supports multiple callbacks. `setBottomSheetCallback()` removes all existing
callbacks, including ones set internally by library authors, which may result in
unintended behavior. This may change in the future. Please use
`addBottomSheetCallback()` and `removeBottomSheetCallback()` instead to set your
own callbacks.
02-23 17:38:19.892 32272 32272 W BottomSheetBehavior: BottomSheetBehavior now
supports multiple callbacks. `setBottomSheetCallback()` removes all existing
callbacks, including ones set internally by library authors, which may result in
unintended behavior. This may change in the future. Please use
`addBottomSheetCallback()` and `removeBottomSheetCallback()` instead to set your
own callbacks.
02-23 17:38:19.892 32272 32272 W BottomSheetBehavior: BottomSheetBehavior now
supports multiple callbacks. `setBottomSheetCallback()` removes all existing
callbacks, including ones set internally by library authors, which may result in
unintended behavior. This may change in the future. Please use
`addBottomSheetCallback()` and `removeBottomSheetCallback()` instead to set your
own callbacks.
02-23 17:38:19.933 32272 32272 E RecyclerView: No adapter attached; skipping layout
02-23 17:38:21.115 32272 32272 W BottomSheetBehavior: BottomSheetBehavior now
supports multiple callbacks. `setBottomSheetCallback()` removes all existing
callbacks, including ones set internally by library authors, which may result in
unintended behavior. This may change in the future. Please use
`addBottomSheetCallback()` and `removeBottomSheetCallback()` instead to set your
own callbacks.
02-23 17:38:21.115 32272 32272 W BottomSheetBehavior: BottomSheetBehavior now
supports multiple callbacks. `setBottomSheetCallback()` removes all existing
callbacks, including ones set internally by library authors, which may result in
unintended behavior. This may change in the future. Please use
`addBottomSheetCallback()` and `removeBottomSheetCallback()` instead to set your
own callbacks.
02-23 17:38:21.162 32272 32272 E RecyclerView: No adapter attached; skipping layout
02-23 17:38:25.763 32272 32272 E RecyclerView: No adapter attached; skipping layout
02-23 17:38:27.486 32272 12600 W libEGL : EGLNativeWindowType 0x7c7bf52010
disconnect failed
02-23 17:38:27.533 32272 12600 W libEGL : EGLNativeWindowType 0x7cbfa69010
disconnect failed
02-23 17:38:27.548 32272 32272 E ViewRootImpl: sendUserActionEvent() mView
returned.
02-23 17:38:31.473 32272 12600 W libEGL : EGLNativeWindowType 0x7d00fb0010
disconnect failed
02-23 17:38:32.171 32272 12600 W libEGL : EGLNativeWindowType 0x7ce19d4010
disconnect failed
02-23 17:38:32.643 32272 12600 W libEGL : EGLNativeWindowType 0x7cbfe15010
disconnect failed
02-23 17:38:32.673 32272 32272 E ViewRootImpl: sendUserActionEvent() mView
returned.
02-23 17:38:40.152 32272 12516 W System : A resource failed to call dispose.
02-23 17:38:42.484 32272 12567 E SQLiteDatabase: Error inserting transferred=0
media_job_uuid=2721940d-4eef-49c2-aad9-22520b6b5968 transcoded=0 gif_attribution=0
first_scan_length=8831 direct_path=/v/t62.7118-
24/19146775_357788023803044_4896564421524473539_n.enc?ccb=11-4&oh=01_AdRuXK-
e1UvWK9ClPtCO_hh0fDgwUrAZrcESpCpqKt56QQ&oe=65FFD43B&_nc_sid=5e03e0&_nc_hot=17086847
09 thumbnail_height_width_ratio=1.0 is_animated_sticker=0
file_hash=tXign44MqDvFo9HS85r7CF4E4z22/cWUNn4ZYoRvi6E= file_path=null file_size=0
partial_media_hash=8rAK8pygehRXAUXhYbvZz6guDrakQEz26u0wGj63LIA= face_x=0 face_y=0
height=1000 trim_to=0 media_key_timestamp=1708670154000
message_url=https://mmg.whatsapp.net/v/t62.7118-
24/19146775_357788023803044_4896564421524473539_n.enc?ccb=11-4&oh=01_AdRuXK-
e1UvWK9ClPtCO_hh0fDgwUrAZrcESpCpqKt56QQ&oe=65FFD43B&_nc_sid=5e03e0&mms3=true
media_caption=null trim_from=0 mime_type=image/jpeg partial_media_enc_hash=null
width=1000 original_file_hash=null has_streaming_sidecar=1
autotransfer_retry_enabled=1 media_upload_handle=null message_row_id=3572
multicast_id=null enc_file_hash=ufGdR6Ot8JDzd+QqSuT70FR/QRD16DN+q/2/bXZUipU=
mute_video=0 page_count=0 first_scan_sidecar=[B@12ce910 suspicious_content=0
file_length=81579 media_name=null media_duration=0 chat_row_id=66
media_key=[B@1824c09
02-23 17:38:42.484 32272 12567 E SQLiteDatabase:
android.database.sqlite.SQLiteConstraintException: UNIQUE constraint failed:
message_media.message_row_id (code 1555 SQLITE_CONSTRAINT_PRIMARYKEY[1555])
02-23 17:38:42.484 32272 12567 E SQLiteDatabase: at
android.database.sqlite.SQLiteConnection.nativeExecuteForLastInsertedRowId(Native
Method)
02-23 17:38:42.484 32272 12567 E SQLiteDatabase: at
android.database.sqlite.SQLiteConnection.executeForLastInsertedRowId(SQLiteConnecti
on.java:1217)
02-23 17:38:42.484 32272 12567 E SQLiteDatabase: at
android.database.sqlite.SQLiteSession.executeForLastInsertedRowId(SQLiteSession.jav
a:790)
02-23 17:38:42.484 32272 12567 E SQLiteDatabase: at
android.database.sqlite.SQLiteStatement.executeInsert(SQLiteStatement.java:88)
02-23 17:38:42.484 32272 12567 E SQLiteDatabase: at
android.database.sqlite.SQLiteDatabase.insertWithOnConflict(SQLiteDatabase.java:221
9)
02-23 17:38:42.484 32272 12567 E SQLiteDatabase: at
android.database.sqlite.SQLiteDatabase.insert(SQLiteDatabase.java:2088)
02-23 17:38:42.484 32272 12567 E SQLiteDatabase: at X.2tm.A08(Unknown
Source:6)
02-23 17:38:42.484 32272 12567 E SQLiteDatabase: at X.35Y.A07(Unknown
Source:212)
02-23 17:38:42.484 32272 12567 E SQLiteDatabase: at X.3QF.A14(Unknown
Source:470)
02-23 17:38:42.484 32272 12567 E SQLiteDatabase: at X.3gU.run(Unknown
Source:982)
02-23 17:38:42.484 32272 12567 E SQLiteDatabase: at
android.os.Handler.handleCallback(Handler.java:938)
02-23 17:38:42.484 32272 12567 E SQLiteDatabase: at
android.os.Handler.dispatchMessage(Handler.java:99)
02-23 17:38:42.484 32272 12567 E SQLiteDatabase: at
X.0zq.dispatchMessage(Unknown Source:4)
02-23 17:38:42.484 32272 12567 E SQLiteDatabase: at
android.os.Looper.loop(Looper.java:246)
02-23 17:38:42.484 32272 12567 E SQLiteDatabase: at
android.os.HandlerThread.run(HandlerThread.java:67)
02-23 17:38:59.354 32272 12567 E SQLiteDatabase: Error inserting transferred=0
media_job_uuid=723216fd-9ad4-4eb5-a40d-fca79b13b4f5 transcoded=0 gif_attribution=0
first_scan_length=8166 direct_path=/v/t62.7118-
24/24018357_3667346670150065_6867018353684822775_n.enc?ccb=11-4&oh=01_AdRU3aTc8J-
kbQzo4xY9TR-ALwf9wHcpiemj4LkxWz0HQw&oe=65FFEBB5&_nc_sid=5e03e0
thumbnail_height_width_ratio=0.43055555 is_animated_sticker=0
file_hash=8yBcPWgBuZJ/+4+LiTwAovWCrkmRmiDr6lW+KvZqcDk= file_path=null file_size=0
partial_media_hash=v4CEJ4e0rHtmphN9Gs43gu/Cfzu7fFk7crp45RXWObA= face_x=0 face_y=0
height=540 trim_to=0 media_key_timestamp=1708684701000
message_url=https://mmg.whatsapp.net/v/t62.7118-
24/24018357_3667346670150065_6867018353684822775_n.enc?ccb=11-4&oh=01_AdRU3aTc8J-
kbQzo4xY9TR-ALwf9wHcpiemj4LkxWz0HQw&oe=65FFEBB5&_nc_sid=5e03e0&mms3=true
