default
02-23 17:36:10.038 32272 12808 W LOTTIE : Unknown shape type rd
02-23 17:36:10.231 32272 32272 E ArmVmp : Match on catch block at 0x0a in for 0xc1
02-23 17:36:10.240 32272 32272 E ArmVmp : Match on catch block at 0x0a in for 0xc5
02-23 17:36:10.686 32272 32272 E ArmVmp : Match on catch block at 0xc3 in for 0xb9
02-23 17:36:10.694 32272 32272 E ArmVmp : Match on catch block at 0xc3 in for 0xb5
02-23 17:36:10.856 32272 32272 E ArmVmp : Match on catch block at 0xc3 in for 0xa5
02-23 17:36:10.860 32272 32272 E ArmVmp : Match on catch block at 0xc3 in for 0xa1
02-23 17:36:10.937 32272 12567 E SQLiteDatabase: Error inserting transferred=0
media_job_uuid=630f4c21-c49e-4ec2-99aa-d9b1d149d692 transcoded=0 gif_attribution=0
first_scan_length=8292 direct_path=/v/t62.7118-
24/19978831_270591842762700_2210250227344248386_n.enc?ccb=11-
4&oh=01_AdQltu9LuLAfdfNNiOasPkzTchPOfh3FBVdLW2K5Pxm08A&oe=65FFF9D7&_nc_sid=5e03e0
thumbnail_height_width_ratio=0.44444445 is_animated_sticker=0
file_hash=73o9POvaXdfvWjo86ILfzhtr6TR5588ZG5L/DCVp/6U= file_path=null file_size=0
partial_media_hash=YS9gquNQ6dcZw8ExGGJf5czjHvGFH27wkWSZnipw+2U= face_x=0 face_y=0
height=571 trim_to=0 media_key_timestamp=1708683732000
message_url=https://mmg.whatsapp.net/v/t62.7118-
24/19978831_270591842762700_2210250227344248386_n.enc?ccb=11-
4&oh=01_AdQltu9LuLAfdfNNiOasPkzTchPOfh3FBVdLW2K5Pxm08A&oe=65FFF9D7&_nc_sid=5e03e0&m
ms3=true media_caption=null trim_from=0 mime_type=image/jpeg
partial_media_enc_hash=null width=1280 original_file_hash=null
has_streaming_sidecar=1 autotransfer_retry_enabled=1 media_upload_handle=null
message_row_id=3551 multicast_id=null
enc_file_hash=q9wa5MYHcSk1x3t5SswS/jm0xknDoXihqMj+5m5u3NA= mute_video=0
page_count=0 first_scan_sidecar=[B@67e1578 suspicious_content=0 file_length=68496
media_name=null media_duration=0 chat_row_id=69 media_key=[B@109e451
02-23 17:36:10.937 32272 12567 E SQLiteDatabase:
android.database.sqlite.SQLiteConstraintException: UNIQUE constraint failed:
message_media.message_row_id (code 1555 SQLITE_CONSTRAINT_PRIMARYKEY[1555])
02-23 17:36:10.937 32272 12567 E SQLiteDatabase: at
android.database.sqlite.SQLiteConnection.nativeExecuteForLastInsertedRowId(Native
Method)
02-23 17:36:10.937 32272 12567 E SQLiteDatabase: at
android.database.sqlite.SQLiteConnection.executeForLastInsertedRowId(SQLiteConnecti
on.java:1217)
02-23 17:36:10.937 32272 12567 E SQLiteDatabase: at
android.database.sqlite.SQLiteSession.executeForLastInsertedRowId(SQLiteSession.jav
a:790)
02-23 17:36:10.937 32272 12567 E SQLiteDatabase: at
android.database.sqlite.SQLiteStatement.executeInsert(SQLiteStatement.java:88)
02-23 17:36:10.937 32272 12567 E SQLiteDatabase: at
android.database.sqlite.SQLiteDatabase.insertWithOnConflict(SQLiteDatabase.java:221
9)
02-23 17:36:10.937 32272 12567 E SQLiteDatabase: at
android.database.sqlite.SQLiteDatabase.insert(SQLiteDatabase.java:2088)
02-23 17:36:10.937 32272 12567 E SQLiteDatabase: at X.2tm.A08(Unknown
Source:6)
02-23 17:36:10.937 32272 12567 E SQLiteDatabase: at X.35Y.A07(Unknown
Source:212)
02-23 17:36:10.937 32272 12567 E SQLiteDatabase: at X.3QF.A14(Unknown
Source:470)
02-23 17:36:10.937 32272 12567 E SQLiteDatabase: at X.3gU.run(Unknown
Source:982)
02-23 17:36:10.937 32272 12567 E SQLiteDatabase: at
android.os.Handler.handleCallback(Handler.java:938)
02-23 17:36:10.937 32272 12567 E SQLiteDatabase: at
android.os.Handler.dispatchMessage(Handler.java:99)
02-23 17:36:10.937 32272 12567 E SQLiteDatabase: at
X.0zq.dispatchMessage(Unknown Source:4)
02-23 17:36:10.937 32272 12567 E SQLiteDatabase: at
android.os.Looper.loop(Looper.java:246)
02-23 17:36:10.937 32272 12567 E SQLiteDatabase: at
android.os.HandlerThread.run(HandlerThread.java:67)
02-23 17:36:10.986 32272 32272 E ArmVmp : Match on catch block at 0xc3 in for 0xa1
02-23 17:36:10.990 32272 32272 E ArmVmp : Match on catch block at 0xc3 in for 0xa5
02-23 17:36:11.012 32272 32272 E ArmVmp : Match on catch block at 0xc3 in for 0xa9
02-23 17:36:11.016 32272 32272 E ArmVmp : Match on catch block at 0xc3 in for 0xa1
02-23 17:36:11.170 32272 32272 E ArmVmp : Match on catch block at 0xc3 in for 0xa5
02-23 17:36:11.174 32272 32272 E ArmVmp : Match on catch block at 0xc3 in for 0xa9
02-23 17:36:11.197 32272 32272 E ArmVmp : Match on catch block at 0xc3 in for 0xa9
02-23 17:36:11.205 32272 32272 E ArmVmp : Match on catch block at 0xc3 in for 0xa1
02-23 17:36:11.213 32272 32272 E ArmVmp : Match on catch block at 0xc3 in for 0xa1
02-23 17:36:11.218 32272 32272 E ArmVmp : Match on catch block at 0xc3 in for 0xa5
02-23 17:36:11.237 32272 12600 W libEGL : EGLNativeWindowType 0x7ce1b00010
disconnect failed
02-23 17:36:11.270 32272 32272 E ArmVmp : Match on catch block at 0xc3 in for 0xa5
02-23 17:36:11.274 32272 32272 E ArmVmp : Match on catch block at 0xc3 in for 0xa9
02-23 17:36:11.311 32272 32272 E ArmVmp : Match on catch block at 0xc3 in for 0xa9
02-23 17:36:11.315 32272 32272 E ArmVmp : Match on catch block at 0xc3 in for 0xa1
02-23 17:36:11.330 32272 32272 E ArmVmp : Match on catch block at 0xc3 in for 0xa1
02-23 17:36:11.336 32272 32272 E ArmVmp : Match on catch block at 0xc3 in for 0xa5
02-23 17:36:11.347 32272 32272 E ArmVmp : Match on catch block at 0xc3 in for 0xa5
02-23 17:36:11.352 32272 32272 E ArmVmp : Match on catch block at 0xc3 in for 0xa9
02-23 17:36:11.363 32272 32272 E ArmVmp : Match on catch block at 0xc3 in for 0xa9
02-23 17:36:11.370 32272 32272 E ArmVmp : Match on catch block at 0xc3 in for 0xa1
02-23 17:36:11.380 32272 32272 E ArmVmp : Match on catch block at 0xc3 in for 0xa1
02-23 17:36:11.383 32272 32272 E ArmVmp : Match on catch block at 0xc3 in for 0xa5
02-23 17:36:11.397 32272 32272 E ArmVmp : Match on catch block at 0xc3 in for 0xa5
02-23 17:36:11.400 32272 32272 E ArmVmp : Match on catch block at 0xc3 in for 0xa9
02-23 17:36:11.413 32272 32272 E ArmVmp : Match on catch block at 0xc3 in for 0xa9
02-23 17:36:11.417 32272 32272 E ArmVmp : Match on catch block at 0xc3 in for 0xa1
02-23 17:36:11.429 32272 32272 E ArmVmp : Match on catch block at 0xc3 in for 0xa1
02-23 17:36:11.433 32272 32272 E ArmVmp : Match on catch block at 0xc3 in for 0xa5
02-23 17:36:11.460 32272 32272 E ArmVmp : Match on catch block at 0xc3 in for 0xa5
02-23 17:36:11.465 32272 32272 E ArmVmp : Match on catch block at 0xc3 in for 0xa9
02-23 17:36:11.479 32272 32272 E ArmVmp : Match on catch block at 0xc3 in for 0xa9
02-23 17:36:11.483 32272 32272 E ArmVmp : Match on catch block at 0xc3 in for 0xa1
02-23 17:36:11.947 32272 32272 E ArmVmp : Match on catch block at 0xc3 in for 0xa1
02-23 17:36:11.953 32272 32272 E ArmVmp : Match on catch block at 0xc3 in for 0xa5
02-23 17:36:12.029 32272 32272 E ArmVmp : Match on catch block at 0xc3 in for 0xa5
02-23 17:36:12.033 32272 32272 E ArmVmp : Match on catch block at 0xc3 in for 0xa9
02-23 17:36:12.147 32272 32272 E ArmVmp : Match on catch block at 0xc3 in for 0xa9
02-23 17:36:12.162 32272 32272 E ArmVmp : Match on catch block at 0xc3 in for 0xa1
02-23 17:36:12.392 32272 32272 W TabLayout: MODE_SCROLLABLE + GRAVITY_FILL is not
supported, GRAVITY_START will be used instead
02-23 17:36:12.774 32272 32272 W BottomSheetBehavior: BottomSheetBehavior now
supports multiple callbacks. `setBottomSheetCallback()` removes all existing
callbacks, including ones set internally by library authors, which may result in
unintended behavior. This may change in the future. Please use
`addBottomSheetCallback()` and `removeBottomSheetCallback()` instead to set your
own callbacks.
02-23 17:36:13.203 32272 32272 W View : requestLayout() improperly called by
com.mbwhatsapp.WaImageView{cef05e1 VF.D..CL. ......ID 0,0-112,112 #7f0b1814
app:id/shutter} during layout: running second layout pass
02-23 17:36:13.203 32272 32272 W View : requestLayout() improperly called by
com.mbwhatsapp.CircularProgressBar{2963f06 V.ED..... ......ID 0,0-112,112 #7f0b14fc
app:id/recording_progress} during layout: running second layout pass
02-23 17:36:13.203 32272 32272 W View : requestLayout() improperly called by
com.mbwhatsapp.WaImageView{5d0d9c7 VF.D..C.. ......ID 0,0-84,84 #7f0b1976
app:id/switch_camera_btn} during layout: running second layout pass
02-23 17:36:13.203 32272 32272 W View : requestLayout() improperly called by
com.mbwhatsapp.WaImageView{3318bf4 VFED..C.. ......ID 0,0-84,84 #7f0b0b0d
app:id/gallery_btn} during layout: running second layout pass
02-23 17:36:13.203 32272 32272 W View : requestLayout() improperly called by
com.mbwhatsapp.WaImageView{7751f1d VF.D..C.. ......ID 0,0-84,84 #7f0b0a9c
app:id/flash_btn} during layout: running second layout pass
02-23 17:36:13.203 32272 32272 W View : requestLayout() improperly called by
com.mbwhatsapp.WaImageView{9c74592 VFED..C.. ......ID 0,0-84,84 #7f0b057f
app:id/close_camera_btn} during layout: running second layout pass
02-23 17:36:13.203 32272 32272 W View : requestLayout() improperly called by
X.4Ki{1f74b63 V.ED..... ......ID 0,4-720,88} during layout: running second layout
pass
02-23 17:36:13.338 32272 32272 W View : requestLayout() improperly called by
com.mbwhatsapp.WaImageView{cef05e1 VF.D..CL. ......ID 304,1136-416,1248 #7f0b1814
app:id/shutter} during layout: running second layout pass
02-23 17:36:13.338 32272 32272 W View : requestLayout() improperly called by
com.mbwhatsapp.CircularProgressBar{2963f06 V.ED..... ......ID 304,1136-416,1248
#7f0b14fc app:id/recording_progress} during layout: running second layout pass
02-23 17:36:13.338 32272 32272 W View : requestLayout() improperly called by
com.mbwhatsapp.WaImageView{5d0d9c7 VF.D..C.. ......ID 620,1148-704,1232 #7f0b1976
app:id/switch_camera_btn} during layout: running second layout pass
02-23 17:36:13.338 32272 32272 W View : requestLayout() improperly called by
com.mbwhatsapp.WaImageView{3318bf4 VFED..C.. ......ID 16,1148-100,1232 #7f0b0b0d
app:id/gallery_btn} during layout: running second layout pass
02-23 17:36:13.338 32272 32272 W View : requestLayout() improperly called by
com.mbwhatsapp.WaImageView{7751f1d VF.D..C.. ......I. 620,16-704,100 #7f0b0a9c
app:id/flash_btn} during layout: running second layout pass
02-23 17:36:13.338 32272 32272 W View : requestLayout() improperly called by
com.mbwhatsapp.WaImageView{9c74592 VFED..C.. ......I. 16,16-100,100 #7f0b057f
app:id/close_camera_btn} during layout: running second layout pass
02-23 17:36:13.350 32272 32272 E ArmVmp : Match on catch block at 0xc3 in for 0xa5
02-23 17:36:13.356 32272 32272 E ArmVmp : Match on catch block at 0xc3 in for 0xa9
02-23 17:36:13.440 32272 12600 W libEGL : EGLNativeWindowType 0x7d0ff9b010
disconnect failed
02-23 17:36:13.517 32272 32272 E ArmVmp : Match on catch block at 0xc3 in for 0xa1
02-23 17:36:13.522 32272 32272 E ArmVmp : Match on catch block at 0xc3 in for 0xa5
02-23 17:36:13.564 32272 32272 E ArmVmp : Match on catch block at 0xc3 in for 0xa9
02-23 17:36:13.577 32272 32272 E ArmVmp : Match on catch block at 0xc3 in for 0xa1
02-23 17:36:13.617 32272 32272 E ArmVmp : Match on catch block at 0xc3 in for 0xa1
02-23 17:36:13.626 32272 32272 E ArmVmp : Match on catch block at 0xc3 in for 0xa5
02-23 17:36:13.805 32272 12600 W libEGL : EGLNativeWindowType 0x7ce1bf8010
disconnect failed
02-23 17:36:13.819 32272 32272 E ArmVmp : Match on catch block at 0xc3 in for 0xa1
02-23 17:36:13.828 32272 32272 E ArmVmp : Match on catch block at 0xc3 in for 0xa5
02-23 17:36:13.878 32272 12740 W Gralloc4: allocator 3.x is not supported
02-23 17:36:13.882 32272 12740 W Gralloc3: allocator 3.x is not supported
02-23 17:36:14.478 32272 12516 W System : A resource failed to call close.
02-23 17:36:15.004 32272 12600 E FrameEvents: updateAcquireFence: Did not find
frame.
02-23 17:36:15.005 32272 12600 E BufferQueueProducer: [ImageReader-45x98f1u256m2-
32272-0](id:7e1000000004,api:0,p:-1,c:32272) disconnect: not connected (req=1)
02-23 17:36:15.005 32272 12600 W libEGL : EGLNativeWindowType 0x7ce1bf8010
disconnect failed
02-23 17:36:15.358 32272 12932 E BufferQueueProducer: [SurfaceTexture-0-32272-0]
(id:7e1000000002,api:0,p:-1,c:32272) disconnect: not connected (req=1)
02-23 17:36:15.358 32272 12932 W libEGL : EGLNativeWindowType 0x7cbfcb5010
disconnect failed
02-23 17:36:15.666 32272 32272 W BottomSheetBehavior: BottomSheetBehavior now
supports multiple callbacks. `setBottomSheetCallback()` removes all existing
callbacks, including ones set internally by library authors, which may result in
unintended behavior. This may change in the future. Please use
`addBottomSheetCallback()` and `removeBottomSheetCallback()` instead to set your
own callbacks.
02-23 17:36:15.681 32272 32272 E RecyclerView: No adapter attached; skipping layout
02-23 17:36:15.696 32272 32272 E RecyclerView: No adapter attached; skipping layout
02-23 17:36:16.387 32272 12600 W libEGL : EGLNativeWindowType 0x7d0ff9b010
disconnect failed
02-23 17:36:17.051 32272 12516 W System : A resource failed to call close.
02-23 17:36:18.257 32272 32272 E ArmVmp : Match on catch block at 0x0a in for 0xc1
02-23 17:36:18.265 32272 32272 E ArmVmp : Match on catch block at 0x0a in for 0xc9
02-23 17:36:18.341 32272 12567 E SQLiteDatabase: Error inserting transferred=0
media_job_uuid=c228b28f-b17e-4728-ac3f-6405d7fd9734 transcoded=1 gif_attribution=0
first_scan_length=0 direct_path=null thumbnail_height_width_ratio=2.1818182
is_animated_sticker=0 file_hash=null
file_path=/data/user/0/com.mbwhatsapp/files/.Shared/74b5b4ef-b341-49d9-8ee5-
dc7cc3aca76b.jpg file_size=235441 partial_media_hash=null face_x=0 face_y=0
height=1560 trim_to=0 media_key_timestamp=0 message_url=null media_caption=null
trim_from=0 mime_type=null partial_media_enc_hash=null width=720
original_file_hash=Iv0O7BkkvzsI9XLumnP8CVhAd3jiV0PYf4VdnB2JKew=
has_streaming_sidecar=0 autotransfer_retry_enabled=1 media_upload_handle=null
message_row_id=3554 multicast_id=null enc_file_hash=null mute_video=0 page_count=0
first_scan_sidecar=null suspicious_content=0 file_length=235441
media_name=74b5b4ef-b341-49d9-8ee5-dc7cc3aca76b.jpg media_duration=0
chat_row_id=1410 media_key=null
02-23 17:36:18.341 32272 12567 E SQLiteDatabase:
android.database.sqlite.SQLiteConstraintException: UNIQUE constraint failed:
message_media.message_row_id (code 1555 SQLITE_CONSTRAINT_PRIMARYKEY[1555])
02-23 17:36:18.341 32272 12567 E SQLiteDatabase: at
android.database.sqlite.SQLiteConnection.nativeExecuteForLastInsertedRowId(Native
Method)
02-23 17:36:18.341 32272 12567 E SQLiteDatabase: at
android.database.sqlite.SQLiteConnection.executeForLastInsertedRowId(SQLiteConnecti
on.java:1217)
02-23 17:36:18.341 32272 12567 E SQLiteDatabase: at
android.database.sqlite.SQLiteSession.executeForLastInsertedRowId(SQLiteSession.jav
a:790)
02-23 17:36:18.341 32272 12567 E SQLiteDatabase: at
android.database.sqlite.SQLiteStatement.executeInsert(SQLiteStatement.java:88)
02-23 17:36:18.341 32272 12567 E SQLiteDatabase: at
android.database.sqlite.SQLiteDatabase.insertWithOnConflict(SQLiteDatabase.java:221
9)
02-23 17:36:18.341 32272 12567 E SQLiteDatabase: at
android.database.sqlite.SQLiteDatabase.insert(SQLiteDatabase.java:2088)
02-23 17:36:18.341 32272 12567 E SQLiteDatabase: at X.2tm.A08(Unknown
Source:6)
02-23 17:36:18.341 32272 12567 E SQLiteDatabase: at X.35Y.A07(Unknown
Source:212)
02-23 17:36:18.341 32272 12567 E SQLiteDatabase: at X.3QF.A14(Unknown
Source:470)
02-23 17:36:18.341 32272 12567 E SQLiteDatabase: at X.3gU.run(Unknown
Source:982)
02-23 17:36:18.341 32272 12567 E SQLiteDatabase: at
android.os.Handler.handleCallback(Handler.java:938)
02-23 17:36:18.341 32272 12567 E SQLiteDatabase: at
android.os.Handler.dispatchMessage(Handler.java:99)
02-23 17:36:18.341 32272 12567 E SQLiteDatabase: at
X.0zq.dispatchMessage(Unknown Source:4)
02-23 17:36:18.341 32272 12567 E SQLiteDatabase: at
android.os.Looper.loop(Looper.java:246)
02-23 17:36:18.341 32272 12567 E SQLiteDatabase: at
android.os.HandlerThread.run(HandlerThread.java:67)
02-23 17:36:18.570 32272 32272 E ArmVmp : Match on catch block at 0xc3 in for 0xa9
02-23 17:36:18.574 32272 32272 E ArmVmp : Match on catch block at 0xc3 in for 0xa1
02-23 17:36:18.684 32272 32272 E ArmVmp : Match on catch block at 0xc3 in for 0xa5
02-23 17:36:18.688 32272 32272 E ArmVmp : Match on catch block at 0xc3 in for 0xa9
02-23 17:36:18.784 32272 12600 W libEGL : EGLNativeWindowType 0x7ce17be010
disconnect failed
02-23 17:36:18.785 32272 32272 E ArmVmp : Match on catch block at 0xc3 in for 0xa5
02-23 17:36:18.793 32272 32272 E ArmVmp : Match on catch block at 0xc3 in for 0xa9
02-23 17:36:18.920 32272 32272 E ArmVmp : Match on catch block at 0xc3 in for 0xa9
02-23 17:36:18.924 32272 32272 E ArmVmp : Match on catch block at 0xc3 in for 0xa1
02-23 17:36:18.967 32272 32272 E ArmVmp : Match on catch block at 0xc3 in for 0xa9
02-23 17:36:18.979 32272 32272 E ArmVmp : Match on catch block at 0xc3 in for 0xa1
02-23 17:36:19.083 32272 12600 W libEGL : EGLNativeWindowType 0x7cef913010
disconnect failed
02-23 17:36:19.218 32272 32272 W BottomSheetBehavior: BottomSheetBehavior now
supports multiple callbacks. `setBottomSheetCallback()` removes all existing
callbacks, including ones set internally by library authors, which may result in
unintended behavior. This may change in the future. Please use
`addBottomSheetCallback()` and `removeBottomSheetCallback()` instead to set your
own callbacks.
02-23 17:36:19.252 32272 32272 E ArmVmp : Match on catch block at 0xc3 in for 0xa9
02-23 17:36:19.257 32272 32272 E ArmVmp : Match on catch block at 0xc3 in for 0xa1
02-23 17:36:19.290 32272 32272 E ArmVmp : Match on catch block at 0xc3 in for 0xa1
02-23 17:36:19.296 32272 32272 E ArmVmp : Match on catch block at 0xc3 in for 0xa5
02-23 17:36:19.311 32272 32272 E ArmVmp : Match on catch block at 0xc3 in for 0xa5
02-23 17:36:19.317 32272 32272 E ArmVmp : Match on catch block at 0xc3 in for 0xa9
02-23 17:36:19.338 32272 32272 E ArmVmp : Match on catch block at 0xc3 in for 0xa9
02-23 17:36:19.350 32272 32272 E ArmVmp : Match on catch block at 0xc3 in for 0xa1
02-23 17:36:19.372 32272 32272 E ArmVmp : Match on catch block at 0xc3 in for 0xa1
02-23 17:36:19.382 32272 32272 E ArmVmp : Match on catch block at 0xc3 in for 0xa5
02-23 17:36:19.420 32272 32272 E ArmVmp : Match on catch block at 0xc3 in for 0xa9
02-23 17:36:19.426 32272 32272 E ArmVmp : Match on catch block at 0xc3 in for 0xa1
02-23 17:36:19.449 32272 32272 E ArmVmp : Match on catch block at 0xc3 in for 0xa1
02-23 17:36:19.454 32272 32272 E ArmVmp : Match on catch block at 0xc3 in for 0xa5
02-23 17:36:19.474 32272 32272 E ArmVmp : Match on catch block at 0xc3 in for 0xa5
02-23 17:36:19.479 32272 32272 E ArmVmp : Match on catch block at 0xc3 in for 0xa9
02-23 17:36:19.490 32272 32272 E ArmVmp : Match on catch block at 0xc3 in for 0xa9
02-23 17:36:19.495 32272 32272 E ArmVmp : Match on catch block at 0xc3 in for 0xa1
02-23 17:36:19.517 32272 32272 E ArmVmp : Match on catch block at 0xc3 in for 0xa1
02-23 17:36:19.520 32272 32272 E ArmVmp : Match on catch block at 0xc3 in for 0xa5
02-23 17:36:19.531 32272 32272 E ArmVmp : Match on catch block at 0xc3 in for 0xa5
02-23 17:36:19.539 32272 32272 E ArmVmp : Match on catch block at 0xc3 in for 0xa9
02-23 17:36:19.556 32272 32272 E ArmVmp : Match on catch block at 0xc3 in for 0xa9
02-23 17:36:19.560 32272 32272 E ArmVmp : Match on catch block at 0xc3 in for 0xa1
02-23 17:36:19.573 32272 32272 E ArmVmp : Match on catch block at 0xc3 in for 0xa1
02-23 17:36:19.579 32272 32272 E ArmVmp : Match on catch block at 0xc3 in for 0xa5
02-23 17:36:19.606 32272 32272 E ArmVmp : Match on catch block at 0xc3 in for 0xa5
02-23 17:36:19.612 32272 32272 E ArmVmp : Match on catch block at 0xc3 in for 0xa9
02-23 17:36:19.622 32272 32272 E ArmVmp : Match on catch block at 0xc3 in for 0xa9
02-23 17:36:19.627 32272 32272 E ArmVmp : Match on catch block at 0xc3 in for 0xa1
02-23 17:36:19.639 32272 32272 E ArmVmp : Match on catch block at 0xc3 in for 0xa1
02-23 17:36:19.645 32272 32272 E ArmVmp : Match on catch block at 0xc3 in for 0xa5
02-23 17:36:19.656 32272 32272 E ArmVmp : Match on catch block at 0xc3 in for 0xa5
02-23 17:36:19.659 32272 32272 E ArmVmp : Match on catch block at 0xc3 in for 0xa9
02-23 17:36:19.672 32272 32272 E ArmVmp : Match on catch block at 0xc3 in for 0xa9
02-23 17:36:19.676 32272 32272 E ArmVmp : Match on catch block at 0xc3 in for 0xa1
02-23 17:36:19.689 32272 32272 E ArmVmp : Match on catch block at 0xc3 in for 0xa1
02-23 17:36:19.697 32272 32272 E ArmVmp : Match on catch block at 0xc3 in for 0xa5
02-23 17:36:19.722 32272 32272 E ArmVmp : Match on catch block at 0xc3 in for 0xa5
02-23 17:36:19.733 32272 32272 E ArmVmp : Match on catch block at 0xc3 in for 0xa9
02-23 17:36:19.741 32272 32272 E ArmVmp : Match on catch block at 0xc3 in for 0xa9
02-23 17:36:19.744 32272 32272 E ArmVmp : Match on catch block at 0xc3 in for 0xa1
02-23 17:36:19.755 32272 32272 E ArmVmp : Match on catch block at 0xc3 in for 0xa1
02-23 17:36:19.758 32272 32272 E ArmVmp : Match on catch block at 0xc3 in for 0xa5
02-23 17:36:19.773 32272 32272 E ArmVmp : Match on catch block at 0xc3 in for 0xa5
02-23 17:36:19.779 32272 32272 E ArmVmp : Match on catch block at 0xc3 in for 0xa9
02-23 17:36:19.792 32272 32272 E ArmVmp : Match on catch block at 0xc3 in for 0xa9
02-23 17:36:19.800 32272 32272 E ArmVmp : Match on catch block at 0xc3 in for 0xa1
02-23 17:36:19.822 32272 32272 E ArmVmp : Match on catch block at 0xc3 in for 0xa1
02-23 17:36:19.827 32272 32272 E ArmVmp : Match on catch block at 0xc3 in for 0xa5
02-23 17:36:19.840 32272 32272 E ArmVmp : Match on catch block at 0xc3 in for 0xa5
02-23 17:36:19.846 32272 32272 E ArmVmp : Match on catch block at 0xc3 in for 0xa9
02-23 17:36:19.857 32272 32272 E ArmVmp : Match on catch block at 0xc3 in for 0xa9
02-23 17:36:19.862 32272 32272 E ArmVmp : Match on catch block at 0xc3 in for 0xa1
02-23 17:36:19.961 32272 32272 E ArmVmp : Match on catch block at 0xc3 in for 0xa9
02-23 17:36:19.965 32272 32272 E ArmVmp : Match on catch block at 0xc3 in for 0xa1
02-23 17:36:19.977 32272 32272 E ArmVmp : Match on catch block at 0xc3 in for 0xa1
02-23 17:36:19.982 32272 32272 E ArmVmp : Match on catch block at 0xc3 in for 0xa5
02-23 17:36:19.994 32272 32272 E ArmVmp : Match on catch block at 0xc3 in for 0xa5
02-23 17:36:19.999 32272 32272 E ArmVmp : Match on catch block at 0xc3 in for 0xa9
02-23 17:36:20.010 32272 32272 E ArmVmp : Match on catch block at 0xc3 in for 0xa9
02-23 17:36:20.013 32272 32272 E ArmVmp : Match on catch block at 0xc3 in for 0xa1
02-23 17:36:20.031 32272 32272 E ArmVmp : Match on catch block at 0xc3 in for 0xa1
02-23 17:36:20.035 32272 32272 E ArmVmp : Match on catch block at 0xc3 in for 0xa5
02-23 17:36:20.055 32272 32272 E ArmVmp : Match on catch block at 0xc3 in for 0xa5
02-23 17:36:20.058 32272 32272 E ArmVmp : Match on catch block at 0xc3 in for 0xa9
02-23 17:36:20.072 32272 32272 E ArmVmp : Match on catch block at 0xc3 in for 0xa9
02-23 17:36:20.075 32272 32272 E ArmVmp : Match on catch block at 0xc3 in for 0xa1
02-23 17:36:20.088 32272 32272 E ArmVmp : Match on catch block at 0xc3 in for 0xa1
02-23 17:36:20.091 32272 32272 E ArmVmp : Match on catch block at 0xc3 in for 0xa5
02-23 17:36:20.105 32272 32272 E ArmVmp : Match on catch block at 0xc3 in for 0xa5
02-23 17:36:20.109 32272 32272 E ArmVmp : Match on catch block at 0xc3 in for 0xa9
02-23 17:36:20.123 32272 32272 E ArmVmp : Match on catch block at 0xc3 in for 0xa9
02-23 17:36:20.126 32272 32272 E ArmVmp : Match on catch block at 0xc3 in for 0xa1
02-23 17:36:20.138 32272 32272 E ArmVmp : Match on catch block at 0xc3 in for 0xa1
02-23 17:36:20.142 32272 32272 E ArmVmp : Match on catch block at 0xc3 in for 0xa5
02-23 17:36:20.155 32272 32272 E ArmVmp : Match on catch block at 0xc3 in for 0xa5
02-23 17:36:20.162 32272 32272 E ArmVmp : Match on catch block at 0xc3 in for 0xa9
02-23 17:36:20.171 32272 32272 E ArmVmp : Match on catch block at 0xc3 in for 0xa9
02-23 17:36:20.175 32272 32272 E ArmVmp : Match on catch block at 0xc3 in for 0xa1
02-23 17:36:20.188 32272 32272 E ArmVmp : Match on catch block at 0xc3 in for 0xa1
02-23 17:36:20.191 32272 32272 E ArmVmp : Match on catch block at 0xc3 in for 0xa5
02-23 17:36:20.206 32272 12664 W MediaPlayer: Use of stream types is deprecated for
operations other than volume control
02-23 17:36:20.207 32272 12664 W MediaPlayer: See the documentation of
setAudioStreamType() for what to use instead with android.media.AudioAttributes to
qualify your playback use case
02-23 17:36:20.221 32272 32272 E ArmVmp : Match on catch block at 0xc3 in for 0xa5
02-23 17:36:20.225 32272 32272 E ArmVmp : Match on catch block at 0xc3 in for 0xa9
02-23 17:36:20.238 32272 32272 E ArmVmp : Match on catch block at 0xc3 in for 0xa9
02-23 17:36:20.243 32272 32272 E ArmVmp : Match on catch block at 0xc3 in for 0xa1
02-23 17:36:20.255 32272 32272 E ArmVmp : Match on catch block at 0xc3 in for 0xa1
02-23 17:36:20.258 32272 32272 E ArmVmp : Match on catch block at 0xc3 in for 0xa5
02-23 17:36:20.272 32272 32272 E ArmVmp : Match on catch block at 0xc3 in for 0xa5
02-23 17:36:20.275 32272 32272 E ArmVmp : Match on catch block at 0xc3 in for 0xa9
02-23 17:36:20.288 32272 32272 E ArmVmp : Match on catch block at 0xc3 in for 0xa9
02-23 17:36:20.291 32272 32272 E ArmVmp : Match on catch block at 0xc3 in for 0xa1
02-23 17:36:20.305 32272 32272 E ArmVmp : Match on catch block at 0xc3 in for 0xa1
02-23 17:36:20.307 32272 32272 E ArmVmp : Match on catch block at 0xc3 in for 0xa5
02-23 17:36:20.321 32272 32272 E ArmVmp : Match on catch block at 0xc3 in for 0xa5
02-23 17:36:20.325 32272 32272 E ArmVmp : Match on catch block at 0xc3 in for 0xa9
02-23 17:36:20.338 32272 32272 E ArmVmp : Match on catch block at 0xc3 in for 0xa9
02-23 17:36:20.342 32272 32272 E ArmVmp : Match on catch block at 0xc3 in for 0xa1
02-23 17:36:20.355 32272 32272 E ArmVmp : Match on catch block at 0xc3 in for 0xa1
02-23 17:36:20.360 32272 32272 E ArmVmp : Match on catch block at 0xc3 in for 0xa5
02-23 17:36:20.371 32272 32272 E ArmVmp : Match on catch block at 0xc3 in for 0xa5
02-23 17:36:20.376 32272 32272 E ArmVmp : Match on catch block at 0xc3 in for 0xa9
02-23 17:36:20.388 32272 32272 E ArmVmp : Match on catch block at 0xc3 in for 0xa9
02-23 17:36:20.392 32272 32272 E ArmVmp : Match on catch block at 0xc3 in for 0xa1
02-23 17:36:20.404 32272 32272 E ArmVmp : Match on catch block at 0xc3 in for 0xa1
02-23 17:36:20.408 32272 32272 E ArmVmp : Match on catch block at 0xc3 in for 0xa5
02-23 17:36:20.421 32272 32272 E ArmVmp : Match on catch block at 0xc3 in for 0xa5
02-23 17:36:20.425 32272 32272 E ArmVmp : Match on catch block at 0xc3 in for 0xa9
02-23 17:36:20.438 32272 32272 E ArmVmp : Match on catch block at 0xc3 in for 0xa9
02-23 17:36:20.442 32272 32272 E ArmVmp : Match on catch block at 0xc3 in for 0xa1
02-23 17:36:20.454 32272 32272 E ArmVmp : Match on catch block at 0xc3 in for 0xa1
02-23 17:36:20.458 32272 32272 E ArmVmp : Match on catch block at 0xc3 in for 0xa5
02-23 17:36:20.471 32272 32272 E ArmVmp : Match on catch block at 0xc3 in for 0xa5
02-23 17:36:20.474 32272 32272 E ArmVmp : Match on catch block at 0xc3 in for 0xa9
02-23 17:36:20.488 32272 32272 E ArmVmp : Match on catch block at 0xc3 in for 0xa9
02-23 17:36:20.495 32272 32272 E ArmVmp : Match on catch block at 0xc3 in for 0xa1
02-23 17:36:20.504 32272 32272 E ArmVmp : Match on catch block at 0xc3 in for 0xa1
02-23 17:36:20.507 32272 32272 E ArmVmp : Match on catch block at 0xc3 in for 0xa5
02-23 17:36:20.521 32272 32272 E ArmVmp : Match on catch block at 0xc3 in for 0xa5
02-23 17:36:20.526 32272 32272 E ArmVmp : Match on catch block at 0xc3 in for 0xa9
02-23 17:36:20.539 32272 32272 E ArmVmp : Match on catch block at 0xc3 in for 0xa9
02-23 17:36:20.546 32272 32272 E ArmVmp : Match on catch block at 0xc3 in for 0xa1
02-23 17:36:20.548 32272 12518 W MediaPlayerNative: info/warning (10973, 0)
02-23 17:36:20.556 32272 32272 E ArmVmp : Match on catch block at 0xc3 in for 0xa1
02-23 17:36:20.560 32272 32272 E ArmVmp : Match on catch block at 0xc3 in for 0xa5
02-23 17:36:20.580 32272 32272 E ArmVmp : Match on catch block at 0xc3 in for 0xa5
02-23 17:36:20.585 32272 32272 E ArmVmp : Match on catch block at 0xc3 in for 0xa9
02-23 17:36:20.604 32272 32272 E ArmVmp : Match on catch block at 0xc3 in for 0xa9
02-23 17:36:20.607 32272 32272 E ArmVmp : Match on catch block at 0xc3 in for 0xa1
02-23 17:36:20.621 32272 32272 E ArmVmp : Match on catch block at 0xc3 in for 0xa1
02-23 17:36:20.624 32272 32272 E ArmVmp : Match on catch block at 0xc3 in for 0xa5
02-23 17:36:20.638 32272 32272 E ArmVmp : Match on catch block at 0xc3 in for 0xa5
02-23 17:36:20.641 32272 32272 E ArmVmp : Match on catch block at 0xc3 in for 0xa9
02-23 17:36:20.654 32272 32272 E ArmVmp : Match on catch block at 0xc3 in for 0xa9
02-23 17:36:20.659 32272 32272 E ArmVmp : Match on catch block at 0xc3 in for 0xa1
02-23 17:36:20.671 32272 32272 E ArmVmp : Match on catch block at 0xc3 in for 0xa1
02-23 17:36:20.674 32272 32272 E ArmVmp : Match on catch block at 0xc3 in for 0xa5
02-23 17:36:20.688 32272 32272 E ArmVmp : Match on catch block at 0xc3 in for 0xa5
02-23 17:36:20.692 32272 32272 E ArmVmp : Match on catch block at 0xc3 in for 0xa9
02-23 17:36:20.704 32272 32272 E ArmVmp : Match on catch block at 0xc3 in for 0xa9
02-23 17:36:20.710 32272 32272 E ArmVmp : Match on catch block at 0xc3 in for 0xa1
02-23 17:36:20.721 32272 32272 E ArmVmp : Match on catch block at 0xc3 in for 0xa1
02-23 17:36:20.724 32272 32272 E ArmVmp : Match on catch block at 0xc3 in for 0xa5
02-23 17:36:20.737 32272 32272 E ArmVmp : Match on catch block at 0xc3 in for 0xa5
02-23 17:36:20.742 32272 32272 E ArmVmp : Match on catch block at 0xc3 in for 0xa9
02-23 17:36:20.754 32272 32272 E ArmVmp : Match on catch block at 0xc3 in for 0xa9
02-23 17:36:20.757 32272 32272 E ArmVmp : Match on catch block at 0xc3 in for 0xa1
02-23 17:36:20.771 32272 32272 E ArmVmp : Match on catch block at 0xc3 in for 0xa1
02-23 17:36:20.775 32272 32272 E ArmVmp : Match on catch block at 0xc3 in for 0xa5
02-23 17:36:20.787 32272 32272 E ArmVmp : Match on catch block at 0xc3 in for 0xa5
02-23 17:36:20.792 32272 32272 E ArmVmp : Match on catch block at 0xc3 in for 0xa9
02-23 17:36:20.804 32272 32272 E ArmVmp : Match on catch block at 0xc3 in for 0xa9
02-23 17:36:20.808 32272 32272 E ArmVmp : Match on catch block at 0xc3 in for 0xa1
02-23 17:36:20.821 32272 32272 E ArmVmp : Match on catch block at 0xc3 in for 0xa1
02-23 17:36:20.826 32272 32272 E ArmVmp : Match on catch block at 0xc3 in for 0xa5
02-23 17:36:20.845 32272 32272 E ArmVmp : Match on catch block at 0xc3 in for 0xa9
02-23 17:36:20.849 32272 12567 E SQLiteDatabase: Error inserting transferred=1
media_job_uuid=c228b28f-b17e-4728-ac3f-6405d7fd9734 transcoded=1 gif_attribution=0
first_scan_length=0 direct_path=/v/t62.7118-
24/35435553_218957257975386_1691354884352239655_n.enc?ccb=11-
4&oh=01_AdQjhPUCtt5UVC04OqlVip6yOsz4S_MWCCnZrfMlTFQykw&oe=65FFCEE8&_nc_sid=5e03e0
thumbnail_height_width_ratio=2.1818182 is_animated_sticker=0
file_hash=wJhTuXwEPP4H7IrvH9tt829Y8Nuxv171jyX+ygBt2vU= file_path=Media/MBWhatsApp
Images/Sent/IMG-20240223-WA0038.jpg file_size=235441
partial_media_hash=CYKaF1n+huSMweQIV7+D5V9itDxGgmh4RpTQFEUxvfg= face_x=0 face_y=0
height=1560 trim_to=0 media_key_timestamp=1708684578846
message_url=https://mmg.whatsapp.net/v/t62.7118-
24/35435553_218957257975386_1691354884352239655_n.enc?ccb=11-
4&oh=01_AdQjhPUCtt5UVC04OqlVip6yOsz4S_MWCCnZrfMlTFQykw&oe=65FFCEE8&_nc_sid=5e03e0&m
ms3=true media_caption=null trim_from=0 mime_type=null partial_media_enc_hash=null
width=720 original_file_hash=Iv0O7BkkvzsI9XLumnP8CVhAd3jiV0PYf4VdnB2JKew=
has_streaming_sidecar=1 autotransfer_retry_enabled=0 media_upload_handle=null
message_row_id=3554 multicast_id=null
enc_file_hash=qawSkPLIoOpKz07NGyanGhU5LRyA2h4CPvq3b6r52V8= mute_video=0
page_count=0 first_scan_sidecar=null suspicious_content=0 file_length=235441
media_name=74b5b4ef-b341-49d9-8ee5-dc7cc3aca76b.jpg media_duration=0
chat_row_id=1410 media_key=[B@e0e4114
02-23 17:36:20.849 32272 12567 E SQLiteDatabase:
android.database.sqlite.SQLiteConstraintException: UNIQUE constraint failed:
message_media.message_row_id (code 1555 SQLITE_CONSTRAINT_PRIMARYKEY[1555])
02-23 17:36:20.849 32272 12567 E SQLiteDatabase: at
android.database.sqlite.SQLiteConnection.nativeExecuteForLastInsertedRowId(Native
Method)
02-23 17:36:20.849 32272 12567 E SQLiteDatabase: at
android.database.sqlite.SQLiteConnection.executeForLastInsertedRowId(SQLiteConnecti
on.java:1217)
02-23 17:36:20.849 32272 12567 E SQLiteDatabase: at
android.database.sqlite.SQLiteSession.executeForLastInsertedRowId(SQLiteSession.jav
a:790)
02-23 17:36:20.849 32272 12567 E SQLiteDatabase: at
android.database.sqlite.SQLiteStatement.executeInsert(SQLiteStatement.java:88)
02-23 17:36:20.849 32272 12567 E SQLiteDatabase: at
android.database.sqlite.SQLiteDatabase.insertWithOnConflict(SQLiteDatabase.java:221
9)
02-23 17:36:20.849 32272 12567 E SQLiteDatabase: at
android.database.sqlite.SQLiteDatabase.insert(SQLiteDatabase.java:2088)
02-23 17:36:20.849 32272 12567 E SQLiteDatabase: at X.2tm.A08(Unknown
Source:6)
02-23 17:36:20.849 32272 12567 E SQLiteDatabase: at X.35Y.A07(Unknown
Source:212)
02-23 17:36:20.849 32272 12567 E SQLiteDatabase: at X.3QF.A14(Unknown
Source:470)
02-23 17:36:20.849 32272 12567 E SQLiteDatabase: at X.3gU.run(Unknown
Source:982)
02-23 17:36:20.849 32272 12567 E SQLiteDatabase: at
android.os.Handler.handleCallback(Handler.java:938)
02-23 17:36:20.849 32272 12567 E SQLiteDatabase: at
android.os.Handler.dispatchMessage(Handler.java:99)
02-23 17:36:20.849 32272 12567 E SQLiteDatabase: at
X.0zq.dispatchMessage(Unknown Source:4)
02-23 17:36:20.849 32272 12567 E SQLiteDatabase: at
android.os.Looper.loop(Looper.java:246)
02-23 17:36:20.849 32272 12567 E SQLiteDatabase: at
android.os.HandlerThread.run(HandlerThread.java:67)
02-23 17:36:20.851 32272 32272 E ArmVmp : Match on catch block at 0xc3 in for 0xa1
02-23 17:36:20.871 32272 32272 E ArmVmp : Match on catch block at 0xc3 in for 0xa1
02-23 17:36:20.875 32272 32272 E ArmVmp : Match on catch block at 0xc3 in for 0xa5
02-23 17:36:20.929 32272 32272 E ArmVmp : Match on catch block at 0xc3 in for 0xa1
02-23 17:36:20.933 32272 32272 E ArmVmp : Match on catch block at 0xc3 in for 0xa5
02-23 17:36:20.945 32272 32272 E ArmVmp : Match on catch block at 0xc3 in for 0xa5
02-23 17:36:20.949 32272 32272 E ArmVmp : Match on catch block at 0xc3 in for 0xa9
02-23 17:36:20.972 32272 32272 E ArmVmp : Match on catch block at 0xc3 in for 0xa1
02-23 17:36:20.975 32272 32272 E ArmVmp : Match on catch block at 0xc3 in for 0xa5
02-23 17:36:21.557 32272 32272 E ArmVmp : Match on catch block at 0xc3 in for 0xa9
02-23 17:36:21.565 32272 32272 E ArmVmp : Match on catch block at 0xc3 in for 0xa1
02-23 17:36:21.700 32272 32272 E ArmVmp : Match on catch block at 0xc3 in for 0xa5
02-23 17:36:21.704 32272 32272 E ArmVmp : Match on catch block at 0xc3 in for 0xa9
02-23 17:36:21.752 32272 32272 E ArmVmp : Match on catch block at 0xc3 in for 0xa9
02-23 17:36:21.756 32272 32272 E ArmVmp : Match on catch block at 0xc3 in for 0xa1
02-23 17:36:21.879 32272 32272 E ArmVmp : Match on catch block at 0xc3 in for 0xa5
02-23 17:36:21.882 32272 32272 E ArmVmp : Match on catch block at 0xc3 in for 0xa9
02-23 17:36:21.941 32272 12600 W libEGL : EGLNativeWindowType 0x7ce17be010
disconnect failed
02-23 17:36:23.832 32272 12600 W libEGL : EGLNativeWindowType 0x7cbfc81010
disconnect failed
02-23 17:36:49.153 32272 12600 W libEGL : EGLNativeWindowType 0x7cefc02010
disconnect failed
02-23 17:36:49.181 32272 12600 W libEGL : EGLNativeWindowType 0x7ce1473010
disconnect failed
02-23 17:36:52.916 32272 12600 W libEGL : EGLNativeWindowType 0x7ce16e8010
disconnect failed
02-23 17:36:52.967 32272 12600 W libEGL : EGLNativeWindowType 0x7ce16e8010
disconnect failed
02-23 17:36:53.030 32272 12600 W libEGL : EGLNativeWindowType 0x7ce16e8010
disconnect failed
02-23 17:36:53.097 32272 12600 W libEGL : EGLNativeWindowType 0x7ce16e8010
disconnect failed
02-23 17:36:53.131 32272 12600 W libEGL : EGLNativeWindowType 0x7ce16e8010
disconnect failed
02-23 17:36:53.187 32272 12600 W libEGL : EGLNativeWindowType 0x7ce16e8010
disconnect failed
02-23 17:36:53.238 32272 12600 W libEGL : EGLNativeWindowType 0x7ce16e8010
disconnect failed
02-23 17:36:53.650 32272 12600 W libEGL : EGLNativeWindowType 0x7cefc02010
disconnect failed
02-23 17:36:54.168 32272 12600 W libEGL : EGLNativeWindowType 0x7ce16e8010
disconnect failed
02-23 17:36:58.600 32272 12600 W libEGL : EGLNativeWindowType 0x7cefc02010
disconnect failed
02-23 17:37:16.124 32272 32272 E ArmVmp : Match on catch block at 0x0a in for 0xc5
02-23 17:37:16.132 32272 32272 E ArmVmp : Match on catch block at 0x0a in for 0xc1
02-23 17:37:16.780 32272 32272 E ArmVmp : Match on catch block at 0xc3 in for 0xb9
02-23 17:37:16.795 32272 32272 E ArmVmp : Match on catch block at 0xc3 in for 0xb9
02-23 17:37:16.912 32272 32272 E ArmVmp : Match on catch block at 0xc3 in for 0xa9
02-23 17:37:16.918 32272 32272 E ArmVmp : Match on catch block at 0xc3 in for 0xa1
02-23 17:37:17.077 32272 32272 E ArmVmp : Match on catch block at 0xc3 in for 0xa9
02-23 17:37:17.084 32272 32272 E ArmVmp : Match on catch block at 0xc3 in for 0xa1
02-23 17:37:17.256 32272 32272 E ArmVmp : Match on catch block at 0xc3 in for 0xa9
02-23 17:37:17.261 32272 32272 E ArmVmp : Match on catch block at 0xc3 in for 0xa1
02-23 17:37:17.303 32272 12600 W libEGL : EGLNativeWindowType 0x7c8d1ee010
disconnect failed
02-23 17:37:17.350 32272 12600 W libEGL : EGLNativeWindowType 0x7ce1473010
disconnect failed
02-23 17:37:17.374 32272 12600 W libEGL : EGLNativeWindowType 0x7cefc02010
disconnect failed
02-23 17:37:17.398 32272 32272 E ArmVmp : Match on catch block at 0xc3 in for 0xa1
02-23 17:37:17.405 32272 32272 E ArmVmp : Match on catch block at 0xc3 in for 0xa5
02-23 17:37:17.431 32272 32272 E ArmVmp : Match on catch block at 0xc3 in for 0xa5
02-23 17:37:17.440 32272 32272 E ArmVmp : Match on catch block at 0xc3 in for 0xa9
02-23 17:37:17.451 32272 32272 E ArmVmp : Match on catch block at 0xc3 in for 0xa9
02-23 17:37:17.456 32272 32272 E ArmVmp : Match on catch block at 0xc3 in for 0xa1
02-23 17:37:17.469 32272 32272 E ArmVmp : Match on catch block at 0xc3 in for 0xa1
02-23 17:37:17.477 32272 32272 E ArmVmp : Match on catch block at 0xc3 in for 0xa5
02-23 17:37:17.489 32272 32272 E ArmVmp : Match on catch block at 0xc3 in for 0xa5
02-23 17:37:17.494 32272 32272 E ArmVmp : Match on catch block at 0xc3 in for 0xa9
02-23 17:37:17.504 32272 32272 E ArmVmp : Match on catch block at 0xc3 in for 0xa9
02-23 17:37:17.509 32272 32272 E ArmVmp : Match on catch block at 0xc3 in for 0xa1
02-23 17:37:17.518 32272 32272 E ArmVmp : Match on catch block at 0xc3 in for 0xa1
02-23 17:37:17.524 32272 32272 E ArmVmp : Match on catch block at 0xc3 in for 0xa5
02-23 17:37:17.534 32272 32272 E ArmVmp : Match on catch block at 0xc3 in for 0xa5
02-23 17:37:17.540 32272 32272 E ArmVmp : Match on catch block at 0xc3 in for 0xa9
02-23 17:37:17.553 32272 32272 E ArmVmp : Match on catch block at 0xc3 in for 0xa9
02-23 17:37:17.558 32272 32272 E ArmVmp : Match on catch block at 0xc3 in for 0xa1
02-23 17:37:17.569 32272 32272 E ArmVmp : Match on catch block at 0xc3 in for 0xa1
02-23 17:37:17.575 32272 32272 E ArmVmp : Match on catch block at 0xc3 in for 0xa5
02-23 17:37:17.586 32272 32272 E ArmVmp : Match on catch block at 0xc3 in for 0xa5
02-23 17:37:17.591 32272 32272 E ArmVmp : Match on catch block at 0xc3 in for 0xa9
02-23 17:37:17.665 32272 32272 E ArmVmp : Match on catch block at 0xc3 in for 0xa5
02-23 17:37:17.669 32272 32272 E ArmVmp : Match on catch block at 0xc3 in for 0xa9
02-23 17:37:17.771 32272 32272 E ArmVmp : Match on catch block at 0xc3 in for 0xa9
02-23 17:37:17.775 32272 32272 E ArmVmp : Match on catch block at 0xc3 in for 0xa1
02-23 17:37:17.824 32272 12600 E FrameEvents: updateAcquireFence: Did not find
frame.
02-23 17:37:17.837 32272 12600 E BufferQueueProducer: [ImageReader-
720x1560f1u256m2-32272-1](id:7e1000000005,api:0,p:-1,c:32272) disconnect: not
connected (req=1)
02-23 17:37:17.837 32272 12600 W libEGL : EGLNativeWindowType 0x7c8d1f0010
disconnect failed
02-23 17:37:18.296 32272 32272 E ArmVmp : Match on catch block at 0xc3 in for 0xa1
02-23 17:37:18.303 32272 32272 E ArmVmp : Match on catch block at 0xc3 in for 0xa5
02-23 17:37:18.375 32272 32272 E ArmVmp : Match on catch block at 0xc3 in for 0xa5
02-23 17:37:18.380 32272 32272 E ArmVmp : Match on catch block at 0xc3 in for 0xa9
02-23 17:37:18.596 32272 12600 W libEGL : EGLNativeWindowType 0x7cbfd54010
disconnect failed
02-23 17:37:18.646 32272 32272 E ArmVmp : Match on catch block at 0xc3 in for 0xa5
02-23 17:37:18.651 32272 32272 E ArmVmp : Match on catch block at 0xc3 in for 0xa9
02-23 17:37:18.753 32272 32272 E ArmVmp : Match on catch block at 0xc3 in for 0xa5
02-23 17:37:18.762 32272 32272 E ArmVmp : Match on catch block at 0xc3 in for 0xa9
02-23 17:37:18.777 32272 32272 E ArmVmp : Match on catch block at 0xc3 in for 0xa9
02-23 17:37:18.784 32272 32272 E ArmVmp : Match on catch block at 0xc3 in for 0xa1
02-23 17:37:18.798 32272 32272 E ArmVmp : Match on catch block at 0xc3 in for 0xa1
02-23 17:37:18.803 32272 32272 E ArmVmp : Match on catch block at 0xc3 in for 0xa5
02-23 17:37:18.818 32272 32272 E ArmVmp : Match on catch block at 0xc3 in for 0xa5
02-23 17:37:18.826 32272 32272 E ArmVmp : Match on catch block at 0xc3 in for 0xa9
02-23 17:37:18.839 32272 32272 E ArmVmp : Match on catch block at 0xc3 in for 0xa9
02-23 17:37:18.844 32272 32272 E ArmVmp : Match on catch block at 0xc3 in for 0xa1
02-23 17:37:18.863 32272 32272 E ArmVmp : Match on catch block at 0xc3 in for 0xa1
02-23 17:37:18.868 32272 32272 E ArmVmp : Match on catch block at 0xc3 in for 0xa5
02-23 17:37:18.886 32272 32272 E ArmVmp : Match on catch block at 0xc3 in for 0xa5
02-23 17:37:18.891 32272 32272 E ArmVmp : Match on catch block at 0xc3 in for 0xa9
02-23 17:37:18.906 32272 32272 E ArmVmp : Match on catch block at 0xc3 in for 0xa9
02-23 17:37:18.912 32272 32272 E ArmVmp : Match on catch block at 0xc3 in for 0xa1
02-23 17:37:18.927 32272 32272 E ArmVmp : Match on catch block at 0xc3 in for 0xa1
02-23 17:37:18.932 32272 32272 E ArmVmp : Match on catch block at 0xc3 in for 0xa5
02-23 17:37:18.949 32272 32272 E ArmVmp : Match on catch block at 0xc3 in for 0xa5
02-23 17:37:18.953 32272 32272 E ArmVmp : Match on catch block at 0xc3 in for 0xa9
02-23 17:37:18.968 32272 32272 E ArmVmp : Match on catch block at 0xc3 in for 0xa9
02-23 17:37:18.972 32272 32272 E ArmVmp : Match on catch block at 0xc3 in for 0xa1
02-23 17:37:18.993 32272 32272 E ArmVmp : Match on catch block at 0xc3 in for 0xa1
02-23 17:37:19.001 32272 32272 E ArmVmp : Match on catch block at 0xc3 in for 0xa5
02-23 17:37:19.017 32272 32272 E ArmVmp : Match on catch block at 0xc3 in for 0xa5
02-23 17:37:19.024 32272 32272 E ArmVmp : Match on catch block at 0xc3 in for 0xa9
02-23 17:37:19.038 32272 32272 E ArmVmp : Match on catch block at 0xc3 in for 0xa9
02-23 17:37:19.043 32272 32272 E ArmVmp : Match on catch block at 0xc3 in for 0xa1
02-23 17:37:19.058 32272 32272 E ArmVmp : Match on catch block at 0xc3 in for 0xa1
02-23 17:37:19.062 32272 32272 E ArmVmp : Match on catch block at 0xc3 in for 0xa5
02-23 17:37:19.078 32272 32272 E ArmVmp : Match on catch block at 0xc3 in for 0xa5
02-23 17:37:19.094 32272 32272 E ArmVmp : Match on catch block at 0xc3 in for 0xa9
02-23 17:37:19.109 32272 32272 E ArmVmp : Match on catch block at 0xc3 in for 0xa9
02-23 17:37:19.117 32272 32272 E ArmVmp : Match on catch block at 0xc3 in for 0xa1
02-23 17:37:19.131 32272 32272 E ArmVmp : Match on catch block at 0xc3 in for 0xa1
02-23 17:37:19.138 32272 32272 E ArmVmp : Match on catch block at 0xc3 in for 0xa5
02-23 17:37:19.154 32272 32272 E ArmVmp : Match on catch block at 0xc3 in for 0xa5
02-23 17:37:19.158 32272 32272 E ArmVmp : Match on catch block at 0xc3 in for 0xa9
02-23 17:37:19.172 32272 32272 E ArmVmp : Match on catch block at 0xc3 in for 0xa9
02-23 17:37:19.177 32272 32272 E ArmVmp : Match on catch block at 0xc3 in for 0xa1
02-23 17:37:19.196 32272 32272 E ArmVmp : Match on catch block at 0xc3 in for 0xa1
02-23 17:37:19.200 32272 32272 E ArmVmp : Match on catch block at 0xc3 in for 0xa5
02-23 17:37:19.215 32272 32272 E ArmVmp : Match on catch block at 0xc3 in for 0xa5
02-23 17:37:19.219 32272 32272 E ArmVmp : Match on catch block at 0xc3 in for 0xa9
02-23 17:37:19.236 32272 32272 E ArmVmp : Match on catch block at 0xc3 in for 0xa9
02-23 17:37:19.240 32272 32272 E ArmVmp : Match on catch block at 0xc3 in for 0xa1
02-23 17:37:19.257 32272 32272 E ArmVmp : Match on catch block at 0xc3 in for 0xa1
02-23 17:37:19.262 32272 32272 E ArmVmp : Match on catch block at 0xc3 in for 0xa5
02-23 17:37:19.280 32272 32272 E ArmVmp : Match on catch block at 0xc3 in for 0xa5
02-23 17:37:19.285 32272 32272 E ArmVmp : Match on catch block at 0xc3 in for 0xa9
02-23 17:37:19.300 32272 32272 E ArmVmp : Match on catch block at 0xc3 in for 0xa9
02-23 17:37:19.308 32272 32272 E ArmVmp : Match on catch block at 0xc3 in for 0xa1
02-23 17:37:19.324 32272 32272 E ArmVmp : Match on catch block at 0xc3 in for 0xa1
02-23 17:37:19.328 32272 32272 E ArmVmp : Match on catch block at 0xc3 in for 0xa5
02-23 17:37:19.340 32272 32272 E ArmVmp : Match on catch block at 0xc3 in for 0xa5
02-23 17:37:19.344 32272 32272 E ArmVmp : Match on catch block at 0xc3 in for 0xa9
02-23 17:37:19.359 32272 32272 E ArmVmp : Match on catch block at 0xc3 in for 0xa9
02-23 17:37:19.367 32272 32272 E ArmVmp : Match on catch block at 0xc3 in for 0xa1
02-23 17:37:19.383 32272 32272 E ArmVmp : Match on catch block at 0xc3 in for 0xa1
02-23 17:37:19.388 32272 32272 E ArmVmp : Match on catch block at 0xc3 in for 0xa5
02-23 17:37:19.407 32272 32272 E ArmVmp : Match on catch block at 0xc3 in for 0xa5
02-23 17:37:19.411 32272 32272 E ArmVmp : Match on catch block at 0xc3 in for 0xa9
02-23 17:37:19.427 32272 32272 E ArmVmp : Match on catch block at 0xc3 in for 0xa9
02-23 17:37:19.431 32272 32272 E ArmVmp : Match on catch block at 0xc3 in for 0xa1
02-23 17:37:19.449 32272 32272 E ArmVmp : Match on catch block at 0xc3 in for 0xa1
02-23 17:37:19.455 32272 32272 E ArmVmp : Match on catch block at 0xc3 in for 0xa5
02-23 17:37:19.467 32272 32272 E ArmVmp : Match on catch block at 0xc3 in for 0xa5
02-23 17:37:19.472 32272 32272 E ArmVmp : Match on catch block at 0xc3 in for 0xa9
02-23 17:37:19.483 32272 32272 E ArmVmp : Match on catch block at 0xc3 in for 0xa9
02-23 17:37:19.489 32272 32272 E ArmVmp : Match on catch block at 0xc3 in for 0xa1
02-23 17:37:19.501 32272 32272 E ArmVmp : Match on catch block at 0xc3 in for 0xa1
02-23 17:37:19.508 32272 32272 E ArmVmp : Match on catch block at 0xc3 in for 0xa5
02-23 17:37:19.517 32272 32272 E ArmVmp : Match on catch block at 0xc3 in for 0xa5
02-23 17:37:19.524 32272 32272 E ArmVmp : Match on catch block at 0xc3 in for 0xa9
02-23 17:37:19.533 32272 32272 E ArmVmp : Match on catch block at 0xc3 in for 0xa9
02-23 17:37:19.538 32272 32272 E ArmVmp : Match on catch block at 0xc3 in for 0xa1
02-23 17:37:19.550 32272 32272 E ArmVmp : Match on catch block at 0xc3 in for 0xa1
02-23 17:37:19.555 32272 32272 E ArmVmp : Match on catch block at 0xc3 in for 0xa5
02-23 17:37:19.659 32272 32272 E ArmVmp : Match on catch block at 0xc3 in for 0xa9
02-23 17:37:19.667 32272 32272 E ArmVmp : Match on catch block at 0xc3 in for 0xa1
02-23 17:37:19.682 32272 32272 E ArmVmp : Match on catch block at 0xc3 in for 0xa1
02-23 17:37:19.693 32272 32272 E ArmVmp : Match on catch block at 0xc3 in for 0xa5
02-23 17:37:21.182 32272 32272 E ArmVmp : Match on catch block at 0xc3 in for 0xa1
02-23 17:37:21.186 32272 32272 E ArmVmp : Match on catch block at 0xc3 in for 0xa5
02-23 17:37:21.200 32272 32272 E ArmVmp : Match on catch block at 0xc3 in for 0xa5
02-23 17:37:21.206 32272 32272 E ArmVmp : Match on catch block at 0xc3 in for 0xa9
02-23 17:37:21.215 32272 32272 E ArmVmp : Match on catch block at 0xc3 in for 0xa9
02-23 17:37:21.223 32272 32272 E ArmVmp : Match on catch block at 0xc3 in for 0xa1
02-23 17:37:21.240 32272 32272 E ArmVmp : Match on catch block at 0xc3 in for 0xa1
02-23 17:37:21.248 32272 32272 E ArmVmp : Match on catch block at 0xc3 in for 0xa5
02-23 17:37:21.265 32272 32272 E ArmVmp : Match on catch block at 0xc3 in for 0xa5
02-23 17:37:21.271 32272 32272 E ArmVmp : Match on catch block at 0xc3 in for 0xa9
02-23 17:37:21.282 32272 32272 E ArmVmp : Match on catch block at 0xc3 in for 0xa9
02-23 17:37:21.286 32272 32272 E ArmVmp : Match on catch block at 0xc3 in for 0xa1
02-23 17:37:21.298 32272 32272 E ArmVmp : Match on catch block at 0xc3 in for 0xa1
02-23 17:37:21.303 32272 32272 E ArmVmp : Match on catch block at 0xc3 in for 0xa5
02-23 17:37:21.315 32272 32272 E ArmVmp : Match on catch block at 0xc3 in for 0xa5
02-23 17:37:21.323 32272 32272 E ArmVmp : Match on catch block at 0xc3 in for 0xa9
02-23 17:37:21.332 32272 32272 E ArmVmp : Match on catch block at 0xc3 in for 0xa9
02-23 17:37:21.339 32272 32272 E ArmVmp : Match on catch block at 0xc3 in for 0xa1
02-23 17:37:21.348 32272 32272 E ArmVmp : Match on catch block at 0xc3 in for 0xa1
02-23 17:37:21.352 32272 32272 E ArmVmp : Match on catch block at 0xc3 in for 0xa5
02-23 17:37:21.368 32272 32272 E ArmVmp : Match on catch block at 0xc3 in for 0xa5
02-23 17:37:21.373 32272 32272 E ArmVmp : Match on catch block at 0xc3 in for 0xa9
02-23 17:37:21.384 32272 32272 E ArmVmp : Match on catch block at 0xc3 in for 0xa9
02-23 17:37:21.388 32272 32272 E ArmVmp : Match on catch block at 0xc3 in for 0xa1
02-23 17:37:21.398 32272 32272 E ArmVmp : Match on catch block at 0xc3 in for 0xa1
02-23 17:37:21.404 32272 32272 E ArmVmp : Match on catch block at 0xc3 in for 0xa5
02-23 17:37:21.415 32272 32272 E ArmVmp : Match on catch block at 0xc3 in for 0xa5
02-23 17:37:21.421 32272 32272 E ArmVmp : Match on catch block at 0xc3 in for 0xa9
02-23 17:37:21.431 32272 32272 E ArmVmp : Match on catch block at 0xc3 in for 0xa9
02-23 17:37:21.439 32272 32272 E ArmVmp : Match on catch block at 0xc3 in for 0xa1
