02-23 17:37:23.567 32272 12600 E FrameEvents: updateAcquireFence: Did not find
frame.
02-23 17:37:23.588 32272 12600 E BufferQueueProducer: [ImageReader-
720x1560f1u256m2-32272-2](id:7e1000000006,api:0,p:-1,c:32272) disconnect: not
connected (req=1)
02-23 17:37:23.589 32272 12600 W libEGL : EGLNativeWindowType 0x7ce158b010
disconnect failed
02-23 17:37:23.603 32272 32272 E ArmVmp : Match on catch block at 0xc3 in for 0xa9
02-23 17:37:23.609 32272 32272 E ArmVmp : Match on catch block at 0xc3 in for 0xa1
02-23 17:37:23.623 32272 32272 E ArmVmp : Match on catch block at 0xc3 in for 0xa1
02-23 17:37:23.628 32272 32272 E ArmVmp : Match on catch block at 0xc3 in for 0xa5
02-23 17:37:23.962 32272 32272 E ArmVmp : Match on catch block at 0xc3 in for 0xa5
02-23 17:37:23.974 32272 32272 E ArmVmp : Match on catch block at 0xc3 in for 0xa9
02-23 17:37:24.001 32272 32272 E ArmVmp : Match on catch block at 0xc3 in for 0xa1
02-23 17:37:24.006 32272 32272 E ArmVmp : Match on catch block at 0xc3 in for 0xa5
02-23 17:37:24.024 32272 32272 E ArmVmp : Match on catch block at 0xc3 in for 0xa5
02-23 17:37:24.028 32272 32272 E ArmVmp : Match on catch block at 0xc3 in for 0xa9
02-23 17:37:24.211 32272 12600 W libEGL : EGLNativeWindowType 0x7cbfd54010
disconnect failed
02-23 17:37:24.284 32272 12600 W libEGL : EGLNativeWindowType 0x7cbfd52010
disconnect failed
02-23 17:37:24.473 32272 32272 E ArmVmp : Match on catch block at 0xc3 in for 0xa9
02-23 17:37:24.478 32272 32272 E ArmVmp : Match on catch block at 0xc3 in for 0xa1
02-23 17:37:24.505 32272 32272 E ViewRootImpl: sendUserActionEvent() mView
returned.
02-23 17:37:24.529 32272 32272 E ArmVmp : Match on catch block at 0xc3 in for 0xa5
02-23 17:37:24.538 32272 32272 E ArmVmp : Match on catch block at 0xc3 in for 0xa9
02-23 17:37:24.588 32272 32272 E ArmVmp : Match on catch block at 0xc3 in for 0xa9
02-23 17:37:24.598 32272 32272 E ArmVmp : Match on catch block at 0xc3 in for 0xa1
02-23 17:37:24.602 32272 12567 E SQLiteDatabase: Error inserting transferred=0
media_job_uuid=5c576833-565f-429c-bc7b-d045da7d3574 transcoded=0 gif_attribution=0
first_scan_length=8100 direct_path=/o1/v/t62.7118-24/f1/m234/up-oil-image-876816eb-
f0cf-442d-b1d8-b24378af51be?ccb=9-
4&oh=01_AdTYbZAvjQ_FcboTzdsMNjSxCb_c4Sc5yuAt8sVfASuuIQ&oe=65FFD4A6&_nc_sid=000000&_
nc_hot=1708684628 thumbnail_height_width_ratio=0.46478873 is_animated_sticker=0
file_hash=0hBG7H1K9tZ3vjQ+RjcGJTW55Og+I7UuS3T1MeKcHEk= file_path=null file_size=0
partial_media_hash=Dsg4SUUfoa/JSJiztfioanrCoYkdMZQnWGfmLmfngas= face_x=0 face_y=0
height=540 trim_to=0 media_key_timestamp=1708684245000
message_url=https://mmg.whatsapp.net/o1/v/t62.7118-24/f1/m234/up-oil-image-
876816eb-f0cf-442d-b1d8-b24378af51be?ccb=9-
4&oh=01_AdTYbZAvjQ_FcboTzdsMNjSxCb_c4Sc5yuAt8sVfASuuIQ&oe=65FFD4A6&_nc_sid=000000&m
ms3=true media_caption=null trim_from=0 mime_type=image/jpeg
partial_media_enc_hash=null width=1144 original_file_hash=null
has_streaming_sidecar=1 autotransfer_retry_enabled=1 media_upload_handle=null
message_row_id=3563 multicast_id=null
enc_file_hash=NfXYDnPNJGYkJnTVhCMPf6gWbt2DxevmrpBEaFt+6Bo= mute_video=0
page_count=0 first_scan_sidecar=[B@a96fe3 suspicious_content=0 file_length=112294
media_name=null media_duration=0 chat_row_id=68 media_key=[B@4cdfde0
02-23 17:37:24.602 32272 12567 E SQLiteDatabase:
android.database.sqlite.SQLiteConstraintException: UNIQUE constraint failed:
message_media.message_row_id (code 1555 SQLITE_CONSTRAINT_PRIMARYKEY[1555])
02-23 17:37:24.602 32272 12567 E SQLiteDatabase: at
android.database.sqlite.SQLiteConnection.nativeExecuteForLastInsertedRowId(Native
Method)
02-23 17:37:24.602 32272 12567 E SQLiteDatabase: at
android.database.sqlite.SQLiteConnection.executeForLastInsertedRowId(SQLiteConnecti
on.java:1217)
02-23 17:37:24.602 32272 12567 E SQLiteDatabase: at
android.database.sqlite.SQLiteSession.executeForLastInsertedRowId(SQLiteSession.jav
a:790)
02-23 17:37:24.602 32272 12567 E SQLiteDatabase: at
android.database.sqlite.SQLiteStatement.executeInsert(SQLiteStatement.java:88)
02-23 17:37:24.602 32272 12567 E SQLiteDatabase: at
android.database.sqlite.SQLiteDatabase.insertWithOnConflict(SQLiteDatabase.java:221
9)
02-23 17:37:24.602 32272 12567 E SQLiteDatabase: at
android.database.sqlite.SQLiteDatabase.insert(SQLiteDatabase.java:2088)
02-23 17:37:24.602 32272 12567 E SQLiteDatabase: at X.2tm.A08(Unknown
Source:6)
02-23 17:37:24.602 32272 12567 E SQLiteDatabase: at X.35Y.A07(Unknown
Source:212)
02-23 17:37:24.602 32272 12567 E SQLiteDatabase: at X.3QF.A14(Unknown
Source:470)
02-23 17:37:24.602 32272 12567 E SQLiteDatabase: at X.3gU.run(Unknown
Source:982)
02-23 17:37:24.602 32272 12567 E SQLiteDatabase: at
android.os.Handler.handleCallback(Handler.java:938)
02-23 17:37:24.602 32272 12567 E SQLiteDatabase: at
android.os.Handler.dispatchMessage(Handler.java:99)
02-23 17:37:24.602 32272 12567 E SQLiteDatabase: at
X.0zq.dispatchMessage(Unknown Source:4)
02-23 17:37:24.602 32272 12567 E SQLiteDatabase: at
android.os.Looper.loop(Looper.java:246)
02-23 17:37:24.602 32272 12567 E SQLiteDatabase: at
android.os.HandlerThread.run(HandlerThread.java:67)
02-23 17:37:24.772 32272 32272 E ArmVmp : Match on catch block at 0xc3 in for 0xa5
02-23 17:37:24.778 32272 32272 E ArmVmp : Match on catch block at 0xc3 in for 0xa9
02-23 17:37:25.263 32272 12600 W libEGL : EGLNativeWindowType 0x7ce1669010
disconnect failed
02-23 17:37:25.448 32272 12600 W libEGL : EGLNativeWindowType 0x7c8d1ee010
disconnect failed
02-23 17:37:25.516 32272 12600 W libEGL : EGLNativeWindowType 0x7cef88a010
disconnect failed
02-23 17:37:25.544 32272 32272 E ArmVmp : Match on catch block at 0xc3 in for 0xa1
02-23 17:37:25.552 32272 32272 E ArmVmp : Match on catch block at 0xc3 in for 0xa5
02-23 17:37:27.033 32272 12600 W libEGL : EGLNativeWindowType 0x7c8d1ee010
disconnect failed
02-23 17:37:27.188 32272 12600 W libEGL : EGLNativeWindowType 0x7ce158b010
disconnect failed
02-23 17:37:27.213 32272 12600 W libEGL : EGLNativeWindowType 0x7ce1669010
disconnect failed
02-23 17:37:28.945 32272 12516 W System : A resource failed to call close.
02-23 17:37:28.951 32272 12516 W System : A resource failed to call close.
02-23 17:37:35.477 32272 32272 E ArmVmp : Match on catch block at 0x0a in for 0xc1
02-23 17:37:35.482 32272 32272 E ArmVmp : Match on catch block at 0x0a in for 0xc9
02-23 17:37:36.201 32272 32272 E ArmVmp : Match on catch block at 0xc3 in for 0xb9
02-23 17:37:36.216 32272 32272 E ArmVmp : Match on catch block at 0xc3 in for 0xb9
02-23 17:37:36.238 32272 32272 E ArmVmp : Match on catch block at 0xc3 in for 0xb9
02-23 17:37:36.392 32272 32272 E ArmVmp : Match on catch block at 0xc3 in for 0xa1
02-23 17:37:36.398 32272 32272 E ArmVmp : Match on catch block at 0xc3 in for 0xa5
02-23 17:37:36.410 32272 32272 E ArmVmp : Match on catch block at 0xc3 in for 0xa5
02-23 17:37:36.792 32272 32272 E ArmVmp : Match on catch block at 0xc3 in for 0xa1
02-23 17:37:36.797 32272 32272 E ArmVmp : Match on catch block at 0xc3 in for 0xa5
02-23 17:37:36.802 32272 32272 E ArmVmp : Match on catch block at 0xc3 in for 0xa5
02-23 17:37:36.937 32272 32272 E ArmVmp : Match on catch block at 0xc3 in for 0xa5
02-23 17:37:36.948 32272 32272 E ArmVmp : Match on catch block at 0xc3 in for 0xa9
02-23 17:37:36.952 32272 32272 E ArmVmp : Match on catch block at 0xc3 in for 0xa9
02-23 17:37:37.006 32272 12600 W libEGL : EGLNativeWindowType 0x7c8d9df010
disconnect failed
02-23 17:37:37.044 32272 12600 W libEGL : EGLNativeWindowType 0x7c8d1ee010
disconnect failed
02-23 17:37:37.072 32272 12600 W libEGL : EGLNativeWindowType 0x7ce1647010
disconnect failed
02-23 17:37:37.151 32272 32272 E ArmVmp : Match on catch block at 0xc3 in for 0xa9
02-23 17:37:37.158 32272 32272 E ArmVmp : Match on catch block at 0xc3 in for 0xa1
02-23 17:37:37.164 32272 32272 E ArmVmp : Match on catch block at 0xc3 in for 0xa1
02-23 17:37:37.252 32272 12982 W com.mbwhatsapp: Long monitor contention with owner
JobRunner #1 (12945) at boolean X.2rb.A03(java.lang.String)(:-1) waiters=1 in
boolean X.2rb.A03(java.lang.String) for 267ms
02-23 17:37:37.275 32272 32272 E ArmVmp : Match on catch block at 0xc3 in for 0xa1
02-23 17:37:37.280 32272 32272 E ArmVmp : Match on catch block at 0xc3 in for 0xa5
02-23 17:37:37.285 32272 32272 E ArmVmp : Match on catch block at 0xc3 in for 0xa5
02-23 17:37:37.316 32272 32272 E ArmVmp : Match on catch block at 0xc3 in for 0xa5
02-23 17:37:37.322 32272 32272 E ArmVmp : Match on catch block at 0xc3 in for 0xa9
02-23 17:37:37.334 32272 32272 E ArmVmp : Match on catch block at 0xc3 in for 0xa9
02-23 17:37:37.343 32272 32272 E ArmVmp : Match on catch block at 0xc3 in for 0xa9
02-23 17:37:37.348 32272 32272 E ArmVmp : Match on catch block at 0xc3 in for 0xa1
02-23 17:37:37.352 32272 32272 E ArmVmp : Match on catch block at 0xc3 in for 0xa1
02-23 17:37:37.366 32272 32272 E ArmVmp : Match on catch block at 0xc3 in for 0xa9
02-23 17:37:37.371 32272 32272 E ArmVmp : Match on catch block at 0xc3 in for 0xa1
02-23 17:37:37.378 32272 32272 E ArmVmp : Match on catch block at 0xc3 in for 0xa1
02-23 17:37:37.392 32272 32272 E ArmVmp : Match on catch block at 0xc3 in for 0xa5
02-23 17:37:37.398 32272 32272 E ArmVmp : Match on catch block at 0xc3 in for 0xa9
02-23 17:37:37.406 32272 32272 E ArmVmp : Match on catch block at 0xc3 in for 0xa9
02-23 17:37:37.418 32272 32272 E ArmVmp : Match on catch block at 0xc3 in for 0xa1
02-23 17:37:37.425 32272 32272 E ArmVmp : Match on catch block at 0xc3 in for 0xa5
02-23 17:37:37.433 32272 32272 E ArmVmp : Match on catch block at 0xc3 in for 0xa5
02-23 17:37:37.448 32272 32272 E ArmVmp : Match on catch block at 0xc3 in for 0xa9
02-23 17:37:37.453 32272 32272 E ArmVmp : Match on catch block at 0xc3 in for 0xa1
02-23 17:37:37.457 32272 32272 E ArmVmp : Match on catch block at 0xc3 in for 0xa1
02-23 17:37:37.466 32272 32272 E ArmVmp : Match on catch block at 0xc3 in for 0xa5
02-23 17:37:37.478 32272 32272 E ArmVmp : Match on catch block at 0xc3 in for 0xa9
02-23 17:37:37.481 32272 32272 E ArmVmp : Match on catch block at 0xc3 in for 0xa9
02-23 17:37:37.492 32272 32272 E ArmVmp : Match on catch block at 0xc3 in for 0xa1
02-23 17:37:37.497 32272 32272 E ArmVmp : Match on catch block at 0xc3 in for 0xa5
02-23 17:37:37.499 32272 32272 E ArmVmp : Match on catch block at 0xc3 in for 0xa5
02-23 17:37:37.509 32272 32272 E ArmVmp : Match on catch block at 0xc3 in for 0xa9
02-23 17:37:37.515 32272 32272 E ArmVmp : Match on catch block at 0xc3 in for 0xa1
02-23 17:37:37.525 32272 32272 E ArmVmp : Match on catch block at 0xc3 in for 0xa1
02-23 17:37:37.537 32272 32272 E ArmVmp : Match on catch block at 0xc3 in for 0xa5
02-23 17:37:37.547 32272 32272 E ArmVmp : Match on catch block at 0xc3 in for 0xa9
02-23 17:37:37.550 32272 32272 E ArmVmp : Match on catch block at 0xc3 in for 0xa9
02-23 17:37:37.568 32272 32272 E ArmVmp : Match on catch block at 0xc3 in for 0xa1
02-23 17:37:37.577 32272 32272 E ArmVmp : Match on catch block at 0xc3 in for 0xa5
02-23 17:37:37.581 32272 32272 E ArmVmp : Match on catch block at 0xc3 in for 0xa5
02-23 17:37:37.605 32272 32272 E ArmVmp : Match on catch block at 0xc3 in for 0xa9
02-23 17:37:37.610 32272 32272 E ArmVmp : Match on catch block at 0xc3 in for 0xa1
02-23 17:37:37.618 32272 32272 E ArmVmp : Match on catch block at 0xc3 in for 0xa1
02-23 17:37:37.630 32272 32272 E ArmVmp : Match on catch block at 0xc3 in for 0xa9
02-23 17:37:37.640 32272 32272 E ArmVmp : Match on catch block at 0xc3 in for 0xa1
02-23 17:37:37.645 32272 32272 E ArmVmp : Match on catch block at 0xc3 in for 0xa1
02-23 17:37:37.671 32272 32272 E ArmVmp : Match on catch block at 0xc3 in for 0xa5
02-23 17:37:37.676 32272 32272 E ArmVmp : Match on catch block at 0xc3 in for 0xa9
02-23 17:37:37.681 32272 32272 E ArmVmp : Match on catch block at 0xc3 in for 0xa9
02-23 17:37:37.691 32272 32272 E ArmVmp : Match on catch block at 0xc3 in for 0xa5
02-23 17:37:37.700 32272 32272 E ArmVmp : Match on catch block at 0xc3 in for 0xa9
02-23 17:37:37.706 32272 32272 E ArmVmp : Match on catch block at 0xc3 in for 0xa9
02-23 17:37:37.713 32272 32272 E ArmVmp : Match on catch block at 0xc3 in for 0xa5
02-23 17:37:37.725 32272 32272 E ArmVmp : Match on catch block at 0xc3 in for 0xa9
02-23 17:37:37.729 32272 32272 E ArmVmp : Match on catch block at 0xc3 in for 0xa9
02-23 17:37:37.738 32272 32272 E ArmVmp : Match on catch block at 0xc3 in for 0xa1
02-23 17:37:37.745 32272 32272 E ArmVmp : Match on catch block at 0xc3 in for 0xa5
02-23 17:37:37.753 32272 32272 E ArmVmp : Match on catch block at 0xc3 in for 0xa5
02-23 17:37:37.766 32272 32272 E ArmVmp : Match on catch block at 0xc3 in for 0xa9
02-23 17:37:37.771 32272 32272 E ArmVmp : Match on catch block at 0xc3 in for 0xa1
02-23 17:37:37.774 32272 32272 E ArmVmp : Match on catch block at 0xc3 in for 0xa1
02-23 17:37:37.781 32272 32272 E ArmVmp : Match on catch block at 0xc3 in for 0xa5
02-23 17:37:37.786 32272 32272 E ArmVmp : Match on catch block at 0xc3 in for 0xa9
02-23 17:37:37.792 32272 32272 E ArmVmp : Match on catch block at 0xc3 in for 0xa9
02-23 17:37:37.806 32272 32272 E ArmVmp : Match on catch block at 0xc3 in for 0xa1
02-23 17:37:37.809 32272 32272 E ArmVmp : Match on catch block at 0xc3 in for 0xa5
02-23 17:37:37.814 32272 32272 E ArmVmp : Match on catch block at 0xc3 in for 0xa5
02-23 17:37:37.826 32272 32272 E ArmVmp : Match on catch block at 0xc3 in for 0xa9
02-23 17:37:37.831 32272 32272 E ArmVmp : Match on catch block at 0xc3 in for 0xa1
02-23 17:37:37.834 32272 32272 E ArmVmp : Match on catch block at 0xc3 in for 0xa1
02-23 17:37:37.843 32272 32272 E ArmVmp : Match on catch block at 0xc3 in for 0xa5
02-23 17:37:37.848 32272 32272 E ArmVmp : Match on catch block at 0xc3 in for 0xa9
02-23 17:37:37.852 32272 32272 E ArmVmp : Match on catch block at 0xc3 in for 0xa9
02-23 17:37:37.878 32272 32272 E ArmVmp : Match on catch block at 0xc3 in for 0xa1
02-23 17:37:37.888 32272 32272 E ArmVmp : Match on catch block at 0xc3 in for 0xa5
02-23 17:37:37.891 32272 32272 E ArmVmp : Match on catch block at 0xc3 in for 0xa5
02-23 17:37:37.899 32272 32272 E ArmVmp : Match on catch block at 0xc3 in for 0xa9
02-23 17:37:37.903 32272 32272 E ArmVmp : Match on catch block at 0xc3 in for 0xa1
02-23 17:37:37.907 32272 32272 E ArmVmp : Match on catch block at 0xc3 in for 0xa1
02-23 17:37:37.921 32272 32272 E ArmVmp : Match on catch block at 0xc3 in for 0xa5
02-23 17:37:37.926 32272 32272 E ArmVmp : Match on catch block at 0xc3 in for 0xa9
02-23 17:37:37.929 32272 32272 E ArmVmp : Match on catch block at 0xc3 in for 0xa9
02-23 17:37:37.935 32272 32272 E ArmVmp : Match on catch block at 0xc3 in for 0xa1
02-23 17:37:37.942 32272 32272 E ArmVmp : Match on catch block at 0xc3 in for 0xa5
02-23 17:37:37.948 32272 32272 E ArmVmp : Match on catch block at 0xc3 in for 0xa5
02-23 17:37:37.956 32272 32272 E ArmVmp : Match on catch block at 0xc3 in for 0xa9
02-23 17:37:37.960 32272 32272 E ArmVmp : Match on catch block at 0xc3 in for 0xa1
02-23 17:37:37.965 32272 32272 E ArmVmp : Match on catch block at 0xc3 in for 0xa1
02-23 17:37:37.971 32272 32272 E ArmVmp : Match on catch block at 0xc3 in for 0xa5
02-23 17:37:37.975 32272 32272 E ArmVmp : Match on catch block at 0xc3 in for 0xa9
02-23 17:37:37.978 32272 32272 E ArmVmp : Match on catch block at 0xc3 in for 0xa9
02-23 17:37:37.993 32272 32272 E ArmVmp : Match on catch block at 0xc3 in for 0xa1
02-23 17:37:37.998 32272 32272 E ArmVmp : Match on catch block at 0xc3 in for 0xa5
02-23 17:37:38.003 32272 32272 E ArmVmp : Match on catch block at 0xc3 in for 0xa5
02-23 17:37:38.021 32272 32272 E ArmVmp : Match on catch block at 0xc3 in for 0xa9
02-23 17:37:38.027 32272 32272 E ArmVmp : Match on catch block at 0xc3 in for 0xa1
02-23 17:37:38.030 32272 32272 E ArmVmp : Match on catch block at 0xc3 in for 0xa1
02-23 17:37:38.039 32272 32272 E ArmVmp : Match on catch block at 0xc3 in for 0xa5
02-23 17:37:38.043 32272 32272 E ArmVmp : Match on catch block at 0xc3 in for 0xa9
02-23 17:37:38.048 32272 32272 E ArmVmp : Match on catch block at 0xc3 in for 0xa9
02-23 17:37:38.055 32272 32272 E ArmVmp : Match on catch block at 0xc3 in for 0xa1
02-23 17:37:38.062 32272 32272 E ArmVmp : Match on catch block at 0xc3 in for 0xa5
02-23 17:37:38.068 32272 32272 E ArmVmp : Match on catch block at 0xc3 in for 0xa5
02-23 17:37:38.076 32272 32272 E ArmVmp : Match on catch block at 0xc3 in for 0xa9
02-23 17:37:38.080 32272 32272 E ArmVmp : Match on catch block at 0xc3 in for 0xa1
02-23 17:37:38.088 32272 32272 E ArmVmp : Match on catch block at 0xc3 in for 0xa1
02-23 17:37:38.103 32272 32272 E ArmVmp : Match on catch block at 0xc3 in for 0xa5
02-23 17:37:38.108 32272 32272 E ArmVmp : Match on catch block at 0xc3 in for 0xa9
02-23 17:37:38.111 32272 32272 E ArmVmp : Match on catch block at 0xc3 in for 0xa9
02-23 17:37:38.118 32272 32272 E ArmVmp : Match on catch block at 0xc3 in for 0xa1
02-23 17:37:38.122 32272 32272 E ArmVmp : Match on catch block at 0xc3 in for 0xa5
02-23 17:37:38.126 32272 32272 E ArmVmp : Match on catch block at 0xc3 in for 0xa5
02-23 17:37:38.134 32272 32272 E ArmVmp : Match on catch block at 0xc3 in for 0xa9
02-23 17:37:38.142 32272 32272 E ArmVmp : Match on catch block at 0xc3 in for 0xa1
02-23 17:37:38.145 32272 32272 E ArmVmp : Match on catch block at 0xc3 in for 0xa1
02-23 17:37:38.152 32272 32272 E ArmVmp : Match on catch block at 0xc3 in for 0xa5
02-23 17:37:38.158 32272 32272 E ArmVmp : Match on catch block at 0xc3 in for 0xa9
02-23 17:37:38.162 32272 32272 E ArmVmp : Match on catch block at 0xc3 in for 0xa9
02-23 17:37:38.170 32272 32272 E ArmVmp : Match on catch block at 0xc3 in for 0xa1
02-23 17:37:38.179 32272 32272 E ArmVmp : Match on catch block at 0xc3 in for 0xa5
02-23 17:37:38.187 32272 32272 E ArmVmp : Match on catch block at 0xc3 in for 0xa5
02-23 17:37:38.193 32272 32272 E ArmVmp : Match on catch block at 0xc3 in for 0xa9
02-23 17:37:38.206 32272 32272 E ArmVmp : Match on catch block at 0xc3 in for 0xa1
02-23 17:37:38.218 32272 32272 E ArmVmp : Match on catch block at 0xc3 in for 0xa1
02-23 17:37:38.234 32272 32272 E ArmVmp : Match on catch block at 0xc3 in for 0xa5
02-23 17:37:38.240 32272 32272 E ArmVmp : Match on catch block at 0xc3 in for 0xa9
02-23 17:37:38.246 32272 32272 E ArmVmp : Match on catch block at 0xc3 in for 0xa9
02-23 17:37:38.253 32272 32272 E ArmVmp : Match on catch block at 0xc3 in for 0xa1
02-23 17:37:38.259 32272 32272 E ArmVmp : Match on catch block at 0xc3 in for 0xa5
02-23 17:37:38.263 32272 32272 E ArmVmp : Match on catch block at 0xc3 in for 0xa5
02-23 17:37:38.272 32272 32272 E ArmVmp : Match on catch block at 0xc3 in for 0xa9
02-23 17:37:38.277 32272 32272 E ArmVmp : Match on catch block at 0xc3 in for 0xa1
02-23 17:37:38.280 32272 32272 E ArmVmp : Match on catch block at 0xc3 in for 0xa1
02-23 17:37:38.287 32272 32272 E ArmVmp : Match on catch block at 0xc3 in for 0xa5
02-23 17:37:38.293 32272 32272 E ArmVmp : Match on catch block at 0xc3 in for 0xa9
02-23 17:37:38.297 32272 32272 E ArmVmp : Match on catch block at 0xc3 in for 0xa9
02-23 17:37:38.314 32272 32272 E ArmVmp : Match on catch block at 0xc3 in for 0xa1
02-23 17:37:38.318 32272 32272 E ArmVmp : Match on catch block at 0xc3 in for 0xa5
02-23 17:37:38.324 32272 32272 E ArmVmp : Match on catch block at 0xc3 in for 0xa5
02-23 17:37:38.330 32272 32272 E ArmVmp : Match on catch block at 0xc3 in for 0xa9
02-23 17:37:38.336 32272 32272 E ArmVmp : Match on catch block at 0xc3 in for 0xa1
02-23 17:37:38.340 32272 32272 E ArmVmp : Match on catch block at 0xc3 in for 0xa1
02-23 17:37:38.355 32272 32272 E ArmVmp : Match on catch block at 0xc3 in for 0xa5
02-23 17:37:38.359 32272 32272 E ArmVmp : Match on catch block at 0xc3 in for 0xa9
02-23 17:37:38.363 32272 32272 E ArmVmp : Match on catch block at 0xc3 in for 0xa9
02-23 17:37:38.370 32272 32272 E ArmVmp : Match on catch block at 0xc3 in for 0xa1
02-23 17:37:38.374 32272 32272 E ArmVmp : Match on catch block at 0xc3 in for 0xa5
02-23 17:37:38.377 32272 32272 E ArmVmp : Match on catch block at 0xc3 in for 0xa5
02-23 17:37:38.385 32272 32272 E ArmVmp : Match on catch block at 0xc3 in for 0xa9
02-23 17:37:38.391 32272 32272 E ArmVmp : Match on catch block at 0xc3 in for 0xa1
02-23 17:37:38.394 32272 32272 E ArmVmp : Match on catch block at 0xc3 in for 0xa1
02-23 17:37:38.402 32272 32272 E ArmVmp : Match on catch block at 0xc3 in for 0xa5
02-23 17:37:38.408 32272 32272 E ArmVmp : Match on catch block at 0xc3 in for 0xa9
02-23 17:37:38.413 32272 32272 E ArmVmp : Match on catch block at 0xc3 in for 0xa9
02-23 17:37:38.423 32272 32272 E ArmVmp : Match on catch block at 0xc3 in for 0xa1
02-23 17:37:38.430 32272 32272 E ArmVmp : Match on catch block at 0xc3 in for 0xa5
02-23 17:37:38.433 32272 32272 E ArmVmp : Match on catch block at 0xc3 in for 0xa5
02-23 17:37:38.450 32272 32272 E ArmVmp : Match on catch block at 0xc3 in for 0xa9
02-23 17:37:38.455 32272 32272 E ArmVmp : Match on catch block at 0xc3 in for 0xa1
02-23 17:37:38.462 32272 32272 E ArmVmp : Match on catch block at 0xc3 in for 0xa1
02-23 17:37:38.468 32272 32272 E ArmVmp : Match on catch block at 0xc3 in for 0xa5
02-23 17:37:38.472 32272 32272 E ArmVmp : Match on catch block at 0xc3 in for 0xa9
02-23 17:37:38.475 32272 32272 E ArmVmp : Match on catch block at 0xc3 in for 0xa9
02-23 17:37:38.486 32272 32272 E ArmVmp : Match on catch block at 0xc3 in for 0xa1
02-23 17:37:38.491 32272 32272 E ArmVmp : Match on catch block at 0xc3 in for 0xa5
02-23 17:37:38.495 32272 32272 E ArmVmp : Match on catch block at 0xc3 in for 0xa5
02-23 17:37:38.508 32272 32272 E ArmVmp : Match on catch block at 0xc3 in for 0xa9
02-23 17:37:38.512 32272 32272 E ArmVmp : Match on catch block at 0xc3 in for 0xa1
02-23 17:37:38.515 32272 32272 E ArmVmp : Match on catch block at 0xc3 in for 0xa1
02-23 17:37:38.522 32272 32272 E ArmVmp : Match on catch block at 0xc3 in for 0xa5
02-23 17:37:38.526 32272 32272 E ArmVmp : Match on catch block at 0xc3 in for 0xa9
02-23 17:37:38.531 32272 32272 E ArmVmp : Match on catch block at 0xc3 in for 0xa9
02-23 17:37:38.545 32272 32272 E ArmVmp : Match on catch block at 0xc3 in for 0xa1
02-23 17:37:38.558 32272 32272 E ArmVmp : Match on catch block at 0xc3 in for 0xa5
02-23 17:37:38.562 32272 32272 E ArmVmp : Match on catch block at 0xc3 in for 0xa5
02-23 17:37:38.578 32272 32272 E ArmVmp : Match on catch block at 0xc3 in for 0xa5
02-23 17:37:38.584 32272 32272 E ArmVmp : Match on catch block at 0xc3 in for 0xa9
02-23 17:37:38.588 32272 32272 E ArmVmp : Match on catch block at 0xc3 in for 0xa9
02-23 17:37:38.595 32272 32272 E ArmVmp : Match on catch block at 0xc3 in for 0xa1
02-23 17:37:38.601 32272 32272 E ArmVmp : Match on catch block at 0xc3 in for 0xa5
02-23 17:37:38.606 32272 32272 E ArmVmp : Match on catch block at 0xc3 in for 0xa5
02-23 17:37:38.611 32272 32272 E ArmVmp : Match on catch block at 0xc3 in for 0xa9
02-23 17:37:38.622 32272 32272 E ArmVmp : Match on catch block at 0xc3 in for 0xa1
02-23 17:37:38.625 32272 32272 E ArmVmp : Match on catch block at 0xc3 in for 0xa1
02-23 17:37:38.632 32272 32272 E ArmVmp : Match on catch block at 0xc3 in for 0xa5
02-23 17:37:38.636 32272 32272 E ArmVmp : Match on catch block at 0xc3 in for 0xa9
02-23 17:37:38.645 32272 32272 E ArmVmp : Match on catch block at 0xc3 in for 0xa9
02-23 17:37:38.652 32272 32272 E ArmVmp : Match on catch block at 0xc3 in for 0xa1
02-23 17:37:38.656 32272 32272 E ArmVmp : Match on catch block at 0xc3 in for 0xa5
02-23 17:37:38.660 32272 32272 E ArmVmp : Match on catch block at 0xc3 in for 0xa5
02-23 17:37:38.679 32272 32272 E ArmVmp : Match on catch block at 0xc3 in for 0xa9
02-23 17:37:38.684 32272 32272 E ArmVmp : Match on catch block at 0xc3 in for 0xa1
02-23 17:37:38.689 32272 32272 E ArmVmp : Match on catch block at 0xc3 in for 0xa1
02-23 17:37:38.695 32272 32272 E ArmVmp : Match on catch block at 0xc3 in for 0xa5
02-23 17:37:38.699 32272 32272 E ArmVmp : Match on catch block at 0xc3 in for 0xa9
02-23 17:37:38.704 32272 32272 E ArmVmp : Match on catch block at 0xc3 in for 0xa9
02-23 17:37:38.711 32272 32272 E ArmVmp : Match on catch block at 0xc3 in for 0xa1
02-23 17:37:38.716 32272 32272 E ArmVmp : Match on catch block at 0xc3 in for 0xa5
02-23 17:37:38.719 32272 32272 E ArmVmp : Match on catch block at 0xc3 in for 0xa5
02-23 17:37:38.726 32272 32272 E ArmVmp : Match on catch block at 0xc3 in for 0xa9
02-23 17:37:38.731 32272 32272 E ArmVmp : Match on catch block at 0xc3 in for 0xa1
02-23 17:37:38.740 32272 32272 E ArmVmp : Match on catch block at 0xc3 in for 0xa1
02-23 17:37:38.746 32272 32272 E ArmVmp : Match on catch block at 0xc3 in for 0xa5
02-23 17:37:38.761 32272 32272 E ArmVmp : Match on catch block at 0xc3 in for 0xa9
02-23 17:37:38.770 32272 32272 E ArmVmp : Match on catch block at 0xc3 in for 0xa9
02-23 17:37:38.777 32272 32272 E ArmVmp : Match on catch block at 0xc3 in for 0xa1
02-23 17:37:38.783 32272 32272 E ArmVmp : Match on catch block at 0xc3 in for 0xa5
02-23 17:37:38.786 32272 32272 E ArmVmp : Match on catch block at 0xc3 in for 0xa5
02-23 17:37:38.798 32272 32272 E ArmVmp : Match on catch block at 0xc3 in for 0xa5
02-23 17:37:38.802 32272 32272 E ArmVmp : Match on catch block at 0xc3 in for 0xa9
02-23 17:37:38.830 32272 32272 E ArmVmp : Match on catch block at 0xc3 in for 0xa9
02-23 17:37:38.840 32272 32272 E ArmVmp : Match on catch block at 0xc3 in for 0xa1
02-23 17:37:38.846 32272 32272 E ArmVmp : Match on catch block at 0xc3 in for 0xa5
02-23 17:37:38.850 32272 32272 E ArmVmp : Match on catch block at 0xc3 in for 0xa5
02-23 17:37:38.876 32272 32272 E ArmVmp : Match on catch block at 0xc3 in for 0xa9
02-23 17:37:38.882 32272 32272 E ArmVmp : Match on catch block at 0xc3 in for 0xa1
02-23 17:37:38.885 32272 32272 E ArmVmp : Match on catch block at 0xc3 in for 0xa1
02-23 17:37:39.008 32272 12600 W libEGL : EGLNativeWindowType 0x7d1002a010
disconnect failed
02-23 17:37:39.026 32272 32272 E ArmVmp : Match on catch block at 0xc3 in for 0xa5
02-23 17:37:39.035 32272 32272 E ArmVmp : Match on catch block at 0xc3 in for 0xa9
02-23 17:37:39.039 32272 32272 E ArmVmp : Match on catch block at 0xc3 in for 0xa9
02-23 17:37:39.126 32272 32272 E ArmVmp : Match on catch block at 0xc3 in for 0xa1
02-23 17:37:39.130 32272 32272 E ArmVmp : Match on catch block at 0xc3 in for 0xa5
02-23 17:37:39.135 32272 32272 E ArmVmp : Match on catch block at 0xc3 in for 0xa5
02-23 17:37:39.157 32272 32272 E ArmVmp : Match on catch block at 0xc3 in for 0xa9
02-23 17:37:39.164 32272 32272 E ArmVmp : Match on catch block at 0xc3 in for 0xa1
02-23 17:37:39.168 32272 32272 E ArmVmp : Match on catch block at 0xc3 in for 0xa1
02-23 17:37:39.197 32272 32272 E ArmVmp : Match on catch block at 0xc3 in for 0xa5
02-23 17:37:39.202 32272 32272 E ArmVmp : Match on catch block at 0xc3 in for 0xa9
02-23 17:37:39.209 32272 32272 E ArmVmp : Match on catch block at 0xc3 in for 0xa9
02-23 17:37:39.222 32272 32272 E ArmVmp : Match on catch block at 0xc3 in for 0xa1
02-23 17:37:39.228 32272 32272 E ArmVmp : Match on catch block at 0xc3 in for 0xa5
02-23 17:37:39.231 32272 32272 E ArmVmp : Match on catch block at 0xc3 in for 0xa5
02-23 17:37:39.242 32272 32272 E ArmVmp : Match on catch block at 0xc3 in for 0xa9
02-23 17:37:39.250 32272 32272 E ArmVmp : Match on catch block at 0xc3 in for 0xa1
02-23 17:37:39.262 32272 32272 E ArmVmp : Match on catch block at 0xc3 in for 0xa1
02-23 17:37:39.276 32272 32272 E ArmVmp : Match on catch block at 0xc3 in for 0xa5
02-23 17:37:39.296 32272 32272 E ArmVmp : Match on catch block at 0xc3 in for 0xa9
02-23 17:37:39.305 32272 32272 E ArmVmp : Match on catch block at 0xc3 in for 0xa9
02-23 17:37:39.315 32272 32272 E ArmVmp : Match on catch block at 0xc3 in for 0xa1
02-23 17:37:39.325 32272 32272 E ArmVmp : Match on catch block at 0xc3 in for 0xa5
02-23 17:37:39.330 32272 32272 E ArmVmp : Match on catch block at 0xc3 in for 0xa5
02-23 17:37:39.346 32272 32272 E ArmVmp : Match on catch block at 0xc3 in for 0xa9
02-23 17:37:39.352 32272 32272 E ArmVmp : Match on catch block at 0xc3 in for 0xa1
02-23 17:37:39.357 32272 32272 E ArmVmp : Match on catch block at 0xc3 in for 0xa1
02-23 17:37:39.364 32272 32272 E ArmVmp : Match on catch block at 0xc3 in for 0xa5
02-23 17:37:39.377 32272 32272 E ArmVmp : Match on catch block at 0xc3 in for 0xa9
02-23 17:37:39.382 32272 32272 E ArmVmp : Match on catch block at 0xc3 in for 0xa9
02-23 17:37:39.405 32272 32272 E ArmVmp : Match on catch block at 0xc3 in for 0xa1
02-23 17:37:39.410 32272 32272 E ArmVmp : Match on catch block at 0xc3 in for 0xa5
02-23 17:37:39.423 32272 32272 E ArmVmp : Match on catch block at 0xc3 in for 0xa5
02-23 17:37:39.437 32272 32272 E ArmVmp : Match on catch block at 0xc3 in for 0xa9
02-23 17:37:39.445 32272 32272 E ArmVmp : Match on catch block at 0xc3 in for 0xa1
02-23 17:37:39.456 32272 32272 E ArmVmp : Match on catch block at 0xc3 in for 0xa1
02-23 17:37:39.463 32272 32272 E ArmVmp : Match on catch block at 0xc3 in for 0xa5
02-23 17:37:39.469 32272 32272 E ArmVmp : Match on catch block at 0xc3 in for 0xa9
02-23 17:37:39.485 32272 32272 E ArmVmp : Match on catch block at 0xc3 in for 0xa9
02-23 17:37:39.492 32272 32272 E ArmVmp : Match on catch block at 0xc3 in for 0xa1
02-23 17:37:39.502 32272 32272 E ArmVmp : Match on catch block at 0xc3 in for 0xa5
02-23 17:37:39.509 32272 32272 E ArmVmp : Match on catch block at 0xc3 in for 0xa5
02-23 17:37:39.520 32272 32272 E ArmVmp : Match on catch block at 0xc3 in for 0xa9
02-23 17:37:39.527 32272 32272 E ArmVmp : Match on catch block at 0xc3 in for 0xa1
02-23 17:37:39.531 32272 32272 E ArmVmp : Match on catch block at 0xc3 in for 0xa1
02-23 17:37:39.539 32272 32272 E ArmVmp : Match on catch block at 0xc3 in for 0xa5
02-23 17:37:39.547 32272 32272 E ArmVmp : Match on catch block at 0xc3 in for 0xa9
02-23 17:37:39.550 32272 32272 E ArmVmp : Match on catch block at 0xc3 in for 0xa9
02-23 17:37:39.557 32272 32272 E ArmVmp : Match on catch block at 0xc3 in for 0xa1
02-23 17:37:39.563 32272 32272 E ArmVmp : Match on catch block at 0xc3 in for 0xa5
02-23 17:37:39.568 32272 32272 E ArmVmp : Match on catch block at 0xc3 in for 0xa5
02-23 17:37:39.598 32272 32272 E ArmVmp : Match on catch block at 0xc3 in for 0xa9
02-23 17:37:39.603 32272 32272 E ArmVmp : Match on catch block at 0xc3 in for 0xa1
02-23 17:37:39.610 32272 32272 E ArmVmp : Match on catch block at 0xc3 in for 0xa1
02-23 17:37:39.617 32272 32272 E ArmVmp : Match on catch block at 0xc3 in for 0xa5
02-23 17:37:39.624 32272 32272 E ArmVmp : Match on catch block at 0xc3 in for 0xa9
02-23 17:37:39.628 32272 32272 E ArmVmp : Match on catch block at 0xc3 in for 0xa9
02-23 17:37:39.637 32272 32272 E ArmVmp : Match on catch block at 0xc3 in for 0xa1
02-23 17:37:39.645 32272 32272 E ArmVmp : Match on catch block at 0xc3 in for 0xa5
02-23 17:37:39.653 32272 32272 E ArmVmp : Match on catch block at 0xc3 in for 0xa5
02-23 17:37:39.661 32272 32272 E ArmVmp : Match on catch block at 0xc3 in for 0xa9
02-23 17:37:39.674 32272 32272 E ArmVmp : Match on catch block at 0xc3 in for 0xa1
02-23 17:37:39.678 32272 32272 E ArmVmp : Match on catch block at 0xc3 in for 0xa1
02-23 17:37:39.692 32272 32272 E ArmVmp : Match on catch block at 0xc3 in for 0xa5
02-23 17:37:39.698 32272 32272 E ArmVmp : Match on catch block at 0xc3 in for 0xa9
02-23 17:37:39.702 32272 32272 E ArmVmp : Match on catch block at 0xc3 in for 0xa9
02-23 17:37:39.712 32272 32272 E ArmVmp : Match on catch block at 0xc3 in for 0xa1
02-23 17:37:39.719 32272 32272 E ArmVmp : Match on catch block at 0xc3 in for 0xa5
02-23 17:37:39.726 32272 32272 E ArmVmp : Match on catch block at 0xc3 in for 0xa5
02-23 17:37:39.733 32272 32272 E ArmVmp : Match on catch block at 0xc3 in for 0xa9
02-23 17:37:39.744 32272 32272 E ArmVmp : Match on catch block at 0xc3 in for 0xa1
02-23 17:37:39.746 32272 32272 E ArmVmp : Match on catch block at 0xc3 in for 0xa1
02-23 17:37:39.757 32272 32272 E ArmVmp : Match on catch block at 0xc3 in for 0xa5
02-23 17:37:39.761 32272 32272 E ArmVmp : Match on catch block at 0xc3 in for 0xa9
02-23 17:37:39.766 32272 32272 E ArmVmp : Match on catch block at 0xc3 in for 0xa9
02-23 17:37:39.774 32272 32272 E ArmVmp : Match on catch block at 0xc3 in for 0xa1
02-23 17:37:39.779 32272 32272 E ArmVmp : Match on catch block at 0xc3 in for 0xa5
02-23 17:37:39.783 32272 32272 E ArmVmp : Match on catch block at 0xc3 in for 0xa5
02-23 17:37:39.790 32272 32272 E ArmVmp : Match on catch block at 0xc3 in for 0xa9
02-23 17:37:39.795 32272 32272 E ArmVmp : Match on catch block at 0xc3 in for 0xa1
02-23 17:37:39.800 32272 32272 E ArmVmp : Match on catch block at 0xc3 in for 0xa1
02-23 17:37:39.808 32272 32272 E ArmVmp : Match on catch block at 0xc3 in for 0xa5
02-23 17:37:39.812 32272 32272 E ArmVmp : Match on catch block at 0xc3 in for 0xa9
02-23 17:37:39.816 32272 32272 E ArmVmp : Match on catch block at 0xc3 in for 0xa9
02-23 17:37:39.822 32272 32272 E ArmVmp : Match on catch block at 0xc3 in for 0xa1
02-23 17:37:39.829 32272 32272 E ArmVmp : Match on catch block at 0xc3 in for 0xa5
02-23 17:37:39.834 32272 32272 E ArmVmp : Match on catch block at 0xc3 in for 0xa5
02-23 17:37:39.840 32272 32272 E ArmVmp : Match on catch block at 0xc3 in for 0xa9
02-23 17:37:39.850 32272 32272 E ArmVmp : Match on catch block at 0xc3 in for 0xa1
02-23 17:37:39.857 32272 32272 E ArmVmp : Match on catch block at 0xc3 in for 0xa1
02-23 17:37:39.867 32272 32272 E ArmVmp : Match on catch block at 0xc3 in for 0xa5
02-23 17:37:39.876 32272 32272 E ArmVmp : Match on catch block at 0xc3 in for 0xa9
02-23 17:37:39.891 32272 32272 E ArmVmp : Match on catch block at 0xc3 in for 0xa9
02-23 17:37:39.897 32272 32272 E ArmVmp : Match on catch block at 0xc3 in for 0xa1
02-23 17:37:39.906 32272 32272 E ArmVmp : Match on catch block at 0xc3 in for 0xa5
02-23 17:37:39.909 32272 32272 E ArmVmp : Match on catch block at 0xc3 in for 0xa5
02-23 17:37:39.916 32272 32272 E ArmVmp : Match on catch block at 0xc3 in for 0xa9
02-23 17:37:39.928 32272 32272 E ArmVmp : Match on catch block at 0xc3 in for 0xa1
02-23 17:37:39.932 32272 32272 E ArmVmp : Match on catch block at 0xc3 in for 0xa1
02-23 17:37:39.940 32272 32272 E ArmVmp : Match on catch block at 0xc3 in for 0xa5
02-23 17:37:39.944 32272 32272 E ArmVmp : Match on catch block at 0xc3 in for 0xa9
02-23 17:37:39.953 32272 32272 E ArmVmp : Match on catch block at 0xc3 in for 0xa9
02-23 17:37:39.961 32272 32272 E ArmVmp : Match on catch block at 0xc3 in for 0xa1
02-23 17:37:39.965 32272 32272 E ArmVmp : Match on catch block at 0xc3 in for 0xa5
02-23 17:37:39.971 32272 32272 E ArmVmp : Match on catch block at 0xc3 in for 0xa5
02-23 17:37:39.978 32272 32272 E ArmVmp : Match on catch block at 0xc3 in for 0xa9
02-23 17:37:39.986 32272 32272 E ArmVmp : Match on catch block at 0xc3 in for 0xa1
02-23 17:37:39.991 32272 32272 E ArmVmp : Match on catch block at 0xc3 in for 0xa1
02-23 17:37:39.996 32272 32272 E ArmVmp : Match on catch block at 0xc3 in for 0xa5
02-23 17:37:40.005 32272 32272 E ArmVmp : Match on catch block at 0xc3 in for 0xa9
02-23 17:37:40.011 32272 32272 E ArmVmp : Match on catch block at 0xc3 in for 0xa9
02-23 17:37:40.017 32272 32272 E ArmVmp : Match on catch block at 0xc3 in for 0xa1
02-23 17:37:40.024 32272 32272 E ArmVmp : Match on catch block at 0xc3 in for 0xa5
02-23 17:37:40.030 32272 32272 E ArmVmp : Match on catch block at 0xc3 in for 0xa5
02-23 17:37:40.038 32272 32272 E ArmVmp : Match on catch block at 0xc3 in for 0xa9
02-23 17:37:40.045 32272 32272 E ArmVmp : Match on catch block at 0xc3 in for 0xa1
02-23 17:37:40.049 32272 32272 E ArmVmp : Match on catch block at 0xc3 in for 0xa1
02-23 17:37:40.058 32272 32272 E ArmVmp : Match on catch block at 0xc3 in for 0xa5
02-23 17:37:40.067 32272 32272 E ArmVmp : Match on catch block at 0xc3 in for 0xa9
02-23 17:37:40.070 32272 32272 E ArmVmp : Match on catch block at 0xc3 in for 0xa9
02-23 17:37:40.079 32272 32272 E ArmVmp : Match on catch block at 0xc3 in for 0xa1
02-23 17:37:40.083 32272 32272 E ArmVmp : Match on catch block at 0xc3 in for 0xa5
02-23 17:37:40.090 32272 32272 E ArmVmp : Match on catch block at 0xc3 in for 0xa5
02-23 17:37:40.097 32272 32272 E ArmVmp : Match on catch block at 0xc3 in for 0xa9
02-23 17:37:40.106 32272 32272 E ArmVmp : Match on catch block at 0xc3 in for 0xa1
02-23 17:37:40.109 32272 32272 E ArmVmp : Match on catch block at 0xc3 in for 0xa1
02-23 17:37:40.116 32272 32272 E ArmVmp : Match on catch block at 0xc3 in for 0xa5
02-23 17:37:40.124 32272 32272 E ArmVmp : Match on catch block at 0xc3 in for 0xa9
02-23 17:37:40.127 32272 32272 E ArmVmp : Match on catch block at 0xc3 in for 0xa9
02-23 17:37:40.134 32272 32272 E ArmVmp : Match on catch block at 0xc3 in for 0xa1
02-23 17:37:40.140 32272 32272 E ArmVmp : Match on catch block at 0xc3 in for 0xa5
02-23 17:37:40.147 32272 32272 E ArmVmp : Match on catch block at 0xc3 in for 0xa5
02-23 17:37:40.153 32272 32272 E ArmVmp : Match on catch block at 0xc3 in for 0xa9
02-23 17:37:40.161 32272 32272 E ArmVmp : Match on catch block at 0xc3 in for 0xa1
02-23 17:37:40.166 32272 32272 E ArmVmp : Match on catch block at 0xc3 in for 0xa1
02-23 17:37:40.179 32272 32272 E ArmVmp : Match on catch block at 0xc3 in for 0xa5
02-23 17:37:40.184 32272 32272 E ArmVmp : Match on catch block at 0xc3 in for 0xa9
02-23 17:37:40.193 32272 32272 E ArmVmp : Match on catch block at 0xc3 in for 0xa9
02-23 17:37:40.205 32272 32272 E ArmVmp : Match on catch block at 0xc3 in for 0xa1
02-23 17:37:40.216 32272 32272 E ArmVmp : Match on catch block at 0xc3 in for 0xa5
02-23 17:37:40.220 32272 32272 E ArmVmp : Match on catch block at 0xc3 in for 0xa5
02-23 17:37:40.227 32272 32272 E ArmVmp : Match on catch block at 0xc3 in for 0xa9
02-23 17:37:40.234 32272 32272 E ArmVmp : Match on catch block at 0xc3 in for 0xa1
02-23 17:37:40.242 32272 32272 E ArmVmp : Match on catch block at 0xc3 in for 0xa1
02-23 17:37:40.249 32272 32272 E ArmVmp : Match on catch block at 0xc3 in for 0xa5
02-23 17:37:40.255 32272 32272 E ArmVmp : Match on catch block at 0xc3 in for 0xa9
02-23 17:37:40.258 32272 32272 E ArmVmp : Match on catch block at 0xc3 in for 0xa9
02-23 17:37:40.266 32272 32272 E ArmVmp : Match on catch block at 0xc3 in for 0xa1
02-23 17:37:40.270 32272 32272 E ArmVmp : Match on catch block at 0xc3 in for 0xa5
02-23 17:37:40.278 32272 32272 E ArmVmp : Match on catch block at 0xc3 in for 0xa5
02-23 17:37:40.288 32272 32272 E ArmVmp : Match on catch block at 0xc3 in for 0xa9
02-23 17:37:40.295 32272 32272 E ArmVmp : Match on catch block at 0xc3 in for 0xa1
02-23 17:37:40.298 32272 32272 E ArmVmp : Match on catch block at 0xc3 in for 0xa1
02-23 17:37:40.306 32272 32272 E ArmVmp : Match on catch block at 0xc3 in for 0xa5
02-23 17:37:40.311 32272 32272 E ArmVmp : Match on catch block at 0xc3 in for 0xa9
02-23 17:37:40.317 32272 32272 E ArmVmp : Match on catch block at 0xc3 in for 0xa9
02-23 17:37:40.325 32272 32272 E ArmVmp : Match on catch block at 0xc3 in for 0xa1
02-23 17:37:40.330 32272 32272 E ArmVmp : Match on catch block at 0xc3 in for 0xa5
02-23 17:37:40.335 32272 32272 E ArmVmp : Match on catch block at 0xc3 in for 0xa5
02-23 17:37:40.343 32272 32272 E ArmVmp : Match on catch block at 0xc3 in for 0xa9
02-23 17:37:40.347 32272 32272 E ArmVmp : Match on catch block at 0xc3 in for 0xa1
02-23 17:37:40.353 32272 32272 E ArmVmp : Match on catch block at 0xc3 in for 0xa1
02-23 17:37:40.361 32272 32272 E ArmVmp : Match on catch block at 0xc3 in for 0xa5
02-23 17:37:40.367 32272 32272 E ArmVmp : Match on catch block at 0xc3 in for 0xa9
02-23 17:37:40.370 32272 32272 E ArmVmp : Match on catch block at 0xc3 in for 0xa9
02-23 17:37:40.376 32272 32272 E ArmVmp : Match on catch block at 0xc3 in for 0xa1
02-23 17:37:40.380 32272 32272 E ArmVmp : Match on catch block at 0xc3 in for 0xa5
02-23 17:37:40.385 32272 32272 E ArmVmp : Match on catch block at 0xc3 in for 0xa5
02-23 17:37:40.391 32272 32272 E ArmVmp : Match on catch block at 0xc3 in for 0xa9
02-23 17:37:40.397 32272 32272 E ArmVmp : Match on catch block at 0xc3 in for 0xa1
02-23 17:37:40.401 32272 32272 E ArmVmp : Match on catch block at 0xc3 in for 0xa1
02-23 17:37:40.408 32272 32272 E ArmVmp : Match on catch block at 0xc3 in for 0xa5
02-23 17:37:40.413 32272 32272 E ArmVmp : Match on catch block at 0xc3 in for 0xa9
02-23 17:37:40.420 32272 32272 E ArmVmp : Match on catch block at 0xc3 in for 0xa9
02-23 17:37:40.428 32272 32272 E ArmVmp : Match on catch block at 0xc3 in for 0xa1
02-23 17:37:40.436 32272 32272 E ArmVmp : Match on catch block at 0xc3 in for 0xa5
02-23 17:37:40.441 32272 32272 E ArmVmp : Match on catch block at 0xc3 in for 0xa5
02-23 17:37:40.448 32272 32272 E ArmVmp : Match on catch block at 0xc3 in for 0xa9
02-23 17:37:40.452 32272 32272 E ArmVmp : Match on catch block at 0xc3 in for 0xa1
02-23 17:37:40.460 32272 32272 E ArmVmp : Match on catch block at 0xc3 in for 0xa1
02-23 17:37:40.470 32272 32272 E ArmVmp : Match on catch block at 0xc3 in for 0xa5
02-23 17:37:40.474 32272 32272 E ArmVmp : Match on catch block at 0xc3 in for 0xa9
02-23 17:37:40.480 32272 32272 E ArmVmp : Match on catch block at 0xc3 in for 0xa9
02-23 17:37:40.496 32272 32272 E ArmVmp : Match on catch block at 0xc3 in for 0xa1
02-23 17:37:40.509 32272 32272 E ArmVmp : Match on catch block at 0xc3 in for 0xa5
02-23 17:37:40.513 32272 32272 E ArmVmp : Match on catch block at 0xc3 in for 0xa5
02-23 17:37:40.533 32272 32272 E ArmVmp : Match on catch block at 0xc3 in for 0xa9
02-23 17:37:40.537 32272 32272 E ArmVmp : Match on catch block at 0xc3 in for 0xa1
02-23 17:37:40.541 32272 32272 E ArmVmp : Match on catch block at 0xc3 in for 0xa1
02-23 17:37:40.578 32272 32272 E ArmVmp : Match on catch block at 0xc3 in for 0xa5
02-23 17:37:40.586 32272 32272 E ArmVmp : Match on catch block at 0xc3 in for 0xa9
02-23 17:37:40.591 32272 32272 E ArmVmp : Match on catch block at 0xc3 in for 0xa9
02-23 17:37:40.599 32272 32272 E ArmVmp : Match on catch block at 0xc3 in for 0xa1
02-23 17:37:40.608 32272 32272 E ArmVmp : Match on catch block at 0xc3 in for 0xa5
02-23 17:37:40.612 32272 32272 E ArmVmp : Match on catch block at 0xc3 in for 0xa5
02-23 17:37:40.629 32272 32272 E ArmVmp : Match on catch block at 0xc3 in for 0xa9
02-23 17:37:40.636 32272 32272 E ArmVmp : Match on catch block at 0xc3 in for 0xa1
02-23 17:37:40.646 32272 32272 E ArmVmp : Match on catch block at 0xc3 in for 0xa1
02-23 17:37:40.657 32272 32272 E ArmVmp : Match on catch block at 0xc3 in for 0xa5
02-23 17:37:40.662 32272 32272 E ArmVmp : Match on catch block at 0xc3 in for 0xa9
02-23 17:37:40.666 32272 32272 E ArmVmp : Match on catch block at 0xc3 in for 0xa9
02-23 17:37:40.708 32272 32272 E ArmVmp : Match on catch block at 0xc3 in for 0xa1
02-23 17:37:40.720 32272 32272 E ArmVmp : Match on catch block at 0xc3 in for 0xa5
02-23 17:37:40.724 32272 32272 E ArmVmp : Match on catch block at 0xc3 in for 0xa5
02-23 17:37:40.730 32272 32272 E ArmVmp : Match on catch block at 0xc3 in for 0xa9
02-23 17:37:40.738 32272 32272 E ArmVmp : Match on catch block at 0xc3 in for 0xa1
02-23 17:37:40.742 32272 32272 E ArmVmp : Match on catch block at 0xc3 in for 0xa1
02-23 17:37:40.751 32272 32272 E ArmVmp : Match on catch block at 0xc3 in for 0xa5
02-23 17:37:40.756 32272 32272 E ArmVmp : Match on catch block at 0xc3 in for 0xa9
02-23 17:37:40.759 32272 32272 E ArmVmp : Match on catch block at 0xc3 in for 0xa9
02-23 17:37:40.773 32272 32272 E ArmVmp : Match on catch block at 0xc3 in for 0xa1
02-23 17:37:40.777 32272 32272 E ArmVmp : Match on catch block at 0xc3 in for 0xa5
02-23 17:37:40.781 32272 32272 E ArmVmp : Match on catch block at 0xc3 in for 0xa5
02-23 17:37:40.793 32272 32272 E ArmVmp : Match on catch block at 0xc3 in for 0xa9
02-23 17:37:40.800 32272 32272 E ArmVmp : Match on catch block at 0xc3 in for 0xa1
02-23 17:37:40.805 32272 32272 E ArmVmp : Match on catch block at 0xc3 in for 0xa1
02-23 17:37:40.863 32272 32272 E ArmVmp : Match on catch block at 0xc3 in for 0xa5
02-23 17:37:40.871 32272 32272 E ArmVmp : Match on catch block at 0xc3 in for 0xa9
02-23 17:37:40.873 32272 32272 E ArmVmp : Match on catch block at 0xc3 in for 0xa9
02-23 17:37:40.963 32272 32272 E ArmVmp : Match on catch block at 0xc3 in for 0xa1
02-23 17:37:40.973 32272 32272 E ArmVmp : Match on catch block at 0xc3 in for 0xa5
02-23 17:37:40.987 32272 32272 E ArmVmp : Match on catch block at 0xc3 in for 0xa5
02-23 17:37:41.063 32272 32272 E ArmVmp : Match on catch block at 0xc3 in for 0xa9
02-23 17:37:41.071 32272 32272 E ArmVmp : Match on catch block at 0xc3 in for 0xa1
02-23 17:37:41.076 32272 32272 E ArmVmp : Match on catch block at 0xc3 in for 0xa1
02-23 17:37:41.200 32272 32272 E ArmVmp : Match on catch block at 0xc3 in for 0xa5
02-23 17:37:41.207 32272 32272 E ArmVmp : Match on catch block at 0xc3 in for 0xa9
02-23 17:37:41.210 32272 32272 E ArmVmp : Match on catch block at 0xc3 in for 0xa9
02-23 17:37:41.289 32272 32272 E ArmVmp : Match on catch block at 0xc3 in for 0xa1
02-23 17:37:41.294 32272 32272 E ArmVmp : Match on catch block at 0xc3 in for 0xa5
02-23 17:37:41.298 32272 32272 E ArmVmp : Match on catch block at 0xc3 in for 0xa5
02-23 17:37:41.395 32272 32272 E ArmVmp : Match on catch block at 0xc3 in for 0xa9
02-23 17:37:41.409 32272 32272 E ArmVmp : Match on catch block at 0xc3 in for 0xa1
02-23 17:37:41.417 32272 32272 E ArmVmp : Match on catch block at 0xc3 in for 0xa1
02-23 17:37:41.497 32272 32272 E ArmVmp : Match on catch block at 0xc3 in for 0xa5
02-23 17:37:41.502 32272 32272 E ArmVmp : Match on catch block at 0xc3 in for 0xa9
02-23 17:37:41.507 32272 32272 E ArmVmp : Match on catch block at 0xc3 in for 0xa9
02-23 17:37:41.591 32272 32272 E ArmVmp : Match on catch block at 0xc3 in for 0xa1
02-23 17:37:41.599 32272 32272 E ArmVmp : Match on catch block at 0xc3 in for 0xa5
02-23 17:37:41.604 32272 32272 E ArmVmp : Match on catch block at 0xc3 in for 0xa5
02-23 17:37:41.672 32272 32272 E ArmVmp : Match on catch block at 0xc3 in for 0xa9
02-23 17:37:41.682 32272 32272 E ArmVmp : Match on catch block at 0xc3 in for 0xa1
02-23 17:37:41.686 32272 32272 E ArmVmp : Match on catch block at 0xc3 in for 0xa1
02-23 17:37:41.706 32272 32272 E ArmVmp : Match on catch block at 0xc3 in for 0xa5
02-23 17:37:41.712 32272 32272 E ArmVmp : Match on catch block at 0xc3 in for 0xa9
02-23 17:37:41.716 32272 32272 E ArmVmp : Match on catch block at 0xc3 in for 0xa9
02-23 17:37:41.725 32272 32272 E ArmVmp : Match on catch block at 0xc3 in for 0xa1
02-23 17:37:41.743 32272 32272 E ArmVmp : Match on catch block at 0xc3 in for 0xa5
02-23 17:37:41.752 32272 32272 E ArmVmp : Match on catch block at 0xc3 in for 0xa5
02-23 17:37:41.764 32272 32272 E ArmVmp : Match on catch block at 0xc3 in for 0xa9
02-23 17:37:41.771 32272 32272 E ArmVmp : Match on catch block at 0xc3 in for 0xa1
02-23 17:37:41.775 32272 32272 E ArmVmp : Match on catch block at 0xc3 in for 0xa1
02-23 17:37:41.787 32272 32272 E ArmVmp : Match on catch block at 0xc3 in for 0xa5
02-23 17:37:41.793 32272 32272 E ArmVmp : Match on catch block at 0xc3 in for 0xa9
02-23 17:37:41.798 32272 32272 E ArmVmp : Match on catch block at 0xc3 in for 0xa9
02-23 17:37:41.805 32272 32272 E ArmVmp : Match on catch block at 0xc3 in for 0xa1
02-23 17:37:41.810 32272 32272 E ArmVmp : Match on catch block at 0xc3 in for 0xa5
02-23 17:37:41.829 32272 32272 E ArmVmp : Match on catch block at 0xc3 in for 0xa5
02-23 17:37:41.840 32272 32272 E ArmVmp : Match on catch block at 0xc3 in for 0xa9
02-23 17:37:41.846 32272 32272 E ArmVmp : Match on catch block at 0xc3 in for 0xa1
02-23 17:37:41.857 32272 32272 E ArmVmp : Match on catch block at 0xc3 in for 0xa1
02-23 17:37:41.869 32272 32272 E ArmVmp : Match on catch block at 0xc3 in for 0xa5
02-23 17:37:41.881 32272 32272 E ArmVmp : Match on catch block at 0xc3 in for 0xa9
02-23 17:37:41.885 32272 32272 E ArmVmp : Match on catch block at 0xc3 in for 0xa9
02-23 17:37:41.895 32272 32272 E ArmVmp : Match on catch block at 0xc3 in for 0xa1
02-23 17:37:41.900 32272 32272 E ArmVmp : Match on catch block at 0xc3 in for 0xa5
02-23 17:37:41.907 32272 32272 E ArmVmp : Match on catch block at 0xc3 in for 0xa5
02-23 17:37:41.915 32272 32272 E ArmVmp : Match on catch block at 0xc3 in for 0xa9
02-23 17:37:41.922 32272 32272 E ArmVmp : Match on catch block at 0xc3 in for 0xa1
02-23 17:37:41.925 32272 32272 E ArmVmp : Match on catch block at 0xc3 in for 0xa1
02-23 17:37:41.935 32272 32272 E ArmVmp : Match on catch block at 0xc3 in for 0xa5
02-23 17:37:41.941 32272 32272 E ArmVmp : Match on catch block at 0xc3 in for 0xa9
02-23 17:37:41.945 32272 32272 E ArmVmp : Match on catch block at 0xc3 in for 0xa9
02-23 17:37:41.961 32272 32272 E ArmVmp : Match on catch block at 0xc3 in for 0xa1
02-23 17:37:41.968 32272 32272 E ArmVmp : Match on catch block at 0xc3 in for 0xa5
02-23 17:37:41.973 32272 32272 E ArmVmp : Match on catch block at 0xc3 in for 0xa5
02-23 17:37:41.980 32272 32272 E ArmVmp : Match on catch block at 0xc3 in for 0xa9
02-23 17:37:41.993 32272 32272 E ArmVmp : Match on catch block at 0xc3 in for 0xa1
02-23 17:37:42.009 32272 32272 E ArmVmp : Match on catch block at 0xc3 in for 0xa1
02-23 17:37:42.017 32272 32272 E ArmVmp : Match on catch block at 0xc3 in for 0xa5
02-23 17:37:42.025 32272 32272 E ArmVmp : Match on catch block at 0xc3 in for 0xa9
02-23 17:37:42.039 32272 32272 E ArmVmp : Match on catch block at 0xc3 in for 0xa9
02-23 17:37:42.055 32272 32272 E ArmVmp : Match on catch block at 0xc3 in for 0xa1
02-23 17:37:42.065 32272 32272 E ArmVmp : Match on catch block at 0xc3 in for 0xa5
02-23 17:37:42.068 32272 32272 E ArmVmp : Match on catch block at 0xc3 in for 0xa5
02-23 17:37:42.075 32272 32272 E ArmVmp : Match on catch block at 0xc3 in for 0xa9
02-23 17:37:42.086 32272 32272 E ArmVmp : Match on catch block at 0xc3 in for 0xa1
02-23 17:37:42.090 32272 32272 E ArmVmp : Match on catch block at 0xc3 in for 0xa1
02-23 17:37:42.101 32272 32272 E ArmVmp : Match on catch block at 0xc3 in for 0xa5
02-23 17:37:42.110 32272 32272 E ArmVmp : Match on catch block at 0xc3 in for 0xa9
02-23 17:37:42.113 32272 32272 E ArmVmp : Match on catch block at 0xc3 in for 0xa9
