02-23 16:54:27.405 16668 16668 E ArmVmp : Match on catch block at 0xc3 in for 0xa9
02-23 16:54:27.410 16668 16668 E ArmVmp : Match on catch block at 0xc3 in for 0xa1
02-23 16:54:27.422 16668 16668 E ArmVmp : Match on catch block at 0xc3 in for 0xa1
02-23 16:54:27.431 16668 16668 E ArmVmp : Match on catch block at 0xc3 in for 0xa5
02-23 16:54:27.438 16668 16668 E ArmVmp : Match on catch block at 0xc3 in for 0xa5
02-23 16:54:27.444 16668 16668 E ArmVmp : Match on catch block at 0xc3 in for 0xa9
02-23 16:54:27.455 16668 16668 E ArmVmp : Match on catch block at 0xc3 in for 0xa9
02-23 16:54:27.461 16668 16668 E ArmVmp : Match on catch block at 0xc3 in for 0xa1
02-23 16:54:27.472 16668 16668 E ArmVmp : Match on catch block at 0xc3 in for 0xa1
02-23 16:54:27.478 16668 16668 E ArmVmp : Match on catch block at 0xc3 in for 0xa5
02-23 16:54:27.494 16668 16668 E ArmVmp : Match on catch block at 0xc3 in for 0xa5
02-23 16:54:27.500 16668 16668 E ArmVmp : Match on catch block at 0xc3 in for 0xa9
02-23 16:54:27.508 16668 16668 E ArmVmp : Match on catch block at 0xc3 in for 0xa9
02-23 16:54:27.514 16668 16668 E ArmVmp : Match on catch block at 0xc3 in for 0xa1
02-23 16:54:27.523 16668 16668 E ArmVmp : Match on catch block at 0xc3 in for 0xa1
02-23 16:54:27.528 16668 16668 E ArmVmp : Match on catch block at 0xc3 in for 0xa5
02-23 16:54:27.538 16668 16668 E ArmVmp : Match on catch block at 0xc3 in for 0xa5
02-23 16:54:27.544 16668 16668 E ArmVmp : Match on catch block at 0xc3 in for 0xa9
02-23 16:54:27.555 16668 16668 E ArmVmp : Match on catch block at 0xc3 in for 0xa9
02-23 16:54:27.561 16668 16668 E ArmVmp : Match on catch block at 0xc3 in for 0xa1
02-23 16:54:27.575 16668 16668 E ArmVmp : Match on catch block at 0xc3 in for 0xa1
02-23 16:54:27.580 16668 16668 E ArmVmp : Match on catch block at 0xc3 in for 0xa5
02-23 16:54:27.588 16668 16668 E ArmVmp : Match on catch block at 0xc3 in for 0xa5
02-23 16:54:27.593 16668 16668 E ArmVmp : Match on catch block at 0xc3 in for 0xa9
02-23 16:54:27.606 16668 16668 E ArmVmp : Match on catch block at 0xc3 in for 0xa5
02-23 16:54:27.610 16668 16668 E ArmVmp : Match on catch block at 0xc3 in for 0xa9
02-23 16:54:27.656 16668 16668 E ArmVmp : Match on catch block at 0xc3 in for 0xa1
02-23 16:54:27.661 16668 16668 E ArmVmp : Match on catch block at 0xc3 in for 0xa5
02-23 16:54:27.704 16668 16668 E ArmVmp : Match on catch block at 0xc3 in for 0xa1
02-23 16:54:27.709 16668 16668 E ArmVmp : Match on catch block at 0xc3 in for 0xa5
02-23 16:54:27.718 16668 16668 E ArmVmp : Match on catch block at 0xc3 in for 0xa5
02-23 16:54:27.723 16668 16668 E ArmVmp : Match on catch block at 0xc3 in for 0xa9
02-23 16:54:27.734 16668 16668 E ArmVmp : Match on catch block at 0xc3 in for 0xa9
02-23 16:54:27.739 16668 16668 E ArmVmp : Match on catch block at 0xc3 in for 0xa1
02-23 16:54:27.748 16668 16668 E ArmVmp : Match on catch block at 0xc3 in for 0xa1
02-23 16:54:27.758 16668 16668 E ArmVmp : Match on catch block at 0xc3 in for 0xa5
02-23 16:54:27.770 16668 16668 E ArmVmp : Match on catch block at 0xc3 in for 0xa5
02-23 16:54:27.777 16668 16668 E ArmVmp : Match on catch block at 0xc3 in for 0xa9
02-23 16:54:27.794 16668 16668 E ArmVmp : Match on catch block at 0xc3 in for 0xa1
02-23 16:54:27.800 16668 16668 E ArmVmp : Match on catch block at 0xc3 in for 0xa5
02-23 16:54:27.828 16668 16668 E ArmVmp : Match on catch block at 0xc3 in for 0xa5
02-23 16:54:27.833 16668 16668 E ArmVmp : Match on catch block at 0xc3 in for 0xa9
02-23 16:54:27.842 16668 16668 E ArmVmp : Match on catch block at 0xc3 in for 0xa9
02-23 16:54:27.848 16668 16668 E ArmVmp : Match on catch block at 0xc3 in for 0xa1
02-23 16:54:27.855 16668 16668 E ArmVmp : Match on catch block at 0xc3 in for 0xa1
02-23 16:54:27.865 16668 16668 E ArmVmp : Match on catch block at 0xc3 in for 0xa5
02-23 16:54:27.872 16668 16668 E ArmVmp : Match on catch block at 0xc3 in for 0xa5
02-23 16:54:27.878 16668 16668 E ArmVmp : Match on catch block at 0xc3 in for 0xa9
02-23 16:54:27.889 16668 16668 E ArmVmp : Match on catch block at 0xc3 in for 0xa9
02-23 16:54:27.896 16668 16668 E ArmVmp : Match on catch block at 0xc3 in for 0xa1
02-23 16:54:27.905 16668 16668 E ArmVmp : Match on catch block at 0xc3 in for 0xa1
02-23 16:54:27.911 16668 16668 E ArmVmp : Match on catch block at 0xc3 in for 0xa5
02-23 16:54:27.922 16668 16668 E ArmVmp : Match on catch block at 0xc3 in for 0xa5
02-23 16:54:27.927 16668 16668 E ArmVmp : Match on catch block at 0xc3 in for 0xa9
02-23 16:54:27.939 16668 16668 E ArmVmp : Match on catch block at 0xc3 in for 0xa9
02-23 16:54:27.944 16668 16668 E ArmVmp : Match on catch block at 0xc3 in for 0xa1
02-23 16:54:27.955 16668 16668 E ArmVmp : Match on catch block at 0xc3 in for 0xa1
02-23 16:54:27.961 16668 16668 E ArmVmp : Match on catch block at 0xc3 in for 0xa5
02-23 16:54:27.972 16668 16668 E ArmVmp : Match on catch block at 0xc3 in for 0xa5
02-23 16:54:27.977 16668 16668 E ArmVmp : Match on catch block at 0xc3 in for 0xa9
02-23 16:54:27.989 16668 16668 E ArmVmp : Match on catch block at 0xc3 in for 0xa9
02-23 16:54:27.994 16668 16668 E ArmVmp : Match on catch block at 0xc3 in for 0xa1
02-23 16:54:28.005 16668 16668 E ArmVmp : Match on catch block at 0xc3 in for 0xa1
02-23 16:54:28.012 16668 16668 E ArmVmp : Match on catch block at 0xc3 in for 0xa5
02-23 16:54:28.029 16668 16668 E ArmVmp : Match on catch block at 0xc3 in for 0xa5
02-23 16:54:28.034 16668 16668 E ArmVmp : Match on catch block at 0xc3 in for 0xa9
02-23 16:54:28.041 16668 16668 E ArmVmp : Match on catch block at 0xc3 in for 0xa9
02-23 16:54:28.047 16668 16668 E ArmVmp : Match on catch block at 0xc3 in for 0xa1
02-23 16:54:28.056 16668 16668 E ArmVmp : Match on catch block at 0xc3 in for 0xa1
02-23 16:54:28.063 16668 16668 E ArmVmp : Match on catch block at 0xc3 in for 0xa5
02-23 16:54:28.073 16668 16668 E ArmVmp : Match on catch block at 0xc3 in for 0xa5
02-23 16:54:28.078 16668 16668 E ArmVmp : Match on catch block at 0xc3 in for 0xa9
02-23 16:54:28.088 16668 16668 E ArmVmp : Match on catch block at 0xc3 in for 0xa9
02-23 16:54:28.094 16668 16668 E ArmVmp : Match on catch block at 0xc3 in for 0xa1
02-23 16:54:28.106 16668 16668 E ArmVmp : Match on catch block at 0xc3 in for 0xa1
02-23 16:54:28.113 16668 16668 E ArmVmp : Match on catch block at 0xc3 in for 0xa5
02-23 16:54:28.126 16668 16668 E ArmVmp : Match on catch block at 0xc3 in for 0xa5
02-23 16:54:28.134 16668 16668 E ArmVmp : Match on catch block at 0xc3 in for 0xa9
02-23 16:54:28.142 16668 16668 E ArmVmp : Match on catch block at 0xc3 in for 0xa9
02-23 16:54:28.149 16668 16668 E ArmVmp : Match on catch block at 0xc3 in for 0xa1
02-23 16:54:28.158 16668 16668 E ArmVmp : Match on catch block at 0xc3 in for 0xa1
02-23 16:54:28.163 16668 16668 E ArmVmp : Match on catch block at 0xc3 in for 0xa5
02-23 16:54:28.173 16668 16668 E ArmVmp : Match on catch block at 0xc3 in for 0xa9
02-23 16:54:28.179 16668 16668 E ArmVmp : Match on catch block at 0xc3 in for 0xa1
02-23 16:54:28.188 16668 16668 E ArmVmp : Match on catch block at 0xc3 in for 0xa1
02-23 16:54:28.194 16668 16668 E ArmVmp : Match on catch block at 0xc3 in for 0xa5
02-23 16:54:28.205 16668 16668 E ArmVmp : Match on catch block at 0xc3 in for 0xa9
02-23 16:54:28.208 16668 16719 E SQLiteDatabase: Error inserting transferred=1
media_job_uuid=c6d86994-191f-437f-b3bd-b415c597677a transcoded=0 gif_attribution=0
first_scan_length=0 direct_path=/v/t62.15575-
24/32575958_332068116476557_5365215287167234939_n.enc?ccb=11-
4&oh=01_AdQVFkKjFhOI9SItjSYpTMqhbYWjwcSfCGoMpcCuAfSejA&oe=65FFE484&_nc_sid=5e03e0
thumbnail_height_width_ratio=1.0 is_animated_sticker=0
file_hash=zVi4zqL+EZAkCEMt85YZ9r/pED737wObgFrQiMdTn6U= file_path=Media/MBWhatsApp
Stickers/STK-20240223-WA0035.webp file_size=60882 partial_media_hash=null face_x=0
face_y=0 height=64 trim_to=0 media_key_timestamp=1708607276000
message_url=https://mmg.whatsapp.net/v/t62.15575-
24/32575958_332068116476557_5365215287167234939_n.enc?ccb=11-
4&oh=01_AdQVFkKjFhOI9SItjSYpTMqhbYWjwcSfCGoMpcCuAfSejA&oe=65FFE484&_nc_sid=5e03e0&m
ms3=true media_caption=null trim_from=0 mime_type=image/webp
partial_media_enc_hash=null width=64 original_file_hash=null
has_streaming_sidecar=0 autotransfer_retry_enabled=1 media_upload_handle=null
message_row_id=1875 multicast_id=null
enc_file_hash=duRXEWFdd7goCuo49TsjYuzDmiVCM35xtno8la3viq4= mute_video=0
page_count=0 first_scan_sidecar=null suspicious_content=0 file_length=60882
media_name=null media_duration=0 chat_row_id=69 media_key=[B@116c916
02-23 16:54:28.208 16668 16719 E SQLiteDatabase:
android.database.sqlite.SQLiteConstraintException: UNIQUE constraint failed:
message_media.message_row_id (code 1555 SQLITE_CONSTRAINT_PRIMARYKEY[1555])
02-23 16:54:28.208 16668 16719 E SQLiteDatabase: at
android.database.sqlite.SQLiteConnection.nativeExecuteForLastInsertedRowId(Native
Method)
02-23 16:54:28.208 16668 16719 E SQLiteDatabase: at
android.database.sqlite.SQLiteConnection.executeForLastInsertedRowId(SQLiteConnecti
on.java:1217)
02-23 16:54:28.208 16668 16719 E SQLiteDatabase: at
android.database.sqlite.SQLiteSession.executeForLastInsertedRowId(SQLiteSession.jav
a:790)
02-23 16:54:28.208 16668 16719 E SQLiteDatabase: at
android.database.sqlite.SQLiteStatement.executeInsert(SQLiteStatement.java:88)
02-23 16:54:28.208 16668 16719 E SQLiteDatabase: at
android.database.sqlite.SQLiteDatabase.insertWithOnConflict(SQLiteDatabase.java:221
9)
02-23 16:54:28.208 16668 16719 E SQLiteDatabase: at
android.database.sqlite.SQLiteDatabase.insert(SQLiteDatabase.java:2088)
02-23 16:54:28.208 16668 16719 E SQLiteDatabase: at X.2tm.A08(Unknown
Source:6)
02-23 16:54:28.208 16668 16719 E SQLiteDatabase: at X.35Y.A07(Unknown
Source:212)
02-23 16:54:28.208 16668 16719 E SQLiteDatabase: at X.3QF.A14(Unknown
Source:470)
02-23 16:54:28.208 16668 16719 E SQLiteDatabase: at X.3gU.run(Unknown
Source:982)
02-23 16:54:28.208 16668 16719 E SQLiteDatabase: at
android.os.Handler.handleCallback(Handler.java:938)
02-23 16:54:28.208 16668 16719 E SQLiteDatabase: at
android.os.Handler.dispatchMessage(Handler.java:99)
02-23 16:54:28.208 16668 16719 E SQLiteDatabase: at
X.0zq.dispatchMessage(Unknown Source:4)
02-23 16:54:28.208 16668 16719 E SQLiteDatabase: at
android.os.Looper.loop(Looper.java:246)
02-23 16:54:28.208 16668 16719 E SQLiteDatabase: at
android.os.HandlerThread.run(HandlerThread.java:67)
02-23 16:54:28.211 16668 16668 E ArmVmp : Match on catch block at 0xc3 in for 0xa1
02-23 16:54:28.259 16668 16668 E ArmVmp : Match on catch block at 0xc3 in for 0xa1
02-23 16:54:28.267 16668 16668 E ArmVmp : Match on catch block at 0xc3 in for 0xa5
02-23 16:54:28.323 16668 16668 E ArmVmp : Match on catch block at 0xc3 in for 0xa9
02-23 16:54:28.328 16668 16668 E ArmVmp : Match on catch block at 0xc3 in for 0xa1
02-23 16:54:28.339 16668 16668 E ArmVmp : Match on catch block at 0xc3 in for 0xa1
02-23 16:54:28.344 16668 16668 E ArmVmp : Match on catch block at 0xc3 in for 0xa5
02-23 16:54:28.466 16668 16668 E ArmVmp : Match on catch block at 0xc3 in for 0xa5
02-23 16:54:28.477 16668 16668 E ArmVmp : Match on catch block at 0xc3 in for 0xa9
02-23 16:54:28.489 16668 16668 E ArmVmp : Match on catch block at 0xc3 in for 0xa9
02-23 16:54:28.502 16668 16668 E ArmVmp : Match on catch block at 0xc3 in for 0xa1
02-23 16:54:28.518 16668 16668 E ArmVmp : Match on catch block at 0xc3 in for 0xa1
02-23 16:54:28.525 16668 16668 E ArmVmp : Match on catch block at 0xc3 in for 0xa5
02-23 16:54:28.551 16668 16668 E ArmVmp : Match on catch block at 0xc3 in for 0xa1
02-23 16:54:28.561 16668 16668 E ArmVmp : Match on catch block at 0xc3 in for 0xa5
02-23 16:54:28.572 16668 16668 E ArmVmp : Match on catch block at 0xc3 in for 0xa5
02-23 16:54:28.581 16668 16668 E ArmVmp : Match on catch block at 0xc3 in for 0xa9
02-23 16:54:28.590 16668 16668 E ArmVmp : Match on catch block at 0xc3 in for 0xa9
02-23 16:54:28.600 16668 16668 E ArmVmp : Match on catch block at 0xc3 in for 0xa1
02-23 16:54:28.614 16668 16668 E ArmVmp : Match on catch block at 0xc3 in for 0xa1
02-23 16:54:28.622 16668 16668 E ArmVmp : Match on catch block at 0xc3 in for 0xa5
02-23 16:54:28.636 16668 16668 E ArmVmp : Match on catch block at 0xc3 in for 0xa9
02-23 16:54:28.640 16668 16668 E ArmVmp : Match on catch block at 0xc3 in for 0xa1
02-23 16:54:28.646 16668 16668 E ArmVmp : Match on catch block at 0xc3 in for 0xa1
02-23 16:54:28.651 16668 16668 E ArmVmp : Match on catch block at 0xc3 in for 0xa5
02-23 16:54:28.657 16668 16668 E ArmVmp : Match on catch block at 0xc3 in for 0xa5
02-23 16:54:28.661 16668 16668 E ArmVmp : Match on catch block at 0xc3 in for 0xa9
02-23 16:54:28.670 16668 16668 E ArmVmp : Match on catch block at 0xc3 in for 0xa9
02-23 16:54:28.678 16668 16668 E ArmVmp : Match on catch block at 0xc3 in for 0xa1
02-23 16:54:28.687 16668 16668 E ArmVmp : Match on catch block at 0xc3 in for 0xa1
02-23 16:54:28.692 16668 16668 E ArmVmp : Match on catch block at 0xc3 in for 0xa5
02-23 16:54:28.704 16668 16668 E ArmVmp : Match on catch block at 0xc3 in for 0xa5
02-23 16:54:28.708 16668 16668 E ArmVmp : Match on catch block at 0xc3 in for 0xa9
02-23 16:54:28.720 16668 16668 E ArmVmp : Match on catch block at 0xc3 in for 0xa9
02-23 16:54:28.724 16668 16668 E ArmVmp : Match on catch block at 0xc3 in for 0xa1
02-23 16:54:28.737 16668 16668 E ArmVmp : Match on catch block at 0xc3 in for 0xa1
02-23 16:54:28.741 16668 16668 E ArmVmp : Match on catch block at 0xc3 in for 0xa5
02-23 16:54:28.754 16668 16668 E ArmVmp : Match on catch block at 0xc3 in for 0xa5
02-23 16:54:28.758 16668 16668 E ArmVmp : Match on catch block at 0xc3 in for 0xa9
02-23 16:54:28.770 16668 16668 E ArmVmp : Match on catch block at 0xc3 in for 0xa9
02-23 16:54:28.774 16668 16668 E ArmVmp : Match on catch block at 0xc3 in for 0xa1
02-23 16:54:28.787 16668 16668 E ArmVmp : Match on catch block at 0xc3 in for 0xa1
02-23 16:54:28.791 16668 16668 E ArmVmp : Match on catch block at 0xc3 in for 0xa5
02-23 16:54:28.804 16668 16668 E ArmVmp : Match on catch block at 0xc3 in for 0xa5
02-23 16:54:28.816 16668 16668 E ArmVmp : Match on catch block at 0xc3 in for 0xa9
02-23 16:54:28.823 16668 16668 E ArmVmp : Match on catch block at 0xc3 in for 0xa9
02-23 16:54:28.827 16668 16668 E ArmVmp : Match on catch block at 0xc3 in for 0xa1
02-23 16:54:28.837 16668 16668 E ArmVmp : Match on catch block at 0xc3 in for 0xa1
02-23 16:54:28.841 16668 16668 E ArmVmp : Match on catch block at 0xc3 in for 0xa5
02-23 16:54:28.853 16668 16668 E ArmVmp : Match on catch block at 0xc3 in for 0xa5
02-23 16:54:28.858 16668 16668 E ArmVmp : Match on catch block at 0xc3 in for 0xa9
02-23 16:54:28.870 16668 16668 E ArmVmp : Match on catch block at 0xc3 in for 0xa9
02-23 16:54:28.874 16668 16668 E ArmVmp : Match on catch block at 0xc3 in for 0xa1
02-23 16:54:28.887 16668 16668 E ArmVmp : Match on catch block at 0xc3 in for 0xa1
02-23 16:54:28.891 16668 16668 E ArmVmp : Match on catch block at 0xc3 in for 0xa5
02-23 16:54:28.904 16668 16668 E ArmVmp : Match on catch block at 0xc3 in for 0xa5
02-23 16:54:28.908 16668 16668 E ArmVmp : Match on catch block at 0xc3 in for 0xa9
02-23 16:54:28.921 16668 16668 E ArmVmp : Match on catch block at 0xc3 in for 0xa9
02-23 16:54:28.925 16668 16668 E ArmVmp : Match on catch block at 0xc3 in for 0xa1
02-23 16:54:28.937 16668 16668 E ArmVmp : Match on catch block at 0xc3 in for 0xa1
02-23 16:54:28.941 16668 16668 E ArmVmp : Match on catch block at 0xc3 in for 0xa5
02-23 16:54:28.953 16668 16668 E ArmVmp : Match on catch block at 0xc3 in for 0xa5
02-23 16:54:28.957 16668 16668 E ArmVmp : Match on catch block at 0xc3 in for 0xa9
02-23 16:54:28.970 16668 16668 E ArmVmp : Match on catch block at 0xc3 in for 0xa9
02-23 16:54:28.974 16668 16668 E ArmVmp : Match on catch block at 0xc3 in for 0xa1
02-23 16:54:28.987 16668 16668 E ArmVmp : Match on catch block at 0xc3 in for 0xa1
02-23 16:54:28.994 16668 16668 E ArmVmp : Match on catch block at 0xc3 in for 0xa5
02-23 16:54:29.003 16668 16668 E ArmVmp : Match on catch block at 0xc3 in for 0xa5
02-23 16:54:29.007 16668 16668 E ArmVmp : Match on catch block at 0xc3 in for 0xa9
02-23 16:54:29.020 16668 16668 E ArmVmp : Match on catch block at 0xc3 in for 0xa9
02-23 16:54:29.024 16668 16668 E ArmVmp : Match on catch block at 0xc3 in for 0xa1
02-23 16:54:29.041 16668 16668 E ArmVmp : Match on catch block at 0xc3 in for 0xa1
02-23 16:54:29.045 16668 16668 E ArmVmp : Match on catch block at 0xc3 in for 0xa5
02-23 16:54:29.053 16668 16668 E ArmVmp : Match on catch block at 0xc3 in for 0xa5
02-23 16:54:29.060 16668 16668 E ArmVmp : Match on catch block at 0xc3 in for 0xa9
02-23 16:54:29.070 16668 16668 E ArmVmp : Match on catch block at 0xc3 in for 0xa9
02-23 16:54:29.077 16668 16668 E ArmVmp : Match on catch block at 0xc3 in for 0xa1
02-23 16:54:29.086 16668 16668 E ArmVmp : Match on catch block at 0xc3 in for 0xa1
02-23 16:54:29.090 16668 16668 E ArmVmp : Match on catch block at 0xc3 in for 0xa5
02-23 16:54:29.103 16668 16668 E ArmVmp : Match on catch block at 0xc3 in for 0xa5
02-23 16:54:29.107 16668 16668 E ArmVmp : Match on catch block at 0xc3 in for 0xa9
02-23 16:54:29.120 16668 16668 E ArmVmp : Match on catch block at 0xc3 in for 0xa9
02-23 16:54:29.125 16668 16668 E ArmVmp : Match on catch block at 0xc3 in for 0xa1
02-23 16:54:29.137 16668 16668 E ArmVmp : Match on catch block at 0xc3 in for 0xa1
02-23 16:54:29.140 16668 16668 E ArmVmp : Match on catch block at 0xc3 in for 0xa5
02-23 16:54:29.153 16668 16668 E ArmVmp : Match on catch block at 0xc3 in for 0xa5
02-23 16:54:29.158 16668 16668 E ArmVmp : Match on catch block at 0xc3 in for 0xa9
02-23 16:54:29.170 16668 16668 E ArmVmp : Match on catch block at 0xc3 in for 0xa9
02-23 16:54:29.174 16668 16668 E ArmVmp : Match on catch block at 0xc3 in for 0xa1
02-23 16:54:29.186 16668 16668 E ArmVmp : Match on catch block at 0xc3 in for 0xa1
02-23 16:54:29.191 16668 16668 E ArmVmp : Match on catch block at 0xc3 in for 0xa5
02-23 16:54:29.203 16668 16668 E ArmVmp : Match on catch block at 0xc3 in for 0xa5
02-23 16:54:29.209 16668 16668 E ArmVmp : Match on catch block at 0xc3 in for 0xa9
02-23 16:54:29.220 16668 16668 E ArmVmp : Match on catch block at 0xc3 in for 0xa9
02-23 16:54:29.225 16668 16668 E ArmVmp : Match on catch block at 0xc3 in for 0xa1
02-23 16:54:29.236 16668 16668 E ArmVmp : Match on catch block at 0xc3 in for 0xa1
02-23 16:54:29.242 16668 16668 E ArmVmp : Match on catch block at 0xc3 in for 0xa5
02-23 16:54:29.253 16668 16668 E ArmVmp : Match on catch block at 0xc3 in for 0xa5
02-23 16:54:29.262 16668 16668 E ArmVmp : Match on catch block at 0xc3 in for 0xa9
02-23 16:54:29.270 16668 16668 E ArmVmp : Match on catch block at 0xc3 in for 0xa9
02-23 16:54:29.278 16668 16668 E ArmVmp : Match on catch block at 0xc3 in for 0xa1
02-23 16:54:29.286 16668 16668 E ArmVmp : Match on catch block at 0xc3 in for 0xa1
02-23 16:54:29.290 16668 16668 E ArmVmp : Match on catch block at 0xc3 in for 0xa5
02-23 16:54:29.303 16668 16668 E ArmVmp : Match on catch block at 0xc3 in for 0xa5
02-23 16:54:29.309 16668 16668 E ArmVmp : Match on catch block at 0xc3 in for 0xa9
02-23 16:54:29.320 16668 16668 E ArmVmp : Match on catch block at 0xc3 in for 0xa9
02-23 16:54:29.325 16668 16668 E ArmVmp : Match on catch block at 0xc3 in for 0xa1
02-23 16:54:29.336 16668 16668 E ArmVmp : Match on catch block at 0xc3 in for 0xa1
02-23 16:54:29.341 16668 16668 E ArmVmp : Match on catch block at 0xc3 in for 0xa5
02-23 16:54:29.353 16668 16668 E ArmVmp : Match on catch block at 0xc3 in for 0xa5
02-23 16:54:29.358 16668 16668 E ArmVmp : Match on catch block at 0xc3 in for 0xa9
02-23 16:54:29.371 16668 16668 E ArmVmp : Match on catch block at 0xc3 in for 0xa9
02-23 16:54:29.375 16668 16668 E ArmVmp : Match on catch block at 0xc3 in for 0xa1
02-23 16:54:29.386 16668 16668 E ArmVmp : Match on catch block at 0xc3 in for 0xa1
02-23 16:54:29.392 16668 16668 E ArmVmp : Match on catch block at 0xc3 in for 0xa5
02-23 16:54:29.403 16668 16668 E ArmVmp : Match on catch block at 0xc3 in for 0xa5
02-23 16:54:29.415 16668 16668 E ArmVmp : Match on catch block at 0xc3 in for 0xa9
02-23 16:54:29.426 16668 16668 E ArmVmp : Match on catch block at 0xc3 in for 0xa9
02-23 16:54:29.430 16668 16668 E ArmVmp : Match on catch block at 0xc3 in for 0xa1
02-23 16:54:29.441 16668 16668 E ArmVmp : Match on catch block at 0xc3 in for 0xa1
02-23 16:54:29.445 16668 16668 E ArmVmp : Match on catch block at 0xc3 in for 0xa5
02-23 16:54:29.453 16668 16668 E ArmVmp : Match on catch block at 0xc3 in for 0xa5
02-23 16:54:29.457 16668 16668 E ArmVmp : Match on catch block at 0xc3 in for 0xa9
02-23 16:54:29.469 16668 16668 E ArmVmp : Match on catch block at 0xc3 in for 0xa9
02-23 16:54:29.474 16668 16668 E ArmVmp : Match on catch block at 0xc3 in for 0xa1
02-23 16:54:29.486 16668 16668 E ArmVmp : Match on catch block at 0xc3 in for 0xa1
02-23 16:54:29.491 16668 16668 E ArmVmp : Match on catch block at 0xc3 in for 0xa5
02-23 16:54:29.503 16668 16668 E ArmVmp : Match on catch block at 0xc3 in for 0xa5
02-23 16:54:29.507 16668 16668 E ArmVmp : Match on catch block at 0xc3 in for 0xa9
02-23 16:54:29.519 16668 16668 E ArmVmp : Match on catch block at 0xc3 in for 0xa9
02-23 16:54:29.524 16668 16668 E ArmVmp : Match on catch block at 0xc3 in for 0xa1
02-23 16:54:29.557 16668 16668 E ArmVmp : Match on catch block at 0xc3 in for 0xa5
02-23 16:54:29.562 16668 16668 E ArmVmp : Match on catch block at 0xc3 in for 0xa9
02-23 16:54:29.573 16668 16668 E ArmVmp : Match on catch block at 0xc3 in for 0xa9
02-23 16:54:29.577 16668 16668 E ArmVmp : Match on catch block at 0xc3 in for 0xa1
02-23 16:54:29.599 16668 16668 E ArmVmp : Match on catch block at 0xc3 in for 0xa1
02-23 16:54:29.604 16668 16668 E ArmVmp : Match on catch block at 0xc3 in for 0xa5
02-23 16:54:29.613 16668 16668 E ArmVmp : Match on catch block at 0xc3 in for 0xa5
02-23 16:54:29.617 16668 16668 E ArmVmp : Match on catch block at 0xc3 in for 0xa9
02-23 16:54:29.626 16668 16668 E ArmVmp : Match on catch block at 0xc3 in for 0xa9
02-23 16:54:29.635 16668 16668 E ArmVmp : Match on catch block at 0xc3 in for 0xa1
02-23 16:54:29.645 16668 16668 E ArmVmp : Match on catch block at 0xc3 in for 0xa1
02-23 16:54:29.650 16668 16668 E ArmVmp : Match on catch block at 0xc3 in for 0xa5
02-23 16:54:29.659 16668 16668 E ArmVmp : Match on catch block at 0xc3 in for 0xa5
02-23 16:54:29.665 16668 16668 E ArmVmp : Match on catch block at 0xc3 in for 0xa9
02-23 16:54:29.671 16668 16668 E ArmVmp : Match on catch block at 0xc3 in for 0xa9
02-23 16:54:29.677 16668 16668 E ArmVmp : Match on catch block at 0xc3 in for 0xa1
02-23 16:54:29.687 16668 16668 E ArmVmp : Match on catch block at 0xc3 in for 0xa1
02-23 16:54:29.693 16668 16668 E ArmVmp : Match on catch block at 0xc3 in for 0xa5
02-23 16:54:29.703 16668 16668 E ArmVmp : Match on catch block at 0xc3 in for 0xa5
02-23 16:54:29.709 16668 16668 E ArmVmp : Match on catch block at 0xc3 in for 0xa9
02-23 16:54:29.720 16668 16668 E ArmVmp : Match on catch block at 0xc3 in for 0xa9
02-23 16:54:29.726 16668 16668 E ArmVmp : Match on catch block at 0xc3 in for 0xa1
02-23 16:54:29.737 16668 16668 E ArmVmp : Match on catch block at 0xc3 in for 0xa1
02-23 16:54:29.743 16668 16668 E ArmVmp : Match on catch block at 0xc3 in for 0xa5
02-23 16:54:29.753 16668 16668 E ArmVmp : Match on catch block at 0xc3 in for 0xa5
02-23 16:54:29.761 16668 16668 E ArmVmp : Match on catch block at 0xc3 in for 0xa9
02-23 16:54:29.770 16668 16668 E ArmVmp : Match on catch block at 0xc3 in for 0xa9
02-23 16:54:29.775 16668 16668 E ArmVmp : Match on catch block at 0xc3 in for 0xa1
02-23 16:54:29.786 16668 16668 E ArmVmp : Match on catch block at 0xc3 in for 0xa1
02-23 16:54:29.793 16668 16668 E ArmVmp : Match on catch block at 0xc3 in for 0xa5
02-23 16:54:29.803 16668 16668 E ArmVmp : Match on catch block at 0xc3 in for 0xa5
02-23 16:54:29.808 16668 16668 E ArmVmp : Match on catch block at 0xc3 in for 0xa9
02-23 16:54:29.819 16668 16668 E ArmVmp : Match on catch block at 0xc3 in for 0xa9
02-23 16:54:29.827 16668 16668 E ArmVmp : Match on catch block at 0xc3 in for 0xa1
02-23 16:54:29.836 16668 16668 E ArmVmp : Match on catch block at 0xc3 in for 0xa1
02-23 16:54:29.842 16668 16668 E ArmVmp : Match on catch block at 0xc3 in for 0xa5
02-23 16:54:29.853 16668 16668 E ArmVmp : Match on catch block at 0xc3 in for 0xa5
02-23 16:54:29.858 16668 16668 E ArmVmp : Match on catch block at 0xc3 in for 0xa9
02-23 16:54:29.869 16668 16668 E ArmVmp : Match on catch block at 0xc3 in for 0xa9
02-23 16:54:29.876 16668 16668 E ArmVmp : Match on catch block at 0xc3 in for 0xa1
02-23 16:54:29.886 16668 16668 E ArmVmp : Match on catch block at 0xc3 in for 0xa1
02-23 16:54:29.892 16668 16668 E ArmVmp : Match on catch block at 0xc3 in for 0xa5
02-23 16:54:29.903 16668 16668 E ArmVmp : Match on catch block at 0xc3 in for 0xa5
02-23 16:54:29.908 16668 16668 E ArmVmp : Match on catch block at 0xc3 in for 0xa9
02-23 16:54:29.919 16668 16668 E ArmVmp : Match on catch block at 0xc3 in for 0xa9
02-23 16:54:29.926 16668 16668 E ArmVmp : Match on catch block at 0xc3 in for 0xa1
02-23 16:54:29.936 16668 16668 E ArmVmp : Match on catch block at 0xc3 in for 0xa1
02-23 16:54:29.942 16668 16668 E ArmVmp : Match on catch block at 0xc3 in for 0xa5
02-23 16:54:29.953 16668 16668 E ArmVmp : Match on catch block at 0xc3 in for 0xa5
02-23 16:54:29.962 16668 16668 E ArmVmp : Match on catch block at 0xc3 in for 0xa9
02-23 16:54:29.973 16668 16668 E ArmVmp : Match on catch block at 0xc3 in for 0xa9
02-23 16:54:29.979 16668 16668 E ArmVmp : Match on catch block at 0xc3 in for 0xa1
02-23 16:54:29.991 16668 16668 E ArmVmp : Match on catch block at 0xc3 in for 0xa1
02-23 16:54:29.997 16668 16668 E ArmVmp : Match on catch block at 0xc3 in for 0xa5
02-23 16:54:30.007 16668 16668 E ArmVmp : Match on catch block at 0xc3 in for 0xa5
02-23 16:54:30.012 16668 16668 E ArmVmp : Match on catch block at 0xc3 in for 0xa9
02-23 16:54:30.025 16668 16668 E ArmVmp : Match on catch block at 0xc3 in for 0xa9
02-23 16:54:30.032 16668 16668 E ArmVmp : Match on catch block at 0xc3 in for 0xa1
02-23 16:54:30.073 16668 16668 E ArmVmp : Match on catch block at 0xc3 in for 0xa1
02-23 16:54:30.078 16668 16668 E ArmVmp : Match on catch block at 0xc3 in for 0xa5
02-23 16:54:30.089 16668 16668 E ArmVmp : Match on catch block at 0xc3 in for 0xa5
02-23 16:54:30.094 16668 16668 E ArmVmp : Match on catch block at 0xc3 in for 0xa9
02-23 16:54:30.123 16668 16668 E ArmVmp : Match on catch block at 0xc3 in for 0xa9
02-23 16:54:30.128 16668 16668 E ArmVmp : Match on catch block at 0xc3 in for 0xa1
02-23 16:54:30.154 16668 16668 E ArmVmp : Match on catch block at 0xc3 in for 0xa1
02-23 16:54:30.159 16668 16668 E ArmVmp : Match on catch block at 0xc3 in for 0xa5
02-23 16:54:30.169 16668 16668 E ArmVmp : Match on catch block at 0xc3 in for 0xa5
02-23 16:54:30.175 16668 16668 E ArmVmp : Match on catch block at 0xc3 in for 0xa9
02-23 16:54:30.186 16668 16668 E ArmVmp : Match on catch block at 0xc3 in for 0xa9
02-23 16:54:30.192 16668 16668 E ArmVmp : Match on catch block at 0xc3 in for 0xa1
02-23 16:54:30.203 16668 16668 E ArmVmp : Match on catch block at 0xc3 in for 0xa1
02-23 16:54:30.209 16668 16668 E ArmVmp : Match on catch block at 0xc3 in for 0xa5
02-23 16:54:30.220 16668 16668 E ArmVmp : Match on catch block at 0xc3 in for 0xa5
02-23 16:54:30.225 16668 16668 E ArmVmp : Match on catch block at 0xc3 in for 0xa9
02-23 16:54:30.236 16668 16668 E ArmVmp : Match on catch block at 0xc3 in for 0xa9
02-23 16:54:30.246 16668 16668 E ArmVmp : Match on catch block at 0xc3 in for 0xa1
02-23 16:54:30.257 16668 16668 E ArmVmp : Match on catch block at 0xc3 in for 0xa1
02-23 16:54:30.262 16668 16668 E ArmVmp : Match on catch block at 0xc3 in for 0xa5
02-23 16:54:30.271 16668 16668 E ArmVmp : Match on catch block at 0xc3 in for 0xa5
02-23 16:54:30.276 16668 16668 E ArmVmp : Match on catch block at 0xc3 in for 0xa9
02-23 16:54:30.286 16668 16668 E ArmVmp : Match on catch block at 0xc3 in for 0xa9
02-23 16:54:30.290 16668 16668 E ArmVmp : Match on catch block at 0xc3 in for 0xa1
02-23 16:54:30.303 16668 16668 E ArmVmp : Match on catch block at 0xc3 in for 0xa1
02-23 16:54:30.308 16668 16668 E ArmVmp : Match on catch block at 0xc3 in for 0xa5
02-23 16:54:30.319 16668 16668 E ArmVmp : Match on catch block at 0xc3 in for 0xa5
02-23 16:54:30.324 16668 16668 E ArmVmp : Match on catch block at 0xc3 in for 0xa9
02-23 16:54:30.336 16668 16668 E ArmVmp : Match on catch block at 0xc3 in for 0xa9
02-23 16:54:30.340 16668 16668 E ArmVmp : Match on catch block at 0xc3 in for 0xa1
02-23 16:54:30.352 16668 16668 E ArmVmp : Match on catch block at 0xc3 in for 0xa1
02-23 16:54:30.358 16668 16668 E ArmVmp : Match on catch block at 0xc3 in for 0xa5
02-23 16:54:30.369 16668 16668 E ArmVmp : Match on catch block at 0xc3 in for 0xa5
02-23 16:54:30.373 16668 16668 E ArmVmp : Match on catch block at 0xc3 in for 0xa9
02-23 16:54:30.385 16668 16668 E ArmVmp : Match on catch block at 0xc3 in for 0xa9
02-23 16:54:30.390 16668 16668 E ArmVmp : Match on catch block at 0xc3 in for 0xa1
02-23 16:54:30.402 16668 16668 E ArmVmp : Match on catch block at 0xc3 in for 0xa1
02-23 16:54:30.408 16668 16668 E ArmVmp : Match on catch block at 0xc3 in for 0xa5
02-23 16:54:30.419 16668 16668 E ArmVmp : Match on catch block at 0xc3 in for 0xa5
02-23 16:54:30.424 16668 16668 E ArmVmp : Match on catch block at 0xc3 in for 0xa9
02-23 16:54:30.435 16668 16668 E ArmVmp : Match on catch block at 0xc3 in for 0xa9
02-23 16:54:30.440 16668 16668 E ArmVmp : Match on catch block at 0xc3 in for 0xa1
02-23 16:54:30.452 16668 16668 E ArmVmp : Match on catch block at 0xc3 in for 0xa1
02-23 16:54:30.457 16668 16668 E ArmVmp : Match on catch block at 0xc3 in for 0xa5
02-23 16:54:30.469 16668 16668 E ArmVmp : Match on catch block at 0xc3 in for 0xa5
02-23 16:54:30.474 16668 16668 E ArmVmp : Match on catch block at 0xc3 in for 0xa9
02-23 16:54:30.485 16668 16668 E ArmVmp : Match on catch block at 0xc3 in for 0xa9
02-23 16:54:30.490 16668 16668 E ArmVmp : Match on catch block at 0xc3 in for 0xa1
02-23 16:54:30.502 16668 16668 E ArmVmp : Match on catch block at 0xc3 in for 0xa1
02-23 16:54:30.508 16668 16668 E ArmVmp : Match on catch block at 0xc3 in for 0xa5
02-23 16:54:30.519 16668 16668 E ArmVmp : Match on catch block at 0xc3 in for 0xa5
02-23 16:54:30.524 16668 16668 E ArmVmp : Match on catch block at 0xc3 in for 0xa9
02-23 16:54:30.536 16668 16668 E ArmVmp : Match on catch block at 0xc3 in for 0xa9
02-23 16:54:30.541 16668 16668 E ArmVmp : Match on catch block at 0xc3 in for 0xa1
02-23 16:54:30.552 16668 16668 E ArmVmp : Match on catch block at 0xc3 in for 0xa1
02-23 16:54:30.559 16668 16668 E ArmVmp : Match on catch block at 0xc3 in for 0xa5
02-23 16:54:30.583 16668 16668 E ArmVmp : Match on catch block at 0xc3 in for 0xa5
02-23 16:54:30.592 16668 16668 E ArmVmp : Match on catch block at 0xc3 in for 0xa9
02-23 16:54:30.601 16668 16668 E ArmVmp : Match on catch block at 0xc3 in for 0xa9
02-23 16:54:30.614 16668 16668 E ArmVmp : Match on catch block at 0xc3 in for 0xa1
02-23 16:54:30.623 16668 16668 E ArmVmp : Match on catch block at 0xc3 in for 0xa1
02-23 16:54:30.628 16668 16668 E ArmVmp : Match on catch block at 0xc3 in for 0xa5
02-23 16:54:30.641 16668 16668 E ArmVmp : Match on catch block at 0xc3 in for 0xa5
02-23 16:54:30.647 16668 16668 E ArmVmp : Match on catch block at 0xc3 in for 0xa9
02-23 16:54:30.657 16668 16668 E ArmVmp : Match on catch block at 0xc3 in for 0xa9
02-23 16:54:30.662 16668 16668 E ArmVmp : Match on catch block at 0xc3 in for 0xa1
02-23 16:54:30.677 16668 16668 E ArmVmp : Match on catch block at 0xc3 in for 0xa1
02-23 16:54:30.682 16668 16668 E ArmVmp : Match on catch block at 0xc3 in for 0xa5
02-23 16:54:30.694 16668 16668 E ArmVmp : Match on catch block at 0xc3 in for 0xa5
02-23 16:54:30.699 16668 16668 E ArmVmp : Match on catch block at 0xc3 in for 0xa9
02-23 16:54:30.710 16668 16668 E ArmVmp : Match on catch block at 0xc3 in for 0xa9
02-23 16:54:30.714 16668 16668 E ArmVmp : Match on catch block at 0xc3 in for 0xa1
02-23 16:54:30.723 16668 16668 E ArmVmp : Match on catch block at 0xc3 in for 0xa1
02-23 16:54:30.727 16668 16668 E ArmVmp : Match on catch block at 0xc3 in for 0xa5
02-23 16:54:30.736 16668 16668 E ArmVmp : Match on catch block at 0xc3 in for 0xa5
02-23 16:54:30.741 16668 16668 E ArmVmp : Match on catch block at 0xc3 in for 0xa9
02-23 16:54:30.752 16668 16668 E ArmVmp : Match on catch block at 0xc3 in for 0xa9
02-23 16:54:30.759 16668 16668 E ArmVmp : Match on catch block at 0xc3 in for 0xa1
02-23 16:54:30.769 16668 16668 E ArmVmp : Match on catch block at 0xc3 in for 0xa1
02-23 16:54:30.774 16668 16668 E ArmVmp : Match on catch block at 0xc3 in for 0xa5
02-23 16:54:30.785 16668 16668 E ArmVmp : Match on catch block at 0xc3 in for 0xa5
02-23 16:54:30.791 16668 16668 E ArmVmp : Match on catch block at 0xc3 in for 0xa9
02-23 16:54:30.802 16668 16668 E ArmVmp : Match on catch block at 0xc3 in for 0xa9
02-23 16:54:30.809 16668 16668 E ArmVmp : Match on catch block at 0xc3 in for 0xa1
02-23 16:54:30.818 16668 16668 E ArmVmp : Match on catch block at 0xc3 in for 0xa1
02-23 16:54:30.824 16668 16668 E ArmVmp : Match on catch block at 0xc3 in for 0xa5
02-23 16:54:30.835 16668 16668 E ArmVmp : Match on catch block at 0xc3 in for 0xa5
02-23 16:54:30.841 16668 16668 E ArmVmp : Match on catch block at 0xc3 in for 0xa9
02-23 16:54:30.852 16668 16668 E ArmVmp : Match on catch block at 0xc3 in for 0xa9
02-23 16:54:30.857 16668 16668 E ArmVmp : Match on catch block at 0xc3 in for 0xa1
02-23 16:54:30.869 16668 16668 E ArmVmp : Match on catch block at 0xc3 in for 0xa1
02-23 16:54:30.874 16668 16668 E ArmVmp : Match on catch block at 0xc3 in for 0xa5
02-23 16:54:30.885 16668 16668 E ArmVmp : Match on catch block at 0xc3 in for 0xa5
02-23 16:54:30.890 16668 16668 E ArmVmp : Match on catch block at 0xc3 in for 0xa9
02-23 16:54:30.901 16668 16668 E ArmVmp : Match on catch block at 0xc3 in for 0xa9
02-23 16:54:30.905 16668 16668 E ArmVmp : Match on catch block at 0xc3 in for 0xa1
02-23 16:54:30.918 16668 16668 E ArmVmp : Match on catch block at 0xc3 in for 0xa1
02-23 16:54:30.923 16668 16668 E ArmVmp : Match on catch block at 0xc3 in for 0xa5
02-23 16:54:30.946 16668 16668 E ArmVmp : Match on catch block at 0xc3 in for 0xa9
02-23 16:54:30.950 16668 16668 E ArmVmp : Match on catch block at 0xc3 in for 0xa1
02-23 16:54:31.097 16668 16668 E ArmVmp : Match on catch block at 0xc3 in for 0xa1
02-23 16:54:31.102 16668 16668 E ArmVmp : Match on catch block at 0xc3 in for 0xa5
02-23 16:54:31.133 16668 16668 E ArmVmp : Match on catch block at 0xc3 in for 0xa5
02-23 16:54:31.138 16668 16668 E ArmVmp : Match on catch block at 0xc3 in for 0xa9
02-23 16:54:31.218 16668 16739 W libEGL : EGLNativeWindowType 0x7c84921010
disconnect failed
02-23 16:54:31.224 16668 16668 E ArmVmp : Match on catch block at 0xc3 in for 0xa1
02-23 16:54:31.230 16668 16668 E ArmVmp : Match on catch block at 0xc3 in for 0xa5
02-23 16:54:31.248 16668 16668 E ArmVmp : Match on catch block at 0xc3 in for 0xa5
02-23 16:54:31.252 16668 16668 E ArmVmp : Match on catch block at 0xc3 in for 0xa9
02-23 16:54:31.308 16668 16668 E ArmVmp : Match on catch block at 0xc3 in for 0xa1
02-23 16:54:31.312 16668 16668 E ArmVmp : Match on catch block at 0xc3 in for 0xa5
02-23 16:54:31.342 16668 16739 W libEGL : EGLNativeWindowType 0x7c84921010
disconnect failed
02-23 16:54:31.360 16668 16668 E ArmVmp : Match on catch block at 0xc3 in for 0xa9
02-23 16:54:31.364 16668 16668 E ArmVmp : Match on catch block at 0xc3 in for 0xa1
02-23 16:54:31.388 16668 16668 E ArmVmp : Match on catch block at 0xc3 in for 0xa1
02-23 16:54:31.393 16668 16770 W MediaPlayer: Use of stream types is deprecated for
operations other than volume control
02-23 16:54:31.393 16668 16770 W MediaPlayer: See the documentation of
setAudioStreamType() for what to use instead with android.media.AudioAttributes to
qualify your playback use case
02-23 16:54:31.399 16668 16668 E ArmVmp : Match on catch block at 0xc3 in for 0xa5
02-23 16:54:31.409 16668 16668 E ArmVmp : Match on catch block at 0xc3 in for 0xa5
02-23 16:54:31.414 16668 16668 E ArmVmp : Match on catch block at 0xc3 in for 0xa9
02-23 16:54:31.426 16668 16668 E ArmVmp : Match on catch block at 0xc3 in for 0xa9
02-23 16:54:31.444 16668 16668 E ArmVmp : Match on catch block at 0xc3 in for 0xa1
02-23 16:54:31.453 16668 16668 E ArmVmp : Match on catch block at 0xc3 in for 0xa1
02-23 16:54:31.458 16668 16668 E ArmVmp : Match on catch block at 0xc3 in for 0xa5
02-23 16:54:31.473 16668 16668 E ArmVmp : Match on catch block at 0xc3 in for 0xa5
02-23 16:54:31.478 16668 16668 E ArmVmp : Match on catch block at 0xc3 in for 0xa9
02-23 16:54:31.485 16668 16668 E ArmVmp : Match on catch block at 0xc3 in for 0xa9
02-23 16:54:31.490 16668 16668 E ArmVmp : Match on catch block at 0xc3 in for 0xa1
02-23 16:54:31.501 16668 16668 E ArmVmp : Match on catch block at 0xc3 in for 0xa1
02-23 16:54:31.506 16668 16668 E ArmVmp : Match on catch block at 0xc3 in for 0xa5
02-23 16:54:31.518 16668 16668 E ArmVmp : Match on catch block at 0xc3 in for 0xa5
02-23 16:54:31.526 16668 16668 E ArmVmp : Match on catch block at 0xc3 in for 0xa9
02-23 16:54:31.534 16668 16668 E ArmVmp : Match on catch block at 0xc3 in for 0xa9
02-23 16:54:31.541 16668 16668 E ArmVmp : Match on catch block at 0xc3 in for 0xa1
02-23 16:54:31.552 16668 16668 E ArmVmp : Match on catch block at 0xc3 in for 0xa1
02-23 16:54:31.558 16668 16668 E ArmVmp : Match on catch block at 0xc3 in for 0xa5
02-23 16:54:31.568 16668 16668 E ArmVmp : Match on catch block at 0xc3 in for 0xa5
02-23 16:54:31.572 16668 16668 E ArmVmp : Match on catch block at 0xc3 in for 0xa9
02-23 16:54:31.584 16668 16668 E ArmVmp : Match on catch block at 0xc3 in for 0xa9
02-23 16:54:31.589 16668 16668 E ArmVmp : Match on catch block at 0xc3 in for 0xa1
02-23 16:54:31.601 16668 16668 E ArmVmp : Match on catch block at 0xc3 in for 0xa1
02-23 16:54:31.605 16668 16668 E ArmVmp : Match on catch block at 0xc3 in for 0xa5
02-23 16:54:31.617 16668 16668 E ArmVmp : Match on catch block at 0xc3 in for 0xa5
02-23 16:54:31.623 16668 16668 E ArmVmp : Match on catch block at 0xc3 in for 0xa9
02-23 16:54:31.634 16668 16668 E ArmVmp : Match on catch block at 0xc3 in for 0xa9
02-23 16:54:31.639 16668 16668 E ArmVmp : Match on catch block at 0xc3 in for 0xa1
02-23 16:54:31.650 16668 16668 E ArmVmp : Match on catch block at 0xc3 in for 0xa1
02-23 16:54:31.655 16668 16668 E ArmVmp : Match on catch block at 0xc3 in for 0xa5
02-23 16:54:31.667 16668 16668 E ArmVmp : Match on catch block at 0xc3 in for 0xa5
02-23 16:54:31.673 16668 16668 E ArmVmp : Match on catch block at 0xc3 in for 0xa9
02-23 16:54:31.684 16668 16668 E ArmVmp : Match on catch block at 0xc3 in for 0xa9
02-23 16:54:31.690 16668 16668 E ArmVmp : Match on catch block at 0xc3 in for 0xa1
02-23 16:54:31.705 16668 16668 E ArmVmp : Match on catch block at 0xc3 in for 0xa5
02-23 16:54:31.713 16668 16668 E ArmVmp : Match on catch block at 0xc3 in for 0xa9
02-23 16:54:31.721 16668 16668 E ArmVmp : Match on catch block at 0xc3 in for 0xa9
02-23 16:54:31.725 16668 16668 E ArmVmp : Match on catch block at 0xc3 in for 0xa1
02-23 16:54:31.736 16668 16668 E ArmVmp : Match on catch block at 0xc3 in for 0xa1
02-23 16:54:31.740 16668 16668 E ArmVmp : Match on catch block at 0xc3 in for 0xa5
02-23 16:54:31.752 16668 16668 E ArmVmp : Match on catch block at 0xc3 in for 0xa5
02-23 16:54:31.756 16668 16686 W MediaPlayerNative: info/warning (10973, 0)
02-23 16:54:31.757 16668 16668 E ArmVmp : Match on catch block at 0xc3 in for 0xa9
02-23 16:54:31.774 16668 16668 E ArmVmp : Match on catch block at 0xc3 in for 0xa9
02-23 16:54:31.782 16668 16668 E ArmVmp : Match on catch block at 0xc3 in for 0xa1
02-23 16:54:31.791 16668 16668 E ArmVmp : Match on catch block at 0xc3 in for 0xa1
02-23 16:54:31.795 16668 16668 E ArmVmp : Match on catch block at 0xc3 in for 0xa5
02-23 16:54:31.819 16668 16668 E ArmVmp : Match on catch block at 0xc3 in for 0xa5
02-23 16:54:31.824 16668 16668 E ArmVmp : Match on catch block at 0xc3 in for 0xa9
02-23 16:54:31.834 16668 16668 E ArmVmp : Match on catch block at 0xc3 in for 0xa9
02-23 16:54:31.842 16668 16668 E ArmVmp : Match on catch block at 0xc3 in for 0xa1
02-23 16:54:31.851 16668 16668 E ArmVmp : Match on catch block at 0xc3 in for 0xa1
02-23 16:54:31.857 16668 16668 E ArmVmp : Match on catch block at 0xc3 in for 0xa5
02-23 16:54:31.867 16668 16668 E ArmVmp : Match on catch block at 0xc3 in for 0xa5
02-23 16:54:31.873 16668 16668 E ArmVmp : Match on catch block at 0xc3 in for 0xa9
02-23 16:54:31.884 16668 16668 E ArmVmp : Match on catch block at 0xc3 in for 0xa9
02-23 16:54:31.891 16668 16668 E ArmVmp : Match on catch block at 0xc3 in for 0xa1
02-23 16:54:31.904 16668 16668 E ArmVmp : Match on catch block at 0xc3 in for 0xa1
02-23 16:54:31.911 16668 16668 E ArmVmp : Match on catch block at 0xc3 in for 0xa5
02-23 16:54:31.918 16668 16668 E ArmVmp : Match on catch block at 0xc3 in for 0xa5
02-23 16:54:31.922 16668 16668 E ArmVmp : Match on catch block at 0xc3 in for 0xa9
02-23 16:54:31.936 16668 16668 E ArmVmp : Match on catch block at 0xc3 in for 0xa9
02-23 16:54:31.945 16668 16668 E ArmVmp : Match on catch block at 0xc3 in for 0xa1
02-23 16:54:31.956 16668 16668 E ArmVmp : Match on catch block at 0xc3 in for 0xa1
02-23 16:54:31.962 16668 16668 E ArmVmp : Match on catch block at 0xc3 in for 0xa5
02-23 16:54:32.300 16668 16739 W libEGL : EGLNativeWindowType 0x7c84921010
disconnect failed
02-23 16:54:32.369 16668 16668 E ArmVmp : Match on catch block at 0xc3 in for 0xa9
02-23 16:54:32.375 16668 16668 E ArmVmp : Match on catch block at 0xc3 in for 0xa1
02-23 16:54:32.423 16668 16668 E RecyclerView: No adapter attached; skipping layout
02-23 16:54:32.528 16668 16668 E ArmVmp : Match on catch block at 0xc3 in for 0xa5
02-23 16:54:32.541 16668 16668 E ArmVmp : Match on catch block at 0xc3 in for 0xa9
02-23 16:54:32.617 16668 16739 W libEGL : EGLNativeWindowType 0x7c84921010
disconnect failed
02-23 16:54:32.618 16668 16668 E ArmVmp : Match on catch block at 0x0a in for 0xa9
02-23 16:54:32.664 16668 16668 E ArmVmp : Match on catch block at 0xc3 in for 0xa1
02-23 16:54:32.669 16668 16668 E ArmVmp : Match on catch block at 0xc3 in for 0xa5
02-23 16:54:32.698 16668 16668 E ArmVmp : Match on catch block at 0xc3 in for 0xa5
02-23 16:54:32.702 16668 16668 E ArmVmp : Match on catch block at 0xc3 in for 0xa9
02-23 16:54:32.734 16668 16668 E ArmVmp : Match on catch block at 0xc3 in for 0xa9
02-23 16:54:32.739 16668 16668 E ArmVmp : Match on catch block at 0xc3 in for 0xa1
02-23 16:54:32.747 16668 16668 E ArmVmp : Match on catch block at 0xc3 in for 0xa1
02-23 16:54:32.752 16668 16668 E ArmVmp : Match on catch block at 0xc3 in for 0xa5
02-23 16:54:32.759 16668 16668 E ArmVmp : Match on catch block at 0xc3 in for 0xa5
02-23 16:54:32.764 16668 16668 E ArmVmp : Match on catch block at 0xc3 in for 0xa9
02-23 16:54:32.782 16668 16668 E ArmVmp : Match on catch block at 0xc3 in for 0xa9
02-23 16:54:32.789 16668 16668 E ArmVmp : Match on catch block at 0xc3 in for 0xa1
02-23 16:54:32.808 16668 16668 E ArmVmp : Match on catch block at 0xc3 in for 0xa1
02-23 16:54:32.813 16668 16668 E ArmVmp : Match on catch block at 0xc3 in for 0xa5
02-23 16:54:32.830 16668 16668 E ArmVmp : Match on catch block at 0xc3 in for 0xa5
02-23 16:54:32.840 16668 16668 E ArmVmp : Match on catch block at 0xc3 in for 0xa9
02-23 16:54:32.859 16668 16668 E ArmVmp : Match on catch block at 0xc3 in for 0xa9
02-23 16:54:32.863 16668 16668 E ArmVmp : Match on catch block at 0xc3 in for 0xa1
02-23 16:54:32.877 16668 16668 E ArmVmp : Match on catch block at 0xc3 in for 0xa1
02-23 16:54:32.881 16668 16668 E ArmVmp : Match on catch block at 0xc3 in for 0xa5
02-23 16:54:32.887 16668 16668 E ArmVmp : Match on catch block at 0xc3 in for 0xa5
02-23 16:54:32.892 16668 16668 E ArmVmp : Match on catch block at 0xc3 in for 0xa9
02-23 16:54:32.900 16668 16668 E ArmVmp : Match on catch block at 0xc3 in for 0xa9
02-23 16:54:32.905 16668 16668 E ArmVmp : Match on catch block at 0xc3 in for 0xa1
02-23 16:54:32.917 16668 16668 E ArmVmp : Match on catch block at 0xc3 in for 0xa1
02-23 16:54:32.921 16668 16668 E ArmVmp : Match on catch block at 0xc3 in for 0xa5
02-23 16:54:32.933 16668 16668 E ArmVmp : Match on catch block at 0xc3 in for 0xa5
02-23 16:54:32.938 16668 16668 E ArmVmp : Match on catch block at 0xc3 in for 0xa9
02-23 16:54:32.950 16668 16668 E ArmVmp : Match on catch block at 0xc3 in for 0xa9
02-23 16:54:32.957 16668 16668 E ArmVmp : Match on catch block at 0xc3 in for 0xa1
02-23 16:54:32.967 16668 16668 E ArmVmp : Match on catch block at 0xc3 in for 0xa1
02-23 16:54:32.974 16668 16668 E ArmVmp : Match on catch block at 0xc3 in for 0xa5
02-23 16:54:32.983 16668 16668 E ArmVmp : Match on catch block at 0xc3 in for 0xa5
02-23 16:54:32.990 16668 16668 E ArmVmp : Match on catch block at 0xc3 in for 0xa9
02-23 16:54:33.000 16668 16668 E ArmVmp : Match on catch block at 0xc3 in for 0xa9
02-23 16:54:33.008 16668 16668 E ArmVmp : Match on catch block at 0xc3 in for 0xa1
02-23 16:54:33.017 16668 16668 E ArmVmp : Match on catch block at 0xc3 in for 0xa1
02-23 16:54:33.023 16668 16668 E ArmVmp : Match on catch block at 0xc3 in for 0xa5
02-23 16:54:33.033 16668 16668 E ArmVmp : Match on catch block at 0xc3 in for 0xa5
02-23 16:54:33.037 16668 16668 E ArmVmp : Match on catch block at 0xc3 in for 0xa9
02-23 16:54:33.050 16668 16668 E ArmVmp : Match on catch block at 0xc3 in for 0xa9
02-23 16:54:33.055 16668 16668 E ArmVmp : Match on catch block at 0xc3 in for 0xa1
02-23 16:54:33.067 16668 16668 E ArmVmp : Match on catch block at 0xc3 in for 0xa1
02-23 16:54:33.072 16668 16668 E ArmVmp : Match on catch block at 0xc3 in for 0xa5
02-23 16:54:33.083 16668 16668 E ArmVmp : Match on catch block at 0xc3 in for 0xa5
02-23 16:54:33.089 16668 16668 E ArmVmp : Match on catch block at 0xc3 in for 0xa9
02-23 16:54:33.100 16668 16668 E ArmVmp : Match on catch block at 0xc3 in for 0xa9
02-23 16:54:33.105 16668 16668 E ArmVmp : Match on catch block at 0xc3 in for 0xa1
02-23 16:54:33.125 16668 16668 E ArmVmp : Match on catch block at 0xc3 in for 0xa5
02-23 16:54:33.130 16668 16668 E ArmVmp : Match on catch block at 0xc3 in for 0xa9
02-23 16:54:33.138 16668 16668 E ArmVmp : Match on catch block at 0xc3 in for 0xa9
02-23 16:54:33.145 16668 16668 E ArmVmp : Match on catch block at 0xc3 in for 0xa1
02-23 16:54:33.155 16668 16668 E ArmVmp : Match on catch block at 0xc3 in for 0xa1
02-23 16:54:33.164 16668 16668 E ArmVmp : Match on catch block at 0xc3 in for 0xa5
02-23 16:54:33.170 16668 16668 E ArmVmp : Match on catch block at 0xc3 in for 0xa5
02-23 16:54:33.175 16668 16668 E ArmVmp : Match on catch block at 0xc3 in for 0xa9
02-23 16:54:33.190 16668 16739 W libEGL : EGLNativeWindowType 0x7c84921010
disconnect failed
02-23 16:54:33.229 16668 16668 E ArmVmp : Match on catch block at 0xc3 in for 0xa5
02-23 16:54:33.235 16668 16668 E ArmVmp : Match on catch block at 0xc3 in for 0xa9
02-23 16:54:33.247 16668 16668 E ArmVmp : Match on catch block at 0xc3 in for 0xa9
02-23 16:54:33.252 16668 16668 E ArmVmp : Match on catch block at 0xc3 in for 0xa1
02-23 16:54:33.270 16668 16668 E ArmVmp : Match on catch block at 0xc3 in for 0xa1
02-23 16:54:33.275 16668 16668 E ArmVmp : Match on catch block at 0xc3 in for 0xa5
02-23 16:54:33.280 16668 16668 E ArmVmp : Match on catch block at 0xc3 in for 0xa5
02-23 16:54:33.285 16668 16668 E ArmVmp : Match on catch block at 0xc3 in for 0xa9
02-23 16:54:33.290 16668 16668 E ArmVmp : Match on catch block at 0xc3 in for 0xa9
02-23 16:54:33.295 16668 16668 E ArmVmp : Match on catch block at 0xc3 in for 0xa1
02-23 16:54:33.301 16668 16668 E ArmVmp : Match on catch block at 0xc3 in for 0xa1
02-23 16:54:33.305 16668 16668 E ArmVmp : Match on catch block at 0xc3 in for 0xa5
02-23 16:54:33.318 16668 16668 E ArmVmp : Match on catch block at 0xc3 in for 0xa5
02-23 16:54:33.325 16668 16668 E ArmVmp : Match on catch block at 0xc3 in for 0xa9
02-23 16:54:33.334 16668 16668 E ArmVmp : Match on catch block at 0xc3 in for 0xa9
02-23 16:54:33.342 16668 16668 E ArmVmp : Match on catch block at 0xc3 in for 0xa1
02-23 16:54:33.351 16668 16668 E ArmVmp : Match on catch block at 0xc3 in for 0xa1
02-23 16:54:33.358 16668 16668 E ArmVmp : Match on catch block at 0xc3 in for 0xa5
02-23 16:54:33.367 16668 16668 E ArmVmp : Match on catch block at 0xc3 in for 0xa5
02-23 16:54:33.372 16668 16668 E ArmVmp : Match on catch block at 0xc3 in for 0xa9
02-23 16:54:33.383 16668 16668 E ArmVmp : Match on catch block at 0xc3 in for 0xa9
02-23 16:54:33.388 16668 16668 E ArmVmp : Match on catch block at 0xc3 in for 0xa1
02-23 16:54:33.400 16668 16668 E ArmVmp : Match on catch block at 0xc3 in for 0xa1
02-23 16:54:33.404 16668 16668 E ArmVmp : Match on catch block at 0xc3 in for 0xa5
02-23 16:54:33.416 16668 16668 E ArmVmp : Match on catch block at 0xc3 in for 0xa5
02-23 16:54:33.421 16668 16668 E ArmVmp : Match on catch block at 0xc3 in for 0xa9
02-23 16:54:33.433 16668 16668 E ArmVmp : Match on catch block at 0xc3 in for 0xa9
02-23 16:54:33.437 16668 16668 E ArmVmp : Match on catch block at 0xc3 in for 0xa1
02-23 16:54:33.449 16668 16668 E ArmVmp : Match on catch block at 0xc3 in for 0xa1
02-23 16:54:33.454 16668 16668 E ArmVmp : Match on catch block at 0xc3 in for 0xa5
02-23 16:54:33.466 16668 16668 E ArmVmp : Match on catch block at 0xc3 in for 0xa5
02-23 16:54:33.471 16668 16668 E ArmVmp : Match on catch block at 0xc3 in for 0xa9
02-23 16:54:33.483 16668 16668 E ArmVmp : Match on catch block at 0xc3 in for 0xa9
02-23 16:54:33.488 16668 16668 E ArmVmp : Match on catch block at 0xc3 in for 0xa1
02-23 16:54:33.500 16668 16668 E ArmVmp : Match on catch block at 0xc3 in for 0xa1
02-23 16:54:33.504 16668 16668 E ArmVmp : Match on catch block at 0xc3 in for 0xa5
02-23 16:54:33.516 16668 16668 E ArmVmp : Match on catch block at 0xc3 in for 0xa5
02-23 16:54:33.521 16668 16668 E ArmVmp : Match on catch block at 0xc3 in for 0xa9
