disconnect failed
02-23 16:54:01.076 15269 16220 W libEGL : EGLNativeWindowType 0x7c77cbb010
disconnect failed
--------- beginning of main
02-23 16:54:02.035 15731 15731 E com.mbwhatsapp: Not starting debugger since
process cannot load the jdwp agent.
--------- beginning of system
02-23 16:54:02.210 15731 15731 W System.err: java.lang.ClassNotFoundException:
mbmodsd.mbmodsw.ui.views.btn.BtnBK
02-23 16:54:02.212 15731 15731 W System.err: at
java.lang.Runtime.nativeLoad(Native Method)
02-23 16:54:02.212 15731 15731 W System.err: at
java.lang.Runtime.nativeLoad(Runtime.java:1131)
02-23 16:54:02.212 15731 15731 W System.err: at
java.lang.Runtime.loadLibrary0(Runtime.java:1085)
02-23 16:54:02.212 15731 15731 W System.err: at
java.lang.Runtime.loadLibrary0(Runtime.java:1008)
02-23 16:54:02.212 15731 15731 W System.err: at
java.lang.System.loadLibrary(System.java:1664)
02-23 16:54:02.212 15731 15731 W System.err: at arm.EpicVm.<clinit>(Unknown
Source:2)
02-23 16:54:02.212 15731 15731 W System.err: at
java.lang.Class.newInstance(Native Method)
02-23 16:54:02.212 15731 15731 W System.err: at
android.app.AppComponentFactory.instantiateApplication(AppComponentFactory.java:76)
02-23 16:54:02.212 15731 15731 W System.err: at
androidx.core.app.CoreComponentFactory.instantiateApplication(Unknown Source:0)
02-23 16:54:02.212 15731 15731 W System.err: at
android.app.Instrumentation.newApplication(Instrumentation.java:1158)
02-23 16:54:02.212 15731 15731 W System.err: at
android.app.LoadedApk.makeApplication(LoadedApk.java:1324)
02-23 16:54:02.212 15731 15731 W System.err: at
android.app.ActivityThread.handleBindApplication(ActivityThread.java:7486)
02-23 16:54:02.212 15731 15731 W System.err: at
android.app.ActivityThread.access$1400(ActivityThread.java:301)
02-23 16:54:02.212 15731 15731 W System.err: at
android.app.ActivityThread$H.handleMessage(ActivityThread.java:2150)
02-23 16:54:02.212 15731 15731 W System.err: at
android.os.Handler.dispatchMessage(Handler.java:106)
02-23 16:54:02.212 15731 15731 W System.err: at
android.os.Looper.loop(Looper.java:246)
02-23 16:54:02.212 15731 15731 W System.err: at
android.app.ActivityThread.main(ActivityThread.java:8587)
02-23 16:54:02.212 15731 15731 W System.err: at
java.lang.reflect.Method.invoke(Native Method)
02-23 16:54:02.212 15731 15731 W System.err: at
com.android.internal.os.RuntimeInit$MethodAndArgsCaller.run(RuntimeInit.java:602)
02-23 16:54:02.212 15731 15731 W System.err: at
com.android.internal.os.ZygoteInit.main(ZygoteInit.java:1130)
02-23 16:54:02.300 15731 15731 E CustomActivityOnCrash: IMPORTANT WARNING! You
already have an UncaughtExceptionHandler, are you sure this is correct? If you use
a custom UncaughtExceptionHandler, you must initialize it AFTER
CustomActivityOnCrash! Installing anyway, but your original handler will not be
called.
02-23 16:54:02.653 15731 15731 W com.mbwhatsapp: Accessing hidden method
Lcom/android/org/conscrypt/OpenSSLSocketImpl;->setUseSessionTickets(Z)V (greylist-
max-q,core-platform-api, reflection, denied)
02-23 16:54:02.653 15731 15731 W com.mbwhatsapp: Accessing hidden method
Lcom/android/org/conscrypt/AbstractConscryptSocket;->setUseSessionTickets(Z)V
(greylist-max-q, reflection, denied)
02-23 16:54:02.747 15731 15731 W linker : Warning:
"/data/data/com.mbwhatsapp/files/decompressed/libs.spk.zst/libc++_shared.so" unused
DT entry: unknown processor-specific (type 0x70000001 arg 0x0) (ignoring)
02-23 16:54:03.022 15731 16595 W com.mbwhatsapp: Class X.2rL failed lock
verification and will run slower.
02-23 16:54:03.022 15731 16595 W com.mbwhatsapp: Common causes for lock
verification issues are non-optimized dex code
02-23 16:54:03.022 15731 16595 W com.mbwhatsapp: and incorrect proguard
optimizations.
02-23 16:54:03.139 15731 15731 E ArmVmp : Match on catch block at 0x0a in for 0xe5
02-23 16:54:03.160 15731 15731 E ArmVmp : Match on catch block at 0x8d in for
0x105
02-23 16:54:03.185 15731 15731 E ArmVmp : Match on catch block at 0x0a in for 0xd9
02-23 16:54:03.464 15731 15731 E ArmVmp : Match on catch block at 0x0a in for 0xc1
02-23 16:54:03.571 15731 15731 E ArmVmp : Match on catch block at 0x0a in for 0xc5
02-23 16:54:04.065 15731 16599 W Gralloc3: mapper 3.x is not supported
02-23 16:54:05.889 15731 15731 W com.mbwhatsapp: Class X.0eU failed lock
verification and will run slower.
02-23 16:54:06.117 15731 15731 E ArmVmp : Match on catch block at 0x8d in for
0x105
02-23 16:54:06.951 15731 16599 W libEGL : EGLNativeWindowType 0x7cf2e86010
disconnect failed
02-23 16:54:07.300 15731 15731 E ArmVmp : Match on catch block at 0x8d in for
0x101
02-23 16:54:07.319 15731 15731 E ArmVmp : Match on catch block at 0x8d in for
0x109
02-23 16:54:07.384 15731 15731 E ArmVmp : Match on catch block at 0x8d in for
0x101
02-23 16:54:07.397 15731 15731 E ArmVmp : Match on catch block at 0x8d in for
0x105
02-23 16:54:07.590 15731 15731 W com.mbwhatsapp: Class com.mbwhatsapp.HomeActivity
failed lock verification and will run slower.
02-23 16:54:08.199 15731 16599 W libEGL : EGLNativeWindowType 0x7d0bcfe010
disconnect failed
--------- beginning of main
02-23 16:54:08.979 16668 16668 E com.mbwhatsapp: Not starting debugger since
process cannot load the jdwp agent.
--------- beginning of system
02-23 16:54:09.200 16668 16668 W System.err: java.lang.ClassNotFoundException:
mbmodsd.mbmodsw.ui.views.btn.BtnBK
02-23 16:54:09.200 16668 16668 W System.err: at
java.lang.Runtime.nativeLoad(Native Method)
02-23 16:54:09.200 16668 16668 W System.err: at
java.lang.Runtime.nativeLoad(Runtime.java:1131)
02-23 16:54:09.200 16668 16668 W System.err: at
java.lang.Runtime.loadLibrary0(Runtime.java:1085)
02-23 16:54:09.200 16668 16668 W System.err: at
java.lang.Runtime.loadLibrary0(Runtime.java:1008)
02-23 16:54:09.201 16668 16668 W System.err: at
java.lang.System.loadLibrary(System.java:1664)
02-23 16:54:09.201 16668 16668 W System.err: at arm.EpicVm.<clinit>(Unknown
Source:2)
02-23 16:54:09.201 16668 16668 W System.err: at
java.lang.Class.newInstance(Native Method)
02-23 16:54:09.201 16668 16668 W System.err: at
android.app.AppComponentFactory.instantiateApplication(AppComponentFactory.java:76)
02-23 16:54:09.201 16668 16668 W System.err: at
androidx.core.app.CoreComponentFactory.instantiateApplication(Unknown Source:0)
02-23 16:54:09.201 16668 16668 W System.err: at
android.app.Instrumentation.newApplication(Instrumentation.java:1158)
02-23 16:54:09.201 16668 16668 W System.err: at
android.app.LoadedApk.makeApplication(LoadedApk.java:1324)
02-23 16:54:09.201 16668 16668 W System.err: at
android.app.ActivityThread.handleBindApplication(ActivityThread.java:7486)
02-23 16:54:09.201 16668 16668 W System.err: at
android.app.ActivityThread.access$1400(ActivityThread.java:301)
02-23 16:54:09.201 16668 16668 W System.err: at
android.app.ActivityThread$H.handleMessage(ActivityThread.java:2150)
02-23 16:54:09.201 16668 16668 W System.err: at
android.os.Handler.dispatchMessage(Handler.java:106)
02-23 16:54:09.201 16668 16668 W System.err: at
android.os.Looper.loop(Looper.java:246)
02-23 16:54:09.201 16668 16668 W System.err: at
android.app.ActivityThread.main(ActivityThread.java:8587)
02-23 16:54:09.201 16668 16668 W System.err: at
java.lang.reflect.Method.invoke(Native Method)
02-23 16:54:09.201 16668 16668 W System.err: at
com.android.internal.os.RuntimeInit$MethodAndArgsCaller.run(RuntimeInit.java:602)
02-23 16:54:09.201 16668 16668 W System.err: at
com.android.internal.os.ZygoteInit.main(ZygoteInit.java:1130)
02-23 16:54:09.397 16668 16668 E CustomActivityOnCrash: IMPORTANT WARNING! You
already have an UncaughtExceptionHandler, are you sure this is correct? If you use
a custom UncaughtExceptionHandler, you must initialize it AFTER
CustomActivityOnCrash! Installing anyway, but your original handler will not be
called.
02-23 16:54:09.888 16668 16668 W com.mbwhatsapp: Accessing hidden method
Lcom/android/org/conscrypt/OpenSSLSocketImpl;->setUseSessionTickets(Z)V (greylist-
max-q,core-platform-api, reflection, denied)
02-23 16:54:09.889 16668 16668 W com.mbwhatsapp: Accessing hidden method
Lcom/android/org/conscrypt/AbstractConscryptSocket;->setUseSessionTickets(Z)V
(greylist-max-q, reflection, denied)
02-23 16:54:09.971 16668 16668 W linker : Warning:
"/data/data/com.mbwhatsapp/files/decompressed/libs.spk.zst/libc++_shared.so" unused
DT entry: unknown processor-specific (type 0x70000001 arg 0x0) (ignoring)
02-23 16:54:10.142 16668 16722 W com.mbwhatsapp: Class X.2rL failed lock
verification and will run slower.
02-23 16:54:10.142 16668 16722 W com.mbwhatsapp: Common causes for lock
verification issues are non-optimized dex code
02-23 16:54:10.142 16668 16722 W com.mbwhatsapp: and incorrect proguard
optimizations.
02-23 16:54:10.176 16668 16668 W com.mbwhatsapp: Class X.0eU failed lock
verification and will run slower.
02-23 16:54:10.563 16668 16668 W com.mbwhatsapp: Class com.mbwhatsapp.HomeActivity
failed lock verification and will run slower.
02-23 16:54:11.016 16668 16668 E ArmVmp : Match on catch block at 0x0a in for 0xc5
02-23 16:54:11.048 16668 16668 E ArmVmp : Match on catch block at 0x0a in for
0x131
02-23 16:54:11.380 16668 16760 W com.mbwhatsapp: Accessing hidden method
Lcom/android/org/conscrypt/ConscryptEngineSocket;->setUseSessionTickets(Z)V
(greylist-max-q,core-platform-api, reflection, denied)
02-23 16:54:11.380 16668 16760 W com.mbwhatsapp: Accessing hidden method
Lcom/android/org/conscrypt/OpenSSLSocketImpl;->setUseSessionTickets(Z)V (greylist-
max-q,core-platform-api, reflection, denied)
02-23 16:54:11.381 16668 16760 W com.mbwhatsapp: Accessing hidden method
Lcom/android/org/conscrypt/AbstractConscryptSocket;->setUseSessionTickets(Z)V
(greylist-max-q, reflection, denied)
02-23 16:54:11.381 16668 16760 W com.mbwhatsapp: Accessing hidden method
Lcom/android/org/conscrypt/ConscryptEngineSocket;->setHostname(Ljava/lang/String;)V
(greylist-max-q,core-platform-api, reflection, denied)
02-23 16:54:11.382 16668 16760 W com.mbwhatsapp: Accessing hidden method
Lcom/android/org/conscrypt/OpenSSLSocketImpl;->setHostname(Ljava/lang/String;)V
(greylist-max-q,core-platform-api, reflection, denied)
02-23 16:54:11.382 16668 16760 W com.mbwhatsapp: Accessing hidden method
Lcom/android/org/conscrypt/AbstractConscryptSocket;->setHostname(Ljava/lang/
String;)V (greylist-max-q, reflection, denied)
02-23 16:54:11.383 16668 16760 W com.mbwhatsapp: Accessing hidden method
Lcom/android/org/conscrypt/OpenSSLSocketImpl;->setAlpnProtocols([B)V (greylist-max-
q,core-platform-api, reflection, denied)
02-23 16:54:11.383 16668 16760 W com.mbwhatsapp: Accessing hidden method
Lcom/android/org/conscrypt/AbstractConscryptSocket;->setAlpnProtocols([B)V
(greylist-max-q, reflection, denied)
02-23 16:54:11.516 16668 16731 W FirebaseMessaging: Message ack failed:
java.util.concurrent.TimeoutException: Timed out waiting for Task
02-23 16:54:11.744 16668 16760 W com.mbwhatsapp: Accessing hidden method
Lcom/android/org/conscrypt/OpenSSLSocketImpl;->getAlpnSelectedProtocol()[B
(greylist-max-q,core-platform-api, reflection, denied)
02-23 16:54:11.745 16668 16760 W com.mbwhatsapp: Accessing hidden method
Lcom/android/org/conscrypt/AbstractConscryptSocket;->getAlpnSelectedProtocol()[B
(greylist-max-q, reflection, denied)
02-23 16:54:12.702 16668 16668 E RecyclerView: No adapter attached; skipping layout
02-23 16:54:12.765 16668 16739 W Gralloc3: mapper 3.x is not supported
02-23 16:54:12.885 16668 16668 E RecyclerView: No adapter attached; skipping layout
02-23 16:54:12.938 16668 16668 E ArmVmp : Match on catch block at 0x0a in for 0xd9
02-23 16:54:13.055 16668 16739 W libEGL : EGLNativeWindowType 0x7d0adcc010
disconnect failed
02-23 16:54:13.139 16668 16692 W LibraryVersion: Failed to get app version for
libraryName: firebase-iid
02-23 16:54:13.243 16668 16794 W LOTTIE : Animation contains merge paths. Merge
paths are only supported on KitKat+ and must be manually enabled by calling
enableMergePathsForKitKatAndAbove().
02-23 16:54:13.526 16668 16668 W LOTTIE : Animation contains merge paths but they
are disabled.
02-23 16:54:13.881 16668 16739 W libEGL : EGLNativeWindowType 0x7ccef82010
disconnect failed
02-23 16:54:14.207 16668 16719 E SQLiteDatabase: Error inserting transferred=0
media_job_uuid=f9ff5dde-7100-4961-996f-5877c542378e transcoded=0 gif_attribution=0
first_scan_length=11559 direct_path=/v/t62.7118-
24/55812062_365734676357513_7513352359339025755_n.enc?ccb=11-
4&oh=01_AdR4iBFuNJwZ4iNAtWCQ4extOQ-HcH8kLsRnv7CLS43qgg&oe=65FFC32B&_nc_sid=5e03e0
thumbnail_height_width_ratio=0.43055555 is_animated_sticker=0
file_hash=pcjprjnvzYlHePpTcUYGM6aPQM99HNZdYxXJp5m5ges= file_path=null file_size=0
partial_media_hash=++bEFKos8WCfch61RbhYm8awoIykW99hHvp2x9UuWtk= face_x=0 face_y=0
height=720 trim_to=0 media_key_timestamp=1708682034000
message_url=https://mmg.whatsapp.net/v/t62.7118-
24/55812062_365734676357513_7513352359339025755_n.enc?ccb=11-
4&oh=01_AdR4iBFuNJwZ4iNAtWCQ4extOQ-
HcH8kLsRnv7CLS43qgg&oe=65FFC32B&_nc_sid=5e03e0&mms3=true media_caption=null
trim_from=0 mime_type=image/jpeg partial_media_enc_hash=null width=1600
original_file_hash=null has_streaming_sidecar=1 autotransfer_retry_enabled=1
media_upload_handle=null message_row_id=1886 multicast_id=null
enc_file_hash=BwMYb1NLO6GsPuIK99YnYMZFrwFlsV/MKWbzKY/rlLg= mute_video=0
page_count=0 first_scan_sidecar=[B@e207ebd suspicious_content=0 file_length=113228
media_name=null media_duration=0 chat_row_id=69 media_key=[B@da1bcb2
02-23 16:54:14.207 16668 16719 E SQLiteDatabase:
android.database.sqlite.SQLiteConstraintException: UNIQUE constraint failed:
message_media.message_row_id (code 1555 SQLITE_CONSTRAINT_PRIMARYKEY[1555])
02-23 16:54:14.207 16668 16719 E SQLiteDatabase: at
android.database.sqlite.SQLiteConnection.nativeExecuteForLastInsertedRowId(Native
Method)
02-23 16:54:14.207 16668 16719 E SQLiteDatabase: at
android.database.sqlite.SQLiteConnection.executeForLastInsertedRowId(SQLiteConnecti
on.java:1217)
02-23 16:54:14.207 16668 16719 E SQLiteDatabase: at
android.database.sqlite.SQLiteSession.executeForLastInsertedRowId(SQLiteSession.jav
a:790)
02-23 16:54:14.207 16668 16719 E SQLiteDatabase: at
android.database.sqlite.SQLiteStatement.executeInsert(SQLiteStatement.java:88)
02-23 16:54:14.207 16668 16719 E SQLiteDatabase: at
android.database.sqlite.SQLiteDatabase.insertWithOnConflict(SQLiteDatabase.java:221
9)
02-23 16:54:14.207 16668 16719 E SQLiteDatabase: at
android.database.sqlite.SQLiteDatabase.insert(SQLiteDatabase.java:2088)
02-23 16:54:14.207 16668 16719 E SQLiteDatabase: at X.2tm.A08(Unknown
Source:6)
02-23 16:54:14.207 16668 16719 E SQLiteDatabase: at X.35Y.A07(Unknown
Source:212)
02-23 16:54:14.207 16668 16719 E SQLiteDatabase: at X.3QF.A14(Unknown
Source:470)
02-23 16:54:14.207 16668 16719 E SQLiteDatabase: at X.3gU.run(Unknown
Source:982)
02-23 16:54:14.207 16668 16719 E SQLiteDatabase: at
android.os.Handler.handleCallback(Handler.java:938)
02-23 16:54:14.207 16668 16719 E SQLiteDatabase: at
android.os.Handler.dispatchMessage(Handler.java:99)
02-23 16:54:14.207 16668 16719 E SQLiteDatabase: at
X.0zq.dispatchMessage(Unknown Source:4)
02-23 16:54:14.207 16668 16719 E SQLiteDatabase: at
android.os.Looper.loop(Looper.java:246)
02-23 16:54:14.207 16668 16719 E SQLiteDatabase: at
android.os.HandlerThread.run(HandlerThread.java:67)
02-23 16:54:18.332 16668 16739 W libEGL : EGLNativeWindowType 0x7ccef82010
disconnect failed
02-23 16:54:20.352 16668 16668 W com.mbwhatsapp: Verification of void
X.5pH.A1Z(android.os.Bundle) took 112.600ms (89990.66 bytecodes/s) (247944B
approximate peak alloc)
02-23 16:54:20.532 16668 16837 E linker : library ""
("/apex/com.android.vndk.v30/lib64") needed or dlopened by
"/apex/com.android.vndk.v30/lib64/libRS_internal.so" is not accessible for the
namespace: [name="rs", ld_library_paths="",
default_library_paths="/apex/com.android.vndk.v30/lib64:/vendor/lib64",
permitted_paths="/odm/lib64:/vendor/lib64:/system/vendor/lib64:/data"]
02-23 16:54:20.532 16668 16837 E RenderScript: Failed loading RS driver: dlopen
failed: library "" needed or dlopened by
"/apex/com.android.vndk.v30/lib64/libRS_internal.so" is not accessible for the
namespace "rs"
02-23 16:54:20.532 16668 16837 E RenderScript: Failed to load runtime , loading
default
02-23 16:54:20.777 16668 16794 W LOTTIE : Unknown shape type rd
02-23 16:54:20.948 16668 16668 E ArmVmp : Match on catch block at 0x0a in for 0xc1
02-23 16:54:20.956 16668 16668 E ArmVmp : Match on catch block at 0x0a in for 0xc1
02-23 16:54:21.610 16668 16668 W View : requestLayout() improperly called by
X.4rg{a7599e0 V.E....L. ......ID 0,327-720,782} during layout: running second
layout pass
02-23 16:54:21.610 16668 16668 W View : requestLayout() improperly called by
android.widget.LinearLayout{c34f499 V.E...... ......ID 79,75-597,446 #7f0b0e50
app:id/main_layout} during layout: running second layout pass
02-23 16:54:21.610 16668 16668 W View : requestLayout() improperly called by
com.mbwhatsapp.conversation.conversationrow.ConversationRowImage$RowImageView{c68f3
5e VFED..CL. ......ID 7,7-511,204 #7f0b0c84 app:id/image} during layout: running
second layout pass
02-23 16:54:21.626 16668 16668 E ArmVmp : Match on catch block at 0xc3 in for 0xb5
02-23 16:54:21.635 16668 16668 E ArmVmp : Match on catch block at 0xc3 in for 0xb1
02-23 16:54:21.639 16668 16668 E ArmVmp : Match on catch block at 0xc3 in for 0xb1
02-23 16:54:22.054 16668 16668 E ArmVmp : Match on catch block at 0xc3 in for 0xa1
02-23 16:54:22.059 16668 16668 E ArmVmp : Match on catch block at 0xc3 in for 0xa9
02-23 16:54:22.063 16668 16668 E ArmVmp : Match on catch block at 0xc3 in for 0xa9
02-23 16:54:22.369 16668 16668 W SoundPool: Use of stream types is deprecated for
operations other than volume control
02-23 16:54:22.369 16668 16668 W SoundPool: See the documentation of SoundPool()
for what to use instead with android.media.AudioAttributes to qualify your playback
use case
02-23 16:54:22.552 16668 16668 W View : requestLayout() improperly called by
X.4rg{a7599e0 V.E....L. ......ID 0,327-720,782} during second layout pass: posting
in next frame
02-23 16:54:22.556 16668 16668 W View : requestLayout() improperly called by
android.widget.LinearLayout{c34f499 V.E...... ......ID 79,75-597,446 #7f0b0e50
app:id/main_layout} during second layout pass: posting in next frame
02-23 16:54:22.727 16668 16668 E ArmVmp : Match on catch block at 0xc3 in for 0xa5
02-23 16:54:22.732 16668 16668 E ArmVmp : Match on catch block at 0xc3 in for 0xa9
02-23 16:54:22.735 16668 16668 E ArmVmp : Match on catch block at 0xc3 in for 0xa9
02-23 16:54:22.924 16668 16668 E ArmVmp : Match on catch block at 0xc3 in for 0xa5
02-23 16:54:22.930 16668 16668 E ArmVmp : Match on catch block at 0xc3 in for 0xa9
02-23 16:54:22.934 16668 16668 E ArmVmp : Match on catch block at 0xc3 in for 0xa9
02-23 16:54:22.993 16668 16739 W libEGL : EGLNativeWindowType 0x7d08b35010
disconnect failed
02-23 16:54:23.050 16668 16668 E ArmVmp : Match on catch block at 0xc3 in for 0xa1
02-23 16:54:23.055 16668 16668 E ArmVmp : Match on catch block at 0xc3 in for 0xa5
02-23 16:54:23.060 16668 16668 E ArmVmp : Match on catch block at 0xc3 in for 0xa5
02-23 16:54:23.093 16668 16668 E ArmVmp : Match on catch block at 0xc3 in for 0xa9
02-23 16:54:23.098 16668 16668 E ArmVmp : Match on catch block at 0xc3 in for 0xa1
02-23 16:54:23.103 16668 16668 E ArmVmp : Match on catch block at 0xc3 in for 0xa1
02-23 16:54:23.124 16668 16668 E ArmVmp : Match on catch block at 0xc3 in for 0xa5
02-23 16:54:23.130 16668 16668 E ArmVmp : Match on catch block at 0xc3 in for 0xa9
02-23 16:54:23.136 16668 16668 E ArmVmp : Match on catch block at 0xc3 in for 0xa9
02-23 16:54:23.152 16668 16668 E ArmVmp : Match on catch block at 0xc3 in for 0xa1
02-23 16:54:23.158 16668 16668 E ArmVmp : Match on catch block at 0xc3 in for 0xa5
02-23 16:54:23.162 16668 16668 E ArmVmp : Match on catch block at 0xc3 in for 0xa5
02-23 16:54:23.178 16668 16668 E ArmVmp : Match on catch block at 0xc3 in for 0xa9
02-23 16:54:23.182 16668 16668 E ArmVmp : Match on catch block at 0xc3 in for 0xa1
02-23 16:54:23.186 16668 16668 E ArmVmp : Match on catch block at 0xc3 in for 0xa1
02-23 16:54:23.205 16668 16668 E ArmVmp : Match on catch block at 0xc3 in for 0xa9
02-23 16:54:23.210 16668 16668 E ArmVmp : Match on catch block at 0xc3 in for 0xa1
02-23 16:54:23.214 16668 16668 E ArmVmp : Match on catch block at 0xc3 in for 0xa1
02-23 16:54:23.230 16668 16668 E ArmVmp : Match on catch block at 0xc3 in for 0xa9
02-23 16:54:23.238 16668 16668 E ArmVmp : Match on catch block at 0xc3 in for 0xa1
02-23 16:54:23.241 16668 16668 E ArmVmp : Match on catch block at 0xc3 in for 0xa1
02-23 16:54:23.255 16668 16668 E ArmVmp : Match on catch block at 0xc3 in for 0xa5
02-23 16:54:23.261 16668 16668 E ArmVmp : Match on catch block at 0xc3 in for 0xa9
02-23 16:54:23.269 16668 16668 E ArmVmp : Match on catch block at 0xc3 in for 0xa9
02-23 16:54:23.280 16668 16668 E ArmVmp : Match on catch block at 0xc3 in for 0xa5
02-23 16:54:23.290 16668 16668 E ArmVmp : Match on catch block at 0xc3 in for 0xa9
02-23 16:54:23.294 16668 16668 E ArmVmp : Match on catch block at 0xc3 in for 0xa9
02-23 16:54:23.305 16668 16668 E ArmVmp : Match on catch block at 0xc3 in for 0xa1
02-23 16:54:23.310 16668 16668 E ArmVmp : Match on catch block at 0xc3 in for 0xa5
02-23 16:54:23.315 16668 16668 E ArmVmp : Match on catch block at 0xc3 in for 0xa5
02-23 16:54:23.662 16668 16668 E ArmVmp : Match on catch block at 0xc3 in for 0xa1
02-23 16:54:23.679 16668 16668 E ArmVmp : Match on catch block at 0xc3 in for 0xa5
02-23 16:54:23.708 16668 16668 E ArmVmp : Match on catch block at 0xc3 in for 0xa1
02-23 16:54:23.716 16668 16668 E ArmVmp : Match on catch block at 0xc3 in for 0xa5
02-23 16:54:23.793 16668 16668 E ArmVmp : Match on catch block at 0xc3 in for 0xa5
02-23 16:54:23.801 16668 16668 E ArmVmp : Match on catch block at 0xc3 in for 0xa9
02-23 16:54:23.839 16668 16668 E ArmVmp : Match on catch block at 0xc3 in for 0xa9
02-23 16:54:23.850 16668 16668 E ArmVmp : Match on catch block at 0xc3 in for 0xa1
02-23 16:54:23.866 16668 16668 E ArmVmp : Match on catch block at 0xc3 in for 0xa1
02-23 16:54:23.873 16668 16668 E ArmVmp : Match on catch block at 0xc3 in for 0xa5
02-23 16:54:23.899 16668 16668 E ArmVmp : Match on catch block at 0xc3 in for 0xa9
02-23 16:54:23.905 16668 16668 E ArmVmp : Match on catch block at 0xc3 in for 0xa1
02-23 16:54:23.929 16668 16668 E ArmVmp : Match on catch block at 0xc3 in for 0xa1
02-23 16:54:23.938 16668 16668 E ArmVmp : Match on catch block at 0xc3 in for 0xa5
02-23 16:54:23.949 16668 16668 E ArmVmp : Match on catch block at 0xc3 in for 0xa1
02-23 16:54:23.955 16668 16668 E ArmVmp : Match on catch block at 0xc3 in for 0xa5
02-23 16:54:23.965 16668 16668 E ArmVmp : Match on catch block at 0xc3 in for 0xa1
02-23 16:54:23.972 16668 16668 E ArmVmp : Match on catch block at 0xc3 in for 0xa5
02-23 16:54:23.981 16668 16668 E ArmVmp : Match on catch block at 0xc3 in for 0xa1
02-23 16:54:23.987 16668 16668 E ArmVmp : Match on catch block at 0xc3 in for 0xa5
02-23 16:54:24.003 16668 16668 E ArmVmp : Match on catch block at 0xc3 in for 0xa1
02-23 16:54:24.009 16668 16668 E ArmVmp : Match on catch block at 0xc3 in for 0xa5
02-23 16:54:24.023 16668 16668 E ArmVmp : Match on catch block at 0xc3 in for 0xa5
02-23 16:54:24.029 16668 16668 E ArmVmp : Match on catch block at 0xc3 in for 0xa9
02-23 16:54:24.038 16668 16668 E ArmVmp : Match on catch block at 0xc3 in for 0xa9
02-23 16:54:24.044 16668 16668 E ArmVmp : Match on catch block at 0xc3 in for 0xa1
02-23 16:54:24.053 16668 16668 E ArmVmp : Match on catch block at 0xc3 in for 0xa9
02-23 16:54:24.059 16668 16668 E ArmVmp : Match on catch block at 0xc3 in for 0xa1
02-23 16:54:24.068 16668 16668 E ArmVmp : Match on catch block at 0xc3 in for 0xa9
02-23 16:54:24.074 16668 16668 E ArmVmp : Match on catch block at 0xc3 in for 0xa1
02-23 16:54:24.083 16668 16668 E ArmVmp : Match on catch block at 0xc3 in for 0xa9
02-23 16:54:24.089 16668 16668 E ArmVmp : Match on catch block at 0xc3 in for 0xa1
02-23 16:54:24.102 16668 16668 E ArmVmp : Match on catch block at 0xc3 in for 0xa9
02-23 16:54:24.108 16668 16668 E ArmVmp : Match on catch block at 0xc3 in for 0xa1
02-23 16:54:24.120 16668 16668 E ArmVmp : Match on catch block at 0xc3 in for 0xa5
02-23 16:54:24.127 16668 16668 E ArmVmp : Match on catch block at 0xc3 in for 0xa9
02-23 16:54:24.137 16668 16668 E ArmVmp : Match on catch block at 0xc3 in for 0xa1
02-23 16:54:24.144 16668 16668 E ArmVmp : Match on catch block at 0xc3 in for 0xa5
02-23 16:54:24.159 16668 16668 E ArmVmp : Match on catch block at 0xc3 in for 0xa5
02-23 16:54:24.168 16668 16668 E ArmVmp : Match on catch block at 0xc3 in for 0xa9
02-23 16:54:24.198 16668 16668 E ArmVmp : Match on catch block at 0xc3 in for 0xa5
02-23 16:54:24.205 16668 16668 E ArmVmp : Match on catch block at 0xc3 in for 0xa9
02-23 16:54:24.226 16668 16668 E ArmVmp : Match on catch block at 0xc3 in for 0xa5
02-23 16:54:24.231 16668 16668 E ArmVmp : Match on catch block at 0xc3 in for 0xa9
02-23 16:54:24.242 16668 16668 E ArmVmp : Match on catch block at 0xc3 in for 0xa1
02-23 16:54:24.251 16668 16668 E ArmVmp : Match on catch block at 0xc3 in for 0xa5
02-23 16:54:24.262 16668 16668 E ArmVmp : Match on catch block at 0xc3 in for 0xa5
02-23 16:54:24.272 16668 16668 E ArmVmp : Match on catch block at 0xc3 in for 0xa9
02-23 16:54:24.292 16668 16668 E ArmVmp : Match on catch block at 0xc3 in for 0xa1
02-23 16:54:24.299 16668 16668 E ArmVmp : Match on catch block at 0xc3 in for 0xa5
02-23 16:54:24.313 16668 16668 E ArmVmp : Match on catch block at 0xc3 in for 0xa5
02-23 16:54:24.319 16668 16668 E ArmVmp : Match on catch block at 0xc3 in for 0xa9
02-23 16:54:24.345 16668 16668 E ArmVmp : Match on catch block at 0xc3 in for 0xa5
02-23 16:54:24.352 16668 16668 E ArmVmp : Match on catch block at 0xc3 in for 0xa9
02-23 16:54:24.365 16668 16668 E ArmVmp : Match on catch block at 0xc3 in for 0xa5
02-23 16:54:24.370 16668 16668 E ArmVmp : Match on catch block at 0xc3 in for 0xa9
02-23 16:54:24.382 16668 16668 E ArmVmp : Match on catch block at 0xc3 in for 0xa5
02-23 16:54:24.388 16668 16668 E ArmVmp : Match on catch block at 0xc3 in for 0xa9
02-23 16:54:24.397 16668 16668 E ArmVmp : Match on catch block at 0xc3 in for 0xa1
02-23 16:54:24.402 16668 16668 E ArmVmp : Match on catch block at 0xc3 in for 0xa5
02-23 16:54:24.423 16668 16668 E ArmVmp : Match on catch block at 0xc3 in for 0xa1
02-23 16:54:24.429 16668 16668 E ArmVmp : Match on catch block at 0xc3 in for 0xa5
02-23 16:54:24.439 16668 16668 E ArmVmp : Match on catch block at 0xc3 in for 0xa1
02-23 16:54:24.449 16668 16668 E ArmVmp : Match on catch block at 0xc3 in for 0xa5
02-23 16:54:24.462 16668 16668 E ArmVmp : Match on catch block at 0xc3 in for 0xa5
02-23 16:54:24.471 16668 16668 E ArmVmp : Match on catch block at 0xc3 in for 0xa9
02-23 16:54:24.486 16668 16668 E ArmVmp : Match on catch block at 0xc3 in for 0xa5
02-23 16:54:24.496 16668 16668 E ArmVmp : Match on catch block at 0xc3 in for 0xa9
02-23 16:54:24.506 16668 16668 E ArmVmp : Match on catch block at 0xc3 in for 0xa5
02-23 16:54:24.511 16668 16668 E ArmVmp : Match on catch block at 0xc3 in for 0xa9
02-23 16:54:24.524 16668 16668 E ArmVmp : Match on catch block at 0xc3 in for 0xa5
02-23 16:54:24.530 16668 16668 E ArmVmp : Match on catch block at 0xc3 in for 0xa9
02-23 16:54:24.539 16668 16668 E ArmVmp : Match on catch block at 0xc3 in for 0xa5
02-23 16:54:24.547 16668 16668 E ArmVmp : Match on catch block at 0xc3 in for 0xa9
02-23 16:54:24.556 16668 16668 E ArmVmp : Match on catch block at 0xc3 in for 0xa5
02-23 16:54:24.561 16668 16668 E ArmVmp : Match on catch block at 0xc3 in for 0xa9
02-23 16:54:24.571 16668 16668 E ArmVmp : Match on catch block at 0xc3 in for 0xa5
02-23 16:54:24.576 16668 16668 E ArmVmp : Match on catch block at 0xc3 in for 0xa9
02-23 16:54:24.587 16668 16668 E ArmVmp : Match on catch block at 0xc3 in for 0xa5
02-23 16:54:24.594 16668 16668 E ArmVmp : Match on catch block at 0xc3 in for 0xa9
02-23 16:54:24.612 16668 16668 E ArmVmp : Match on catch block at 0xc3 in for 0xa5
02-23 16:54:24.617 16668 16668 E ArmVmp : Match on catch block at 0xc3 in for 0xa9
02-23 16:54:24.626 16668 16668 E ArmVmp : Match on catch block at 0xc3 in for 0xa5
02-23 16:54:24.632 16668 16668 E ArmVmp : Match on catch block at 0xc3 in for 0xa9
02-23 16:54:24.645 16668 16668 E ArmVmp : Match on catch block at 0xc3 in for 0xa1
02-23 16:54:24.651 16668 16668 E ArmVmp : Match on catch block at 0xc3 in for 0xa5
02-23 16:54:24.661 16668 16668 E ArmVmp : Match on catch block at 0xc3 in for 0xa5
02-23 16:54:24.667 16668 16668 E ArmVmp : Match on catch block at 0xc3 in for 0xa9
02-23 16:54:24.677 16668 16668 E ArmVmp : Match on catch block at 0xc3 in for 0xa5
02-23 16:54:24.690 16668 16668 E ArmVmp : Match on catch block at 0xc3 in for 0xa9
02-23 16:54:24.701 16668 16668 E ArmVmp : Match on catch block at 0xc3 in for 0xa5
02-23 16:54:24.706 16668 16668 E ArmVmp : Match on catch block at 0xc3 in for 0xa9
02-23 16:54:24.718 16668 16668 E ArmVmp : Match on catch block at 0xc3 in for 0xa5
02-23 16:54:24.723 16668 16668 E ArmVmp : Match on catch block at 0xc3 in for 0xa9
02-23 16:54:24.731 16668 16668 E ArmVmp : Match on catch block at 0xc3 in for 0xa1
02-23 16:54:24.736 16668 16668 E ArmVmp : Match on catch block at 0xc3 in for 0xa5
02-23 16:54:24.744 16668 16668 E ArmVmp : Match on catch block at 0xc3 in for 0xa5
02-23 16:54:24.748 16668 16668 E ArmVmp : Match on catch block at 0xc3 in for 0xa9
02-23 16:54:24.761 16668 16668 E ArmVmp : Match on catch block at 0xc3 in for 0xa5
02-23 16:54:24.766 16668 16668 E ArmVmp : Match on catch block at 0xc3 in for 0xa9
02-23 16:54:24.777 16668 16668 E ArmVmp : Match on catch block at 0xc3 in for 0xa1
02-23 16:54:24.782 16668 16668 E ArmVmp : Match on catch block at 0xc3 in for 0xa5
02-23 16:54:24.796 16668 16668 E ArmVmp : Match on catch block at 0xc3 in for 0xa5
02-23 16:54:24.801 16668 16668 E ArmVmp : Match on catch block at 0xc3 in for 0xa9
02-23 16:54:24.812 16668 16668 E ArmVmp : Match on catch block at 0xc3 in for 0xa5
02-23 16:54:24.818 16668 16668 E ArmVmp : Match on catch block at 0xc3 in for 0xa9
02-23 16:54:24.841 16668 16668 E ArmVmp : Match on catch block at 0xc3 in for 0xa5
02-23 16:54:24.847 16668 16668 E ArmVmp : Match on catch block at 0xc3 in for 0xa9
02-23 16:54:24.859 16668 16668 E ArmVmp : Match on catch block at 0xc3 in for 0xa5
02-23 16:54:24.865 16668 16668 E ArmVmp : Match on catch block at 0xc3 in for 0xa9
02-23 16:54:24.875 16668 16668 E ArmVmp : Match on catch block at 0xc3 in for 0xa5
02-23 16:54:24.881 16668 16668 E ArmVmp : Match on catch block at 0xc3 in for 0xa9
02-23 16:54:24.892 16668 16668 E ArmVmp : Match on catch block at 0xc3 in for 0xa1
02-23 16:54:24.898 16668 16668 E ArmVmp : Match on catch block at 0xc3 in for 0xa5
02-23 16:54:24.913 16668 16668 E ArmVmp : Match on catch block at 0xc3 in for 0xa5
02-23 16:54:24.919 16668 16668 E ArmVmp : Match on catch block at 0xc3 in for 0xa9
02-23 16:54:24.929 16668 16668 E ArmVmp : Match on catch block at 0xc3 in for 0xa5
02-23 16:54:24.939 16668 16668 E ArmVmp : Match on catch block at 0xc3 in for 0xa9
02-23 16:54:24.949 16668 16668 E ArmVmp : Match on catch block at 0xc3 in for 0xa1
02-23 16:54:24.958 16668 16668 E ArmVmp : Match on catch block at 0xc3 in for 0xa5
02-23 16:54:24.971 16668 16668 E ArmVmp : Match on catch block at 0xc3 in for 0xa5
02-23 16:54:24.981 16668 16668 E ArmVmp : Match on catch block at 0xc3 in for 0xa9
02-23 16:54:24.994 16668 16668 E ArmVmp : Match on catch block at 0xc3 in for 0xa5
02-23 16:54:25.006 16668 16668 E ArmVmp : Match on catch block at 0xc3 in for 0xa9
02-23 16:54:25.024 16668 16668 E ArmVmp : Match on catch block at 0xc3 in for 0xa5
02-23 16:54:25.032 16668 16668 E ArmVmp : Match on catch block at 0xc3 in for 0xa9
02-23 16:54:25.048 16668 16668 E ArmVmp : Match on catch block at 0xc3 in for 0xa5
02-23 16:54:25.058 16668 16668 E ArmVmp : Match on catch block at 0xc3 in for 0xa9
02-23 16:54:25.076 16668 16668 E ArmVmp : Match on catch block at 0xc3 in for 0xa5
02-23 16:54:25.087 16668 16668 E ArmVmp : Match on catch block at 0xc3 in for 0xa9
02-23 16:54:25.136 16668 16668 E ArmVmp : Match on catch block at 0xc3 in for 0xa9
02-23 16:54:25.143 16668 16668 E ArmVmp : Match on catch block at 0xc3 in for 0xa1
02-23 16:54:25.190 16668 16668 E ArmVmp : Match on catch block at 0xc3 in for 0xa9
02-23 16:54:25.200 16668 16668 E ArmVmp : Match on catch block at 0xc3 in for 0xa1
02-23 16:54:25.213 16668 16668 E ArmVmp : Match on catch block at 0xc3 in for 0xa9
02-23 16:54:25.220 16668 16668 E ArmVmp : Match on catch block at 0xc3 in for 0xa1
02-23 16:54:25.239 16668 16668 E ArmVmp : Match on catch block at 0xc3 in for 0xa9
02-23 16:54:25.244 16668 16668 E ArmVmp : Match on catch block at 0xc3 in for 0xa1
02-23 16:54:25.269 16668 16668 E ArmVmp : Match on catch block at 0xc3 in for 0xa9
02-23 16:54:25.275 16668 16668 E ArmVmp : Match on catch block at 0xc3 in for 0xa1
02-23 16:54:25.298 16668 16668 E ArmVmp : Match on catch block at 0xc3 in for 0xa9
02-23 16:54:25.303 16668 16668 E ArmVmp : Match on catch block at 0xc3 in for 0xa1
02-23 16:54:25.318 16668 16668 E ArmVmp : Match on catch block at 0xc3 in for 0xa9
02-23 16:54:25.323 16668 16668 E ArmVmp : Match on catch block at 0xc3 in for 0xa1
02-23 16:54:25.334 16668 16668 E ArmVmp : Match on catch block at 0xc3 in for 0xa9
02-23 16:54:25.339 16668 16668 E ArmVmp : Match on catch block at 0xc3 in for 0xa1
02-23 16:54:25.352 16668 16668 E ArmVmp : Match on catch block at 0xc3 in for 0xa9
02-23 16:54:25.361 16668 16668 E ArmVmp : Match on catch block at 0xc3 in for 0xa1
02-23 16:54:25.371 16668 16668 E ArmVmp : Match on catch block at 0xc3 in for 0xa9
02-23 16:54:25.377 16668 16668 E ArmVmp : Match on catch block at 0xc3 in for 0xa1
02-23 16:54:25.387 16668 16668 E ArmVmp : Match on catch block at 0xc3 in for 0xa9
02-23 16:54:25.394 16668 16668 E ArmVmp : Match on catch block at 0xc3 in for 0xa1
02-23 16:54:25.409 16668 16668 E ArmVmp : Match on catch block at 0xc3 in for 0xa9
02-23 16:54:25.415 16668 16668 E ArmVmp : Match on catch block at 0xc3 in for 0xa1
02-23 16:54:25.431 16668 16668 E ArmVmp : Match on catch block at 0xc3 in for 0xa1
02-23 16:54:25.438 16668 16668 E ArmVmp : Match on catch block at 0xc3 in for 0xa5
02-23 16:54:25.454 16668 16668 E ArmVmp : Match on catch block at 0xc3 in for 0xa1
02-23 16:54:25.459 16668 16668 E ArmVmp : Match on catch block at 0xc3 in for 0xa5
02-23 16:54:25.469 16668 16668 E ArmVmp : Match on catch block at 0xc3 in for 0xa1
02-23 16:54:25.476 16668 16668 E ArmVmp : Match on catch block at 0xc3 in for 0xa5
02-23 16:54:25.503 16668 16668 E ArmVmp : Match on catch block at 0xc3 in for 0xa1
02-23 16:54:25.510 16668 16668 E ArmVmp : Match on catch block at 0xc3 in for 0xa5
02-23 16:54:25.533 16668 16668 E ArmVmp : Match on catch block at 0xc3 in for 0xa1
02-23 16:54:25.547 16668 16668 E ArmVmp : Match on catch block at 0xc3 in for 0xa5
02-23 16:54:25.560 16668 16668 E ArmVmp : Match on catch block at 0xc3 in for 0xa1
02-23 16:54:25.571 16668 16668 E ArmVmp : Match on catch block at 0xc3 in for 0xa5
02-23 16:54:25.586 16668 16668 E ArmVmp : Match on catch block at 0xc3 in for 0xa1
02-23 16:54:25.609 16668 16668 E ArmVmp : Match on catch block at 0xc3 in for 0xa5
02-23 16:54:25.622 16668 16668 E ArmVmp : Match on catch block at 0xc3 in for 0xa9
02-23 16:54:25.632 16668 16668 E ArmVmp : Match on catch block at 0xc3 in for 0xa1
02-23 16:54:25.650 16668 16668 E ArmVmp : Match on catch block at 0xc3 in for 0xa9
02-23 16:54:25.660 16668 16668 E ArmVmp : Match on catch block at 0xc3 in for 0xa1
02-23 16:54:25.679 16668 16668 E ArmVmp : Match on catch block at 0xc3 in for 0xa9
02-23 16:54:25.687 16668 16668 E ArmVmp : Match on catch block at 0xc3 in for 0xa1
02-23 16:54:25.702 16668 16668 E ArmVmp : Match on catch block at 0xc3 in for 0xa9
02-23 16:54:25.715 16668 16668 E ArmVmp : Match on catch block at 0xc3 in for 0xa1
02-23 16:54:25.726 16668 16668 E ArmVmp : Match on catch block at 0xc3 in for 0xa9
02-23 16:54:25.732 16668 16668 E ArmVmp : Match on catch block at 0xc3 in for 0xa1
02-23 16:54:25.752 16668 16668 E ArmVmp : Match on catch block at 0xc3 in for 0xa5
02-23 16:54:25.758 16668 16668 E ArmVmp : Match on catch block at 0xc3 in for 0xa9
02-23 16:54:25.769 16668 16668 E ArmVmp : Match on catch block at 0xc3 in for 0xa9
02-23 16:54:25.775 16668 16668 E ArmVmp : Match on catch block at 0xc3 in for 0xa1
02-23 16:54:25.785 16668 16668 E ArmVmp : Match on catch block at 0xc3 in for 0xa9
02-23 16:54:25.795 16668 16668 E ArmVmp : Match on catch block at 0xc3 in for 0xa1
02-23 16:54:25.805 16668 16668 E ArmVmp : Match on catch block at 0xc3 in for 0xa9
02-23 16:54:25.811 16668 16668 E ArmVmp : Match on catch block at 0xc3 in for 0xa1
02-23 16:54:25.820 16668 16668 E ArmVmp : Match on catch block at 0xc3 in for 0xa5
02-23 16:54:25.829 16668 16668 E ArmVmp : Match on catch block at 0xc3 in for 0xa9
02-23 16:54:25.843 16668 16668 E ArmVmp : Match on catch block at 0xc3 in for 0xa9
02-23 16:54:25.848 16668 16668 E ArmVmp : Match on catch block at 0xc3 in for 0xa1
02-23 16:54:25.869 16668 16668 E ArmVmp : Match on catch block at 0xc3 in for 0xa5
02-23 16:54:25.878 16668 16668 E ArmVmp : Match on catch block at 0xc3 in for 0xa9
02-23 16:54:25.892 16668 16668 E ArmVmp : Match on catch block at 0xc3 in for 0xa9
02-23 16:54:25.897 16668 16668 E ArmVmp : Match on catch block at 0xc3 in for 0xa1
02-23 16:54:25.938 16668 16668 E ArmVmp : Match on catch block at 0xc3 in for 0xa9
02-23 16:54:25.947 16668 16668 E ArmVmp : Match on catch block at 0xc3 in for 0xa1
02-23 16:54:25.965 16668 16668 E ArmVmp : Match on catch block at 0xc3 in for 0xa9
02-23 16:54:25.972 16668 16668 E ArmVmp : Match on catch block at 0xc3 in for 0xa1
02-23 16:54:25.981 16668 16668 E ArmVmp : Match on catch block at 0xc3 in for 0xa9
02-23 16:54:25.990 16668 16668 E ArmVmp : Match on catch block at 0xc3 in for 0xa1
02-23 16:54:25.998 16668 16668 E ArmVmp : Match on catch block at 0xc3 in for 0xa9
02-23 16:54:26.004 16668 16668 E ArmVmp : Match on catch block at 0xc3 in for 0xa1
02-23 16:54:26.025 16668 16668 E ArmVmp : Match on catch block at 0xc3 in for 0xa9
02-23 16:54:26.032 16668 16668 E ArmVmp : Match on catch block at 0xc3 in for 0xa1
02-23 16:54:26.048 16668 16668 E ArmVmp : Match on catch block at 0xc3 in for 0xa9
02-23 16:54:26.056 16668 16668 E ArmVmp : Match on catch block at 0xc3 in for 0xa1
02-23 16:54:26.065 16668 16668 E ArmVmp : Match on catch block at 0xc3 in for 0xa9
02-23 16:54:26.071 16668 16668 E ArmVmp : Match on catch block at 0xc3 in for 0xa1
02-23 16:54:26.081 16668 16668 E ArmVmp : Match on catch block at 0xc3 in for 0xa9
02-23 16:54:26.088 16668 16668 E ArmVmp : Match on catch block at 0xc3 in for 0xa1
02-23 16:54:26.100 16668 16668 E ArmVmp : Match on catch block at 0xc3 in for 0xa9
02-23 16:54:26.106 16668 16668 E ArmVmp : Match on catch block at 0xc3 in for 0xa1
02-23 16:54:26.113 16668 16668 E ArmVmp : Match on catch block at 0xc3 in for 0xa9
02-23 16:54:26.119 16668 16668 E ArmVmp : Match on catch block at 0xc3 in for 0xa1
02-23 16:54:26.127 16668 16668 E ArmVmp : Match on catch block at 0xc3 in for 0xa9
02-23 16:54:26.133 16668 16668 E ArmVmp : Match on catch block at 0xc3 in for 0xa1
02-23 16:54:26.145 16668 16668 E ArmVmp : Match on catch block at 0xc3 in for 0xa9
02-23 16:54:26.151 16668 16668 E ArmVmp : Match on catch block at 0xc3 in for 0xa1
02-23 16:54:26.159 16668 16668 E ArmVmp : Match on catch block at 0xc3 in for 0xa9
02-23 16:54:26.165 16668 16668 E ArmVmp : Match on catch block at 0xc3 in for 0xa1
02-23 16:54:26.179 16668 16668 E ArmVmp : Match on catch block at 0xc3 in for 0xa9
02-23 16:54:26.186 16668 16668 E ArmVmp : Match on catch block at 0xc3 in for 0xa1
02-23 16:54:26.195 16668 16668 E ArmVmp : Match on catch block at 0xc3 in for 0xa9
02-23 16:54:26.201 16668 16668 E ArmVmp : Match on catch block at 0xc3 in for 0xa1
02-23 16:54:26.214 16668 16668 E ArmVmp : Match on catch block at 0xc3 in for 0xa9
02-23 16:54:26.222 16668 16668 E ArmVmp : Match on catch block at 0xc3 in for 0xa1
02-23 16:54:26.231 16668 16668 E ArmVmp : Match on catch block at 0xc3 in for 0xa9
02-23 16:54:26.240 16668 16668 E ArmVmp : Match on catch block at 0xc3 in for 0xa1
02-23 16:54:26.247 16668 16668 E ArmVmp : Match on catch block at 0xc3 in for 0xa9
02-23 16:54:26.254 16668 16668 E ArmVmp : Match on catch block at 0xc3 in for 0xa1
02-23 16:54:26.265 16668 16668 E ArmVmp : Match on catch block at 0xc3 in for 0xa9
02-23 16:54:26.271 16668 16668 E ArmVmp : Match on catch block at 0xc3 in for 0xa1
02-23 16:54:26.279 16668 16668 E ArmVmp : Match on catch block at 0xc3 in for 0xa9
02-23 16:54:26.286 16668 16668 E ArmVmp : Match on catch block at 0xc3 in for 0xa1
02-23 16:54:26.295 16668 16668 E ArmVmp : Match on catch block at 0xc3 in for 0xa9
02-23 16:54:26.301 16668 16668 E ArmVmp : Match on catch block at 0xc3 in for 0xa1
02-23 16:54:26.320 16668 16668 E ArmVmp : Match on catch block at 0xc3 in for 0xa9
02-23 16:54:26.328 16668 16668 E ArmVmp : Match on catch block at 0xc3 in for 0xa1
02-23 16:54:26.336 16668 16668 E ArmVmp : Match on catch block at 0xc3 in for 0xa9
02-23 16:54:26.342 16668 16668 E ArmVmp : Match on catch block at 0xc3 in for 0xa1
02-23 16:54:26.350 16668 16668 E ArmVmp : Match on catch block at 0xc3 in for 0xa9
02-23 16:54:26.356 16668 16668 E ArmVmp : Match on catch block at 0xc3 in for 0xa1
02-23 16:54:26.368 16668 16668 E ArmVmp : Match on catch block at 0xc3 in for 0xa9
02-23 16:54:26.373 16668 16668 E ArmVmp : Match on catch block at 0xc3 in for 0xa1
02-23 16:54:26.383 16668 16668 E ArmVmp : Match on catch block at 0xc3 in for 0xa9
02-23 16:54:26.391 16668 16668 E ArmVmp : Match on catch block at 0xc3 in for 0xa1
02-23 16:54:26.405 16668 16668 E ArmVmp : Match on catch block at 0xc3 in for 0xa9
02-23 16:54:26.412 16668 16668 E ArmVmp : Match on catch block at 0xc3 in for 0xa1
02-23 16:54:26.425 16668 16668 E ArmVmp : Match on catch block at 0xc3 in for 0xa5
02-23 16:54:26.432 16668 16668 E ArmVmp : Match on catch block at 0xc3 in for 0xa9
02-23 16:54:26.447 16668 16668 E ArmVmp : Match on catch block at 0xc3 in for 0xa9
02-23 16:54:26.454 16668 16668 E ArmVmp : Match on catch block at 0xc3 in for 0xa1
02-23 16:54:26.467 16668 16668 E ArmVmp : Match on catch block at 0xc3 in for 0xa1
02-23 16:54:26.474 16668 16668 E ArmVmp : Match on catch block at 0xc3 in for 0xa5
02-23 16:54:26.485 16668 16668 E ArmVmp : Match on catch block at 0xc3 in for 0xa5
02-23 16:54:26.492 16668 16668 E ArmVmp : Match on catch block at 0xc3 in for 0xa9
02-23 16:54:26.560 16668 16668 E ArmVmp : Match on catch block at 0xc3 in for 0xa1
02-23 16:54:26.567 16668 16668 E ArmVmp : Match on catch block at 0xc3 in for 0xa5
02-23 16:54:26.576 16668 16668 E ArmVmp : Match on catch block at 0xc3 in for 0xa9
02-23 16:54:26.583 16668 16668 E ArmVmp : Match on catch block at 0xc3 in for 0xa1
02-23 16:54:26.670 16668 16668 E ArmVmp : Match on catch block at 0xc3 in for 0xa9
02-23 16:54:26.676 16668 16668 E ArmVmp : Match on catch block at 0xc3 in for 0xa1
02-23 16:54:26.692 16668 16668 E ArmVmp : Match on catch block at 0xc3 in for 0xa5
02-23 16:54:26.698 16668 16668 E ArmVmp : Match on catch block at 0xc3 in for 0xa9
02-23 16:54:26.718 16668 16668 E ArmVmp : Match on catch block at 0xc3 in for 0xa1
02-23 16:54:26.725 16668 16668 E ArmVmp : Match on catch block at 0xc3 in for 0xa5
02-23 16:54:26.735 16668 16668 E ArmVmp : Match on catch block at 0xc3 in for 0xa5
02-23 16:54:26.741 16668 16668 E ArmVmp : Match on catch block at 0xc3 in for 0xa9
02-23 16:54:26.750 16668 16668 E ArmVmp : Match on catch block at 0xc3 in for 0xa1
02-23 16:54:26.755 16668 16668 E ArmVmp : Match on catch block at 0xc3 in for 0xa5
02-23 16:54:26.765 16668 16668 E ArmVmp : Match on catch block at 0xc3 in for 0xa9
02-23 16:54:26.771 16668 16668 E ArmVmp : Match on catch block at 0xc3 in for 0xa1
02-23 16:54:26.779 16668 16668 E ArmVmp : Match on catch block at 0xc3 in for 0xa5
02-23 16:54:26.784 16668 16668 E ArmVmp : Match on catch block at 0xc3 in for 0xa9
02-23 16:54:26.791 16668 16668 E ArmVmp : Match on catch block at 0xc3 in for 0xa1
02-23 16:54:26.796 16668 16668 E ArmVmp : Match on catch block at 0xc3 in for 0xa5
02-23 16:54:26.813 16668 16668 E ArmVmp : Match on catch block at 0xc3 in for 0xa9
02-23 16:54:26.823 16668 16668 E ArmVmp : Match on catch block at 0xc3 in for 0xa1
02-23 16:54:26.836 16668 16668 E ArmVmp : Match on catch block at 0xc3 in for 0xa5
02-23 16:54:26.846 16668 16668 E ArmVmp : Match on catch block at 0xc3 in for 0xa9
02-23 16:54:26.855 16668 16668 E ArmVmp : Match on catch block at 0xc3 in for 0xa1
02-23 16:54:26.863 16668 16668 E ArmVmp : Match on catch block at 0xc3 in for 0xa5
02-23 16:54:26.871 16668 16668 E ArmVmp : Match on catch block at 0xc3 in for 0xa9
02-23 16:54:26.877 16668 16668 E ArmVmp : Match on catch block at 0xc3 in for 0xa1
02-23 16:54:26.886 16668 16668 E ArmVmp : Match on catch block at 0xc3 in for 0xa5
02-23 16:54:26.896 16668 16668 E ArmVmp : Match on catch block at 0xc3 in for 0xa9
02-23 16:54:26.905 16668 16668 E ArmVmp : Match on catch block at 0xc3 in for 0xa1
02-23 16:54:26.911 16668 16668 E ArmVmp : Match on catch block at 0xc3 in for 0xa5
02-23 16:54:26.919 16668 16668 E ArmVmp : Match on catch block at 0xc3 in for 0xa9
02-23 16:54:26.926 16668 16668 E ArmVmp : Match on catch block at 0xc3 in for 0xa1
02-23 16:54:26.936 16668 16668 E ArmVmp : Match on catch block at 0xc3 in for 0xa5
02-23 16:54:26.942 16668 16668 E ArmVmp : Match on catch block at 0xc3 in for 0xa9
02-23 16:54:26.950 16668 16668 E ArmVmp : Match on catch block at 0xc3 in for 0xa1
02-23 16:54:26.957 16668 16668 E ArmVmp : Match on catch block at 0xc3 in for 0xa5
02-23 16:54:26.966 16668 16668 E ArmVmp : Match on catch block at 0xc3 in for 0xa9
02-23 16:54:26.972 16668 16668 E ArmVmp : Match on catch block at 0xc3 in for 0xa1
02-23 16:54:26.983 16668 16668 E ArmVmp : Match on catch block at 0xc3 in for 0xa5
02-23 16:54:26.989 16668 16668 E ArmVmp : Match on catch block at 0xc3 in for 0xa9
02-23 16:54:26.998 16668 16668 E ArmVmp : Match on catch block at 0xc3 in for 0xa1
02-23 16:54:27.005 16668 16668 E ArmVmp : Match on catch block at 0xc3 in for 0xa5
02-23 16:54:27.014 16668 16668 E ArmVmp : Match on catch block at 0xc3 in for 0xa5
02-23 16:54:27.021 16668 16668 E ArmVmp : Match on catch block at 0xc3 in for 0xa9
02-23 16:54:27.032 16668 16668 E ArmVmp : Match on catch block at 0xc3 in for 0xa9
02-23 16:54:27.038 16668 16668 E ArmVmp : Match on catch block at 0xc3 in for 0xa1
02-23 16:54:27.054 16668 16668 E ArmVmp : Match on catch block at 0xc3 in for 0xa1
02-23 16:54:27.062 16668 16668 E ArmVmp : Match on catch block at 0xc3 in for 0xa5
02-23 16:54:27.072 16668 16668 E ArmVmp : Match on catch block at 0xc3 in for 0xa5
02-23 16:54:27.079 16668 16668 E ArmVmp : Match on catch block at 0xc3 in for 0xa9
02-23 16:54:27.090 16668 16668 E ArmVmp : Match on catch block at 0xc3 in for 0xa9
02-23 16:54:27.097 16668 16668 E ArmVmp : Match on catch block at 0xc3 in for 0xa1
02-23 16:54:27.115 16668 16668 E ArmVmp : Match on catch block at 0xc3 in for 0xa1
02-23 16:54:27.127 16668 16668 E ArmVmp : Match on catch block at 0xc3 in for 0xa5
02-23 16:54:27.139 16668 16668 E ArmVmp : Match on catch block at 0xc3 in for 0xa5
02-23 16:54:27.146 16668 16668 E ArmVmp : Match on catch block at 0xc3 in for 0xa9
02-23 16:54:27.162 16668 16668 E ArmVmp : Match on catch block at 0xc3 in for 0xa9
02-23 16:54:27.168 16668 16668 E ArmVmp : Match on catch block at 0xc3 in for 0xa1
02-23 16:54:27.177 16668 16668 E ArmVmp : Match on catch block at 0xc3 in for 0xa1
02-23 16:54:27.183 16668 16668 E ArmVmp : Match on catch block at 0xc3 in for 0xa5
02-23 16:54:27.192 16668 16668 E ArmVmp : Match on catch block at 0xc3 in for 0xa5
02-23 16:54:27.197 16668 16668 E ArmVmp : Match on catch block at 0xc3 in for 0xa9
02-23 16:54:27.210 16668 16668 E ArmVmp : Match on catch block at 0xc3 in for 0xa9
02-23 16:54:27.216 16668 16668 E ArmVmp : Match on catch block at 0xc3 in for 0xa1
02-23 16:54:27.229 16668 16668 E ArmVmp : Match on catch block at 0xc3 in for 0xa1
02-23 16:54:27.234 16668 16668 E ArmVmp : Match on catch block at 0xc3 in for 0xa5
02-23 16:54:27.246 16668 16668 E ArmVmp : Match on catch block at 0xc3 in for 0xa5
02-23 16:54:27.253 16668 16668 E ArmVmp : Match on catch block at 0xc3 in for 0xa9
02-23 16:54:27.261 16668 16668 E ArmVmp : Match on catch block at 0xc3 in for 0xa9
02-23 16:54:27.267 16668 16668 E ArmVmp : Match on catch block at 0xc3 in for 0xa1
02-23 16:54:27.274 16668 16668 E ArmVmp : Match on catch block at 0xc3 in for 0xa1
02-23 16:54:27.280 16668 16668 E ArmVmp : Match on catch block at 0xc3 in for 0xa5
02-23 16:54:27.290 16668 16668 E ArmVmp : Match on catch block at 0xc3 in for 0xa5
02-23 16:54:27.295 16668 16668 E ArmVmp : Match on catch block at 0xc3 in for 0xa9
02-23 16:54:27.305 16668 16668 E ArmVmp : Match on catch block at 0xc3 in for 0xa9
02-23 16:54:27.312 16668 16668 E ArmVmp : Match on catch block at 0xc3 in for 0xa1
02-23 16:54:27.322 16668 16668 E ArmVmp : Match on catch block at 0xc3 in for 0xa1
02-23 16:54:27.328 16668 16668 E ArmVmp : Match on catch block at 0xc3 in for 0xa5
02-23 16:54:27.339 16668 16668 E ArmVmp : Match on catch block at 0xc3 in for 0xa5
02-23 16:54:27.343 16668 16668 E ArmVmp : Match on catch block at 0xc3 in for 0xa9
02-23 16:54:27.355 16668 16668 E ArmVmp : Match on catch block at 0xc3 in for 0xa9
02-23 16:54:27.360 16668 16668 E ArmVmp : Match on catch block at 0xc3 in for 0xa1
02-23 16:54:27.372 16668 16668 E ArmVmp : Match on catch block at 0xc3 in for 0xa1
02-23 16:54:27.376 16668 16668 E ArmVmp : Match on catch block at 0xc3 in for 0xa5
02-23 16:54:27.389 16668 16668 E ArmVmp : Match on catch block at 0xc3 in for 0xa5
02-23 16:54:27.393 16668 16668 E ArmVmp : Match on catch block at 0xc3 in for 0xa9
