02-09 10:01:31.087 28565 28565 E ArmVmp : Match on catch block at 0xc3 in for 0x141
02-09 10:01:31.162 28565 28565 E ArmVmp : Match on catch block at 0xc3 in for 0x141
02-09 10:01:31.166 28565 28565 E ArmVmp : Match on catch block at 0xc3 in for 0x159
02-09 10:01:31.169 28565 28565 E ArmVmp : Match on catch block at 0xc3 in for 0x141
02-09 10:01:31.246 28565 28565 E ArmVmp : Match on catch block at 0xc3 in for 0x141
02-09 10:01:31.253 28565 28565 E ArmVmp : Match on catch block at 0xc3 in for 0x159
02-09 10:01:31.258 28565 28565 E ArmVmp : Match on catch block at 0xc3 in for 0x141
02-09 10:01:31.327 28565 28565 E ArmVmp : Match on catch block at 0xc3 in for 0x141
02-09 10:01:31.332 28565 28565 E ArmVmp : Match on catch block at 0xc3 in for 0x159
02-09 10:01:31.336 28565 28565 E ArmVmp : Match on catch block at 0xc3 in for 0x141
02-09 10:01:31.395 28565 28565 E ArmVmp : Match on catch block at 0xc3 in for 0x141
02-09 10:01:31.401 28565 28565 E ArmVmp : Match on catch block at 0xc3 in for 0x159
02-09 10:01:31.407 28565 28565 E ArmVmp : Match on catch block at 0xc3 in for 0x141
02-09 10:01:31.428 28565 28565 E ArmVmp : Match on catch block at 0xc3 in for 0x141
02-09 10:01:31.436 28565 28565 E ArmVmp : Match on catch block at 0xc3 in for 0x159
02-09 10:01:31.442 28565 28565 E ArmVmp : Match on catch block at 0xc3 in for 0x141
02-09 10:01:31.510 28565 28565 E ArmVmp : Match on catch block at 0xc3 in for 0x141
02-09 10:01:31.516 28565 28565 E ArmVmp : Match on catch block at 0xc3 in for 0x159
02-09 10:01:31.521 28565 28565 E ArmVmp : Match on catch block at 0xc3 in for 0x141
02-09 10:01:31.578 28565 28565 E ArmVmp : Match on catch block at 0xc3 in for 0x141
02-09 10:01:31.582 28565 28565 E ArmVmp : Match on catch block at 0xc3 in for 0x159
02-09 10:01:31.587 28565 28565 E ArmVmp : Match on catch block at 0xc3 in for 0x141
02-09 10:01:31.662 28565 28565 E ArmVmp : Match on catch block at 0xc3 in for 0x141
02-09 10:01:31.667 28565 28565 E ArmVmp : Match on catch block at 0xc3 in for 0x159
02-09 10:01:31.672 28565 28565 E ArmVmp : Match on catch block at 0xc3 in for 0x141
02-09 10:01:31.744 28565 28565 E ArmVmp : Match on catch block at 0xc3 in for 0x141
02-09 10:01:31.749 28565 28565 E ArmVmp : Match on catch block at 0xc3 in for 0x159
02-09 10:01:31.751 28565 28565 E ArmVmp : Match on catch block at 0xc3 in for 0x141
02-09 10:01:31.828 28565 28565 E ArmVmp : Match on catch block at 0xc3 in for 0x141
02-09 10:01:31.835 28565 28565 E ArmVmp : Match on catch block at 0xc3 in for 0x159
02-09 10:01:31.840 28565 28565 E ArmVmp : Match on catch block at 0xc3 in for 0x141
02-09 10:01:31.897 28565 28565 E ArmVmp : Match on catch block at 0xc3 in for 0x141
02-09 10:01:31.904 28565 28565 E ArmVmp : Match on catch block at 0xc3 in for 0x159
02-09 10:01:31.908 28565 28565 E ArmVmp : Match on catch block at 0xc3 in for 0x141
02-09 10:01:31.981 28565 28565 E ArmVmp : Match on catch block at 0xc3 in for 0x141
02-09 10:01:31.985 28565 28565 E ArmVmp : Match on catch block at 0xc3 in for 0x159
02-09 10:01:31.988 28565 28565 E ArmVmp : Match on catch block at 0xc3 in for 0x141
02-09 10:01:32.145 28565 28565 E ArmVmp : Match on catch block at 0xc3 in for 0x141
02-09 10:01:32.151 28565 28565 E ArmVmp : Match on catch block at 0xc3 in for 0x159
02-09 10:01:32.155 28565 28565 E ArmVmp : Match on catch block at 0xc3 in for 0x141
02-09 10:01:32.313 28565 28565 E ArmVmp : Match on catch block at 0xc3 in for 0x141
02-09 10:01:32.319 28565 28565 E ArmVmp : Match on catch block at 0xc3 in for 0x159
02-09 10:01:32.324 28565 28565 E ArmVmp : Match on catch block at 0xc3 in for 0x141
02-09 10:01:32.396 28565 28565 E ArmVmp : Match on catch block at 0xc3 in for 0x141
02-09 10:01:32.401 28565 28565 E ArmVmp : Match on catch block at 0xc3 in for 0x159
02-09 10:01:32.404 28565 28565 E ArmVmp : Match on catch block at 0xc3 in for 0x141
02-09 10:01:32.412 28565 28565 E ArmVmp : Match on catch block at 0xc3 in for 0x141
02-09 10:01:32.417 28565 28565 E ArmVmp : Match on catch block at 0xc3 in for 0x159
02-09 10:01:32.422 28565 28565 E ArmVmp : Match on catch block at 0xc3 in for 0x141
02-09 10:01:32.479 28565 28565 E ArmVmp : Match on catch block at 0xc3 in for 0x141
02-09 10:01:32.486 28565 28565 E ArmVmp : Match on catch block at 0xc3 in for 0x159
02-09 10:01:32.492 28565 28565 E ArmVmp : Match on catch block at 0xc3 in for 0x141
02-09 10:01:32.547 28565 28565 E ArmVmp : Match on catch block at 0xc3 in for 0x141
02-09 10:01:32.554 28565 28565 E ArmVmp : Match on catch block at 0xc3 in for 0x159
02-09 10:01:32.559 28565 28565 E ArmVmp : Match on catch block at 0xc3 in for 0x141
02-09 10:01:32.627 28565 28565 E ArmVmp : Match on catch block at 0xc3 in for 0x141
02-09 10:01:32.633 28565 28565 E ArmVmp : Match on catch block at 0xc3 in for 0x159
02-09 10:01:32.636 28565 28565 E ArmVmp : Match on catch block at 0xc3 in for 0x141
02-09 10:01:32.712 28565 28565 E ArmVmp : Match on catch block at 0xc3 in for 0x141
02-09 10:01:32.719 28565 28565 E ArmVmp : Match on catch block at 0xc3 in for 0x159
02-09 10:01:32.724 28565 28565 E ArmVmp : Match on catch block at 0xc3 in for 0x141
02-09 10:01:32.794 28565 28565 E ArmVmp : Match on catch block at 0xc3 in for 0x141
02-09 10:01:32.801 28565 28565 E ArmVmp : Match on catch block at 0xc3 in for 0x159
02-09 10:01:32.804 28565 28565 E ArmVmp : Match on catch block at 0xc3 in for 0x141
02-09 10:01:32.879 28565 28565 E ArmVmp : Match on catch block at 0xc3 in for 0x141
02-09 10:01:32.886 28565 28565 E ArmVmp : Match on catch block at 0xc3 in for 0x159
02-09 10:01:32.890 28565 28565 E ArmVmp : Match on catch block at 0xc3 in for 0x141
02-09 10:01:32.912 28565 28565 E ArmVmp : Match on catch block at 0xc3 in for 0x141
02-09 10:01:32.917 28565 28565 E ArmVmp : Match on catch block at 0xc3 in for 0x159
02-09 10:01:32.922 28565 28565 E ArmVmp : Match on catch block at 0xc3 in for 0x141
02-09 10:01:32.963 28565 28565 E ArmVmp : Match on catch block at 0xc3 in for 0x141
02-09 10:01:32.970 28565 28565 E ArmVmp : Match on catch block at 0xc3 in for 0x159
02-09 10:01:32.974 28565 28565 E ArmVmp : Match on catch block at 0xc3 in for 0x141
02-09 10:01:33.045 28565 28565 E ArmVmp : Match on catch block at 0xc3 in for 0x141
02-09 10:01:33.051 28565 28565 E ArmVmp : Match on catch block at 0xc3 in for 0x159
02-09 10:01:33.055 28565 28565 E ArmVmp : Match on catch block at 0xc3 in for 0x141
02-09 10:01:33.112 28565 28565 E ArmVmp : Match on catch block at 0xc3 in for 0x141
02-09 10:01:33.118 28565 28565 E ArmVmp : Match on catch block at 0xc3 in for 0x159
02-09 10:01:33.124 28565 28565 E ArmVmp : Match on catch block at 0xc3 in for 0x141
02-09 10:01:33.195 28565 28565 E ArmVmp : Match on catch block at 0xc3 in for 0x141
02-09 10:01:33.200 28565 28565 E ArmVmp : Match on catch block at 0xc3 in for 0x159
02-09 10:01:33.203 28565 28565 E ArmVmp : Match on catch block at 0xc3 in for 0x141
02-09 10:01:33.279 28565 28565 E ArmVmp : Match on catch block at 0xc3 in for 0x141
02-09 10:01:33.287 28565 28565 E ArmVmp : Match on catch block at 0xc3 in for 0x159
02-09 10:01:33.292 28565 28565 E ArmVmp : Match on catch block at 0xc3 in for 0x141
02-09 10:01:33.363 28565 28565 E ArmVmp : Match on catch block at 0xc3 in for 0x141
02-09 10:01:33.370 28565 28565 E ArmVmp : Match on catch block at 0xc3 in for 0x159
02-09 10:01:33.375 28565 28565 E ArmVmp : Match on catch block at 0xc3 in for 0x141
02-09 10:01:33.415 28565 28565 E ArmVmp : Match on catch block at 0xc3 in for 0x141
02-09 10:01:33.419 28565 28565 E ArmVmp : Match on catch block at 0xc3 in for 0x159
02-09 10:01:33.427 28565 28565 E ArmVmp : Match on catch block at 0xc3 in for 0x141
02-09 10:01:33.447 28565 28565 E ArmVmp : Match on catch block at 0xc3 in for 0x141
02-09 10:01:33.456 28565 28565 E ArmVmp : Match on catch block at 0xc3 in for 0x159
02-09 10:01:33.460 28565 28565 E ArmVmp : Match on catch block at 0xc3 in for 0x141
02-09 10:01:33.530 28565 28565 E ArmVmp : Match on catch block at 0xc3 in for 0x141
02-09 10:01:33.536 28565 28565 E ArmVmp : Match on catch block at 0xc3 in for 0x159
02-09 10:01:33.541 28565 28565 E ArmVmp : Match on catch block at 0xc3 in for 0x141
02-09 10:01:33.613 28565 28565 E ArmVmp : Match on catch block at 0xc3 in for 0x141
02-09 10:01:33.619 28565 28565 E ArmVmp : Match on catch block at 0xc3 in for 0x159
02-09 10:01:33.624 28565 28565 E ArmVmp : Match on catch block at 0xc3 in for 0x141
02-09 10:01:33.678 28565 28565 E ArmVmp : Match on catch block at 0xc3 in for 0x141
02-09 10:01:33.684 28565 28565 E ArmVmp : Match on catch block at 0xc3 in for 0x159
02-09 10:01:33.689 28565 28565 E ArmVmp : Match on catch block at 0xc3 in for 0x141
02-09 10:01:33.761 28565 28565 E ArmVmp : Match on catch block at 0xc3 in for 0x141
02-09 10:01:33.765 28565 28565 E ArmVmp : Match on catch block at 0xc3 in for 0x159
02-09 10:01:33.769 28565 28565 E ArmVmp : Match on catch block at 0xc3 in for 0x141
02-09 10:01:33.844 28565 28565 E ArmVmp : Match on catch block at 0xc3 in for 0x141
02-09 10:01:33.848 28565 28565 E ArmVmp : Match on catch block at 0xc3 in for 0x159
02-09 10:01:33.851 28565 28565 E ArmVmp : Match on catch block at 0xc3 in for 0x141
02-09 10:01:33.927 28565 28565 E ArmVmp : Match on catch block at 0xc3 in for 0x141
02-09 10:01:33.933 28565 28565 E ArmVmp : Match on catch block at 0xc3 in for 0x159
02-09 10:01:33.936 28565 28565 E ArmVmp : Match on catch block at 0xc3 in for 0x141
02-09 10:01:34.011 28565 28565 E ArmVmp : Match on catch block at 0xc3 in for 0x141
02-09 10:01:34.016 28565 28565 E ArmVmp : Match on catch block at 0xc3 in for 0x159
02-09 10:01:34.020 28565 28565 E ArmVmp : Match on catch block at 0xc3 in for 0x141
02-09 10:01:34.161 28565 28565 E ArmVmp : Match on catch block at 0xc3 in for 0x141
02-09 10:01:34.165 28565 28565 E ArmVmp : Match on catch block at 0xc3 in for 0x159
02-09 10:01:34.169 28565 28565 E ArmVmp : Match on catch block at 0xc3 in for 0x141
02-09 10:01:34.328 28565 28565 E ArmVmp : Match on catch block at 0xc3 in for 0x141
02-09 10:01:34.333 28565 28565 E ArmVmp : Match on catch block at 0xc3 in for 0x159
02-09 10:01:34.336 28565 28565 E ArmVmp : Match on catch block at 0xc3 in for 0x141
02-09 10:01:34.411 28565 28565 E ArmVmp : Match on catch block at 0xc3 in for 0x141
02-09 10:01:34.415 28565 28565 E ArmVmp : Match on catch block at 0xc3 in for 0x159
02-09 10:01:34.418 28565 28565 E ArmVmp : Match on catch block at 0xc3 in for 0x141
02-09 10:01:34.427 28565 28565 E ArmVmp : Match on catch block at 0xc3 in for 0x141
02-09 10:01:34.433 28565 28565 E ArmVmp : Match on catch block at 0xc3 in for 0x159
02-09 10:01:34.436 28565 28565 E ArmVmp : Match on catch block at 0xc3 in for 0x141
02-09 10:01:34.480 28565 28565 E ArmVmp : Match on catch block at 0xc3 in for 0x141
02-09 10:01:34.486 28565 28565 E ArmVmp : Match on catch block at 0xc3 in for 0x159
02-09 10:01:34.490 28565 28565 E ArmVmp : Match on catch block at 0xc3 in for 0x141
02-09 10:01:34.561 28565 28565 E ArmVmp : Match on catch block at 0xc3 in for 0x141
02-09 10:01:34.564 28565 28565 E ArmVmp : Match on catch block at 0xc3 in for 0x159
02-09 10:01:34.567 28565 28565 E ArmVmp : Match on catch block at 0xc3 in for 0x141
02-09 10:01:34.645 28565 28565 E ArmVmp : Match on catch block at 0xc3 in for 0x141
02-09 10:01:34.651 28565 28565 E ArmVmp : Match on catch block at 0xc3 in for 0x159
02-09 10:01:34.655 28565 28565 E ArmVmp : Match on catch block at 0xc3 in for 0x141
02-09 10:01:34.729 28565 28565 E ArmVmp : Match on catch block at 0xc3 in for 0x141
02-09 10:01:34.733 28565 28565 E ArmVmp : Match on catch block at 0xc3 in for 0x159
02-09 10:01:34.736 28565 28565 E ArmVmp : Match on catch block at 0xc3 in for 0x141
02-09 10:01:34.811 28565 28565 E ArmVmp : Match on catch block at 0xc3 in for 0x141
02-09 10:01:34.817 28565 28565 E ArmVmp : Match on catch block at 0xc3 in for 0x159
02-09 10:01:34.820 28565 28565 E ArmVmp : Match on catch block at 0xc3 in for 0x141
02-09 10:01:34.894 28565 28565 E ArmVmp : Match on catch block at 0xc3 in for 0x141
02-09 10:01:34.897 28565 28565 E ArmVmp : Match on catch block at 0xc3 in for 0x159
02-09 10:01:34.899 28565 28565 E ArmVmp : Match on catch block at 0xc3 in for 0x141
02-09 10:01:34.927 28565 28565 E ArmVmp : Match on catch block at 0xc3 in for 0x141
02-09 10:01:34.932 28565 28565 E ArmVmp : Match on catch block at 0xc3 in for 0x159
02-09 10:01:34.935 28565 28565 E ArmVmp : Match on catch block at 0xc3 in for 0x141
02-09 10:01:34.962 28565 28565 E ArmVmp : Match on catch block at 0xc3 in for 0x141
02-09 10:01:34.966 28565 28565 E ArmVmp : Match on catch block at 0xc3 in for 0x159
02-09 10:01:34.971 28565 28565 E ArmVmp : Match on catch block at 0xc3 in for 0x141
02-09 10:01:35.044 28565 28565 E ArmVmp : Match on catch block at 0xc3 in for 0x141
02-09 10:01:35.047 28565 28565 E ArmVmp : Match on catch block at 0xc3 in for 0x159
02-09 10:01:35.050 28565 28565 E ArmVmp : Match on catch block at 0xc3 in for 0x141
02-09 10:01:35.129 28565 28565 E ArmVmp : Match on catch block at 0xc3 in for 0x141
02-09 10:01:35.135 28565 28565 E ArmVmp : Match on catch block at 0xc3 in for 0x159
02-09 10:01:35.140 28565 28565 E ArmVmp : Match on catch block at 0xc3 in for 0x141
02-09 10:01:35.212 28565 28565 E ArmVmp : Match on catch block at 0xc3 in for 0x141
02-09 10:01:35.216 28565 28565 E ArmVmp : Match on catch block at 0xc3 in for 0x159
02-09 10:01:35.219 28565 28565 E ArmVmp : Match on catch block at 0xc3 in for 0x141
02-09 10:01:35.294 28565 28565 E ArmVmp : Match on catch block at 0xc3 in for 0x141
02-09 10:01:35.299 28565 28565 E ArmVmp : Match on catch block at 0xc3 in for 0x159
02-09 10:01:35.303 28565 28565 E ArmVmp : Match on catch block at 0xc3 in for 0x141
02-09 10:01:35.377 28565 28565 E ArmVmp : Match on catch block at 0xc3 in for 0x141
02-09 10:01:35.383 28565 28565 E ArmVmp : Match on catch block at 0xc3 in for 0x159
02-09 10:01:35.388 28565 28565 E ArmVmp : Match on catch block at 0xc3 in for 0x141
02-09 10:01:35.427 28565 28565 E ArmVmp : Match on catch block at 0xc3 in for 0x141
02-09 10:01:35.433 28565 28565 E ArmVmp : Match on catch block at 0xc3 in for 0x159
02-09 10:01:35.437 28565 28565 E ArmVmp : Match on catch block at 0xc3 in for 0x141
02-09 10:01:35.461 28565 28565 E ArmVmp : Match on catch block at 0xc3 in for 0x141
02-09 10:01:35.466 28565 28565 E ArmVmp : Match on catch block at 0xc3 in for 0x159
02-09 10:01:35.470 28565 28565 E ArmVmp : Match on catch block at 0xc3 in for 0x141
02-09 10:01:35.527 28565 28565 E ArmVmp : Match on catch block at 0xc3 in for 0x141
02-09 10:01:35.534 28565 28565 E ArmVmp : Match on catch block at 0xc3 in for 0x159
02-09 10:01:35.538 28565 28565 E ArmVmp : Match on catch block at 0xc3 in for 0x141
02-09 10:01:35.611 28565 28565 E ArmVmp : Match on catch block at 0xc3 in for 0x141
02-09 10:01:35.616 28565 28565 E ArmVmp : Match on catch block at 0xc3 in for 0x159
02-09 10:01:35.620 28565 28565 E ArmVmp : Match on catch block at 0xc3 in for 0x141
02-09 10:01:35.694 28565 28565 E ArmVmp : Match on catch block at 0xc3 in for 0x141
02-09 10:01:35.700 28565 28565 E ArmVmp : Match on catch block at 0xc3 in for 0x159
02-09 10:01:35.704 28565 28565 E ArmVmp : Match on catch block at 0xc3 in for 0x141
02-09 10:01:35.778 28565 28565 E ArmVmp : Match on catch block at 0xc3 in for 0x141
02-09 10:01:35.784 28565 28565 E ArmVmp : Match on catch block at 0xc3 in for 0x159
02-09 10:01:35.788 28565 28565 E ArmVmp : Match on catch block at 0xc3 in for 0x141
02-09 10:01:35.860 28565 28565 E ArmVmp : Match on catch block at 0xc3 in for 0x141
02-09 10:01:35.864 28565 28565 E ArmVmp : Match on catch block at 0xc3 in for 0x159
02-09 10:01:35.868 28565 28565 E ArmVmp : Match on catch block at 0xc3 in for 0x141
02-09 10:01:35.927 28565 28565 E ArmVmp : Match on catch block at 0xc3 in for 0x141
02-09 10:01:35.933 28565 28565 E ArmVmp : Match on catch block at 0xc3 in for 0x159
02-09 10:01:35.937 28565 28565 E ArmVmp : Match on catch block at 0xc3 in for 0x141
02-09 10:01:36.011 28565 28565 E ArmVmp : Match on catch block at 0xc3 in for 0x141
02-09 10:01:36.017 28565 28565 E ArmVmp : Match on catch block at 0xc3 in for 0x159
02-09 10:01:36.022 28565 28565 E ArmVmp : Match on catch block at 0xc3 in for 0x141
02-09 10:01:36.177 28565 28565 E ArmVmp : Match on catch block at 0xc3 in for 0x141
02-09 10:01:36.180 28565 28565 E ArmVmp : Match on catch block at 0xc3 in for 0x159
02-09 10:01:36.183 28565 28565 E ArmVmp : Match on catch block at 0xc3 in for 0x141
02-09 10:01:36.329 28565 28565 E ArmVmp : Match on catch block at 0xc3 in for 0x141
02-09 10:01:36.333 28565 28565 E ArmVmp : Match on catch block at 0xc3 in for 0x159
02-09 10:01:36.337 28565 28565 E ArmVmp : Match on catch block at 0xc3 in for 0x141
02-09 10:01:36.410 28565 28565 E ArmVmp : Match on catch block at 0xc3 in for 0x141
02-09 10:01:36.413 28565 28565 E ArmVmp : Match on catch block at 0xc3 in for 0x159
02-09 10:01:36.416 28565 28565 E ArmVmp : Match on catch block at 0xc3 in for 0x141
02-09 10:01:36.444 28565 28565 E ArmVmp : Match on catch block at 0xc3 in for 0x141
02-09 10:01:36.448 28565 28565 E ArmVmp : Match on catch block at 0xc3 in for 0x159
02-09 10:01:36.452 28565 28565 E ArmVmp : Match on catch block at 0xc3 in for 0x141
02-09 10:01:36.495 28565 28565 E ArmVmp : Match on catch block at 0xc3 in for 0x141
02-09 10:01:36.500 28565 28565 E ArmVmp : Match on catch block at 0xc3 in for 0x159
02-09 10:01:36.503 28565 28565 E ArmVmp : Match on catch block at 0xc3 in for 0x141
02-09 10:01:36.577 28565 28565 E ArmVmp : Match on catch block at 0xc3 in for 0x141
02-09 10:01:36.581 28565 28565 E ArmVmp : Match on catch block at 0xc3 in for 0x159
02-09 10:01:36.584 28565 28565 E ArmVmp : Match on catch block at 0xc3 in for 0x141
02-09 10:01:36.660 28565 28565 E ArmVmp : Match on catch block at 0xc3 in for 0x141
02-09 10:01:36.665 28565 28565 E ArmVmp : Match on catch block at 0xc3 in for 0x159
02-09 10:01:36.669 28565 28565 E ArmVmp : Match on catch block at 0xc3 in for 0x141
02-09 10:01:36.744 28565 28565 E ArmVmp : Match on catch block at 0xc3 in for 0x141
02-09 10:01:36.749 28565 28565 E ArmVmp : Match on catch block at 0xc3 in for 0x159
02-09 10:01:36.752 28565 28565 E ArmVmp : Match on catch block at 0xc3 in for 0x141
02-09 10:01:36.810 28565 28565 E ArmVmp : Match on catch block at 0xc3 in for 0x141
02-09 10:01:36.817 28565 28565 E ArmVmp : Match on catch block at 0xc3 in for 0x159
02-09 10:01:36.825 28565 28565 E ArmVmp : Match on catch block at 0xc3 in for 0x141
02-09 10:01:36.894 28565 28565 E ArmVmp : Match on catch block at 0xc3 in for 0x141
02-09 10:01:36.898 28565 28565 E ArmVmp : Match on catch block at 0xc3 in for 0x159
02-09 10:01:36.900 28565 28565 E ArmVmp : Match on catch block at 0xc3 in for 0x141
02-09 10:01:36.928 28565 28565 E ArmVmp : Match on catch block at 0xc3 in for 0x141
02-09 10:01:36.935 28565 28565 E ArmVmp : Match on catch block at 0xc3 in for 0x159
02-09 10:01:36.940 28565 28565 E ArmVmp : Match on catch block at 0xc3 in for 0x141
02-09 10:01:36.977 28565 28565 E ArmVmp : Match on catch block at 0xc3 in for 0x141
02-09 10:01:36.983 28565 28565 E ArmVmp : Match on catch block at 0xc3 in for 0x159
02-09 10:01:36.989 28565 28565 E ArmVmp : Match on catch block at 0xc3 in for 0x141
02-09 10:01:37.061 28565 28565 E ArmVmp : Match on catch block at 0xc3 in for 0x141
02-09 10:01:37.067 28565 28565 E ArmVmp : Match on catch block at 0xc3 in for 0x159
02-09 10:01:37.070 28565 28565 E ArmVmp : Match on catch block at 0xc3 in for 0x141
02-09 10:01:37.146 28565 28565 E ArmVmp : Match on catch block at 0xc3 in for 0x141
02-09 10:01:37.152 28565 28565 E ArmVmp : Match on catch block at 0xc3 in for 0x159
02-09 10:01:37.159 28565 28565 E ArmVmp : Match on catch block at 0xc3 in for 0x141
02-09 10:01:37.212 28565 28565 E ArmVmp : Match on catch block at 0xc3 in for 0x141
02-09 10:01:37.219 28565 28565 E ArmVmp : Match on catch block at 0xc3 in for 0x159
02-09 10:01:37.226 28565 28565 E ArmVmp : Match on catch block at 0xc3 in for 0x141
02-09 10:01:37.293 28565 28565 E ArmVmp : Match on catch block at 0xc3 in for 0x141
02-09 10:01:37.297 28565 28565 E ArmVmp : Match on catch block at 0xc3 in for 0x159
02-09 10:01:37.299 28565 28565 E ArmVmp : Match on catch block at 0xc3 in for 0x141
02-09 10:01:37.377 28565 28565 E ArmVmp : Match on catch block at 0xc3 in for 0x141
02-09 10:01:37.382 28565 28565 E ArmVmp : Match on catch block at 0xc3 in for 0x159
02-09 10:01:37.384 28565 28565 E ArmVmp : Match on catch block at 0xc3 in for 0x141
02-09 10:01:37.429 28565 28565 E ArmVmp : Match on catch block at 0xc3 in for 0x141
02-09 10:01:37.435 28565 28565 E ArmVmp : Match on catch block at 0xc3 in for 0x159
02-09 10:01:37.439 28565 28565 E ArmVmp : Match on catch block at 0xc3 in for 0x141
02-09 10:01:37.460 28565 28565 E ArmVmp : Match on catch block at 0xc3 in for 0x141
02-09 10:01:37.464 28565 28565 E ArmVmp : Match on catch block at 0xc3 in for 0x159
02-09 10:01:37.468 28565 28565 E ArmVmp : Match on catch block at 0xc3 in for 0x141
02-09 10:01:37.543 28565 28565 E ArmVmp : Match on catch block at 0xc3 in for 0x141
02-09 10:01:37.545 28565 28565 E ArmVmp : Match on catch block at 0xc3 in for 0x159
02-09 10:01:37.548 28565 28565 E ArmVmp : Match on catch block at 0xc3 in for 0x141
02-09 10:01:37.611 28565 28565 E ArmVmp : Match on catch block at 0xc3 in for 0x141
02-09 10:01:37.614 28565 28565 E ArmVmp : Match on catch block at 0xc3 in for 0x159
02-09 10:01:37.618 28565 28565 E ArmVmp : Match on catch block at 0xc3 in for 0x141
02-09 10:01:37.692 28565 28565 E ArmVmp : Match on catch block at 0xc3 in for 0x141
02-09 10:01:37.697 28565 28565 E ArmVmp : Match on catch block at 0xc3 in for 0x159
02-09 10:01:37.701 28565 28565 E ArmVmp : Match on catch block at 0xc3 in for 0x141
02-09 10:01:37.776 28565 28565 E ArmVmp : Match on catch block at 0xc3 in for 0x141
02-09 10:01:37.780 28565 28565 E ArmVmp : Match on catch block at 0xc3 in for 0x159
02-09 10:01:37.783 28565 28565 E ArmVmp : Match on catch block at 0xc3 in for 0x141
02-09 10:01:37.860 28565 28565 E ArmVmp : Match on catch block at 0xc3 in for 0x141
02-09 10:01:37.862 28565 28565 E ArmVmp : Match on catch block at 0xc3 in for 0x159
02-09 10:01:37.864 28565 28565 E ArmVmp : Match on catch block at 0xc3 in for 0x141
02-09 10:01:37.929 28565 28565 E ArmVmp : Match on catch block at 0xc3 in for 0x141
02-09 10:01:37.932 28565 28565 E ArmVmp : Match on catch block at 0xc3 in for 0x159
02-09 10:01:37.935 28565 28565 E ArmVmp : Match on catch block at 0xc3 in for 0x141
02-09 10:01:38.013 28565 28565 E ArmVmp : Match on catch block at 0xc3 in for 0x141
02-09 10:01:38.018 28565 28565 E ArmVmp : Match on catch block at 0xc3 in for 0x159
02-09 10:01:38.021 28565 28565 E ArmVmp : Match on catch block at 0xc3 in for 0x141
02-09 10:01:38.177 28565 28565 E ArmVmp : Match on catch block at 0xc3 in for 0x141
02-09 10:01:38.181 28565 28565 E ArmVmp : Match on catch block at 0xc3 in for 0x159
02-09 10:01:38.183 28565 28565 E ArmVmp : Match on catch block at 0xc3 in for 0x141
02-09 10:01:38.343 28565 28565 E ArmVmp : Match on catch block at 0xc3 in for 0x141
02-09 10:01:38.348 28565 28565 E ArmVmp : Match on catch block at 0xc3 in for 0x159
02-09 10:01:38.351 28565 28565 E ArmVmp : Match on catch block at 0xc3 in for 0x141
02-09 10:01:38.427 28565 28565 E ArmVmp : Match on catch block at 0xc3 in for 0x141
02-09 10:01:38.430 28565 28565 E ArmVmp : Match on catch block at 0xc3 in for 0x159
02-09 10:01:38.433 28565 28565 E ArmVmp : Match on catch block at 0xc3 in for 0x141
02-09 10:01:38.443 28565 28565 E ArmVmp : Match on catch block at 0xc3 in for 0x141
02-09 10:01:38.447 28565 28565 E ArmVmp : Match on catch block at 0xc3 in for 0x159
02-09 10:01:38.450 28565 28565 E ArmVmp : Match on catch block at 0xc3 in for 0x141
02-09 10:01:38.944 28565 28565 E ArmVmp : Match on catch block at 0xc3 in for 0x141
02-09 10:01:38.947 28565 28565 E ArmVmp : Match on catch block at 0xc3 in for 0x159
02-09 10:01:38.950 28565 28565 E ArmVmp : Match on catch block at 0xc3 in for 0x141
02-09 10:01:39.443 28565 28565 E ArmVmp : Match on catch block at 0xc3 in for 0x141
02-09 10:01:39.447 28565 28565 E ArmVmp : Match on catch block at 0xc3 in for 0x159
02-09 10:01:39.450 28565 28565 E ArmVmp : Match on catch block at 0xc3 in for 0x141
02-09 10:01:39.944 28565 28565 E ArmVmp : Match on catch block at 0xc3 in for 0x141
02-09 10:01:39.948 28565 28565 E ArmVmp : Match on catch block at 0xc3 in for 0x159
02-09 10:01:39.952 28565 28565 E ArmVmp : Match on catch block at 0xc3 in for 0x141
02-09 10:01:40.444 28565 28565 E ArmVmp : Match on catch block at 0xc3 in for 0x141
02-09 10:01:40.447 28565 28565 E ArmVmp : Match on catch block at 0xc3 in for 0x159
02-09 10:01:40.450 28565 28565 E ArmVmp : Match on catch block at 0xc3 in for 0x141
02-09 10:01:40.943 28565 28565 E ArmVmp : Match on catch block at 0xc3 in for 0x141
02-09 10:01:40.947 28565 28565 E ArmVmp : Match on catch block at 0xc3 in for 0x159
02-09 10:01:40.950 28565 28565 E ArmVmp : Match on catch block at 0xc3 in for 0x141
02-09 10:01:41.443 28565 28565 E ArmVmp : Match on catch block at 0xc3 in for 0x141
02-09 10:01:41.446 28565 28565 E ArmVmp : Match on catch block at 0xc3 in for 0x159
02-09 10:01:41.453 28565 28565 E ArmVmp : Match on catch block at 0xc3 in for 0x141
02-09 10:01:41.959 28565 28565 E ArmVmp : Match on catch block at 0xc3 in for 0x141
02-09 10:01:41.964 28565 28565 E ArmVmp : Match on catch block at 0xc3 in for 0x159
02-09 10:01:41.966 28565 28565 E ArmVmp : Match on catch block at 0xc3 in for 0x141
02-09 10:01:42.460 28565 28565 E ArmVmp : Match on catch block at 0xc3 in for 0x141
02-09 10:01:42.465 28565 28565 E ArmVmp : Match on catch block at 0xc3 in for 0x159
02-09 10:01:42.468 28565 28565 E ArmVmp : Match on catch block at 0xc3 in for 0x141
02-09 10:01:42.960 28565 28565 E ArmVmp : Match on catch block at 0xc3 in for 0x141
02-09 10:01:42.965 28565 28565 E ArmVmp : Match on catch block at 0xc3 in for 0x159
02-09 10:01:42.968 28565 28565 E ArmVmp : Match on catch block at 0xc3 in for 0x141
02-09 10:01:43.460 28565 28565 E ArmVmp : Match on catch block at 0xc3 in for 0x141
02-09 10:01:43.464 28565 28565 E ArmVmp : Match on catch block at 0xc3 in for 0x159
02-09 10:01:43.467 28565 28565 E ArmVmp : Match on catch block at 0xc3 in for 0x141
02-09 10:01:43.961 28565 28565 E ArmVmp : Match on catch block at 0xc3 in for 0x141
02-09 10:01:43.968 28565 28565 E ArmVmp : Match on catch block at 0xc3 in for 0x159
02-09 10:01:43.973 28565 28565 E ArmVmp : Match on catch block at 0xc3 in for 0x141
02-09 10:01:44.460 28565 28565 E ArmVmp : Match on catch block at 0xc3 in for 0x141
02-09 10:01:44.465 28565 28565 E ArmVmp : Match on catch block at 0xc3 in for 0x159
02-09 10:01:44.468 28565 28565 E ArmVmp : Match on catch block at 0xc3 in for 0x141
02-09 10:01:44.960 28565 28565 E ArmVmp : Match on catch block at 0xc3 in for 0x141
02-09 10:01:44.964 28565 28565 E ArmVmp : Match on catch block at 0xc3 in for 0x159
02-09 10:01:44.967 28565 28565 E ArmVmp : Match on catch block at 0xc3 in for 0x141
02-09 10:01:45.461 28565 28565 E ArmVmp : Match on catch block at 0xc3 in for 0x141
02-09 10:01:45.466 28565 28565 E ArmVmp : Match on catch block at 0xc3 in for 0x159
02-09 10:01:45.470 28565 28565 E ArmVmp : Match on catch block at 0xc3 in for 0x141
02-09 10:01:45.960 28565 28565 E ArmVmp : Match on catch block at 0xc3 in for 0x141
02-09 10:01:45.965 28565 28565 E ArmVmp : Match on catch block at 0xc3 in for 0x159
02-09 10:01:45.968 28565 28565 E ArmVmp : Match on catch block at 0xc3 in for 0x141
02-09 10:01:46.461 28565 28565 E ArmVmp : Match on catch block at 0xc3 in for 0x141
02-09 10:01:46.467 28565 28565 E ArmVmp : Match on catch block at 0xc3 in for 0x159
02-09 10:01:46.471 28565 28565 E ArmVmp : Match on catch block at 0xc3 in for 0x141
02-09 10:01:46.962 28565 28565 E ArmVmp : Match on catch block at 0xc3 in for 0x141
02-09 10:01:46.970 28565 28565 E ArmVmp : Match on catch block at 0xc3 in for 0x159
02-09 10:01:46.975 28565 28565 E ArmVmp : Match on catch block at 0xc3 in for 0x141
02-09 10:01:47.460 28565 28565 E ArmVmp : Match on catch block at 0xc3 in for 0x141
02-09 10:01:47.467 28565 28565 E ArmVmp : Match on catch block at 0xc3 in for 0x159
02-09 10:01:47.472 28565 28565 E ArmVmp : Match on catch block at 0xc3 in for 0x141
02-09 10:01:47.962 28565 28565 E ArmVmp : Match on catch block at 0xc3 in for 0x141
02-09 10:01:47.969 28565 28565 E ArmVmp : Match on catch block at 0xc3 in for 0x159
02-09 10:01:47.976 28565 28565 E ArmVmp : Match on catch block at 0xc3 in for 0x141
02-09 10:01:48.462 28565 28565 E ArmVmp : Match on catch block at 0xc3 in for 0x141
02-09 10:01:48.469 28565 28565 E ArmVmp : Match on catch block at 0xc3 in for 0x159
02-09 10:01:48.474 28565 28565 E ArmVmp : Match on catch block at 0xc3 in for 0x141
02-09 10:01:48.964 28565 28565 E ArmVmp : Match on catch block at 0xc3 in for 0x141
02-09 10:01:48.971 28565 28565 E ArmVmp : Match on catch block at 0xc3 in for 0x159
02-09 10:01:48.977 28565 28565 E ArmVmp : Match on catch block at 0xc3 in for 0x141
02-09 10:01:49.479 28565 28565 E ArmVmp : Match on catch block at 0xc3 in for 0x141
02-09 10:01:49.486 28565 28565 E ArmVmp : Match on catch block at 0xc3 in for 0x159
02-09 10:01:49.491 28565 28565 E ArmVmp : Match on catch block at 0xc3 in for 0x141
02-09 10:01:49.979 28565 28565 E ArmVmp : Match on catch block at 0xc3 in for 0x141
02-09 10:01:49.984 28565 28565 E ArmVmp : Match on catch block at 0xc3 in for 0x159
02-09 10:01:49.989 28565 28565 E ArmVmp : Match on catch block at 0xc3 in for 0x141
02-09 10:01:50.479 28565 28565 E ArmVmp : Match on catch block at 0xc3 in for 0x141
02-09 10:01:50.486 28565 28565 E ArmVmp : Match on catch block at 0xc3 in for 0x159
02-09 10:01:50.491 28565 28565 E ArmVmp : Match on catch block at 0xc3 in for 0x141
02-09 10:01:50.979 28565 28565 E ArmVmp : Match on catch block at 0xc3 in for 0x141
02-09 10:01:50.987 28565 28565 E ArmVmp : Match on catch block at 0xc3 in for 0x159
02-09 10:01:50.993 28565 28565 E ArmVmp : Match on catch block at 0xc3 in for 0x141
02-09 10:01:51.479 28565 28565 E ArmVmp : Match on catch block at 0xc3 in for 0x141
02-09 10:01:51.486 28565 28565 E ArmVmp : Match on catch block at 0xc3 in for 0x159
02-09 10:01:51.491 28565 28565 E ArmVmp : Match on catch block at 0xc3 in for 0x141
02-09 10:01:51.978 28565 28565 E ArmVmp : Match on catch block at 0xc3 in for 0x141
02-09 10:01:51.985 28565 28565 E ArmVmp : Match on catch block at 0xc3 in for 0x159
02-09 10:01:51.990 28565 28565 E ArmVmp : Match on catch block at 0xc3 in for 0x141
02-09 10:01:52.473 28565 28565 E ArmVmp : Match on catch block at 0xc3 in for 0x141
02-09 10:01:52.479 28565 28565 E ArmVmp : Match on catch block at 0xc3 in for 0x159
02-09 10:01:52.484 28565 28565 E ArmVmp : Match on catch block at 0xc3 in for 0x141
02-09 10:01:52.980 28565 28565 E ArmVmp : Match on catch block at 0xc3 in for 0x141
02-09 10:01:52.987 28565 28565 E ArmVmp : Match on catch block at 0xc3 in for 0x159
02-09 10:01:52.991 28565 28565 E ArmVmp : Match on catch block at 0xc3 in for 0x141
02-09 10:01:53.483 28565 28565 E ArmVmp : Match on catch block at 0xc3 in for 0x141
02-09 10:01:53.490 28565 28565 E ArmVmp : Match on catch block at 0xc3 in for 0x159
02-09 10:01:53.495 28565 28565 E ArmVmp : Match on catch block at 0xc3 in for 0x141
02-09 10:01:53.977 28565 28565 E ArmVmp : Match on catch block at 0xc3 in for 0x141
02-09 10:01:53.983 28565 28565 E ArmVmp : Match on catch block at 0xc3 in for 0x159
02-09 10:01:53.987 28565 28565 E ArmVmp : Match on catch block at 0xc3 in for 0x141
02-09 10:01:54.479 28565 28565 E ArmVmp : Match on catch block at 0xc3 in for 0x141
02-09 10:01:54.483 28565 28565 E ArmVmp : Match on catch block at 0xc3 in for 0x159
02-09 10:01:54.487 28565 28565 E ArmVmp : Match on catch block at 0xc3 in for 0x141
02-09 10:01:54.981 28565 28565 E ArmVmp : Match on catch block at 0xc3 in for 0x141
02-09 10:01:54.986 28565 28565 E ArmVmp : Match on catch block at 0xc3 in for 0x159
02-09 10:01:54.989 28565 28565 E ArmVmp : Match on catch block at 0xc3 in for 0x141
02-09 10:01:55.496 28565 28565 E ArmVmp : Match on catch block at 0xc3 in for 0x141
02-09 10:01:55.501 28565 28565 E ArmVmp : Match on catch block at 0xc3 in for 0x159
02-09 10:01:55.505 28565 28565 E ArmVmp : Match on catch block at 0xc3 in for 0x141
02-09 10:01:55.993 28565 28565 E ArmVmp : Match on catch block at 0xc3 in for 0x141
02-09 10:01:55.998 28565 28565 E ArmVmp : Match on catch block at 0xc3 in for 0x159
02-09 10:01:56.001 28565 28565 E ArmVmp : Match on catch block at 0xc3 in for 0x141
02-09 10:01:56.492 28565 28565 E ArmVmp : Match on catch block at 0xc3 in for 0x141
02-09 10:01:56.495 28565 28565 E ArmVmp : Match on catch block at 0xc3 in for 0x159
02-09 10:01:56.498 28565 28565 E ArmVmp : Match on catch block at 0xc3 in for 0x141
02-09 10:01:56.994 28565 28565 E ArmVmp : Match on catch block at 0xc3 in for 0x141
02-09 10:01:56.998 28565 28565 E ArmVmp : Match on catch block at 0xc3 in for 0x159
02-09 10:01:57.002 28565 28565 E ArmVmp : Match on catch block at 0xc3 in for 0x141
02-09 10:01:57.495 28565 28565 E ArmVmp : Match on catch block at 0xc3 in for 0x141
02-09 10:01:57.501 28565 28565 E ArmVmp : Match on catch block at 0xc3 in for 0x159
02-09 10:01:57.505 28565 28565 E ArmVmp : Match on catch block at 0xc3 in for 0x141
02-09 10:01:57.994 28565 28565 E ArmVmp : Match on catch block at 0xc3 in for 0x141
02-09 10:01:58.000 28565 28565 E ArmVmp : Match on catch block at 0xc3 in for 0x159
02-09 10:01:58.006 28565 28565 E ArmVmp : Match on catch block at 0xc3 in for 0x141
02-09 10:01:58.495 28565 28565 E ArmVmp : Match on catch block at 0xc3 in for 0x141
02-09 10:01:58.499 28565 28565 E ArmVmp : Match on catch block at 0xc3 in for 0x159
02-09 10:01:58.502 28565 28565 E ArmVmp : Match on catch block at 0xc3 in for 0x141
02-09 10:01:58.995 28565 28565 E ArmVmp : Match on catch block at 0xc3 in for 0x141
02-09 10:01:59.003 28565 28565 E ArmVmp : Match on catch block at 0xc3 in for 0x159
02-09 10:01:59.008 28565 28565 E ArmVmp : Match on catch block at 0xc3 in for 0x141
02-09 10:01:59.496 28565 28565 E ArmVmp : Match on catch block at 0xc3 in for 0x141
02-09 10:01:59.501 28565 28565 E ArmVmp : Match on catch block at 0xc3 in for 0x159
02-09 10:01:59.506 28565 28565 E ArmVmp : Match on catch block at 0xc3 in for 0x141
02-09 10:01:59.995 28565 28565 E ArmVmp : Match on catch block at 0xc3 in for 0x141
02-09 10:02:00.000 28565 28565 E ArmVmp : Match on catch block at 0xc3 in for 0x159
02-09 10:02:00.003 28565 28565 E ArmVmp : Match on catch block at 0xc3 in for 0x141
02-09 10:02:00.495 28565 28565 E ArmVmp : Match on catch block at 0xc3 in for 0x141
02-09 10:02:00.994 28565 28565 E ArmVmp : Match on catch block at 0xc3 in for 0x141
02-09 10:02:00.997 28565 28565 E ArmVmp : Match on catch block at 0xc3 in for 0x159
02-09 10:02:01.000 28565 28565 E ArmVmp : Match on catch block at 0xc3 in for 0x141
02-09 10:02:01.495 28565 28565 E ArmVmp : Match on catch block at 0xc3 in for 0x141
02-09 10:02:01.500 28565 28565 E ArmVmp : Match on catch block at 0xc3 in for 0x159
02-09 10:02:01.504 28565 28565 E ArmVmp : Match on catch block at 0xc3 in for 0x141
02-09 10:02:01.999 28565 28565 E ArmVmp : Match on catch block at 0xc3 in for 0x141
02-09 10:02:02.008 28565 28565 E ArmVmp : Match on catch block at 0xc3 in for 0x159
02-09 10:02:02.013 28565 28565 E ArmVmp : Match on catch block at 0xc3 in for 0x141
02-09 10:02:02.514 28565 28565 E ArmVmp : Match on catch block at 0xc3 in for 0x141
02-09 10:02:02.523 28565 28565 E ArmVmp : Match on catch block at 0xc3 in for 0x159
02-09 10:02:02.528 28565 28565 E ArmVmp : Match on catch block at 0xc3 in for 0x141
02-09 10:02:03.014 28565 28565 E ArmVmp : Match on catch block at 0xc3 in for 0x141
02-09 10:02:03.024 28565 28565 E ArmVmp : Match on catch block at 0xc3 in for 0x159
02-09 10:02:03.029 28565 28565 E ArmVmp : Match on catch block at 0xc3 in for 0x141
02-09 10:02:03.514 28565 28565 E ArmVmp : Match on catch block at 0xc3 in for 0x141
02-09 10:02:03.525 28565 28565 E ArmVmp : Match on catch block at 0xc3 in for 0x159
02-09 10:02:03.529 28565 28565 E ArmVmp : Match on catch block at 0xc3 in for 0x141
02-09 10:02:04.014 28565 28565 E ArmVmp : Match on catch block at 0xc3 in for 0x141
02-09 10:02:04.024 28565 28565 E ArmVmp : Match on catch block at 0xc3 in for 0x159
02-09 10:02:04.029 28565 28565 E ArmVmp : Match on catch block at 0xc3 in for 0x141
02-09 10:02:04.514 28565 28565 E ArmVmp : Match on catch block at 0xc3 in for 0x141
02-09 10:02:04.525 28565 28565 E ArmVmp : Match on catch block at 0xc3 in for 0x159
02-09 10:02:04.530 28565 28565 E ArmVmp : Match on catch block at 0xc3 in for 0x141
02-09 10:02:05.014 28565 28565 E ArmVmp : Match on catch block at 0xc3 in for 0x141
02-09 10:02:05.024 28565 28565 E ArmVmp : Match on catch block at 0xc3 in for 0x159
02-09 10:02:05.030 28565 28565 E ArmVmp : Match on catch block at 0xc3 in for 0x141
02-09 10:02:05.516 28565 28565 E ArmVmp : Match on catch block at 0xc3 in for 0x141
02-09 10:02:05.527 28565 28565 E ArmVmp : Match on catch block at 0xc3 in for 0x159
02-09 10:02:05.530 28565 28565 E ArmVmp : Match on catch block at 0xc3 in for 0x141
02-09 10:02:06.014 28565 28565 E ArmVmp : Match on catch block at 0xc3 in for 0x141
02-09 10:02:06.025 28565 28565 E ArmVmp : Match on catch block at 0xc3 in for 0x159
02-09 10:02:06.033 28565 28565 E ArmVmp : Match on catch block at 0xc3 in for 0x141
02-09 10:02:06.515 28565 28565 E ArmVmp : Match on catch block at 0xc3 in for 0x141
02-09 10:02:06.524 28565 28565 E ArmVmp : Match on catch block at 0xc3 in for 0x159
02-09 10:02:06.530 28565 28565 E ArmVmp : Match on catch block at 0xc3 in for 0x141
02-09 10:02:07.015 28565 28565 E ArmVmp : Match on catch block at 0xc3 in for 0x141
02-09 10:02:07.024 28565 28565 E ArmVmp : Match on catch block at 0xc3 in for 0x159
02-09 10:02:07.030 28565 28565 E ArmVmp : Match on catch block at 0xc3 in for 0x141
02-09 10:02:07.518 28565 28565 E ArmVmp : Match on catch block at 0xc3 in for 0x141
02-09 10:02:07.528 28565 28565 E ArmVmp : Match on catch block at 0xc3 in for 0x159
02-09 10:02:07.532 28565 28565 E ArmVmp : Match on catch block at 0xc3 in for 0x141
02-09 10:02:08.011 28565 28565 E ArmVmp : Match on catch block at 0xc3 in for 0x159
02-09 10:02:08.013 28565 28565 E ArmVmp : Match on catch block at 0xc3 in for 0x155
02-09 10:02:08.015 28565 28565 E ArmVmp : Match on catch block at 0xc3 in for 0x159
02-09 10:02:08.027 28565 28565 E ArmVmp : Match on catch block at 0xc3 in for 0x159
02-09 10:02:08.030 28565 28565 E ArmVmp : Match on catch block at 0xc3 in for 0x155
02-09 10:02:08.032 28565 28565 E ArmVmp : Match on catch block at 0xc3 in for 0x159
02-09 10:02:08.531 28565 28565 E ArmVmp : Match on catch block at 0xc3 in for 0x159
02-09 10:02:08.541 28565 28565 E ArmVmp : Match on catch block at 0xc3 in for 0x155
02-09 10:02:08.547 28565 28565 E ArmVmp : Match on catch block at 0xc3 in for 0x159
02-09 10:02:08.597 28565 28565 E ArmVmp : Match on catch block at 0xc3 in for 0x145
02-09 10:02:08.606 28565 28565 E ArmVmp : Match on catch block at 0xc3 in for 0x141
02-09 10:02:08.615 28565 28565 E ArmVmp : Match on catch block at 0xc3 in for 0x145
02-09 10:02:08.644 28565 28565 E ArmVmp : Match on catch block at 0xc3 in for 0x14d
02-09 10:02:08.647 28565 28565 E ArmVmp : Match on catch block at 0xc3 in for 0x149
02-09 10:02:08.649 28565 28565 E ArmVmp : Match on catch block at 0xc3 in for 0x14d
02-09 10:02:08.675 28565 28565 E ArmVmp : Match on catch block at 0xc3 in for 0x14d
02-09 10:02:08.678 28565 28565 E ArmVmp : Match on catch block at 0xc3 in for 0x149
02-09 10:02:08.679 28565 28565 E ArmVmp : Match on catch block at 0xc3 in for 0x14d
02-09 10:02:08.745 28565 28565 E ArmVmp : Match on catch block at 0xc3 in for 0x159
02-09 10:02:08.747 28565 28565 E ArmVmp : Match on catch block at 0xc3 in for 0x155
02-09 10:02:08.748 28565 28565 E ArmVmp : Match on catch block at 0xc3 in for 0x159
02-09 10:02:08.756 28565 28565 E ArmVmp : Match on catch block at 0xc3 in for 0x141
02-09 10:02:08.758 28565 28565 E ArmVmp : Match on catch block at 0xc3 in for 0x159
02-09 10:02:08.760 28565 28565 E ArmVmp : Match on catch block at 0xc3 in for 0x141
02-09 10:02:08.806 28565 28565 E ArmVmp : Match on catch block at 0xc3 in for 0x14d
02-09 10:02:08.808 28565 28565 E ArmVmp : Match on catch block at 0xc3 in for 0x149
02-09 10:02:08.810 28565 28565 E ArmVmp : Match on catch block at 0xc3 in for 0x14d
02-09 10:02:08.861 28565 28565 E ImeBackDispatcher: Ime callback not found. Ignoring unregisterReceivedCallback. callbackId: 244379697
02-09 10:02:09.092 28565 28565 E ArmVmp : Match on catch block at 0x0a in for 0x1c5
02-09 10:02:09.094 28565 28623 W libc : Access denied finding property "ro.vendor.display.iris_x7.support"
02-09 10:02:09.105 28565 28565 E ArmVmp : Match on catch block at 0x0a in for 0x1a1
02-09 10:02:09.145 28565 28623 W Parcel : Expecting binder but got null!
02-09 10:02:09.825 28565 28565 W InputEventReceiver: Attempted to finish an input event but the input event receiver has already been disposed.
02-09 10:02:09.903 28565 28623 W libc : Access denied finding property "ro.vendor.display.iris_x7.support"
02-09 10:02:09.942 28565 28623 W Parcel : Expecting binder but got null!
02-09 10:02:18.930 28565 28623 W libc : Access denied finding property "ro.vendor.display.iris_x7.support"
02-09 10:02:18.964 28565 28623 W Parcel : Expecting binder but got null!
02-09 10:02:20.254 28565 28565 W TabLayout: MODE_SCROLLABLE + GRAVITY_FILL is not supported, GRAVITY_START will be used instead
02-09 10:02:20.332 28565 29721 W libc : Access denied finding property "vendor.camera.aux.packagelist"
02-09 10:02:20.332 28565 29721 W CameraManagerGlobal: [soar.cts] ignore the status update of camera: 2
02-09 10:02:20.334 28565 29721 W libc : Access denied finding property "vendor.camera.aux.packagelist"
02-09 10:02:20.334 28565 28857 W libc : Access denied finding property "vendor.camera.aux.packagelist"
02-09 10:02:20.334 28565 28857 W CameraManagerGlobal: ignore the torch status update of camera: 2
02-09 10:02:20.363 28565 28565 W BottomSheetBehavior: BottomSheetBehavior now supports multiple callbacks. `setBottomSheetCallback()` removes all existing callbacks, including ones set internally by library authors, which may result in unintended behavior. This may change in the future. Please use `addBottomSheetCallback()` and `removeBottomSheetCallback()` instead to set your own callbacks.
02-09 10:02:20.382 28565 29722 W libc : Access denied finding property "persist.vendor.camera.privapp.list"
02-09 10:02:20.396 28565 29722 E MiuiMultiWindowUtils: initFreeFormResolutionArgs failed, device is gale
02-09 10:02:20.413 28565 28660 W IconCustomizer: getCustomizedIconW 122
02-09 10:02:20.419 28565 28623 W libc : Access denied finding property "ro.vendor.display.iris_x7.support"
02-09 10:02:20.450 28565 28660 W com.mbwhatsapp: ClassLoaderContext parent mismatch. (PCL[] | PCL[];PCL[])
02-09 10:02:20.482 28565 28660 W Bitmap : Called getDensity() on a recycle()'d bitmap! This is undefined behavior!
02-09 10:02:20.540 28565 29726 W libc : Access denied finding property "vendor.camera.aux.packagelist"
02-09 10:02:20.540 28565 29726 W CameraManagerGlobal: ignore the torch status update of camera: 2
02-09 10:02:20.542 28565 28660 W Bitmap : Called getDensity() on a recycle()'d bitmap! This is undefined behavior!
02-09 10:02:20.573 28565 28565 W View : requestLayout() improperly called by com.mbwhatsapp.WaImageView{bffba76 VF.D..CL. ......ID 0,0-128,128 #7f0b1814 app:id/shutter} during layout: running second layout pass
02-09 10:02:20.573 28565 28565 W View : requestLayout() improperly called by com.mbwhatsapp.CircularProgressBar{3f68877 V.ED..... ......ID 0,0-128,128 #7f0b14fc app:id/recording_progress} during layout: running second layout pass
02-09 10:02:20.573 28565 28565 W View : requestLayout() improperly called by com.mbwhatsapp.WaImageView{968ce4 VF.D..C.. ......ID 0,0-96,96 #7f0b1976 app:id/switch_camera_btn} during layout: running second layout pass
02-09 10:02:20.574 28565 28565 W View : requestLayout() improperly called by com.mbwhatsapp.WaImageView{b5fa54d VFED..C.. ......ID 0,0-96,96 #7f0b0b0d app:id/gallery_btn} during layout: running second layout pass
02-09 10:02:20.574 28565 28565 W View : requestLayout() improperly called by com.mbwhatsapp.WaImageView{2a50802 VFED..C.. ......ID 0,0-96,96 #7f0b057f app:id/close_camera_btn} during layout: running second layout pass
02-09 10:02:20.574 28565 28565 W View : requestLayout() improperly called by X.4Ki{c413513 V.ED..... ......ID 0,4-720,100} during layout: running second layout pass
02-09 10:02:20.616 28565 28623 W Parcel : Expecting binder but got null!
02-09 10:02:20.677 28565 28565 W View : requestLayout() improperly called by com.mbwhatsapp.WaImageView{bffba76 VF.D..CL. ......ID 296,1120-424,1248 #7f0b1814 app:id/shutter} during layout: running second layout pass
02-09 10:02:20.677 28565 28565 W View : requestLayout() improperly called by com.mbwhatsapp.CircularProgressBar{3f68877 V.ED..... ......ID 296,1120-424,1248 #7f0b14fc app:id/recording_progress} during layout: running second layout pass
02-09 10:02:20.677 28565 28565 W View : requestLayout() improperly called by com.mbwhatsapp.WaImageView{968ce4 VF.D..C.. ......ID 608,1136-704,1232 #7f0b1976 app:id/switch_camera_btn} during layout: running second layout pass
02-09 10:02:20.677 28565 28565 W View : requestLayout() improperly called by com.mbwhatsapp.WaImageView{b5fa54d VFED..C.. ......ID 16,1136-112,1232 #7f0b0b0d app:id/gallery_btn} during layout: running second layout pass
02-09 10:02:20.677 28565 28565 W View : requestLayout() improperly called by com.mbwhatsapp.WaImageView{2a50802 VFED..C.. ......I. 16,16-112,112 #7f0b057f app:id/close_camera_btn} during layout: running second layout pass
02-09 10:02:20.866 28565 29722 W BpBinder: Slow Binder: BpBinder transact took 209 ms, interface=android.hardware.camera2.ICameraDeviceUser, code=6 oneway=false
02-09 10:02:21.255 28565 29730 W BpBinder: Slow Binder: BpBinder transact took 374 ms, interface=android.media.IMediaMetadataRetriever, code=5 oneway=false
02-09 10:02:21.343 28565 29721 E com.mbwhatsapp: == MALI DEBUG ===eglp_winsys_populate_image_templates ==12288
02-09 10:02:21.363 28565 28623 E com.mbwhatsapp: == MALI DEBUG ===eglp_winsys_populate_image_templates ==12288
02-09 10:02:21.364 28565 28623 W libc : Access denied finding property "ro.vendor.display.iris_x7.support"
02-09 10:02:21.366 28565 28623 W libc : Access denied finding property "ro.vendor.display.iris_x7.support"
02-09 10:02:21.393 28565 29721 E com.mbwhatsapp: == MALI DEBUG ===eglp_winsys_populate_image_templates ==12288
02-09 10:02:21.433 28565 28623 E com.mbwhatsapp: == MALI DEBUG ===eglp_winsys_populate_image_templates ==12288
02-09 10:02:21.453 28565 29721 E com.mbwhatsapp: == MALI DEBUG ===eglp_winsys_populate_image_templates ==12288
02-09 10:02:21.480 28565 29727 W BpBinder: Slow Binder: BpBinder transact took 578 ms, interface=android.media.IMediaMetadataRetriever, code=5 oneway=false
02-09 10:02:21.506 28565 28575 W System : A resource failed to call CursorWrapperInner.close.
02-09 10:02:21.508 28565 29721 E com.mbwhatsapp: == MALI DEBUG ===eglp_winsys_populate_image_templates ==12288
02-09 10:02:21.569 28565 29721 E com.mbwhatsapp: == MALI DEBUG ===eglp_winsys_populate_image_templates ==12288
02-09 10:02:21.621 28565 29721 E com.mbwhatsapp: == MALI DEBUG ===eglp_winsys_populate_image_templates ==12288
02-09 10:02:21.669 28565 29733 W BpBinder: Slow Binder: BpBinder transact took 595 ms, interface=android.media.IMediaMetadataRetriever, code=5 oneway=false
02-09 10:02:21.670 28565 29721 E com.mbwhatsapp: == MALI DEBUG ===eglp_winsys_populate_image_templates ==12288
02-09 10:02:21.734 28565 28577 W CameraDevice-JV-0: Device error received, code 3, frame number 12, request ID 1, subseq ID 0
02-09 10:02:21.862 28565 29730 W BpBinder: Slow Binder: BpBinder transact took 477 ms, interface=android.media.IMediaMetadataRetriever, code=5 oneway=false
02-09 10:02:21.865 28565 28707 W libc : Access denied finding property "vendor.camera.aux.packagelist"
02-09 10:02:21.865 28565 28707 W CameraManagerGlobal: ignore the torch status update of camera: 2
02-09 10:02:21.882 28565 28577 W com.mbwhatsapp: Long monitor contention with owner Optic-Task-Handler-Thread (29721) at void android.hardware.camera2.impl.CameraDeviceImpl.close()(CameraDeviceImpl.java:1509) waiters=0 in void android.hardware.camera2.impl.CameraDeviceImpl.onDeviceError(int, android.hardware.camera2.impl.CaptureResultExtras) for 144ms
02-09 10:02:21.882 28565 28577 W CameraDevice-JV-0: Device error received, code 3, frame number 8, request ID 1, subseq ID 0
02-09 10:02:21.882 28565 28577 W CameraDevice-JV-0: Device error received, code 3, frame number 9, request ID 1, subseq ID 0
02-09 10:02:21.882 28565 28577 W CameraDevice-JV-0: Device error received, code 3, frame number 10, request ID 1, subseq ID 0
02-09 10:02:21.882 28565 28577 W CameraDevice-JV-0: Device error received, code 3, frame number 11, request ID 1, subseq ID 0
02-09 10:02:21.884 28565 29721 E com.mbwhatsapp: mali-debug: still pending callback,wait...
02-09 10:02:22.018 28565 29727 W BpBinder: Slow Binder: BpBinder transact took 406 ms, interface=android.media.IMediaMetadataRetriever, code=5 oneway=false
02-09 10:02:22.130 28565 29733 W BpBinder: Slow Binder: BpBinder transact took 349 ms, interface=android.media.IMediaMetadataRetriever, code=5 oneway=false
02-09 10:02:22.258 28565 29730 W BpBinder: Slow Binder: BpBinder transact took 309 ms, interface=android.media.IMediaMetadataRetriever, code=5 oneway=false
02-09 10:02:22.390 28565 28811 W com.mbwhatsapp: Accessing hidden method Landroid/app/MiuiNotification;-><init>()V (blocked, reflection, denied)
