02-09 09:56:08.061 27856 27939 W com.mbwhatsapp: Accessing hidden method Lcom/android/org/conscrypt/ConscryptEngineSocket;->setUseSessionTickets(Z)V (max- target-q,core-platform-api, reflection, denied)
02-09 09:56:08.061 27856 27939 W com.mbwhatsapp: Accessing hidden method Lcom/android/org/conscrypt/OpenSSLSocketImpl;->setUseSessionTickets(Z)V (max- target-q,core-platform-api, reflection, denied)
02-09 09:56:08.061 27856 27939 W com.mbwhatsapp: Accessing hidden method Lcom/android/org/conscrypt/AbstractConscryptSocket;->setUseSessionTickets(Z)V (max- target-q, reflection, denied)
02-09 09:56:08.061 27856 27939 W com.mbwhatsapp: Accessing hidden method Lcom/android/org/conscrypt/ConscryptEngineSocket;->setHostname(Ljava/lang/String;)V (max-target-q,core-platform-api, reflection, denied)
02-09 09:56:08.062 27856 27939 W com.mbwhatsapp: Accessing hidden method Lcom/android/org/conscrypt/OpenSSLSocketImpl;->setHostname(Ljava/lang/String;)V (max-target-q,core-platform-api, reflection, denied)
02-09 09:56:08.062 27856 27939 W com.mbwhatsapp: Accessing hidden method Lcom/android/org/conscrypt/AbstractConscryptSocket;->setHostname(Ljava/lang/ String;)V (max-target-q, reflection, denied)
02-09 09:56:08.062 27856 27939 W com.mbwhatsapp: Accessing hidden method Lcom/android/org/conscrypt/OpenSSLSocketImpl;->setAlpnProtocols([B)V (max-target- q,core-platform-api, reflection, denied)
02-09 09:56:08.062 27856 27939 W com.mbwhatsapp: Accessing hidden method Lcom/android/org/conscrypt/AbstractConscryptSocket;->setAlpnProtocols([B)V (max- target-q, reflection, denied)
02-09 09:56:08.067 27856 27856 W Activity: Can request only one set of permissions at a time
02-09 09:56:08.134 27856 27856 W Activity: PerfMonitor: Slow Operation: Activity com.mbwhatsapp/.HomeActivity onCreate took 523ms
02-09 09:56:08.165 27856 27932 W libc : Access denied finding property "ro.vendor.display.iris_x7.support"
02-09 09:56:08.173 27856 27939 W com.mbwhatsapp: Accessing hidden method Lcom/android/org/conscrypt/OpenSSLSocketImpl;->getAlpnSelectedProtocol()[B (max- target-q,core-platform-api, reflection, denied)
02-09 09:56:08.173 27856 27939 W com.mbwhatsapp: Accessing hidden method Lcom/android/org/conscrypt/AbstractConscryptSocket;->getAlpnSelectedProtocol()[B (max-target-q, reflection, denied)
02-09 09:56:08.178 27856 27856 W Looper : PerfMonitor looperActivity : package=com.mbwhatsapp/.HomeActivity time=0ms latency=609ms procState=-1 historyMsgCount=2 (msgIndex=2 wall=600ms seq=14 late=8ms h=android.app.ActivityThread$H w=159)
02-09 09:56:08.787 27856 27856 E RecyclerView: No adapter attached; skipping layout
02-09 09:56:08.797 27856 27856 W Looper : PerfMonitor doFrame : time=578ms vsyncFrame=0 latency=48ms procState=-1 historyMsgCount=26 (msgIndex=1 wall=600ms seq=14 late=8ms h=android.app.ActivityThread$H w=159)
02-09 09:56:08.809 27856 27856 E ArmVmp : Match on catch block at 0x0a in for 0x1b1
02-09 09:56:08.820 27856 27856 W Looper : PerfMonitor looperActivity : package=com.mbwhatsapp/mbmodsd.mbmodsw.mbsettings.yo.PauseActivity time=16ms latency=598ms procState=-1 historyMsgCount=19 (msgIndex=15 wall=578ms seq=40 late=48ms h=android.view.Choreographer$FrameHandler c=android.view.Choreographer$FrameDisplayEventReceiver)
02-09 09:56:08.868 27856 27856 E RecyclerView: No adapter attached; skipping layout
02-09 09:56:08.870 27856 27856 W Looper : PerfMonitor doFrame : time=42ms vsyncFrame=0 latency=606ms procState=-1 historyMsgCount=10 (msgIndex=1 wall=578ms seq=40 late=48ms h=android.view.Choreographer$FrameHandler c=android.view.Choreographer$FrameDisplayEventReceiver)
02-09 09:56:08.872 27856 27856 W Looper : PerfMonitor looperActivity : package=com.mbwhatsapp/mbmodsd.mbmodsw.mbsettings.yo.PauseActivity time=0ms latency=536ms procState=-1 historyMsgCount=22 (msgIndex=1 wall=578ms seq=40 late=48ms h=android.view.Choreographer$FrameHandler c=android.view.Choreographer$FrameDisplayEventReceiver)
02-09 09:56:08.872 27856 27856 W Looper : PerfMonitor looperActivity : package=com.mbwhatsapp/mbmodsd.mbmodsw.mbsettings.yo.PauseActivity time=0ms latency=531ms procState=-1 historyMsgCount=23 (msgIndex=1 wall=578ms seq=40 late=48ms h=android.view.Choreographer$FrameHandler c=android.view.Choreographer$FrameDisplayEventReceiver)
02-09 09:56:09.012 27856 27977 W LOTTIE : Animation contains merge paths. Merge paths are only supported on KitKat+ and must be manually enabled by calling enableMergePathsForKitKatAndAbove().
02-09 09:56:09.076 27856 27932 E OpenGLRenderer: Device claims wide gamut support, cannot find matching config, error = EGL_SUCCESS
02-09 09:56:09.076 27856 27932 W OpenGLRenderer: Failed to initialize 101010-2 format, error = EGL_SUCCESS
02-09 09:56:09.081 27856 27932 W libc : Access denied finding property "vendor.migl.debug"
02-09 09:56:09.081 27856 27932 E libMiGL : libmigl:This GPU version is note support Variable Shading Rate
02-09 09:56:09.085 27856 27932 E libEGL : pre_cache appList: ,,
02-09 09:56:09.139 27856 27856 W libc : Access denied finding property "ro.vendor.display.iris_x7.support"
02-09 09:56:09.142 27856 27932 W FramePredict: "FramePredict won 't run in other process: com.mbwhatsapp"
02-09 09:56:09.155 27856 27932 W libc : Access denied finding property "ro.vendor.magt.mtk_magt_support"
02-09 09:56:09.157 27856 27932 W libc : Access denied finding property "ro.vendor.display.iris_x7.support"
02-09 09:56:09.193 27856 27932 E com.mbwhatsapp: DF open fail: No such file or directory
02-09 09:56:09.193 27856 27932 W com.mbwhatsapp: remote service is not exist
02-09 09:56:09.193 27856 27932 W libc : Access denied finding property "ro.vendor.display.iris_x7.support"
02-09 09:56:09.194 27856 27932 W libc : Access denied finding property "ro.vendor.display.iris_x7.support"
02-09 09:56:09.197 27856 27932 W Parcel : Expecting binder but got null!
02-09 09:56:09.206 27856 27856 W LOTTIE : Animation contains merge paths but they are disabled.
02-09 09:56:09.246 27856 27856 E ArmVmp : Match on catch block at 0x5b in for 0x109
02-09 09:56:09.259 27856 27856 E ArmVmp : Match on catch block at 0x5b in for 0x10d
02-09 09:56:16.090 27856 27864 W com.mbwhatsapp: Cleared Reference was only reachable from finalizer (only reported once)
02-09 09:59:54.938 27856 27856 W MirrorManager: this model don't Support
02-09 09:59:55.700 27856 27856 E ArmVmp : Match on catch block at 0x0a in for 0x1d9
02-09 09:59:55.704 27856 27932 W libc : Access denied finding property "ro.vendor.display.iris_x7.support"
02-09 09:59:55.718 27856 27856 E ArmVmp : Match on catch block at 0x0a in for 0x1b9
02-09 09:59:55.803 27856 27932 W libc : Access denied finding property "ro.vendor.display.iris_x7.support"
02-09 09:59:55.831 27856 27932 E libEGL : pre_cache appList: ,,
02-09 09:59:55.909 27856 27932 W Parcel : Expecting binder but got null!
02-09 09:59:56.164 27856 27932 E com.mbwhatsapp: mali-debug: still pending callback,wait...
02-09 09:59:56.206 27856 27856 W InputEventReceiver: Attempted to finish an input event but the input event receiver has already been disposed.
02-09 09:59:56.644 27856 27856 E ArmVmp : Match on catch block at 0x0a in for 0x1d1
02-09 09:59:56.648 27856 27932 W libc : Access denied finding property "ro.vendor.display.iris_x7.support"
02-09 09:59:56.659 27856 27856 E ArmVmp : Match on catch block at 0x0a in for 0x1a5
02-09 09:59:56.701 27856 27932 W Parcel : Expecting binder but got null! 02-09 10:0--------- beginning of main
02-09 10:00:01.182 27856 27932 E com.mbwhatsapp: mali-debug: still pending callback,wait...
02-09 10:00:01.326 27856 27932 W libc : Access denied finding property "ro.vendor.display.iris_x7.support"
02-09 10:00:01.383 27856 27932 W Parcel : Expecting binder but got null!
02-09 10:00:04.457 28565 28565 E com.mbwhatsapp: Not starting debugger since process cannot load the jdwp agent.
02-09 10:00:04.464 28565 28565 W System.err: android.system.ErrnoException: open failed: ENOENT (No such file or directory)
02-09 10:00:04.464 28565 28565 W System.err: at libcore.io.Linux.open(Native Method)
02-09 10:00:04.464 28565 28565 W System.err: at libcore.io.ForwardingOs.open(ForwardingOs.java:563)
02-09 10:00:04.464 28565 28565 W System.err: at libcore.io.BlockGuardOs.open(BlockGuardOs.java:274)
02-09 10:00:04.464 28565 28565 W System.err: at libcore.io.ForwardingOs.open(ForwardingOs.java:563)
02-09 10:00:04.464 28565 28565 W System.err: at android.app.ActivityThread$AndroidOs.open(ActivityThread.java:8200)
02-09 10:00:04.464 28565 28565 W System.err: at android.system.Os.open(Os.java:494)
02-09 10:00:04.464 28565 28565 W System.err: at android.os.perfdebug.PerfDebugMonitorImpl.monitorVersionControl(PerfDebugMonitorImp l.java:204)
02-09 10:00:04.464 28565 28565 W System.err: at android.os.perfdebug.PerfDebugMonitorImpl.prepareMonitor(PerfDebugMonitorImpl.java: 185)
02-09 10:00:04.464 28565 28565 W System.err: at android.app.ActivityThread.main(ActivityThread.java:8287)
02-09 10:00:04.464 28565 28565 W System.err: at java.lang.reflect.Method.invoke(Native Method)
02-09 10:00:04.464 28565 28565 W System.err: at com.android.internal.os.RuntimeInit$MethodAndArgsCaller.run(RuntimeInit.java:581)
02-09 10:00:04.464 28565 28565 W System.err: at com.android.internal.os.ZygoteInit.main(ZygoteInit.java:1028)
02-09 10:00:04.550 28565 28565 W System.err: java.lang.ClassNotFoundException: mbmodsd.mbmodsw.ui.views.btn.BtnBK
02-09 10:00:04.550 28565 28565 W System.err: at java.lang.Runtime.nativeLoad(Native Method)
02-09 10:00:04.550 28565 28565 W System.err: at java.lang.Runtime.nativeLoad(Runtime.java:1121)
02-09 10:00:04.550 28565 28565 W System.err: at java.lang.Runtime.loadLibrary0(Runtime.java:1075)
02-09 10:00:04.550 28565 28565 W System.err: at java.lang.Runtime.loadLibrary0(Runtime.java:998)
02-09 10:00:04.550 28565 28565 W System.err: at java.lang.System.loadLibrary(System.java:1661)
02-09 10:00:04.550 28565 28565 W System.err: at arm.EpicVm.<clinit>(Unknown Source:2)
02-09 10:00:04.550 28565 28565 W System.err: at java.lang.Class.newInstance(Native Method)
02-09 10:00:04.550 28565 28565 W System.err: at android.app.AppComponentFactory.instantiateApplication(AppComponentFactory.java:76)
02-09 10:00:04.550 28565 28565 W System.err: at androidx.core.app.CoreComponentFactory.instantiateApplication(Unknown Source:0)
02-09 10:00:04.550 28565 28565 W System.err: at android.app.Instrumentation.newApplication(Instrumentation.java:1249)
02-09 10:00:04.550 28565 28565 W System.err: at android.app.LoadedApk.makeApplicationInner(LoadedApk.java:1493)
02-09 10:00:04.550 28565 28565 W System.err: at android.app.LoadedApk.makeApplicationInner(LoadedApk.java:1426)
02-09 10:00:04.550 28565 28565 W System.err: at android.app.ActivityThread.handleBindApplication(ActivityThread.java:7135)
02-09 10:00:04.550 28565 28565 W System.err: at android.app.ActivityThread.-$ $Nest$mhandleBindApplication(Unknown Source:0)
02-09 10:00:04.550 28565 28565 W System.err: at android.app.ActivityThread$H.handleMessage(ActivityThread.java:2262)
02-09 10:00:04.550 28565 28565 W System.err: at android.os.Handler.dispatchMessage(Handler.java:106)
02-09 10:00:04.550 28565 28565 W System.err: at android.os.Looper.loopOnce(Looper.java:211)
02-09 10:00:04.550 28565 28565 W System.err: at android.os.Looper.loop(Looper.java:300)
02-09 10:00:04.550 28565 28565 W System.err: at android.app.ActivityThread.main(ActivityThread.java:8324)
02-09 10:00:04.550 28565 28565 W System.err: at java.lang.reflect.Method.invoke(Native Method)
02-09 10:00:04.550 28565 28565 W System.err: at com.android.internal.os.RuntimeInit$MethodAndArgsCaller.run(RuntimeInit.java:581)
02-09 10:00:04.550 28565 28565 W System.err: at com.android.internal.os.ZygoteInit.main(ZygoteInit.java:1028)
02-09 10:00:04.586 28565 28565 E CustomActivityOnCrash: IMPORTANT WARNING! You already have an UncaughtExceptionHandler, are you sure this is correct? If you use a custom UncaughtExceptionHandler, you must initialize it AFTER CustomActivityOnCrash! Installing anyway, but your original handler will not be called.
02-09 10:00:04.716 28565 28565 W com.mbwhatsapp: Accessing hidden method Lcom/android/org/conscrypt/OpenSSLSocketImpl;->setUseSessionTickets(Z)V (max- target-q,core-platform-api, reflection, denied)
02-09 10:00:04.716 28565 28565 W com.mbwhatsapp: Accessing hidden method Lcom/android/org/conscrypt/AbstractConscryptSocket;->setUseSessionTickets(Z)V (max- target-q, reflection, denied)
02-09 10:00:04.725 28565 28565 W com.mbwhatsapp: type=1400 audit(0.0:295480): avc: granted { execute } for path="/data/data/com.mbwhatsapp/files/decompressed/libs.spk.zst/libc++_shared.so" dev="dm-45" ino=102387 scontext=u:r:untrusted_app:s0:c20,c257,c512,c768 tcontext=u:object_r:app_data_file:s0:c20,c257,c512,c768 tclass=file app=com.mbwhatsapp
02-09 10:00:04.725 28565 28565 W com.mbwhatsapp: type=1400 audit(0.0:295481): avc: granted { execute } for path="/data/data/com.mbwhatsapp/files/decompressed/libs.spk.zst/libvlc.so" dev="dm- 45" ino=80955 scontext=u:r:untrusted_app:s0:c20,c257,c512,c768 tcontext=u:object_r:app_data_file:s0:c20,c257,c512,c768 tclass=file app=com.mbwhatsapp
02-09 10:00:04.729 28565 28565 W com.mbwhatsapp: type=1400 audit(0.0:295482): avc: granted { execute } for path="/data/data/com.mbwhatsapp/files/decompressed/libs.spk.zst/libwhatsapp.so" dev="dm-45" ino=67512 scontext=u:r:untrusted_app:s0:c20,c257,c512,c768 tcontext=u:object_r:app_data_file:s0:c20,c257,c512,c768 tclass=file app=com.mbwhatsapp
02-09 10:00:04.806 28565 28610 W com.mbwhatsapp: Method void X.2rL.A03(java.lang.Integer) failed lock verification and will run slower.
02-09 10:00:04.806 28565 28610 W com.mbwhatsapp: Common causes for lock verification issues are non-optimized dex code
02-09 10:00:04.806 28565 28610 W com.mbwhatsapp: and incorrect proguard optimizations.
02-09 10:00:04.814 28565 28565 W com.mbwhatsapp: Method void X.0eU.A0h(X.0tK, boolean) failed lock verification and will run slower.
02-09 10:00:04.897 28565 28565 W libc : Access denied finding property "ro.vendor.df.effect.conflict" --------- beginning of system
02-09 10:00:04.922 28565 28565 W Looper : PerfMonitor looperActivity : package=com.mbwhatsapp/.Icon0 time=119ms latency=325ms procState=-1 historyMsgCount=2
02-09 10:00:04.958 28565 28624 E QT : [QT]file does not exist
02-09 10:00:04.962 28565 28565 W com.mbwhatsapp: Method void com.mbwhatsapp.HomeActivity.A6e() failed lock verification and will run slower.
02-09 10:00:05.300 28565 28565 E ArmVmp : Match on catch block at 0x0a in for 0x189
02-09 10:00:05.337 28565 28628 W com.mbwhatsapp: Accessing hidden method Lcom/android/org/conscrypt/ConscryptEngineSocket;->setUseSessionTickets(Z)V (max- target-q,core-platform-api, reflection, denied)
02-09 10:00:05.337 28565 28628 W com.mbwhatsapp: Accessing hidden method Lcom/android/org/conscrypt/OpenSSLSocketImpl;->setUseSessionTickets(Z)V (max- target-q,core-platform-api, reflection, denied)
02-09 10:00:05.337 28565 28628 W com.mbwhatsapp: Accessing hidden method Lcom/android/org/conscrypt/AbstractConscryptSocket;->setUseSessionTickets(Z)V (max- target-q, reflection, denied)
02-09 10:00:05.337 28565 28628 W com.mbwhatsapp: Accessing hidden method Lcom/android/org/conscrypt/ConscryptEngineSocket;->setHostname(Ljava/lang/String;)V (max-target-q,core-platform-api, reflection, denied)
02-09 10:00:05.337 28565 28628 W com.mbwhatsapp: Accessing hidden method Lcom/android/org/conscrypt/OpenSSLSocketImpl;->setHostname(Ljava/lang/String;)V (max-target-q,core-platform-api, reflection, denied)
02-09 10:00:05.337 28565 28628 W com.mbwhatsapp: Accessing hidden method Lcom/android/org/conscrypt/AbstractConscryptSocket;->setHostname(Ljava/lang/ String;)V (max-target-q, reflection, denied)
02-09 10:00:05.337 28565 28628 W com.mbwhatsapp: Accessing hidden method Lcom/android/org/conscrypt/OpenSSLSocketImpl;->setAlpnProtocols([B)V (max-target- q,core-platform-api, reflection, denied)
02-09 10:00:05.337 28565 28628 W com.mbwhatsapp: Accessing hidden method Lcom/android/org/conscrypt/AbstractConscryptSocket;->setAlpnProtocols([B)V (max- target-q, reflection, denied)
02-09 10:00:05.338 28565 28565 E ArmVmp : Match on catch block at 0x0a in for 0x261
02-09 10:00:05.371 28565 28565 W Activity: Can request only one set of permissions at a time
02-09 10:00:05.474 28565 28628 W com.mbwhatsapp: Accessing hidden method Lcom/android/org/conscrypt/OpenSSLSocketImpl;->getAlpnSelectedProtocol()[B (max- target-q,core-platform-api, reflection, denied)
02-09 10:00:05.474 28565 28628 W com.mbwhatsapp: Accessing hidden method Lcom/android/org/conscrypt/AbstractConscryptSocket;->getAlpnSelectedProtocol()[B (max-target-q, reflection, denied)
02-09 10:00:05.486 28565 28623 W libc : Access denied finding property "ro.vendor.display.iris_x7.support"
02-09 10:00:05.498 28565 28565 W Looper : PerfMonitor looperActivity : package=com.mbwhatsapp/.HomeActivity time=0ms latency=554ms procState=-1 historyMsgCount=2 (msgIndex=2 wall=545ms seq=13 late=9ms h=android.app.ActivityThread$H w=159)
02-09 10:00:06.070 28565 28565 E RecyclerView: No adapter attached; skipping layout
02-09 10:00:06.078 28565 28565 W Looper : PerfMonitor doFrame : time=541ms vsyncFrame=0 latency=47ms procState=-1 historyMsgCount=26 (msgIndex=1 wall=545ms seq=13 late=9ms h=android.app.ActivityThread$H w=159)
02-09 10:00:06.090 28565 28565 E ArmVmp : Match on catch block at 0x0a in for 0x1a1
02-09 10:00:06.098 28565 28565 W Looper : PerfMonitor looperActivity : package=com.mbwhatsapp/mbmodsd.mbmodsw.mbsettings.yo.PauseActivity time=12ms latency=559ms procState=-1 historyMsgCount=19 (msgIndex=15 wall=541ms seq=39 late=47ms h=android.view.Choreographer$FrameHandler c=android.view.Choreographer$FrameDisplayEventReceiver)
02-09 10:00:06.147 28565 28565 E RecyclerView: No adapter attached; skipping layout
02-09 10:00:06.149 28565 28565 W View : requestLayout() improperly called by androidx.appcompat.view.menu.ActionMenuItemView{70a7f3 VFED..C.. ......ID 194,0- 290,0 #7f0b0f8a app:id/menuitem_search} during layout: running second layout pass
02-09 10:00:06.149 28565 28565 W View : requestLayout() improperly called by androidx.appcompat.widget.ActionMenuView{c15bcb0 V.E...... ......ID 280,250- 754,250} during layout: running second layout pass
02-09 10:00:06.152 28565 28565 W Looper : PerfMonitor doFrame : time=52ms vsyncFrame=0 latency=559ms procState=-1 historyMsgCount=9 (msgIndex=1 wall=541ms seq=39 late=47ms h=android.view.Choreographer$FrameHandler c=android.view.Choreographer$FrameDisplayEventReceiver)
02-09 10:00:06.154 28565 28565 W Looper : PerfMonitor looperActivity : package=com.mbwhatsapp/mbmodsd.mbmodsw.mbsettings.yo.PauseActivity time=0ms latency=495ms procState=-1 historyMsgCount=20 (msgIndex=1 wall=541ms seq=39 late=47ms h=android.view.Choreographer$FrameHandler c=android.view.Choreographer$FrameDisplayEventReceiver)
02-09 10:00:06.154 28565 28565 W Looper : PerfMonitor looperActivity : package=com.mbwhatsapp/mbmodsd.mbmodsw.mbsettings.yo.PauseActivity time=0ms latency=489ms procState=-1 historyMsgCount=21 (msgIndex=1 wall=541ms seq=39 late=47ms h=android.view.Choreographer$FrameHandler c=android.view.Choreographer$FrameDisplayEventReceiver)
02-09 10:00:06.242 28565 28584 W LibraryVersion: Failed to get app version for libraryName: firebase-iid
02-09 10:00:06.290 28565 28667 W LOTTIE : Animation contains merge paths. Merge paths are only supported on KitKat+ and must be manually enabled by calling enableMergePathsForKitKatAndAbove().
02-09 10:00:06.329 28565 28623 E OpenGLRenderer: Device claims wide gamut support, cannot find matching config, error = EGL_SUCCESS
02-09 10:00:06.330 28565 28623 W OpenGLRenderer: Failed to initialize 101010-2 format, error = EGL_SUCCESS
02-09 10:00:06.333 28565 28623 W libc : Access denied finding property "vendor.migl.debug"
02-09 10:00:06.334 28565 28623 E libMiGL : libmigl:This GPU version is note support Variable Shading Rate
02-09 10:00:06.337 28565 28623 E libEGL : pre_cache appList: ,,
02-09 10:00:06.376 28565 28565 W libc : Access denied finding property "ro.vendor.display.iris_x7.support"
02-09 10:00:06.379 28565 28623 W FramePredict: "FramePredict won 't run in other process: com.mbwhatsapp"
02-09 10:00:06.391 28565 28623 W libc : Access denied finding property "ro.vendor.magt.mtk_magt_support"
02-09 10:00:06.394 28565 28623 W libc : Access denied finding property "ro.vendor.display.iris_x7.support"
02-09 10:00:06.430 28565 28623 E com.mbwhatsapp: DF open fail: No such file or directory
02-09 10:00:06.430 28565 28623 W com.mbwhatsapp: remote service is not exist
02-09 10:00:06.430 28565 28623 W libc : Access denied finding property "ro.vendor.display.iris_x7.support"
02-09 10:00:06.430 28565 28623 W libc : Access denied finding property "ro.vendor.display.iris_x7.support"
02-09 10:00:06.435 28565 28623 W Parcel : Expecting binder but got null!
02-09 10:00:06.448 28565 28565 W LOTTIE : Animation contains merge paths but they are disabled.
02-09 10:00:06.490 28565 28565 E ArmVmp : Match on catch block at 0x5b in for 0x109
02-09 10:00:06.502 28565 28565 E ArmVmp : Match on catch block at 0x5b in for 0x119
02-09 10:00:08.234 28565 28565 W MirrorManager: this model don't Support
02-09 10:00:08.946 28565 28623 W libc : Access denied finding property "ro.vendor.display.iris_x7.support"
02-09 10:00:14.569 28565 28573 W com.mbwhatsapp: Cleared Reference was only reachable from finalizer (only reported once)
02-09 10:00:15.962 28565 28565 E ArmVmp : Match on catch block at 0x0a in for 0x1c5
02-09 10:00:15.967 28565 28623 W libc : Access denied finding property "ro.vendor.display.iris_x7.support"
02-09 10:00:15.990 28565 28565 E ArmVmp : Match on catch block at 0x0a in for 0x1a9
02-09 10:00:16.078 28565 28623 W Parcel : Expecting binder but got null!
02-09 10:00:56.532 28565 28623 E com.mbwhatsapp: mali-debug: still pending callback,wait...
02-09 10:00:56.586 28565 28738 E RenderScript: Failed loading RS driver: dlopen failed: library "libRSDriver_mtk.so" not found
02-09 10:00:56.586 28565 28738 E RenderScript: Failed to load runtime libRSDriver_mtk.so, loading default
02-09 10:00:56.619 28565 28565 E ArmVmp : Match on catch block at 0x0a in for 0x271
02-09 10:00:56.622 28565 28623 W libc : Access denied finding property "ro.vendor.display.iris_x7.support"
02-09 10:00:56.683 28565 28623 W Parcel : Expecting binder but got null!
02-09 10:00:57.614 28565 28565 E RippleDrawable: The RippleDrawable.STYLE_PATTERNED animation is not supported for a non-hardware accelerated Canvas. Skipping animation.
02-09 10:00:57.629 28565 28565 E RippleDrawable: The RippleDrawable.STYLE_PATTERNED animation is not supported for a non-hardware accelerated Canvas. Skipping animation.
02-09 10:00:57.708 28565 28565 E RippleDrawable: The RippleDrawable.STYLE_PATTERNED animation is not supported for a non-hardware accelerated Canvas. Skipping animation.
02-09 10:01:02.547 28565 28565 E RippleDrawable: The RippleDrawable.STYLE_PATTERNED animation is not supported for a non-hardware accelerated Canvas. Skipping animation.
02-09 10:01:02.562 28565 28565 E RippleDrawable: The RippleDrawable.STYLE_PATTERNED animation is not supported for a non-hardware accelerated Canvas. Skipping animation.
02-09 10:01:02.649 28565 28565 E RippleDrawable: The RippleDrawable.STYLE_PATTERNED animation is not supported for a non-hardware accelerated Canvas. Skipping animation.
02-09 10:01:04.443 28565 28565 W InputEventReceiver: Attempted to finish an input event but the input event receiver has already been disposed.
02-09 10:01:06.931 28565 28811 W com.mbwhatsapp: Accessing hidden method Landroid/app/MiuiNotification;-><init>()V (blocked, reflection, denied)
02-09 10:01:07.119 28565 28812 W com.mbwhatsapp: Accessing hidden field Landroid/app/Notification;->extraNotification:Landroid/app/MiuiNotification; (blocked, reflection, denied)
02-09 10:01:07.134 28565 28812 W com.mbwhatsapp: Accessing hidden field Landroid/app/Notification;->extraNotification:Landroid/app/MiuiNotification; (blocked, reflection, denied)
02-09 10:01:07.146 28565 28811 W com.mbwhatsapp: Accessing hidden method Landroid/app/MiuiNotification;-><init>()V (blocked, reflection, denied)
02-09 10:01:11.129 28565 28812 W com.mbwhatsapp: Accessing hidden field Landroid/app/Notification;->extraNotification:Landroid/app/MiuiNotification; (blocked, reflection, denied)
02-09 10:01:11.140 28565 28812 W com.mbwhatsapp: Accessing hidden field Landroid/app/Notification;->extraNotification:Landroid/app/MiuiNotification; (blocked, reflection, denied)
02-09 10:01:11.148 28565 28811 W com.mbwhatsapp: Accessing hidden method Landroid/app/MiuiNotification;-><init>()V (blocked, reflection, denied)
02-09 10:01:11.406 28565 28812 W com.mbwhatsapp: Accessing hidden field Landroid/app/Notification;->extraNotification:Landroid/app/MiuiNotification; (blocked, reflection, denied)
02-09 10:01:11.420 28565 28812 W com.mbwhatsapp: Accessing hidden field Landroid/app/Notification;->extraNotification:Landroid/app/MiuiNotification; (blocked, reflection, denied)
02-09 10:01:11.430 28565 28811 W com.mbwhatsapp: Accessing hidden method Landroid/app/MiuiNotification;-><init>()V (blocked, reflection, denied)
02-09 10:01:11.569 28565 28565 W com.mbwhatsapp: type=1400 audit(0.0:295507): avc: granted { execute } for comm=4D42576861747341707020576F726B path="/data/data/com.mbwhatsapp/files/decompressed/libs.spk.zst/libstatic-webp.so" dev="dm-45" ino=102489 scontext=u:r:untrusted_app:s0:c20,c257,c512,c768 tcontext=u:object_r:app_data_file:s0:c20,c257,c512,c768 tclass=file app=com.mbwhatsapp
02-09 10:01:11.742 28565 28862 W LOTTIE : Unknown shape type rd
02-09 10:01:11.877 28565 28565 E ArmVmp : Match on catch block at 0x0a in for 0x195
02-09 10:01:11.883 28565 28565 E ArmVmp : Match on catch block at 0x0a in for 0x191
02-09 10:01:11.911 28565 28565 E ArmVmp : Match on catch block at 0x0a in for 0x395
02-09 10:01:11.913 28565 28623 W libc : Access denied finding property "ro.vendor.display.iris_x7.support"
02-09 10:01:11.935 28565 28565 W Activity: PerfMonitor: Slow Operation: Activity com.mbwhatsapp/.Conversation onStart took 118ms
02-09 10:01:11.962 28565 28623 W libc : Access denied finding property "ro.vendor.display.iris_x7.support"
02-09 10:01:11.970 28565 28565 W Looper : PerfMonitor looperActivity : package=com.mbwhatsapp/.Conversation time=0ms latency=518ms procState=-1 historyMsgCount=5 (msgIndex=5 wall=503ms seq=6555 late=16ms h=android.app.ActivityThread$H w=159)
02-09 10:01:12.014 28565 28623 W Parcel : Expecting binder but got null!
02-09 10:01:12.231 28565 28565 E ArmVmp : Match on catch block at 0xc3 in for 0x165
02-09 10:01:12.233 28565 28565 E ArmVmp : Match on catch block at 0xc3 in for 0x179
02-09 10:01:12.237 28565 28565 E ArmVmp : Match on catch block at 0xc3 in for 0x171
02-09 10:01:12.257 28565 28623 E libEGL : pre_cache appList: ,,
02-09 10:01:12.403 28565 28623 W Parcel : Expecting binder but got null!
02-09 10:01:12.407 28565 28565 W Looper : PerfMonitor doFrame : time=416ms vsyncFrame=0 latency=67ms procState=-1 historyMsgCount=114 (msgIndex=1 wall=503ms seq=6555 late=16ms h=android.app.ActivityThread$H w=159)
02-09 10:01:12.431 28565 28607 E SQLiteDatabase: Error inserting transferred=1 media_job_uuid=a093fc63-cf17-4c2a-8c79-696703def9e7 transcoded=0 gif_attribution=0 first_scan_length=12784 direct_path=/v/t62.15575- 24/32521054_312131888023216_2170497566398930317_n.enc?ccb=11- 4&oh=01_AdRGj9o5fIOjWl4MqwNXZWq1jrWR7W7SupfMn4uEFwd8CA&oe=65EDC2BF&_nc_sid=5e03e0 thumbnail_height_width_ratio=1.0 is_animated_sticker=1 file_hash=N1s7SKZUTUa047Jz1XN7FhP+yWiTnB6yfqZorPyhW1I= file_path=Media/MBWhatsApp Stickers/STK-20240209-WA0000.webp file_size=283070 partial_media_hash=null face_x=0 face_y=0 height=64 trim_to=0 media_key_timestamp=1707347784000 message_url=https://mmg.whatsapp.net/v/t62.15575- 24/32521054_312131888023216_2170497566398930317_n.enc?ccb=11- 4&oh=01_AdRGj9o5fIOjWl4MqwNXZWq1jrWR7W7SupfMn4uEFwd8CA&oe=65EDC2BF&_nc_sid=5e03e0&m ms3=true media_caption=null trim_from=0 mime_type=image/webp partial_media_enc_hash=null width=64 original_file_hash=null has_streaming_sidecar=0 autotransfer_retry_enabled=1 media_upload_handle=null message_row_id=118 multicast_id=null enc_file_hash=U4VHuIgWQUAO1lwOxcHVxFvb9XpqulYlFn3t5gDaSdA= mute_video=0 page_count=0 first_scan_sidecar=[B@bc77d20 suspicious_content=0 file_length=283070 media_name=null media_duration=0 chat_row_id=4 media_key=[B@2d036d9
02-09 10:01:12.431 28565 28607 E SQLiteDatabase: android.database.sqlite.SQLiteConstraintException: UNIQUE constraint failed: message_media.message_row_id (code 1555 SQLITE_CONSTRAINT_PRIMARYKEY)
02-09 10:01:12.431 28565 28607 E SQLiteDatabase: at android.database.sqlite.SQLiteConnection.nativeExecuteForLastInsertedRowId(Native Method)
02-09 10:01:12.431 28565 28607 E SQLiteDatabase: at android.database.sqlite.SQLiteConnection.executeForLastInsertedRowId(SQLiteConnecti on.java:961)
02-09 10:01:12.431 28565 28607 E SQLiteDatabase: at android.database.sqlite.SQLiteSession.executeForLastInsertedRowId(SQLiteSession.jav a:790)
02-09 10:01:12.431 28565 28607 E SQLiteDatabase: at android.database.sqlite.SQLiteStatement.executeInsert(SQLiteStatement.java:89)
02-09 10:01:12.431 28565 28607 E SQLiteDatabase: at android.database.sqlite.SQLiteDatabase.insertWithOnConflict(SQLiteDatabase.java:186 8)
02-09 10:01:12.431 28565 28607 E SQLiteDatabase: at android.database.sqlite.SQLiteDatabase.insert(SQLiteDatabase.java:1737)
02-09 10:01:12.431 28565 28607 E SQLiteDatabase: at X.2tm.A08(Unknown Source:6)
02-09 10:01:12.431 28565 28607 E SQLiteDatabase: at X.35Y.A07(Unknown Source:212)
02-09 10:01:12.431 28565 28607 E SQLiteDatabase: at X.3QF.A14(Unknown Source:470)
02-09 10:01:12.431 28565 28607 E SQLiteDatabase: at X.3gU.run(Unknown Source:982)
02-09 10:01:12.431 28565 28607 E SQLiteDatabase: at android.os.Handler.handleCallback(Handler.java:942)
02-09 10:01:12.431 28565 28607 E SQLiteDatabase: at android.os.Handler.dispatchMessage(Handler.java:99)
02-09 10:01:12.431 28565 28607 E SQLiteDatabase: at X.0zq.dispatchMessage(Unknown Source:4)
02-09 10:01:12.431 28565 28607 E SQLiteDatabase: at android.os.Looper.loopOnce(Looper.java:211)
02-09 10:01:12.431 28565 28607 E SQLiteDatabase: at android.os.Looper.loop(Looper.java:300)
02-09 10:01:12.431 28565 28607 E SQLiteDatabase: at android.os.HandlerThread.run(HandlerThread.java:67)
02-09 10:01:12.448 28565 28607 E SQLiteDatabase: Error inserting transferred=1 media_job_uuid=06858b88-8dfd-4080-85e0-98df0b1f3243 transcoded=0 gif_attribution=0 first_scan_length=12784 direct_path=/v/t62.15575- 24/32521054_312131888023216_2170497566398930317_n.enc?ccb=11- 4&oh=01_AdRGj9o5fIOjWl4MqwNXZWq1jrWR7W7SupfMn4uEFwd8CA&oe=65EDC2BF&_nc_sid=5e03e0 thumbnail_height_width_ratio=1.0 is_animated_sticker=1 file_hash=N1s7SKZUTUa047Jz1XN7FhP+yWiTnB6yfqZorPyhW1I= file_path=Media/MBWhatsApp Stickers/STK-20240209-WA0000.webp file_size=283070 partial_media_hash=null face_x=0 face_y=0 height=64 trim_to=0 media_key_timestamp=1707347784000 message_url=https://mmg.whatsapp.net/v/t62.15575- 24/32521054_312131888023216_2170497566398930317_n.enc?ccb=11- 4&oh=01_AdRGj9o5fIOjWl4MqwNXZWq1jrWR7W7SupfMn4uEFwd8CA&oe=65EDC2BF&_nc_sid=5e03e0&m ms3=true media_caption=null trim_from=0 mime_type=image/webp partial_media_enc_hash=null width=64 original_file_hash=null has_streaming_sidecar=0 autotransfer_retry_enabled=1 media_upload_handle=null message_row_id=119 multicast_id=null enc_file_hash=U4VHuIgWQUAO1lwOxcHVxFvb9XpqulYlFn3t5gDaSdA= mute_video=0 page_count=0 first_scan_sidecar=[B@30af44d suspicious_content=0 file_length=283070 media_name=null media_duration=0 chat_row_id=4 media_key=[B@2a7ab02
02-09 10:01:12.448 28565 28607 E SQLiteDatabase: android.database.sqlite.SQLiteConstraintException: UNIQUE constraint failed: message_media.message_row_id (code 1555 SQLITE_CONSTRAINT_PRIMARYKEY)
02-09 10:01:12.448 28565 28607 E SQLiteDatabase: at android.database.sqlite.SQLiteConnection.nativeExecuteForLastInsertedRowId(Native Method)
02-09 10:01:12.448 28565 28607 E SQLiteDatabase: at android.database.sqlite.SQLiteConnection.executeForLastInsertedRowId(SQLiteConnecti on.java:961)
02-09 10:01:12.448 28565 28607 E SQLiteDatabase: at android.database.sqlite.SQLiteSession.executeForLastInsertedRowId(SQLiteSession.jav a:790)
02-09 10:01:12.448 28565 28607 E SQLiteDatabase: at android.database.sqlite.SQLiteStatement.executeInsert(SQLiteStatement.java:89)
02-09 10:01:12.448 28565 28607 E SQLiteDatabase: at android.database.sqlite.SQLiteDatabase.insertWithOnConflict(SQLiteDatabase.java:186 8)
02-09 10:01:12.448 28565 28607 E SQLiteDatabase: at android.database.sqlite.SQLiteDatabase.insert(SQLiteDatabase.java:1737)
02-09 10:01:12.448 28565 28607 E SQLiteDatabase: at X.2tm.A08(Unknown Source:6)
02-09 10:01:12.448 28565 28607 E SQLiteDatabase: at X.35Y.A07(Unknown Source:212)
02-09 10:01:12.448 28565 28607 E SQLiteDatabase: at X.3QF.A14(Unknown Source:470)
02-09 10:01:12.448 28565 28607 E SQLiteDatabase: at X.3gU.run(Unknown Source:982)
02-09 10:01:12.448 28565 28607 E SQLiteDatabase: at android.os.Handler.handleCallback(Handler.java:942)
02-09 10:01:12.448 28565 28607 E SQLiteDatabase: at android.os.Handler.dispatchMessage(Handler.java:99)
02-09 10:01:12.448 28565 28607 E SQLiteDatabase: at X.0zq.dispatchMessage(Unknown Source:4)
02-09 10:01:12.448 28565 28607 E SQLiteDatabase: at android.os.Looper.loopOnce(Looper.java:211)
02-09 10:01:12.448 28565 28607 E SQLiteDatabase: at android.os.Looper.loop(Looper.java:300)
02-09 10:01:12.448 28565 28607 E SQLiteDatabase: at android.os.HandlerThread.run(HandlerThread.java:67)
02-09 10:01:12.476 28565 28565 E ArmVmp : Match on catch block at 0xc3 in for 0x141
02-09 10:01:12.478 28565 28565 E ArmVmp : Match on catch block at 0xc3 in for 0x159
02-09 10:01:12.482 28565 28565 E ArmVmp : Match on catch block at 0xc3 in for 0x141
02-09 10:01:12.502 28565 28565 W Looper : PerfMonitor doFrame : time=79ms vsyncFrame=0 latency=415ms procState=-1 historyMsgCount=26
02-09 10:01:12.582 28565 28565 E ArmVmp : Match on catch block at 0xc3 in for 0x14d
02-09 10:01:12.585 28565 28565 E ArmVmp : Match on catch block at 0xc3 in for 0x149
02-09 10:01:12.587 28565 28565 E ArmVmp : Match on catch block at 0xc3 in for 0x14d
02-09 10:01:12.690 28565 28565 E ArmVmp : Match on catch block at 0x0a in for 0x3f9
02-09 10:01:12.693 28565 28623 W libc : Access denied finding property "ro.vendor.display.iris_x7.support"
02-09 10:01:12.727 28565 28565 E ArmVmp : Match on catch block at 0xc3 in for 0x151
02-09 10:01:12.729 28565 28565 E ArmVmp : Match on catch block at 0xc3 in for 0x14d
02-09 10:01:12.732 28565 28565 E ArmVmp : Match on catch block at 0xc3 in for 0x151
02-09 10:01:12.790 28565 28623 W Parcel : Expecting binder but got null!
02-09 10:01:12.829 28565 28565 E ArmVmp : Match on catch block at 0xc3 in for 0x151
02-09 10:01:12.831 28565 28565 E ArmVmp : Match on catch block at 0xc3 in for 0x14d
02-09 10:01:12.834 28565 28565 E ArmVmp : Match on catch block at 0xc3 in for 0x151
02-09 10:01:12.906 28565 28565 E ArmVmp : Match on catch block at 0xc3 in for 0x155
02-09 10:01:12.909 28565 28565 E ArmVmp : Match on catch block at 0xc3 in for 0x151
02-09 10:01:12.911 28565 28565 E ArmVmp : Match on catch block at 0xc3 in for 0x155
02-09 10:01:12.946 28565 28565 E ArmVmp : Match on catch block at 0xc3 in for 0x159
02-09 10:01:12.948 28565 28565 E ArmVmp : Match on catch block at 0xc3 in for 0x155
02-09 10:01:12.949 28565 28565 E ArmVmp : Match on catch block at 0xc3 in for 0x159
02-09 10:01:12.978 28565 28565 E ArmVmp : Match on catch block at 0xc3 in for 0x159
02-09 10:01:12.980 28565 28565 E ArmVmp : Match on catch block at 0xc3 in for 0x155
02-09 10:01:12.981 28565 28565 E ArmVmp : Match on catch block at 0xc3 in for 0x159
02-09 10:01:13.008 28565 28565 E ArmVmp : Match on catch block at 0xc3 in for 0x159
02-09 10:01:13.010 28565 28565 E ArmVmp : Match on catch block at 0xc3 in for 0x155
02-09 10:01:13.011 28565 28565 E ArmVmp : Match on catch block at 0xc3 in for 0x159
02-09 10:01:13.038 28565 28565 E ArmVmp : Match on catch block at 0xc3 in for 0x159
02-09 10:01:13.039 28565 28565 E ArmVmp : Match on catch block at 0xc3 in for 0x155
02-09 10:01:13.041 28565 28565 E ArmVmp : Match on catch block at 0xc3 in for 0x159
02-09 10:01:13.067 28565 28565 E ArmVmp : Match on catch block at 0xc3 in for 0x159
02-09 10:01:13.069 28565 28565 E ArmVmp : Match on catch block at 0xc3 in for 0x155
02-09 10:01:13.071 28565 28565 E ArmVmp : Match on catch block at 0xc3 in for 0x159
02-09 10:01:13.094 28565 28565 E ArmVmp : Match on catch block at 0xc3 in for 0x159
02-09 10:01:13.096 28565 28565 E ArmVmp : Match on catch block at 0xc3 in for 0x155
02-09 10:01:13.097 28565 28565 E ArmVmp : Match on catch block at 0xc3 in for 0x159
02-09 10:01:13.122 28565 28565 E ArmVmp : Match on catch block at 0xc3 in for 0x159
02-09 10:01:13.123 28565 28565 E ArmVmp : Match on catch block at 0xc3 in for 0x155
02-09 10:01:13.126 28565 28565 E ArmVmp : Match on catch block at 0xc3 in for 0x159
02-09 10:01:13.149 28565 28565 E ArmVmp : Match on catch block at 0xc3 in for 0x159
02-09 10:01:13.151 28565 28565 E ArmVmp : Match on catch block at 0xc3 in for 0x155
02-09 10:01:13.152 28565 28565 E ArmVmp : Match on catch block at 0xc3 in for 0x159
02-09 10:01:13.176 28565 28565 E ArmVmp : Match on catch block at 0xc3 in for 0x159
02-09 10:01:13.177 28565 28565 E ArmVmp : Match on catch block at 0xc3 in for 0x155
02-09 10:01:13.179 28565 28565 E ArmVmp : Match on catch block at 0xc3 in for 0x159
02-09 10:01:13.214 28565 28565 E ArmVmp : Match on catch block at 0xc3 in for 0x141
02-09 10:01:13.216 28565 28565 E ArmVmp : Match on catch block at 0xc3 in for 0x159
02-09 10:01:13.218 28565 28565 E ArmVmp : Match on catch block at 0xc3 in for 0x141
02-09 10:01:13.265 28565 28565 E ArmVmp : Match on catch block at 0xc3 in for 0x145
02-09 10:01:13.268 28565 28565 E ArmVmp : Match on catch block at 0xc3 in for 0x141
02-09 10:01:13.271 28565 28565 E ArmVmp : Match on catch block at 0xc3 in for 0x145
02-09 10:01:13.335 28565 28565 E ArmVmp : Match on catch block at 0xc3 in for 0x149
02-09 10:01:13.339 28565 28565 E ArmVmp : Match on catch block at 0xc3 in for 0x145
02-09 10:01:13.342 28565 28565 E ArmVmp : Match on catch block at 0xc3 in for 0x149
02-09 10:01:13.417 28565 28565 E ArmVmp : Match on catch block at 0xc3 in for 0x14d
02-09 10:01:13.420 28565 28565 E ArmVmp : Match on catch block at 0xc3 in for 0x149
02-09 10:01:13.424 28565 28565 E ArmVmp : Match on catch block at 0xc3 in for 0x14d
02-09 10:01:13.502 28565 28565 E ArmVmp : Match on catch block at 0xc3 in for 0x151
02-09 10:01:13.505 28565 28565 E ArmVmp : Match on catch block at 0xc3 in for 0x14d
02-09 10:01:13.508 28565 28565 E ArmVmp : Match on catch block at 0xc3 in for 0x151
02-09 10:01:13.584 28565 28565 E ArmVmp : Match on catch block at 0xc3 in for 0x155
02-09 10:01:13.587 28565 28565 E ArmVmp : Match on catch block at 0xc3 in for 0x151
02-09 10:01:13.590 28565 28565 E ArmVmp : Match on catch block at 0xc3 in for 0x155
02-09 10:01:13.675 28565 28565 E ArmVmp : Match on catch block at 0xc3 in for 0x149
02-09 10:01:13.679 28565 28565 E ArmVmp : Match on catch block at 0xc3 in for 0x145
02-09 10:01:13.681 28565 28565 E ArmVmp : Match on catch block at 0xc3 in for 0x149
02-09 10:01:13.708 28565 28565 E RippleDrawable: The RippleDrawable.STYLE_PATTERNED animation is not supported for a non-hardware accelerated Canvas. Skipping animation.
02-09 10:01:13.718 28565 28565 E RippleDrawable: The RippleDrawable.STYLE_PATTERNED animation is not supported for a non-hardware accelerated Canvas. Skipping animation.
02-09 10:01:13.733 28565 28565 E ArmVmp : Match on catch block at 0xc3 in for 0x155
02-09 10:01:13.735 28565 28565 E ArmVmp : Match on catch block at 0xc3 in for 0x151
02-09 10:01:13.736 28565 28565 E ArmVmp : Match on catch block at 0xc3 in for 0x155
02-09 10:01:13.753 28565 28565 E RippleDrawable: The RippleDrawable.STYLE_PATTERNED animation is not supported for a non-hardware accelerated Canvas. Skipping animation.
02-09 10:01:13.767 28565 28565 E ArmVmp : Match on catch block at 0xc3 in for 0x151
02-09 10:01:13.768 28565 28565 E ArmVmp : Match on catch block at 0xc3 in for 0x14d
02-09 10:01:13.770 28565 28565 E ArmVmp : Match on catch block at 0xc3 in for 0x151
02-09 10:01:13.787 28565 28565 E RippleDrawable: The RippleDrawable.STYLE_PATTERNED animation is not supported for a non-hardware accelerated Canvas. Skipping animation.
02-09 10:01:13.868 28565 28565 E ArmVmp : Match on catch block at 0xc3 in for 0x159
02-09 10:01:13.870 28565 28565 E ArmVmp : Match on catch block at 0xc3 in for 0x155
02-09 10:01:13.872 28565 28565 E ArmVmp : Match on catch block at 0xc3 in for 0x159
02-09 10:01:13.900 28565 28565 E RippleDrawable: The RippleDrawable.STYLE_PATTERNED animation is not supported for a non-hardware accelerated Canvas. Skipping animation.
02-09 10:01:13.953 28565 28565 E ArmVmp : Match on catch block at 0xc3 in for 0x145
02-09 10:01:13.956 28565 28565 E ArmVmp : Match on catch block at 0xc3 in for 0x141
02-09 10:01:13.958 28565 28565 E ArmVmp : Match on catch block at 0xc3 in for 0x145
02-09 10:01:14.034 28565 28565 E ArmVmp : Match on catch block at 0xc3 in for 0x141
02-09 10:01:14.037 28565 28565 E ArmVmp : Match on catch block at 0xc3 in for 0x159
02-09 10:01:14.040 28565 28565 E ArmVmp : Match on catch block at 0xc3 in for 0x141
02-09 10:01:14.117 28565 28565 E ArmVmp : Match on catch block at 0xc3 in for 0x145
02-09 10:01:14.120 28565 28565 E ArmVmp : Match on catch block at 0xc3 in for 0x141
02-09 10:01:14.123 28565 28565 E ArmVmp : Match on catch block at 0xc3 in for 0x145
02-09 10:01:14.201 28565 28565 E ArmVmp : Match on catch block at 0xc3 in for 0x149
02-09 10:01:14.204 28565 28565 E ArmVmp : Match on catch block at 0xc3 in for 0x145
02-09 10:01:14.207 28565 28565 E ArmVmp : Match on catch block at 0xc3 in for 0x149
02-09 10:01:14.234 28565 28565 E ArmVmp : Match on catch block at 0xc3 in for 0x14d
02-09 10:01:14.238 28565 28565 E ArmVmp : Match on catch block at 0xc3 in for 0x149
02-09 10:01:14.241 28565 28565 E ArmVmp : Match on catch block at 0xc3 in for 0x14d
02-09 10:01:14.267 28565 28565 E ArmVmp : Match on catch block at 0xc3 in for 0x151
02-09 10:01:14.270 28565 28565 E ArmVmp : Match on catch block at 0xc3 in for 0x14d
02-09 10:01:14.273 28565 28565 E ArmVmp : Match on catch block at 0xc3 in for 0x151
02-09 10:01:14.302 28565 28565 E ArmVmp : Match on catch block at 0xc3 in for 0x155
02-09 10:01:14.306 28565 28565 E ArmVmp : Match on catch block at 0xc3 in for 0x151
02-09 10:01:14.308 28565 28565 E ArmVmp : Match on catch block at 0xc3 in for 0x155
02-09 10:01:14.323 28565 28565 E ArmVmp : Match on catch block at 0xc3 in for 0x141
02-09 10:01:14.327 28565 28565 E ArmVmp : Match on catch block at 0xc3 in for 0x159
02-09 10:01:14.329 28565 28565 E ArmVmp : Match on catch block at 0xc3 in for 0x141
02-09 10:01:14.355 28565 28565 E ArmVmp : Match on catch block at 0xc3 in for 0x141
02-09 10:01:14.358 28565 28565 E ArmVmp : Match on catch block at 0xc3 in for 0x159
02-09 10:01:14.361 28565 28565 E ArmVmp : Match on catch block at 0xc3 in for 0x141
02-09 10:01:14.377 28565 28565 E ArmVmp : Match on catch block at 0xc3 in for 0x149
02-09 10:01:14.380 28565 28565 E ArmVmp : Match on catch block at 0xc3 in for 0x145
02-09 10:01:14.382 28565 28565 E ArmVmp : Match on catch block at 0xc3 in for 0x149
02-09 10:01:14.407 28565 28565 E ArmVmp : Match on catch block at 0xc3 in for 0x149
02-09 10:01:14.409 28565 28565 E ArmVmp : Match on catch block at 0xc3 in for 0x145
02-09 10:01:14.412 28565 28565 E ArmVmp : Match on catch block at 0xc3 in for 0x149
02-09 10:01:14.426 28565 28565 E ArmVmp : Match on catch block at 0xc3 in for 0x151
02-09 10:01:14.429 28565 28565 E ArmVmp : Match on catch block at 0xc3 in for 0x14d
02-09 10:01:14.431 28565 28565 E ArmVmp : Match on catch block at 0xc3 in for 0x151
02-09 10:01:14.445 28565 28565 E ArmVmp : Match on catch block at 0xc3 in for 0x151
02-09 10:01:14.447 28565 28565 E ArmVmp : Match on catch block at 0xc3 in for 0x14d
02-09 10:01:14.448 28565 28565 E ArmVmp : Match on catch block at 0xc3 in for 0x151
02-09 10:01:14.462 28565 28565 E ArmVmp : Match on catch block at 0xc3 in for 0x159
02-09 10:01:14.464 28565 28565 E ArmVmp : Match on catch block at 0xc3 in for 0x155
02-09 10:01:14.465 28565 28565 E ArmVmp : Match on catch block at 0xc3 in for 0x159
02-09 10:01:14.479 28565 28565 E ArmVmp : Match on catch block at 0xc3 in for 0x159
02-09 10:01:14.481 28565 28565 E ArmVmp : Match on catch block at 0xc3 in for 0x155
02-09 10:01:14.482 28565 28565 E ArmVmp : Match on catch block at 0xc3 in for 0x159
02-09 10:01:14.496 28565 28565 E ArmVmp : Match on catch block at 0xc3 in for 0x145
02-09 10:01:14.497 28565 28565 E ArmVmp : Match on catch block at 0xc3 in for 0x141
02-09 10:01:14.499 28565 28565 E ArmVmp : Match on catch block at 0xc3 in for 0x145
02-09 10:01:14.513 28565 28565 E ArmVmp : Match on catch block at 0xc3 in for 0x145
02-09 10:01:14.514 28565 28565 E ArmVmp : Match on catch block at 0xc3 in for 0x141
02-09 10:01:14.516 28565 28565 E ArmVmp : Match on catch block at 0xc3 in for 0x145
02-09 10:01:14.530 28565 28565 E ArmVmp : Match on catch block at 0xc3 in for 0x151
02-09 10:01:14.532 28565 28565 E ArmVmp : Match on catch block at 0xc3 in for 0x14d
02-09 10:01:14.535 28565 28565 E ArmVmp : Match on catch block at 0xc3 in for 0x151
02-09 10:01:14.559 28565 28565 E ArmVmp : Match on catch block at 0xc3 in for 0x151
02-09 10:01:14.561 28565 28565 E ArmVmp : Match on catch block at 0xc3 in for 0x14d
02-09 10:01:14.563 28565 28565 E ArmVmp : Match on catch block at 0xc3 in for 0x151
02-09 10:01:14.574 28565 28565 E ArmVmp : Match on catch block at 0xc3 in for 0x159
02-09 10:01:14.577 28565 28565 E ArmVmp : Match on catch block at 0xc3 in for 0x155
02-09 10:01:14.580 28565 28565 E ArmVmp : Match on catch block at 0xc3 in for 0x159
02-09 10:01:14.735 28565 28565 E ArmVmp : Match on catch block at 0xc3 in for 0x159
02-09 10:01:14.738 28565 28565 E ArmVmp : Match on catch block at 0xc3 in for 0x155
02-09 10:01:14.741 28565 28565 E ArmVmp : Match on catch block at 0xc3 in for 0x159
02-09 10:01:14.764 28565 28565 E ArmVmp : Match on catch block at 0xc3 in for 0x159
02-09 10:01:14.768 28565 28565 E ArmVmp : Match on catch block at 0xc3 in for 0x155
02-09 10:01:14.771 28565 28565 E ArmVmp : Match on catch block at 0xc3 in for 0x159
02-09 10:01:14.886 28565 28565 E ArmVmp : Match on catch block at 0xc3 in for 0x141
02-09 10:01:14.889 28565 28565 E ArmVmp : Match on catch block at 0xc3 in for 0x159
02-09 10:01:14.892 28565 28565 E ArmVmp : Match on catch block at 0xc3 in for 0x141
02-09 10:01:14.969 28565 28565 E ArmVmp : Match on catch block at 0xc3 in for 0x14d
02-09 10:01:14.973 28565 28565 E ArmVmp : Match on catch block at 0xc3 in for 0x149
02-09 10:01:14.976 28565 28565 E ArmVmp : Match on catch block at 0xc3 in for 0x14d
02-09 10:01:15.053 28565 28565 E ArmVmp : Match on catch block at 0xc3 in for 0x151
02-09 10:01:15.056 28565 28565 E ArmVmp : Match on catch block at 0xc3 in for 0x14d
02-09 10:01:15.059 28565 28565 E ArmVmp : Match on catch block at 0xc3 in for 0x151
02-09 10:01:15.069 28565 28565 E RippleDrawable: The RippleDrawable.STYLE_PATTERNED animation is not supported for a non-hardware accelerated Canvas. Skipping animation.
02-09 10:01:15.077 28565 28565 E RippleDrawable: The RippleDrawable.STYLE_PATTERNED animation is not supported for a non-hardware accelerated Canvas. Skipping animation.
02-09 10:01:15.130 28565 28565 E ArmVmp : Match on catch block at 0xc3 in for 0x151
02-09 10:01:15.132 28565 28565 E ArmVmp : Match on catch block at 0xc3 in for 0x14d
02-09 10:01:15.133 28565 28565 E ArmVmp : Match on catch block at 0xc3 in for 0x151
02-09 10:01:15.144 28565 28565 E RippleDrawable: The RippleDrawable.STYLE_PATTERNED animation is not supported for a non-hardware accelerated Canvas. Skipping animation.
02-09 10:01:15.227 28565 28565 E ArmVmp : Match on catch block at 0xc3 in for 0x14d
02-09 10:01:15.231 28565 28565 E ArmVmp : Match on catch block at 0xc3 in for 0x149
02-09 10:01:15.234 28565 28565 E ArmVmp : Match on catch block at 0xc3 in for 0x14d
02-09 10:01:15.260 28565 28565 E ArmVmp : Match on catch block at 0xc3 in for 0x14d
02-09 10:01:15.264 28565 28565 E ArmVmp : Match on catch block at 0xc3 in for 0x149
02-09 10:01:15.266 28565 28565 E ArmVmp : Match on catch block at 0xc3 in for 0x14d
02-09 10:01:15.276 28565 28811 W com.mbwhatsapp: Accessing hidden method Landroid/app/MiuiNotification;-><init>()V (blocked, reflection, denied)
02-09 10:01:15.281 28565 28565 E ArmVmp : Match on catch block at 0xc3 in for 0x159
02-09 10:01:15.284 28565 28565 E ArmVmp : Match on catch block at 0xc3 in for 0x155
02-09 10:01:15.287 28565 28565 E ArmVmp : Match on catch block at 0xc3 in for 0x159
02-09 10:01:15.311 28565 28565 E ArmVmp : Match on catch block at 0xc3 in for 0x151
02-09 10:01:15.314 28565 28565 E ArmVmp : Match on catch block at 0xc3 in for 0x14d
02-09 10:01:15.317 28565 28565 E ArmVmp : Match on catch block at 0xc3 in for 0x151
02-09 10:01:15.393 28565 28565 E ArmVmp : Match on catch block at 0xc3 in for 0x155
02-09 10:01:15.397 28565 28565 E ArmVmp : Match on catch block at 0xc3 in for 0x151
02-09 10:01:15.400 28565 28565 E ArmVmp : Match on catch block at 0xc3 in for 0x155
02-09 10:01:15.477 28565 28565 E ArmVmp : Match on catch block at 0xc3 in for 0x155
02-09 10:01:15.480 28565 28565 E ArmVmp : Match on catch block at 0xc3 in for 0x151
02-09 10:01:15.483 28565 28565 E ArmVmp : Match on catch block at 0xc3 in for 0x155
02-09 10:01:15.561 28565 28565 E ArmVmp : Match on catch block at 0xc3 in for 0x159
02-09 10:01:15.564 28565 28565 E ArmVmp : Match on catch block at 0xc3 in for 0x155
02-09 10:01:15.567 28565 28565 E ArmVmp : Match on catch block at 0xc3 in for 0x159
