The document contains log messages from an Android application. It reports errors opening files and loading classes, indicating issues running or initializing the app. Specifically, it cannot load the jdwp debugger agent, has errors opening files, and throws class not found exceptions. It also contains messages about setting up an uncaught exception handler.
The document contains log messages from an Android application. It reports errors opening files and loading classes, indicating issues running or initializing the app. Specifically, it cannot load the jdwp debugger agent, has errors opening files, and throws class not found exceptions. It also contains messages about setting up an uncaught exception handler.
The document contains log messages from an Android application. It reports errors opening files and loading classes, indicating issues running or initializing the app. Specifically, it cannot load the jdwp debugger agent, has errors opening files, and throws class not found exceptions. It also contains messages about setting up an uncaught exception handler.
The document contains log messages from an Android application. It reports errors opening files and loading classes, indicating issues running or initializing the app. Specifically, it cannot load the jdwp debugger agent, has errors opening files, and throws class not found exceptions. It also contains messages about setting up an uncaught exception handler.
Download as TXT, PDF, TXT or read online from Scribd
Download as txt, pdf, or txt
You are on page 1of 86
--------- beginning of main
02-09 09:45:49.298 23647 23647 E com.mbwhatsapp: Not starting debugger since
process cannot load the jdwp agent.
02-09 09:45:49.321 23647 23647 W System.err: android.system.ErrnoException: open failed: ENOENT (No such file or directory)
02-09 09:45:49.321 23647 23647 W System.err: at libcore.io.Linux.open(Native Method)
02-09 09:45:49.321 23647 23647 W System.err: at libcore.io.ForwardingOs.open(ForwardingOs.java:563)
02-09 09:45:49.321 23647 23647 W System.err: at libcore.io.BlockGuardOs.open(BlockGuardOs.java:274)
02-09 09:45:49.321 23647 23647 W System.err: at libcore.io.ForwardingOs.open(ForwardingOs.java:563)
02-09 09:45:49.321 23647 23647 W System.err: at android.app.ActivityThread$AndroidOs.open(ActivityThread.java:8200)
02-09 09:45:49.321 23647 23647 W System.err: at android.system.Os.open(Os.java:494)
02-09 09:45:49.321 23647 23647 W System.err: at android.os.perfdebug.PerfDebugMonitorImpl.monitorVersionControl(PerfDebugMonitorImp l.java:204)
02-09 09:45:49.321 23647 23647 W System.err: at android.os.perfdebug.PerfDebugMonitorImpl.prepareMonitor(PerfDebugMonitorImpl.java: 185)
02-09 09:45:49.321 23647 23647 W System.err: at android.app.ActivityThread.main(ActivityThread.java:8287)
02-09 09:45:49.321 23647 23647 W System.err: at java.lang.reflect.Method.invoke(Native Method)
02-09 09:45:49.321 23647 23647 W System.err: at com.android.internal.os.RuntimeInit$MethodAndArgsCaller.run(RuntimeInit.java:581)
02-09 09:45:49.321 23647 23647 W System.err: at com.android.internal.os.ZygoteInit.main(ZygoteInit.java:1028)
02-09 09:45:49.501 23647 23647 W System.err: java.lang.ClassNotFoundException: mbmodsd.mbmodsw.ui.views.btn.BtnBK
02-09 09:45:49.501 23647 23647 W System.err: at java.lang.Runtime.nativeLoad(Native Method)
02-09 09:45:49.501 23647 23647 W System.err: at java.lang.Runtime.nativeLoad(Runtime.java:1121)
02-09 09:45:49.501 23647 23647 W System.err: at java.lang.Runtime.loadLibrary0(Runtime.java:1075)
02-09 09:45:49.501 23647 23647 W System.err: at java.lang.Runtime.loadLibrary0(Runtime.java:998)
02-09 09:45:49.501 23647 23647 W System.err: at java.lang.System.loadLibrary(System.java:1661)
02-09 09:45:49.501 23647 23647 W System.err: at arm.EpicVm.<clinit>(Unknown Source:2)
02-09 09:45:49.501 23647 23647 W System.err: at java.lang.Class.newInstance(Native Method)
02-09 09:45:49.501 23647 23647 W System.err: at android.app.AppComponentFactory.instantiateApplication(AppComponentFactory.java:76)
02-09 09:45:49.501 23647 23647 W System.err: at androidx.core.app.CoreComponentFactory.instantiateApplication(Unknown Source:0)
02-09 09:45:49.501 23647 23647 W System.err: at android.app.Instrumentation.newApplication(Instrumentation.java:1249)
02-09 09:45:49.501 23647 23647 W System.err: at android.app.LoadedApk.makeApplicationInner(LoadedApk.java:1493)
02-09 09:45:49.501 23647 23647 W System.err: at android.app.LoadedApk.makeApplicationInner(LoadedApk.java:1426)
02-09 09:45:49.501 23647 23647 W System.err: at android.app.ActivityThread.handleBindApplication(ActivityThread.java:7135)
02-09 09:45:49.501 23647 23647 W System.err: at android.app.ActivityThread.-$ $Nest$mhandleBindApplication(Unknown Source:0)
02-09 09:45:49.501 23647 23647 W System.err: at android.app.ActivityThread$H.handleMessage(ActivityThread.java:2262)
02-09 09:45:49.501 23647 23647 W System.err: at android.os.Handler.dispatchMessage(Handler.java:106)
02-09 09:45:49.501 23647 23647 W System.err: at android.os.Looper.loopOnce(Looper.java:211)
02-09 09:45:49.501 23647 23647 W System.err: at android.os.Looper.loop(Looper.java:300)
02-09 09:45:49.501 23647 23647 W System.err: at android.app.ActivityThread.main(ActivityThread.java:8324)
02-09 09:45:49.501 23647 23647 W System.err: at java.lang.reflect.Method.invoke(Native Method)
02-09 09:45:49.501 23647 23647 W System.err: at com.android.internal.os.RuntimeInit$MethodAndArgsCaller.run(RuntimeInit.java:581)
02-09 09:45:49.501 23647 23647 W System.err: at com.android.internal.os.ZygoteInit.main(ZygoteInit.java:1028)
02-09 09:45:49.598 23647 23647 E CustomActivityOnCrash: IMPORTANT WARNING! You already have an UncaughtExceptionHandler, are you sure this is correct? If you use a custom UncaughtExceptionHandler, you must initialize it AFTER CustomActivityOnCrash! Installing anyway, but your original handler will not be called.
02-09 09:45:50.260 23647 23697 W LibraryVersion: Failed to get app version for libraryName: firebase-iid
02-09 09:45:50.460 23780 23780 E com.mbwhatsapp: Not starting debugger since process cannot load the jdwp agent.
02-09 09:45:50.469 23780 23780 W System.err: android.system.ErrnoException: open failed: ENOENT (No such file or directory)
02-09 09:45:50.469 23780 23780 W System.err: at libcore.io.Linux.open(Native Method)
02-09 09:45:50.469 23780 23780 W System.err: at libcore.io.ForwardingOs.open(ForwardingOs.java:563)
02-09 09:45:50.469 23780 23780 W System.err: at libcore.io.BlockGuardOs.open(BlockGuardOs.java:274)
02-09 09:45:50.469 23780 23780 W System.err: at libcore.io.ForwardingOs.open(ForwardingOs.java:563)
02-09 09:45:50.469 23780 23780 W System.err: at android.app.ActivityThread$AndroidOs.open(ActivityThread.java:8200)
02-09 09:45:50.469 23780 23780 W System.err: at android.system.Os.open(Os.java:494)
02-09 09:45:50.469 23780 23780 W System.err: at android.os.perfdebug.PerfDebugMonitorImpl.monitorVersionControl(PerfDebugMonitorImp l.java:204)
02-09 09:45:50.469 23780 23780 W System.err: at android.os.perfdebug.PerfDebugMonitorImpl.prepareMonitor(PerfDebugMonitorImpl.java: 185)
02-09 09:45:50.469 23780 23780 W System.err: at android.app.ActivityThread.main(ActivityThread.java:8287)
02-09 09:45:50.469 23780 23780 W System.err: at java.lang.reflect.Method.invoke(Native Method)
02-09 09:45:50.469 23780 23780 W System.err: at com.android.internal.os.RuntimeInit$MethodAndArgsCaller.run(RuntimeInit.java:581)
02-09 09:45:50.469 23780 23780 W System.err: at com.android.internal.os.ZygoteInit.main(ZygoteInit.java:1028)
02-09 09:45:50.581 23780 23780 W System.err: java.lang.ClassNotFoundException: mbmodsd.mbmodsw.ui.views.btn.BtnBK
02-09 09:45:50.581 23780 23780 W System.err: at java.lang.Runtime.nativeLoad(Native Method)
02-09 09:45:50.581 23780 23780 W System.err: at java.lang.Runtime.nativeLoad(Runtime.java:1121)
02-09 09:45:50.581 23780 23780 W System.err: at java.lang.Runtime.loadLibrary0(Runtime.java:1075)
02-09 09:45:50.581 23780 23780 W System.err: at java.lang.Runtime.loadLibrary0(Runtime.java:998)
02-09 09:45:50.581 23780 23780 W System.err: at java.lang.System.loadLibrary(System.java:1661)
02-09 09:45:50.581 23780 23780 W System.err: at arm.EpicVm.<clinit>(Unknown Source:2)
02-09 09:45:50.581 23780 23780 W System.err: at java.lang.Class.newInstance(Native Method)
02-09 09:45:50.581 23780 23780 W System.err: at android.app.AppComponentFactory.instantiateApplication(AppComponentFactory.java:76)
02-09 09:45:50.581 23780 23780 W System.err: at androidx.core.app.CoreComponentFactory.instantiateApplication(Unknown Source:0)
02-09 09:45:50.581 23780 23780 W System.err: at android.app.Instrumentation.newApplication(Instrumentation.java:1249)
02-09 09:45:50.581 23780 23780 W System.err: at android.app.LoadedApk.makeApplicationInner(LoadedApk.java:1493)
02-09 09:45:50.581 23780 23780 W System.err: at android.app.LoadedApk.makeApplicationInner(LoadedApk.java:1426)
02-09 09:45:50.581 23780 23780 W System.err: at android.app.ActivityThread.handleBindApplication(ActivityThread.java:7135)
02-09 09:45:50.581 23780 23780 W System.err: at android.app.ActivityThread.-$ $Nest$mhandleBindApplication(Unknown Source:0)
02-09 09:45:50.581 23780 23780 W System.err: at android.app.ActivityThread$H.handleMessage(ActivityThread.java:2262)
02-09 09:45:50.581 23780 23780 W System.err: at android.os.Handler.dispatchMessage(Handler.java:106)
02-09 09:45:50.581 23780 23780 W System.err: at android.os.Looper.loopOnce(Looper.java:211)
02-09 09:45:50.581 23780 23780 W System.err: at android.os.Looper.loop(Looper.java:300)
02-09 09:45:50.581 23780 23780 W System.err: at android.app.ActivityThread.main(ActivityThread.java:8324)
02-09 09:45:50.581 23780 23780 W System.err: at java.lang.reflect.Method.invoke(Native Method)
02-09 09:45:50.581 23780 23780 W System.err: at com.android.internal.os.RuntimeInit$MethodAndArgsCaller.run(RuntimeInit.java:581)
02-09 09:45:50.581 23780 23780 W System.err: at com.android.internal.os.ZygoteInit.main(ZygoteInit.java:1028)
02-09 09:45:50.619 23780 23780 E CustomActivityOnCrash: IMPORTANT WARNING! You already have an UncaughtExceptionHandler, are you sure this is correct? If you use a custom UncaughtExceptionHandler, you must initialize it AFTER CustomActivityOnCrash! Installing anyway, but your original handler will not be called.
02-09 09:45:50.666 23780 23805 W LibraryVersion: Failed to get app version for libraryName: firebase-iid
02-09 09:45:50.919 23780 23780 W com.mbwhatsapp: Accessing hidden method Lcom/android/org/conscrypt/OpenSSLSocketImpl;->setUseSessionTickets(Z)V (max- target-q,core-platform-api, reflection, denied)
02-09 09:45:50.919 23780 23780 W com.mbwhatsapp: Accessing hidden method Lcom/android/org/conscrypt/AbstractConscryptSocket;->setUseSessionTickets(Z)V (max- target-q, reflection, denied)
02-09 09:45:51.713 23780 23780 W com.mbwhatsapp: type=1400 audit(0.0:295007): avc: granted { execute } for path="/data/data/com.mbwhatsapp/files/decompressed/libs.spk.zst/libc++_shared.so" dev="dm-45" ino=102387 scontext=u:r:untrusted_app:s0:c20,c257,c512,c768 tcontext=u:object_r:app_data_file:s0:c20,c257,c512,c768 tclass=file app=com.mbwhatsapp
02-09 09:45:51.713 23780 23780 W com.mbwhatsapp: type=1400 audit(0.0:295008): avc: granted { execute } for path="/data/data/com.mbwhatsapp/files/decompressed/libs.spk.zst/libvlc.so" dev="dm- 45" ino=80955 scontext=u:r:untrusted_app:s0:c20,c257,c512,c768 tcontext=u:object_r:app_data_file:s0:c20,c257,c512,c768 tclass=file app=com.mbwhatsapp
02-09 09:45:51.721 23780 23780 W com.mbwhatsapp: type=1400 audit(0.0:295009): avc: granted { execute } for path="/data/data/com.mbwhatsapp/files/decompressed/libs.spk.zst/libwhatsapp.so" dev="dm-45" ino=67512 scontext=u:r:untrusted_app:s0:c20,c257,c512,c768 tcontext=u:object_r:app_data_file:s0:c20,c257,c512,c768 tclass=file app=com.mbwhatsapp
02-09 09:45:51.737 23780 23780 W com.mbwhatsapp: type=1400 audit(0.0:295010): avc: granted { execute } for path="/data/data/com.mbwhatsapp/files/decompressed/libs.spk.zst/libcurve25519.so" dev="dm-45" ino=18390 scontext=u:r:untrusted_app:s0:c20,c257,c512,c768 tcontext=u:object_r:app_data_file:s0:c20,c257,c512,c768 tclass=file app=com.mbwhatsapp
02-09 09:45:51.745 23780 23780 W com.mbwhatsapp: type=1400 audit(0.0:295011): avc: granted { execute } for path="/data/data/com.mbwhatsapp/files/decompressed/libs.spk.zst/libwhatsapp.so" dev="dm-45" ino=67512 scontext=u:r:untrusted_app:s0:c20,c257,c512,c768 tcontext=u:object_r:app_data_file:s0:c20,c257,c512,c768 tclass=file app=com.mbwhatsapp
02-09 09:45:51.745 23780 23780 W com.mbwhatsapp: type=1400 audit(0.0:295012): avc: granted { execute } for path="/data/data/com.mbwhatsapp/files/decompressed/libs.spk.zst/libwhatsapp.so" dev="dm-45" ino=67512 scontext=u:r:untrusted_app:s0:c20,c257,c512,c768 tcontext=u:object_r:app_data_file:s0:c20,c257,c512,c768 tclass=file app=com.mbwhatsapp
02-09 09:45:51.745 23780 23780 W com.mbwhatsapp: type=1400 audit(0.0:295013): avc: granted { execute } for path="/data/data/com.mbwhatsapp/files/decompressed/libs.spk.zst/libwhatsapp.so" dev="dm-45" ino=67512 scontext=u:r:untrusted_app:s0:c20,c257,c512,c768 tcontext=u:object_r:app_data_file:s0:c20,c257,c512,c768 tclass=file app=com.mbwhatsapp
02-09 09:45:51.745 23780 23780 W com.mbwhatsapp: type=1400 audit(0.0:295014): avc: denied { execmod } for path="/apex/com.android.runtime/lib64/bionic/libc.so" dev="loop10" ino=38 scontext=u:r:untrusted_app:s0:c20,c257,c512,c768 tcontext=u:object_r:system_lib_file:s0 tclass=file permissive=0 app=com.mbwhatsapp
02-09 09:45:51.917 23780 23851 W com.mbwhatsapp: Method void X.2rL.A03(java.lang.Integer) failed lock verification and will run slower.
02-09 09:45:51.917 23780 23851 W com.mbwhatsapp: Common causes for lock verification issues are non-optimized dex code
02-09 09:45:51.917 23780 23851 W com.mbwhatsapp: and incorrect proguard optimizations. --------- beginning of system
02-09 09:45:51.917 23780 23780 W Looper : PerfMonitor longMsg : seq=2 plan=09:45:50.478 late=36ms wall=1397ms h=android.app.ActivityThread$H w=110 procState=-1
02-09 09:45:51.934 23780 23780 W com.mbwhatsapp: Method void X.0eU.A0h(X.0tK, boolean) failed lock verification and will run slower.
02-09 09:45:52.118 23780 23780 W libc : Access denied finding property "ro.vendor.df.effect.conflict"
02-09 09:45:52.157 23780 23780 W Looper : PerfMonitor looperActivity : package=com.mbwhatsapp/.Icon0 time=240ms latency=1409ms procState=-1 historyMsgCount=2 (msgIndex=2 wall=1397ms seq=2 late=36ms h=android.app.ActivityThread$H w=110)
02-09 09:45:52.157 23780 23780 W Looper : PerfMonitor looperActivity : package=com.mbwhatsapp/.Icon0 time=0ms latency=1649ms procState=-1 historyMsgCount=3 (msgIndex=2 wall=1397ms seq=2 late=36ms h=android.app.ActivityThread$H w=110)
02-09 09:45:52.191 23780 23876 E QT : [QT]file does not exist
02-09 09:45:52.291 23780 23780 E com.mbwhatsapp: Invalid ID 0x00000000.
02-09 09:45:52.292 23780 23780 W System.err: android.content.res.Resources$NotFoundException: String resource ID #0x0
02-09 09:45:52.292 23780 23780 W System.err:
02-09 09:45:52.298 23780 23780 W System.err: at android.content.res.Resources.getText(Resources.java:480)
02-09 09:45:52.298 23780 23780 W System.err:
02-09 09:45:52.298 23780 23780 W System.err: at android.content.res.MiuiResources.getText(MiuiResources.java:106)
02-09 09:45:52.298 23780 23780 W System.err:
02-09 09:45:52.298 23780 23780 W System.err: at android.content.res.Resources.getString(Resources.java:573)
02-09 09:45:52.298 23780 23780 W System.err:
02-09 09:45:52.298 23780 23780 W System.err: at X.35t.A0E(Unknown Source:46)
02-09 09:45:52.298 23780 23780 W System.err:
02-09 09:45:52.298 23780 23780 W System.err: at com.mbwhatsapp.yo.yo.getString(Native Method)
02-09 09:45:52.298 23780 23780 W System.err:
02-09 09:45:52.298 23780 23780 W System.err: at com.mbwhatsapp.yo.yo.getString(Native Method)
02-09 09:45:52.298 23780 23780 W System.err:
02-09 09:45:52.298 23780 23780 W System.err: at com.mbwhatsapp.youbasha.task.utils.requestAllFilesAccess14(Native Method)
02-09 09:45:52.298 23780 23780 W System.err:
02-09 09:45:52.298 23780 23780 W System.err: at com.mbwhatsapp.yo.dep.showStoragePermissionRequest(Native Method)
02-09 09:45:52.298 23780 23780 W System.err:
02-09 09:45:52.298 23780 23780 W System.err: at com.mbwhatsapp.registration.EULA.onCreate(Unknown Source:248)
02-09 09:45:52.298 23780 23780 W System.err:
02-09 09:45:52.298 23780 23780 W System.err: at android.app.Activity.performCreate(Activity.java:8547)
02-09 09:45:52.298 23780 23780 W System.err:
02-09 09:45:52.298 23780 23780 W System.err: at android.app.Activity.performCreate(Activity.java:8511)
02-09 09:45:52.298 23780 23780 W System.err:
02-09 09:45:52.298 23780 23780 W System.err: at android.app.Instrumentation.callActivityOnCreate(Instrumentation.java:1437)
02-09 09:45:52.299 23780 23780 W System.err:
02-09 09:45:52.299 23780 23780 W System.err: at android.app.ActivityThread.performLaunchActivity(ActivityThread.java:3877)
02-09 09:45:52.299 23780 23780 W System.err:
02-09 09:45:52.299 23780 23780 W System.err: at android.app.ActivityThread.handleLaunchActivity(ActivityThread.java:4042)
02-09 09:45:52.299 23780 23780 W System.err:
02-09 09:45:52.299 23780 23780 W System.err: at android.app.servertransaction.LaunchActivityItem.execute(LaunchActivityItem.java:10 1)
02-09 09:45:52.299 23780 23780 W System.err:
02-09 09:45:52.299 23780 23780 W System.err: at android.app.servertransaction.TransactionExecutor.executeCallbacks(TransactionExecu tor.java:135)
02-09 09:45:52.299 23780 23780 W System.err:
02-09 09:45:52.299 23780 23780 W System.err: at android.app.servertransaction.TransactionExecutor.execute(TransactionExecutor.java: 95)
02-09 09:45:52.299 23780 23780 W System.err:
02-09 09:45:52.299 23780 23780 W System.err: at android.app.ActivityThread$H.handleMessage(ActivityThread.java:2436)
02-09 09:45:52.299 23780 23780 W System.err:
02-09 09:45:52.299 23780 23780 W System.err: at android.os.Handler.dispatchMessage(Handler.java:106)
02-09 09:45:52.299 23780 23780 W System.err:
02-09 09:45:52.299 23780 23780 W System.err: at android.os.Looper.loopOnce(Looper.java:211)
02-09 09:45:52.299 23780 23780 W System.err:
02-09 09:45:52.299 23780 23780 W System.err: at android.os.Looper.loop(Looper.java:300)
02-09 09:45:52.299 23780 23780 W System.err:
02-09 09:45:52.299 23780 23780 W System.err: at android.app.ActivityThread.main(ActivityThread.java:8324)
02-09 09:45:52.299 23780 23780 W System.err:
02-09 09:45:52.299 23780 23780 W System.err: at java.lang.reflect.Method.invoke(Native Method)
02-09 09:45:52.299 23780 23780 W System.err:
02-09 09:45:52.299 23780 23780 W System.err: at com.android.internal.os.RuntimeInit$MethodAndArgsCaller.run(RuntimeInit.java:581)
02-09 09:45:52.299 23780 23780 W System.err:
02-09 09:45:52.300 23780 23780 W System.err: at com.android.internal.os.ZygoteInit.main(ZygoteInit.java:1028)
02-09 09:45:52.300 23780 23780 W System.err:
02-09 09:45:52.401 23780 23780 W Activity: Can request only one set of permissions at a time
02-09 09:45:52.480 23780 23899 E RenderScript: Failed loading RS driver: dlopen failed: library "libRSDriver_mtk.so" not found
02-09 09:45:52.480 23780 23899 E RenderScript: Failed to load runtime libRSDriver_mtk.so, loading default
02-09 09:45:52.593 23780 23780 E ArmVmp : Match on catch block at 0x0a in for 0x26d
02-09 09:45:52.612 23780 23875 W libc : Access denied finding property "ro.vendor.display.iris_x7.support"
02-09 09:45:52.630 23780 23780 W Activity: PerfMonitor: Slow Operation: Activity com.mbwhatsapp/.registration.EULA onStart took 306ms
02-09 09:45:52.672 23780 23875 W libc : Access denied finding property "ro.vendor.display.iris_x7.support"
02-09 09:45:52.681 23780 23780 W Looper : PerfMonitor looperActivity : package=com.mbwhatsapp/.registration.EULA time=0ms latency=513ms procState=-1 historyMsgCount=2 (msgIndex=2 wall=501ms seq=13 late=11ms h=android.app.ActivityThread$H w=159)
02-09 09:45:52.682 23780 23780 W Looper : PerfMonitor looperActivity : package=com.mbwhatsapp/.registration.EULA time=1ms latency=396ms procState=-1 historyMsgCount=5 (msgIndex=1 wall=501ms seq=13 late=11ms h=android.app.ActivityThread$H w=159)
02-09 09:45:52.709 23780 23780 W Looper : PerfMonitor looperActivity : package=com.mbwhatsapp/.registration.EULA time=26ms latency=397ms procState=-1 historyMsgCount=6 (msgIndex=1 wall=501ms seq=13 late=11ms h=android.app.ActivityThread$H w=159)
02-09 09:45:52.790 23780 23875 E OpenGLRenderer: Device claims wide gamut support, cannot find matching config, error = EGL_SUCCESS
02-09 09:45:52.791 23780 23875 W OpenGLRenderer: Failed to initialize 101010-2 format, error = EGL_SUCCESS
02-09 09:45:52.830 23780 23780 W libc : Access denied finding property "ro.vendor.display.iris_x7.support"
02-09 09:45:52.831 23780 23875 W FramePredict: "FramePredict won 't run in other process: com.mbwhatsapp"
02-09 09:45:52.871 23780 23875 W libc : Access denied finding property "ro.vendor.magt.mtk_magt_support"
02-09 09:45:52.882 23780 23875 W libc : Access denied finding property "ro.vendor.display.iris_x7.support"
02-09 09:45:52.891 23780 23875 E libEGL : pre_cache appList: ,,
02-09 09:45:52.948 23780 23875 E com.mbwhatsapp: DF open fail: No such file or directory
02-09 09:45:52.953 23780 23875 W com.mbwhatsapp: remote service is not exist
02-09 09:45:52.954 23780 23875 W libc : Access denied finding property "ro.vendor.display.iris_x7.support"
02-09 09:45:52.955 23780 23875 W libc : Access denied finding property "ro.vendor.display.iris_x7.support"
02-09 09:45:52.967 23780 23875 W Parcel : Expecting binder but got null!
02-09 09:45:53.940 23780 23875 W Parcel : Expecting binder but got null!
02-09 09:45:53.943 23780 23780 W Looper : PerfMonitor longMsg : seq=25 plan=09:45:52.618 late=109ms wall=1214ms h=android.view.Choreographer$FrameHandler c=android.view.Choreographer$FrameDisplayEventReceiver procState=-1
02-09 09:45:53.943 23780 23780 W Looper : PerfMonitor doFrame : time=1214ms vsyncFrame=0 latency=109ms procState=-1 historyMsgCount=12 (msgIndex=1 wall=501ms seq=13 late=11ms h=android.app.ActivityThread$H w=159)
02-09 09:45:54.017 23780 23780 W Looper : PerfMonitor doFrame : time=59ms vsyncFrame=0 latency=1211ms procState=-1 historyMsgCount=7 (msgIndex=1 wall=1214ms seq=25 late=109ms h=android.view.Choreographer$FrameHandler c=android.view.Choreographer$FrameDisplayEventReceiver)
02-09 09:45:54.071 23780 23780 W Looper : PerfMonitor looperActivity : package=com.mbwhatsapp/.registration.EULA time=20ms latency=724ms procState=-1 historyMsgCount=92 (msgIndex=1 wall=1214ms seq=25 late=109ms h=android.view.Choreographer$FrameHandler c=android.view.Choreographer$FrameDisplayEventReceiver)
02-09 09:45:55.052 23780 23780 E com.mbwhatsapp: Invalid ID 0x00000000.
02-09 09:45:55.053 23780 23780 E com.mbwhatsapp: Invalid ID 0x00000000.
02-09 09:45:55.054 23780 23780 E com.mbwhatsapp: Invalid ID 0x00000000.
02-09 09:45:55.057 23780 23780 E com.mbwhatsapp: Invalid ID 0x00000000.
02-09 09:45:55.058 23780 23780 E com.mbwhatsapp: Invalid ID 0x00000000.
02-09 09:45:55.058 23780 23780 E com.mbwhatsapp: Invalid ID 0x00000000.
02-09 09:45:55.059 23780 23780 E com.mbwhatsapp: Invalid ID 0x00000000.
02-09 09:45:55.084 23780 23780 E com.mbwhatsapp: Invalid ID 0x00000000.
02-09 09:45:55.650 23780 23791 W com.mbwhatsapp: Cleared Reference was only reachable from finalizer (only reported once)
02-09 09:46:03.579 23780 23780 W Activity: Can request only one set of permissions at a time
02-09 09:46:03.580 23780 23780 W Activity: Can request only one set of permissions at a time
02-09 09:46:03.917 23780 23780 E WindowManager: android.view.WindowLeaked: Activity com.mbwhatsapp.registration.EULA has leaked window DecorView@1a72a16[EULA] that was originally added here
02-09 09:46:03.917 23780 23780 E WindowManager: at android.view.ViewRootImpl.<init>(ViewRootImpl.java:1042)
02-09 09:46:03.917 23780 23780 E WindowManager: at android.view.ViewRootImpl.<init>(ViewRootImpl.java:1026)
02-09 09:46:03.917 23780 23780 E WindowManager: at android.view.WindowManagerGlobal.addView(WindowManagerGlobal.java:398)
02-09 09:46:03.917 23780 23780 E WindowManager: at android.view.WindowManagerImpl.addView(WindowManagerImpl.java:148)
02-09 09:46:03.917 23780 23780 E WindowManager: at android.app.Dialog.show(Dialog.java:361)
02-09 09:46:03.917 23780 23780 E WindowManager: at mbmodsd.mbmodsw.mbdialog.mbdialogios.iOSDark.show(Native Method)
02-09 09:46:03.917 23780 23780 E WindowManager: at mbmodsd.mbmodsw.mbutils.mbiosdialog.mb_allfiles(Native Method)
02-09 09:46:03.917 23780 23780 E WindowManager: at com.mbwhatsapp.registration.EULA.onStart(Unknown Source:6)
02-09 09:46:03.917 23780 23780 E WindowManager: at android.app.Instrumentation.callActivityOnStart(Instrumentation.java:1563)
02-09 09:46:03.917 23780 23780 E WindowManager: at android.app.Activity.performStart(Activity.java:8579)
02-09 09:46:03.917 23780 23780 E WindowManager: at android.app.ActivityThread.handleStartActivity(ActivityThread.java:3921)
02-09 09:46:03.917 23780 23780 E WindowManager: at android.app.servertransaction.TransactionExecutor.performLifecycleSequence(Transact ionExecutor.java:221)
02-09 09:46:03.917 23780 23780 E WindowManager: at android.app.servertransaction.TransactionExecutor.cycleToPath(TransactionExecutor.j ava:201)
02-09 09:46:03.917 23780 23780 E WindowManager: at android.app.servertransaction.TransactionExecutor.executeLifecycleState(Transaction Executor.java:173)
02-09 09:46:03.917 23780 23780 E WindowManager: at android.app.servertransaction.TransactionExecutor.execute(TransactionExecutor.java: 97)
02-09 09:46:03.917 23780 23780 E WindowManager: at android.app.ActivityThread$H.handleMessage(ActivityThread.java:2436)
02-09 09:46:03.917 23780 23780 E WindowManager: at android.os.Handler.dispatchMessage(Handler.java:106)
02-09 09:46:03.917 23780 23780 E WindowManager: at android.os.Looper.loopOnce(Looper.java:211)
02-09 09:46:03.917 23780 23780 E WindowManager: at android.os.Looper.loop(Looper.java:300)
02-09 09:46:03.917 23780 23780 E WindowManager: at android.app.ActivityThread.main(ActivityThread.java:8324)
02-09 09:46:03.917 23780 23780 E WindowManager: at java.lang.reflect.Method.invoke(Native Method)
02-09 09:46:03.917 23780 23780 E WindowManager: at com.android.internal.os.RuntimeInit$MethodAndArgsCaller.run(RuntimeInit.java:581)
02-09 09:46:03.917 23780 23780 E WindowManager: at com.android.internal.os.ZygoteInit.main(ZygoteInit.java:1028)
02-09 09:46:04.006 23780 23780 W Activity: Can request only one set of permissions at a time
02-09 09:46:04.009 23780 23780 E ActivityImpl: get life cycle exception
02-09 09:46:04.009 23780 23780 E ActivityImpl: java.lang.ClassCastException: android.os.BinderProxy cannot be cast to android.app.servertransaction.ClientTransaction
02-09 09:46:04.009 23780 23780 E ActivityImpl: at android.app.ActivityImpl.checkAccessControl(ActivityImpl.java:64)
02-09 09:46:04.009 23780 23780 E ActivityImpl: at android.app.ActivityImpl.onResume(ActivityImpl.java:140)
02-09 09:46:04.009 23780 23780 E ActivityImpl: at android.app.Activity.onResume(Activity.java:2106)
02-09 09:46:04.009 23780 23780 E ActivityImpl: at X.03u.onResume(Unknown Source:3)
02-09 09:46:04.009 23780 23780 E ActivityImpl: at X.4fW.onResume(Unknown Source:0)
02-09 09:46:04.009 23780 23780 E ActivityImpl: at X.4fV.onResume(Unknown Source:0)
02-09 09:46:04.009 23780 23780 E ActivityImpl: at X.4fS.onResume(Unknown Source:0)
02-09 09:46:04.009 23780 23780 E ActivityImpl: at X.4fQ.onResume(Unknown Source:0)
02-09 09:46:04.009 23780 23780 E ActivityImpl: at com.mbwhatsapp.registration.EULA.onResume(Unknown Source:0)
02-09 09:46:04.009 23780 23780 E ActivityImpl: at android.app.Instrumentation.callActivityOnResume(Instrumentation.java:1584)
02-09 09:46:04.009 23780 23780 E ActivityImpl: at android.app.Activity.performResume(Activity.java:8699)
02-09 09:46:04.009 23780 23780 E ActivityImpl: at android.app.ActivityThread.performResumeActivity(ActivityThread.java:5037)
02-09 09:46:04.009 23780 23780 E ActivityImpl: at android.app.ActivityThread.handleResumeActivity(ActivityThread.java:5081)
02-09 09:46:04.009 23780 23780 E ActivityImpl: at android.app.servertransaction.ResumeActivityItem.execute(ResumeActivityItem.java:54 )
02-09 09:46:04.009 23780 23780 E ActivityImpl: at android.app.servertransaction.ActivityTransactionItem.execute(ActivityTransactionIt em.java:45)
02-09 09:46:04.009 23780 23780 E ActivityImpl: at android.app.servertransaction.TransactionExecutor.executeLifecycleState(Transaction Executor.java:176)
02-09 09:46:04.009 23780 23780 E ActivityImpl: at android.app.servertransaction.TransactionExecutor.execute(TransactionExecutor.java: 97)
02-09 09:46:04.009 23780 23780 E ActivityImpl: at android.app.ClientTransactionHandler.executeTransaction(ClientTransactionHandler.ja va:64)
02-09 09:46:04.009 23780 23780 E ActivityImpl: at android.app.ActivityThread.handleRelaunchActivityLocally(ActivityThread.java:6013)
02-09 09:46:04.009 23780 23780 E ActivityImpl: at android.app.ActivityThread$H.handleMessage(ActivityThread.java:2446)
02-09 09:46:04.009 23780 23780 E ActivityImpl: at android.os.Handler.dispatchMessage(Handler.java:106)
02-09 09:46:04.009 23780 23780 E ActivityImpl: at android.os.Looper.loopOnce(Looper.java:211)
02-09 09:46:04.009 23780 23780 E ActivityImpl: at android.os.Looper.loop(Looper.java:300)
02-09 09:46:04.009 23780 23780 E ActivityImpl: at android.app.ActivityThread.main(ActivityThread.java:8324)
02-09 09:46:04.009 23780 23780 E ActivityImpl: at java.lang.reflect.Method.invoke(Native Method)
02-09 09:46:04.009 23780 23780 E ActivityImpl: at com.android.internal.os.RuntimeInit$MethodAndArgsCaller.run(RuntimeInit.java:581)
02-09 09:46:04.009 23780 23780 E ActivityImpl: at com.android.internal.os.ZygoteInit.main(ZygoteInit.java:1028)
02-09 09:46:04.016 23780 23875 W libc : Access denied finding property "ro.vendor.display.iris_x7.support"
02-09 09:46:04.039 23780 23780 E ion : ioctl c0044901 failed with code -1: Invalid argument
02-09 09:46:04.268 23780 23875 W Parcel : Expecting binder but got null!
02-09 09:46:04.268 23780 23780 W Looper : PerfMonitor doFrame : time=246ms vsyncFrame=0 latency=312ms procState=-1 historyMsgCount=44
02-09 09:46:04.304 23780 23780 W Looper : PerfMonitor looperActivity : package=com.mbwhatsapp/.registration.EULA time=3ms latency=301ms procState=-1 historyMsgCount=107
02-09 09:46:04.331 23780 23780 W Looper : PerfMonitor looperActivity : package=com.mbwhatsapp/.registration.EULA time=27ms latency=305ms procState=-1 historyMsgCount=108
02-09 09:46:05.697 23780 23780 W MirrorManager: this model don't Support
02-09 09:46:05.927 23780 24393 E ShortcutInfoCompatSaver: Failed to load saved values from file /data/user/0/com.mbwhatsapp/files/ShortcutInfoCompatSaver_share_targets/ targets.xml. Old state removed, new added
02-09 09:46:05.927 23780 24393 E ShortcutInfoCompatSaver: java.io.FileNotFoundException: /data/user/0/com.mbwhatsapp/files/ShortcutInfoCompatSaver_share_targets/ targets.xml: open failed: ENOENT (No such file or directory)
02-09 09:46:05.927 23780 24393 E ShortcutInfoCompatSaver: at libcore.io.IoBridge.open(IoBridge.java:574)
02-09 09:46:05.927 23780 24393 E ShortcutInfoCompatSaver: at java.io.FileInputStream.<init>(FileInputStream.java:160)
02-09 09:46:05.927 23780 24393 E ShortcutInfoCompatSaver: at X.0nz.run(Unknown Source:82)
02-09 09:46:05.927 23780 24393 E ShortcutInfoCompatSaver: at java.util.concurrent.Executors$RunnableAdapter.call(Executors.java:463)
02-09 09:46:05.927 23780 24393 E ShortcutInfoCompatSaver: at java.util.concurrent.FutureTask.run(FutureTask.java:264)
02-09 09:46:05.927 23780 24393 E ShortcutInfoCompatSaver: at java.util.concurrent.ThreadPoolExecutor.runWorker(ThreadPoolExecutor.java:1137)
02-09 09:46:05.927 23780 24393 E ShortcutInfoCompatSaver: at java.util.concurrent.ThreadPoolExecutor$Worker.run(ThreadPoolExecutor.java:637)
02-09 09:46:05.927 23780 24393 E ShortcutInfoCompatSaver: at java.lang.Thread.run(Thread.java:1012)
02-09 09:46:05.927 23780 24393 E ShortcutInfoCompatSaver: Caused by: android.system.ErrnoException: open failed: ENOENT (No such file or directory)
02-09 09:46:05.927 23780 24393 E ShortcutInfoCompatSaver: at libcore.io.Linux.open(Native Method)
02-09 09:46:05.927 23780 24393 E ShortcutInfoCompatSaver: at libcore.io.ForwardingOs.open(ForwardingOs.java:563)
02-09 09:46:05.927 23780 24393 E ShortcutInfoCompatSaver: at libcore.io.BlockGuardOs.open(BlockGuardOs.java:274)
02-09 09:46:05.927 23780 24393 E ShortcutInfoCompatSaver: at libcore.io.ForwardingOs.open(ForwardingOs.java:563)
02-09 09:46:05.927 23780 24393 E ShortcutInfoCompatSaver: at android.app.ActivityThread$AndroidOs.open(ActivityThread.java:8200)
02-09 09:46:05.927 23780 24393 E ShortcutInfoCompatSaver: at libcore.io.IoBridge.open(IoBridge.java:560)
02-09 09:46:05.927 23780 24393 E ShortcutInfoCompatSaver: ... 7 more
02-09 09:46:05.963 23780 23875 W libc : Access denied finding property "ro.vendor.display.iris_x7.support"
02-09 09:46:05.973 23780 23875 E FrameEvents: updateAcquireFence: Did not find frame.
02-09 09:46:05.973 23780 23875 E com.mbwhatsapp: mali-debug: still pending callback,wait...
02-09 09:46:05.978 23780 23875 W libc : Access denied finding property "ro.vendor.display.iris_x7.support"
02-09 09:46:05.982 23780 23875 E FrameEvents: updateAcquireFence: Did not find frame.
02-09 09:46:05.985 23780 23875 W libc : Access denied finding property "ro.vendor.display.iris_x7.support"
02-09 09:46:05.989 23780 23875 E FrameEvents: updateAcquireFence: Did not find frame.
02-09 09:46:05.993 23780 23780 W com.mbwhatsapp: type=1400 audit(0.0:295053): avc: denied { read } for name="osrelease" dev="proc" ino=9158889 scontext=u:r:untrusted_app:s0:c20,c257,c512,c768 tcontext=u:object_r:proc:s0 tclass=file permissive=0 app=com.mbwhatsapp
02-09 09:46:05.993 23780 23780 W com.mbwhatsapp: type=1400 audit(0.0:295054): avc: denied { read } for name="version" dev="proc" ino=9158890 scontext=u:r:untrusted_app:s0:c20,c257,c512,c768 tcontext=u:object_r:proc:s0 tclass=file permissive=0 app=com.mbwhatsapp
02-09 09:46:06.030 23780 23875 W libc : Access denied finding property "ro.vendor.display.iris_x7.support"
02-09 09:46:06.030 23780 23875 E com.mbwhatsapp: == MALI DEBUG ===eglp_winsys_populate_image_templates ==12288
02-09 09:46:06.031 23780 23875 E com.mbwhatsapp: == MALI DEBUG ===eglp_winsys_populate_image_templates ==12288
02-09 09:46:06.031 23780 23875 E com.mbwhatsapp: == MALI DEBUG ===eglp_winsys_populate_image_templates ==12288
02-09 09:46:09.851 23780 23875 W libc : Access denied finding property "ro.vendor.display.iris_x7.support"
02-09 09:46:09.925 23780 23875 W Parcel : Expecting binder but got null!
02-09 09:46:10.874 23780 23865 W BpBinder: Slow Binder: BpBinder transact took 1010 ms, interface=android.system.keystore2.IKeystoreSecurityLevel, code=2 oneway=false
02-09 09:46:11.966 23780 23865 W BpBinder: Slow Binder: BpBinder transact took 1086 ms, interface=android.system.keystore2.IKeystoreSecurityLevel, code=2 oneway=false
02-09 09:46:11.970 23780 23780 W OnBackInvokedCallback: OnBackInvokedCallback is not enabled for the application.
02-09 09:46:11.970 23780 23780 W OnBackInvokedCallback: Set 'android:enableOnBackInvokedCallback="true"' in the application manifest.
02-09 09:46:16.205 23780 23875 W libc : Access denied finding property "ro.vendor.display.iris_x7.support"
02-09 09:46:16.251 23780 23875 W Parcel : Expecting binder but got null!
02-09 09:46:16.865 23780 23829 E PlayCore: UID: [10276] PID: [23780] StandardIntegrity : Phonesky is not installed.
02-09 09:46:17.703 23780 23875 W libc : Access denied finding property "ro.vendor.display.iris_x7.support"
02-09 09:46:17.757 23780 23875 W Parcel : Expecting binder but got null!
02-09 09:46:18.990 23780 23875 E com.mbwhatsapp: mali-debug: still pending callback,wait...
02-09 09:46:19.111 23780 23875 W libc : Access denied finding property "ro.vendor.display.iris_x7.support"
02-09 09:46:19.175 23780 23875 W Parcel : Expecting binder but got null!
02-09 09:46:19.205 23780 23780 W OnBackInvokedCallback: OnBackInvokedCallback is not enabled for the application.
02-09 09:46:19.205 23780 23780 W OnBackInvokedCallback: Set 'android:enableOnBackInvokedCallback="true"' in the application manifest.
02-09 09:46:20.575 23780 24395 W BpBinder: Slow Binder: BpBinder transact took 376 ms, interface=com.google.android.gms.auth.api.phone.internal.ISmsRetrieverApiService, code=1 oneway=false
02-09 09:46:20.665 23780 23875 W libc : Access denied finding property "ro.vendor.display.iris_x7.support"
02-09 09:46:20.715 23780 23875 W Parcel : Expecting binder but got null!
02-09 09:46:22.521 23780 23875 W libc : Access denied finding property "ro.vendor.display.iris_x7.support"
02-09 09:46:22.538 23780 23875 W libc : Access denied finding property "ro.vendor.display.iris_x7.support"
02-09 09:46:22.582 23780 23875 W Parcel : Expecting binder but got null!
02-09 09:46:22.619 23780 23875 W Parcel : Expecting binder but got null!
02-09 09:46:26.993 23780 23875 W libc : Access denied finding property "ro.vendor.display.iris_x7.support"
02-09 09:46:27.517 23780 23780 W BpBinder: Slow Binder: BpBinder transact took 509 ms, interface=com.android.internal.telecom.ITelecomService, code=34 oneway=false
02-09 09:46:27.556 23780 23875 W Parcel : Expecting binder but got null!
02-09 09:46:27.557 23780 23780 W Looper : PerfMonitor doFrame : time=38ms vsyncFrame=0 latency=601ms procState=-1 historyMsgCount=1 (msgIndex=1 wall=612ms seq=1091 late=1ms h=android.app.ActivityThread$H c=android.app.LoadedApk$ReceiverDispatcher$Args$$ExternalSyntheticLambda0)
02-09 09:46:27.704 23780 23780 W OnBackInvokedCallback: OnBackInvokedCallback is not enabled for the application.
02-09 09:46:27.704 23780 23780 W OnBackInvokedCallback: Set 'android:enableOnBackInvokedCallback="true"' in the application manifest.
02-09 09:46:29.048 23780 23875 W libc : Access denied finding property "ro.vendor.display.iris_x7.support"
02-09 09:46:29.123 23780 23875 W Parcel : Expecting binder but got null! 02-09 09:--------- beginning of main
02-09 09:46:30.196 23780 23875 W libc : Access denied finding property "ro.vendor.display.iris_x7.support"
02-09 09:46:30.311 23780 23875 W Parcel : Expecting binder but got null!
02-09 09:46:30.373 23780 23875 W libc : Access denied finding property "ro.vendor.display.iris_x7.support"
02-09 09:46:30.427 23780 23875 W Parcel : Expecting binder but got null!
02-09 09:46:30.459 23780 23780 W OnBackInvokedCallback: OnBackInvokedCallback is not enabled for the application.
02-09 09:46:30.459 23780 23780 W OnBackInvokedCallback: Set 'android:enableOnBackInvokedCallback="true"' in the application manifest.
02-09 09:46:30.726 23780 23780 W Choreographer: Frame time is 0.10759 now = 53091450337702 timestampNanos = 53091450445292 ms in the future! Check that graphics HAL is generating vsync timestamps using the correct timebase.
02-09 09:46:33.760 23780 23875 W libc : Access denied finding property "ro.vendor.display.iris_x7.support"
02-09 09:46:33.818 23780 23875 W Parcel : Expecting binder but got null!
02-09 09:46:34.214 23780 23875 W libc : Access denied finding property "ro.vendor.display.iris_x7.support"
02-09 09:46:34.260 23780 23875 W Parcel : Expecting binder but got null! --------- beginning of system
02-09 09:46:34.736 23780 23891 W BpBinder: Slow Binder: BpBinder transact took 469 ms, interface=com.google.android.auth.IAuthManagerService, code=5 oneway=false
02-09 09:46:34.791 23780 23875 W libc : Access denied finding property "ro.vendor.display.iris_x7.support"
02-09 09:46:34.850 23780 23875 W Parcel : Expecting binder but got null!
02-09 09:46:36.512 23780 23875 E com.mbwhatsapp: mali-debug: still pending callback,wait...
02-09 09:46:36.582 23780 23875 W libc : Access denied finding property "ro.vendor.display.iris_x7.support"
02-09 09:46:36.678 23780 23875 W Parcel : Expecting binder but got null!
02-09 09:46:37.522 23780 23875 E com.mbwhatsapp: mali-debug: still pending callback,wait...
02-09 09:46:37.694 23780 24094 W BpBinder: Slow Binder: BpBinder transact took 286 ms, interface=com.google.android.auth.IAuthManagerService, code=5 oneway=false
02-09 09:46:37.727 23780 23875 W libc : Access denied finding property "ro.vendor.display.iris_x7.support"
02-09 09:46:37.787 23780 23875 W Parcel : Expecting binder but got null!
02-09 09:46:38.323 23780 23875 E com.mbwhatsapp: mali-debug: still pending callback,wait...
02-09 09:48:22.811 23780 23875 W libc : Access denied finding property "ro.vendor.display.iris_x7.support"
02-09 09:48:22.874 23780 23875 W Parcel : Expecting binder but got null!
02-09 09:48:33.024 26379 26379 E com.mbwhatsapp: Not starting debugger since process cannot load the jdwp agent.
02-09 09:48:33.033 26379 26379 W System.err: android.system.ErrnoException: open failed: ENOENT (No such file or directory)
02-09 09:48:33.034 26379 26379 W System.err: at libcore.io.Linux.open(Native Method)
02-09 09:48:33.034 26379 26379 W System.err: at libcore.io.ForwardingOs.open(ForwardingOs.java:563)
02-09 09:48:33.034 26379 26379 W System.err: at libcore.io.BlockGuardOs.open(BlockGuardOs.java:274)
02-09 09:48:33.034 26379 26379 W System.err: at libcore.io.ForwardingOs.open(ForwardingOs.java:563)
02-09 09:48:33.034 26379 26379 W System.err: at android.app.ActivityThread$AndroidOs.open(ActivityThread.java:8200)
02-09 09:48:33.034 26379 26379 W System.err: at android.system.Os.open(Os.java:494)
02-09 09:48:33.034 26379 26379 W System.err: at android.os.perfdebug.PerfDebugMonitorImpl.monitorVersionControl(PerfDebugMonitorImp l.java:204)
02-09 09:48:33.034 26379 26379 W System.err: at android.os.perfdebug.PerfDebugMonitorImpl.prepareMonitor(PerfDebugMonitorImpl.java: 185)
02-09 09:48:33.034 26379 26379 W System.err: at android.app.ActivityThread.main(ActivityThread.java:8287)
02-09 09:48:33.034 26379 26379 W System.err: at java.lang.reflect.Method.invoke(Native Method)
02-09 09:48:33.034 26379 26379 W System.err: at com.android.internal.os.RuntimeInit$MethodAndArgsCaller.run(RuntimeInit.java:581)
02-09 09:48:33.034 26379 26379 W System.err: at com.android.internal.os.ZygoteInit.main(ZygoteInit.java:1028)
02-09 09:48:33.124 26379 26379 W System.err: java.lang.ClassNotFoundException: mbmodsd.mbmodsw.ui.views.btn.BtnBK
02-09 09:48:33.124 26379 26379 W System.err: at java.lang.Runtime.nativeLoad(Native Method)
02-09 09:48:33.124 26379 26379 W System.err: at java.lang.Runtime.nativeLoad(Runtime.java:1121)
02-09 09:48:33.124 26379 26379 W System.err: at java.lang.Runtime.loadLibrary0(Runtime.java:1075)
02-09 09:48:33.124 26379 26379 W System.err: at java.lang.Runtime.loadLibrary0(Runtime.java:998)
02-09 09:48:33.124 26379 26379 W System.err: at java.lang.System.loadLibrary(System.java:1661)
02-09 09:48:33.124 26379 26379 W System.err: at arm.EpicVm.<clinit>(Unknown Source:2)
02-09 09:48:33.124 26379 26379 W System.err: at java.lang.Class.newInstance(Native Method)
02-09 09:48:33.124 26379 26379 W System.err: at android.app.AppComponentFactory.instantiateApplication(AppComponentFactory.java:76)
02-09 09:48:33.124 26379 26379 W System.err: at androidx.core.app.CoreComponentFactory.instantiateApplication(Unknown Source:0)
02-09 09:48:33.124 26379 26379 W System.err: at android.app.Instrumentation.newApplication(Instrumentation.java:1249)
02-09 09:48:33.124 26379 26379 W System.err: at android.app.LoadedApk.makeApplicationInner(LoadedApk.java:1493)
02-09 09:48:33.124 26379 26379 W System.err: at android.app.LoadedApk.makeApplicationInner(LoadedApk.java:1426)
02-09 09:48:33.124 26379 26379 W System.err: at android.app.ActivityThread.handleBindApplication(ActivityThread.java:7135)
02-09 09:48:33.124 26379 26379 W System.err: at android.app.ActivityThread.-$ $Nest$mhandleBindApplication(Unknown Source:0)
02-09 09:48:33.124 26379 26379 W System.err: at android.app.ActivityThread$H.handleMessage(ActivityThread.java:2262)
02-09 09:48:33.124 26379 26379 W System.err: at android.os.Handler.dispatchMessage(Handler.java:106)
02-09 09:48:33.125 26379 26379 W System.err: at android.os.Looper.loopOnce(Looper.java:211)
02-09 09:48:33.125 26379 26379 W System.err: at android.os.Looper.loop(Looper.java:300)
02-09 09:48:33.125 26379 26379 W System.err: at android.app.ActivityThread.main(ActivityThread.java:8324)
02-09 09:48:33.125 26379 26379 W System.err: at java.lang.reflect.Method.invoke(Native Method)
02-09 09:48:33.125 26379 26379 W System.err: at com.android.internal.os.RuntimeInit$MethodAndArgsCaller.run(RuntimeInit.java:581)
02-09 09:48:33.125 26379 26379 W System.err: at com.android.internal.os.ZygoteInit.main(ZygoteInit.java:1028)
02-09 09:48:33.187 26379 26379 E CustomActivityOnCrash: IMPORTANT WARNING! You already have an UncaughtExceptionHandler, are you sure this is correct? If you use a custom UncaughtExceptionHandler, you must initialize it AFTER CustomActivityOnCrash! Installing anyway, but your original handler will not be called.
02-09 09:48:33.342 26379 26379 W com.mbwhatsapp: Accessing hidden method Lcom/android/org/conscrypt/OpenSSLSocketImpl;->setUseSessionTickets(Z)V (max- target-q,core-platform-api, reflection, denied)
02-09 09:48:33.342 26379 26379 W com.mbwhatsapp: Accessing hidden method Lcom/android/org/conscrypt/AbstractConscryptSocket;->setUseSessionTickets(Z)V (max- target-q, reflection, denied)
02-09 09:48:33.353 26379 26379 W com.mbwhatsapp: type=1400 audit(0.0:295203): avc: granted { execute } for path="/data/data/com.mbwhatsapp/files/decompressed/libs.spk.zst/libc++_shared.so" dev="dm-45" ino=102387 scontext=u:r:untrusted_app:s0:c20,c257,c512,c768 tcontext=u:object_r:app_data_file:s0:c20,c257,c512,c768 tclass=file app=com.mbwhatsapp
02-09 09:48:33.357 26379 26379 W com.mbwhatsapp: type=1400 audit(0.0:295205): avc: granted { execute } for path="/data/data/com.mbwhatsapp/files/decompressed/libs.spk.zst/libwhatsapp.so" dev="dm-45" ino=67512 scontext=u:r:untrusted_app:s0:c20,c257,c512,c768 tcontext=u:object_r:app_data_file:s0:c20,c257,c512,c768 tclass=file app=com.mbwhatsapp
02-09 09:48:33.439 26379 26430 W com.mbwhatsapp: Method void X.2rL.A03(java.lang.Integer) failed lock verification and will run slower.
02-09 09:48:33.439 26379 26430 W com.mbwhatsapp: Common causes for lock verification issues are non-optimized dex code
02-09 09:48:33.439 26379 26430 W com.mbwhatsapp: and incorrect proguard optimizations.
02-09 09:48:33.442 26379 26379 W com.mbwhatsapp: Method void X.0eU.A0h(X.0tK, boolean) failed lock verification and will run slower.
02-09 09:48:33.560 26379 26379 W libc : Access denied finding property "ro.vendor.df.effect.conflict"
02-09 09:48:33.586 26379 26379 W Looper : PerfMonitor looperActivity : package=com.mbwhatsapp/.Icon0 time=155ms latency=374ms procState=-1 historyMsgCount=2
02-09 09:48:33.586 26379 26379 W Looper : PerfMonitor looperActivity : package=com.mbwhatsapp/.Icon0 time=0ms latency=529ms procState=-1 historyMsgCount=3
02-09 09:48:33.612 26379 26441 E QT : [QT]file does not exist
02-09 09:48:33.786 26379 26440 W libc : Access denied finding property "ro.vendor.display.iris_x7.support"
02-09 09:48:33.801 26379 26440 W libc : Access denied finding property "ro.vendor.display.iris_x7.support"
02-09 09:48:33.840 26379 26440 E OpenGLRenderer: Device claims wide gamut support, cannot find matching config, error = EGL_SUCCESS
02-09 09:48:33.840 26379 26440 W OpenGLRenderer: Failed to initialize 101010-2 format, error = EGL_SUCCESS
02-09 09:48:33.843 26379 26440 W libc : Access denied finding property "vendor.migl.debug"
02-09 09:48:33.844 26379 26440 E libMiGL : libmigl:This GPU version is note support Variable Shading Rate
02-09 09:48:33.847 26379 26440 E libEGL : pre_cache appList: ,,
02-09 09:48:33.856 26379 26440 W FramePredict: "FramePredict won 't run in other process: com.mbwhatsapp"
02-09 09:48:33.859 26379 26440 W libc : Access denied finding property "ro.vendor.magt.mtk_magt_support"
02-09 09:48:33.862 26379 26440 W libc : Access denied finding property "ro.vendor.display.iris_x7.support"
02-09 09:48:33.881 26379 26440 E com.mbwhatsapp: DF open fail: No such file or directory
02-09 09:48:33.882 26379 26440 W com.mbwhatsapp: remote service is not exist
02-09 09:48:33.882 26379 26440 W libc : Access denied finding property "ro.vendor.display.iris_x7.support"
02-09 09:48:33.883 26379 26440 W libc : Access denied finding property "ro.vendor.display.iris_x7.support"
02-09 09:48:33.886 26379 26440 W Parcel : Expecting binder but got null!
02-09 09:48:33.965 26379 26379 W MirrorManager: this model don't Support
02-09 09:48:33.967 26379 26379 W libc : Access denied finding property "ro.vendor.display.iris_x7.support"
02-09 09:48:33.981 26379 26440 W Parcel : Expecting binder but got null!
02-09 09:48:34.190 26379 26440 W libc : Access denied finding property "ro.vendor.display.iris_x7.support"
02-09 09:48:34.236 26379 26440 W Parcel : Expecting binder but got null!
02-09 09:48:34.269 26379 26379 W OnBackInvokedCallback: OnBackInvokedCallback is not enabled for the application.
02-09 09:48:34.269 26379 26379 W OnBackInvokedCallback: Set 'android:enableOnBackInvokedCallback="true"' in the application manifest.
02-09 09:48:34.296 26379 26379 W OnBackInvokedCallback: OnBackInvokedCallback is not enabled for the application.
02-09 09:48:34.296 26379 26379 W OnBackInvokedCallback: Set 'android:enableOnBackInvokedCallback="true"' in the application manifest.
02-09 09:48:34.717 26379 26444 W BpBinder: Slow Binder: BpBinder transact took 358 ms, interface=com.google.android.auth.IAuthManagerService, code=5 oneway=false
02-09 09:48:34.745 26379 26440 W libc : Access denied finding property "ro.vendor.display.iris_x7.support"
02-09 09:48:34.779 26379 26440 W Parcel : Expecting binder but got null!
02-09 09:48:35.948 26379 26440 W libc : Access denied finding property "ro.vendor.display.iris_x7.support"
02-09 09:48:36.034 26379 26440 W Parcel : Expecting binder but got null!
