02-09 09:48:36.633 26379 26379 W InputEventReceiver: Attempted to finish an input event but the input event receiver has already been disposed.
02-09 09:48:36.863 26379 26435 W BpBinder: Slow Binder: BpBinder transact took 264 ms, interface=com.google.android.auth.IAuthManagerService, code=5 oneway=false 02-09 09:48:3--------- beginning of main
02-09 09:48:36.894 26379 26440 W libc : Access denied finding property "ro.vendor.display.iris_x7.support"
02-09 09:48:36.955 26379 26440 W Parcel : Expecting binder but got null!
02-09 09:48:45.445 26379 26388 W com.mbwhatsapp: Cleared Reference was only reachable from finalizer (only reported once)
02-09 09:53:59.253 26379 26440 W libc : Access denied finding property "ro.vendor.display.iris_x7.support"
02-09 09:53:59.296 26379 26440 W Parcel : Expecting binder but got null!
02-09 09:53:59.762 26379 26440 W libc : Access denied finding property "ro.vendor.display.iris_x7.support"
02-09 09:54:10.008 27262 27262 E com.mbwhatsapp: Not starting debugger since process cannot load the jdwp agent.
02-09 09:54:10.018 27262 27262 W System.err: android.system.ErrnoException: open failed: ENOENT (No such file or directory)
02-09 09:54:10.018 27262 27262 W System.err: at libcore.io.Linux.open(Native Method)
02-09 09:54:10.018 27262 27262 W System.err: at libcore.io.ForwardingOs.open(ForwardingOs.java:563)
02-09 09:54:10.018 27262 27262 W System.err: at libcore.io.BlockGuardOs.open(BlockGuardOs.java:274)
02-09 09:54:10.018 27262 27262 W System.err: at libcore.io.ForwardingOs.open(ForwardingOs.java:563)
02-09 09:54:10.018 27262 27262 W System.err: at android.app.ActivityThread$AndroidOs.open(ActivityThread.java:8200)
02-09 09:54:10.018 27262 27262 W System.err: at android.system.Os.open(Os.java:494)
02-09 09:54:10.018 27262 27262 W System.err: at android.os.perfdebug.PerfDebugMonitorImpl.monitorVersionControl(PerfDebugMonitorImp l.java:204)
02-09 09:54:10.018 27262 27262 W System.err: at android.os.perfdebug.PerfDebugMonitorImpl.prepareMonitor(PerfDebugMonitorImpl.java: 185)
02-09 09:54:10.018 27262 27262 W System.err: at android.app.ActivityThread.main(ActivityThread.java:8287)
02-09 09:54:10.018 27262 27262 W System.err: at java.lang.reflect.Method.invoke(Native Method)
02-09 09:54:10.018 27262 27262 W System.err: at com.android.internal.os.RuntimeInit$MethodAndArgsCaller.run(RuntimeInit.java:581)
02-09 09:54:10.018 27262 27262 W System.err: at com.android.internal.os.ZygoteInit.main(ZygoteInit.java:1028)
02-09 09:54:10.143 27262 27262 W System.err: java.lang.ClassNotFoundException: mbmodsd.mbmodsw.ui.views.btn.BtnBK
02-09 09:54:10.143 27262 27262 W System.err: at java.lang.Runtime.nativeLoad(Native Method)
02-09 09:54:10.143 27262 27262 W System.err: at java.lang.Runtime.nativeLoad(Runtime.java:1121)
02-09 09:54:10.143 27262 27262 W System.err: at java.lang.Runtime.loadLibrary0(Runtime.java:1075)
02-09 09:54:10.143 27262 27262 W System.err: at java.lang.Runtime.loadLibrary0(Runtime.java:998)
02-09 09:54:10.143 27262 27262 W System.err: at java.lang.System.loadLibrary(System.java:1661)
02-09 09:54:10.143 27262 27262 W System.err: at arm.EpicVm.<clinit>(Unknown Source:2)
02-09 09:54:10.144 27262 27262 W System.err: at java.lang.Class.newInstance(Native Method)
02-09 09:54:10.144 27262 27262 W System.err: at android.app.AppComponentFactory.instantiateApplication(AppComponentFactory.java:76)
02-09 09:54:10.144 27262 27262 W System.err: at androidx.core.app.CoreComponentFactory.instantiateApplication(Unknown Source:0)
02-09 09:54:10.144 27262 27262 W System.err: at android.app.Instrumentation.newApplication(Instrumentation.java:1249)
02-09 09:54:10.144 27262 27262 W System.err: at android.app.LoadedApk.makeApplicationInner(LoadedApk.java:1493)
02-09 09:54:10.144 27262 27262 W System.err: at android.app.LoadedApk.makeApplicationInner(LoadedApk.java:1426)
02-09 09:54:10.144 27262 27262 W System.err: at android.app.ActivityThread.handleBindApplication(ActivityThread.java:7135)
02-09 09:54:10.144 27262 27262 W System.err: at android.app.ActivityThread.-$ $Nest$mhandleBindApplication(Unknown Source:0)
02-09 09:54:10.144 27262 27262 W System.err: at android.app.ActivityThread$H.handleMessage(ActivityThread.java:2262)
02-09 09:54:10.144 27262 27262 W System.err: at android.os.Handler.dispatchMessage(Handler.java:106)
02-09 09:54:10.144 27262 27262 W System.err: at android.os.Looper.loopOnce(Looper.java:211)
02-09 09:54:10.144 27262 27262 W System.err: at android.os.Looper.loop(Looper.java:300)
02-09 09:54:10.144 27262 27262 W System.err: at android.app.ActivityThread.main(ActivityThread.java:8324)
02-09 09:54:10.144 27262 27262 W System.err: at java.lang.reflect.Method.invoke(Native Method)
02-09 09:54:10.144 27262 27262 W System.err: at com.android.internal.os.RuntimeInit$MethodAndArgsCaller.run(RuntimeInit.java:581)
02-09 09:54:10.144 27262 27262 W System.err: at com.android.internal.os.ZygoteInit.main(ZygoteInit.java:1028)
02-09 09:54:10.203 27262 27262 E CustomActivityOnCrash: IMPORTANT WARNING! You already have an UncaughtExceptionHandler, are you sure this is correct? If you use a custom UncaughtExceptionHandler, you must initialize it AFTER CustomActivityOnCrash! Installing anyway, but your original handler will not be called.
02-09 09:54:10.337 27262 27262 W com.mbwhatsapp: Accessing hidden method Lcom/android/org/conscrypt/OpenSSLSocketImpl;->setUseSessionTickets(Z)V (max- target-q,core-platform-api, reflection, denied)
02-09 09:54:10.337 27262 27262 W com.mbwhatsapp: Accessing hidden method Lcom/android/org/conscrypt/AbstractConscryptSocket;->setUseSessionTickets(Z)V (max- target-q, reflection, denied)
02-09 09:54:10.345 27262 27262 W com.mbwhatsapp: type=1400 audit(0.0:295343): avc: granted { execute } for path="/data/data/com.mbwhatsapp/files/decompressed/libs.spk.zst/libc++_shared.so" dev="dm-45" ino=102387 scontext=u:r:untrusted_app:s0:c20,c257,c512,c768 tcontext=u:object_r:app_data_file:s0:c20,c257,c512,c768 tclass=file app=com.mbwhatsapp
02-09 09:54:10.345 27262 27262 W com.mbwhatsapp: type=1400 audit(0.0:295344): avc: granted { execute } for path="/data/data/com.mbwhatsapp/files/decompressed/libs.spk.zst/libvlc.so" dev="dm- 45" ino=80955 scontext=u:r:untrusted_app:s0:c20,c257,c512,c768 tcontext=u:object_r:app_data_file:s0:c20,c257,c512,c768 tclass=file app=com.mbwhatsapp
02-09 09:54:10.349 27262 27262 W com.mbwhatsapp: type=1400 audit(0.0:295345): avc: granted { execute } for path="/data/data/com.mbwhatsapp/files/decompressed/libs.spk.zst/libwhatsapp.so" dev="dm-45" ino=67512 scontext=u:r:untrusted_app:s0:c20,c257,c512,c768 tcontext=u:object_r:app_data_file:s0:c20,c257,c512,c768 tclass=file app=com.mbwhatsapp
02-09 09:54:10.361 27262 27262 W com.mbwhatsapp: type=1400 audit(0.0:295346): avc: granted { execute } for path="/data/data/com.mbwhatsapp/files/decompressed/libs.spk.zst/libcurve25519.so" dev="dm-45" ino=18390 scontext=u:r:untrusted_app:s0:c20,c257,c512,c768 tcontext=u:object_r:app_data_file:s0:c20,c257,c512,c768 tclass=file app=com.mbwhatsapp
02-09 09:54:10.421 27262 27311 W com.mbwhatsapp: Method void X.2rL.A03(java.lang.Integer) failed lock verification and will run slower.
02-09 09:54:10.421 27262 27311 W com.mbwhatsapp: Common causes for lock verification issues are non-optimized dex code
02-09 09:54:10.421 27262 27311 W com.mbwhatsapp: and incorrect proguard optimizations.
02-09 09:54:10.429 27262 27262 W com.mbwhatsapp: Method void X.0eU.A0h(X.0tK, boolean) failed lock verification and will run slower.
02-09 09:54:10.536 27262 27262 W libc : Access denied finding property "ro.vendor.df.effect.conflict" --------- beginning of system
02-09 09:54:10.562 27262 27262 W Looper : PerfMonitor looperActivity : package=com.mbwhatsapp/.Icon0 time=143ms latency=353ms procState=-1 historyMsgCount=2
02-09 09:54:10.562 27262 27262 W Looper : PerfMonitor looperActivity : package=com.mbwhatsapp/.Icon0 time=0ms latency=495ms procState=-1 historyMsgCount=3
02-09 09:54:10.586 27262 27322 E QT : [QT]file does not exist
02-09 09:54:10.752 27262 27321 W libc : Access denied finding property "ro.vendor.display.iris_x7.support"
02-09 09:54:10.768 27262 27321 W libc : Access denied finding property "ro.vendor.display.iris_x7.support"
02-09 09:54:10.804 27262 27321 E OpenGLRenderer: Device claims wide gamut support, cannot find matching config, error = EGL_SUCCESS
02-09 09:54:10.805 27262 27321 W OpenGLRenderer: Failed to initialize 101010-2 format, error = EGL_SUCCESS
02-09 09:54:10.808 27262 27321 W libc : Access denied finding property "vendor.migl.debug"
02-09 09:54:10.809 27262 27321 E libMiGL : libmigl:This GPU version is note support Variable Shading Rate
02-09 09:54:10.812 27262 27321 E libEGL : pre_cache appList: ,,
02-09 09:54:10.819 27262 27321 W FramePredict: "FramePredict won 't run in other process: com.mbwhatsapp"
02-09 09:54:10.821 27262 27321 W libc : Access denied finding property "ro.vendor.magt.mtk_magt_support"
02-09 09:54:10.826 27262 27321 W libc : Access denied finding property "ro.vendor.display.iris_x7.support"
02-09 09:54:10.844 27262 27321 E com.mbwhatsapp: DF open fail: No such file or directory
02-09 09:54:10.845 27262 27321 W com.mbwhatsapp: remote service is not exist
02-09 09:54:10.845 27262 27321 W libc : Access denied finding property "ro.vendor.display.iris_x7.support"
02-09 09:54:10.845 27262 27321 W libc : Access denied finding property "ro.vendor.display.iris_x7.support"
02-09 09:54:10.848 27262 27321 W Parcel : Expecting binder but got null!
02-09 09:54:10.927 27262 27262 W MirrorManager: this model don't Support
02-09 09:54:10.929 27262 27262 W libc : Access denied finding property "ro.vendor.display.iris_x7.support"
02-09 09:54:10.943 27262 27321 W Parcel : Expecting binder but got null!
02-09 09:54:11.189 27262 27321 W libc : Access denied finding property "ro.vendor.display.iris_x7.support"
02-09 09:54:11.234 27262 27321 W Parcel : Expecting binder but got null!
02-09 09:54:11.237 27262 27262 W OnBackInvokedCallback: OnBackInvokedCallback is not enabled for the application.
02-09 09:54:11.237 27262 27262 W OnBackInvokedCallback: Set 'android:enableOnBackInvokedCallback="true"' in the application manifest.
02-09 09:54:11.283 27262 27262 W OnBackInvokedCallback: OnBackInvokedCallback is not enabled for the application.
02-09 09:54:11.283 27262 27262 W OnBackInvokedCallback: Set 'android:enableOnBackInvokedCallback="true"' in the application manifest.
02-09 09:54:11.706 27262 27325 W BpBinder: Slow Binder: BpBinder transact took 376 ms, interface=com.google.android.auth.IAuthManagerService, code=5 oneway=false
02-09 09:54:11.733 27262 27321 W libc : Access denied finding property "ro.vendor.display.iris_x7.support"
02-09 09:54:11.764 27262 27321 W Parcel : Expecting binder but got null!
02-09 09:54:13.309 27262 27321 E com.mbwhatsapp: mali-debug: still pending callback,wait...
02-09 09:54:13.753 27262 27262 W OnBackInvokedCallback: OnBackInvokedCallback is not enabled for the application.
02-09 09:54:13.753 27262 27262 W OnBackInvokedCallback: Set 'android:enableOnBackInvokedCallback="true"' in the application manifest.
02-09 09:54:15.026 27262 27406 W BpBinder: Slow Binder: BpBinder transact took 1080 ms, interface=android.system.keystore2.IKeystoreSecurityLevel, code=2 oneway=false
02-09 09:54:15.368 27262 27307 W Looper : PerfMonitor longMsg : seq=9 plan=09:54:14.355 late=0ms wall=1012ms h=X.103 w=2 procState=-1
02-09 09:54:15.728 27262 27512 W com.mbwhatsapp: Accessing hidden method Landroid/app/MiuiNotification;-><init>()V (blocked, reflection, denied)
02-09 09:54:15.785 27262 27512 W com.mbwhatsapp: Accessing hidden method Landroid/app/MiuiNotification;-><init>()V (blocked, reflection, denied)
02-09 09:54:15.816 27262 27512 W com.mbwhatsapp: Accessing hidden method Landroid/app/MiuiNotification;-><init>()V (blocked, reflection, denied)
02-09 09:54:15.827 27262 27512 W com.mbwhatsapp: Accessing hidden method Landroid/app/MiuiNotification;-><init>()V (blocked, reflection, denied)
02-09 09:54:15.838 27262 27512 W com.mbwhatsapp: Accessing hidden method Landroid/app/MiuiNotification;-><init>()V (blocked, reflection, denied)
02-09 09:54:15.886 27262 27512 W com.mbwhatsapp: Accessing hidden method Landroid/app/MiuiNotification;-><init>()V (blocked, reflection, denied)
02-09 09:54:15.906 27262 27512 W com.mbwhatsapp: Accessing hidden method Landroid/app/MiuiNotification;-><init>()V (blocked, reflection, denied)
02-09 09:54:16.032 27262 27406 W BpBinder: Slow Binder: BpBinder transact took 1000 ms, interface=android.system.keystore2.IKeystoreSecurityLevel, code=2 oneway=false
02-09 09:54:19.279 27262 27321 W libc : Access denied finding property "ro.vendor.display.iris_x7.support"
02-09 09:54:19.321 27262 27321 W Parcel : Expecting binder but got null!
02-09 09:54:19.348 27262 27262 W OnBackInvokedCallback: OnBackInvokedCallback is not enabled for the application.
02-09 09:54:19.348 27262 27262 W OnBackInvokedCallback: Set 'android:enableOnBackInvokedCallback="true"' in the application manifest.
02-09 09:54:20.667 27262 27271 W com.mbwhatsapp: Cleared Reference was only reachable from finalizer (only reported once)
02-09 09:54:20.707 27262 27273 W System : A resource failed to call end.
02-09 09:54:22.471 27262 27512 W com.mbwhatsapp: Accessing hidden method Landroid/app/MiuiNotification;-><init>()V (blocked, reflection, denied)
02-09 09:54:22.514 27262 27512 W com.mbwhatsapp: Accessing hidden method Landroid/app/MiuiNotification;-><init>()V (blocked, reflection, denied)
02-09 09:54:22.539 27262 27512 W com.mbwhatsapp: Accessing hidden method Landroid/app/MiuiNotification;-><init>()V (blocked, reflection, denied)
02-09 09:54:22.557 27262 27512 W com.mbwhatsapp: Accessing hidden method Landroid/app/MiuiNotification;-><init>()V (blocked, reflection, denied)
02-09 09:54:22.597 27262 27512 W com.mbwhatsapp: Accessing hidden method Landroid/app/MiuiNotification;-><init>()V (blocked, reflection, denied)
02-09 09:54:22.613 27262 27512 W com.mbwhatsapp: Accessing hidden method Landroid/app/MiuiNotification;-><init>()V (blocked, reflection, denied)
02-09 09:54:22.635 27262 27512 W com.mbwhatsapp: Accessing hidden method Landroid/app/MiuiNotification;-><init>()V (blocked, reflection, denied)
02-09 09:54:22.654 27262 27512 W com.mbwhatsapp: Accessing hidden method Landroid/app/MiuiNotification;-><init>()V (blocked, reflection, denied)
02-09 09:54:22.718 27262 27512 W com.mbwhatsapp: Accessing hidden method Landroid/app/MiuiNotification;-><init>()V (blocked, reflection, denied)
02-09 09:54:22.874 27262 27512 W com.mbwhatsapp: Accessing hidden method Landroid/app/MiuiNotification;-><init>()V (blocked, reflection, denied)
02-09 09:54:22.991 27262 27512 W com.mbwhatsapp: Accessing hidden method Landroid/app/MiuiNotification;-><init>()V (blocked, reflection, denied)
02-09 09:54:23.007 27262 27512 W com.mbwhatsapp: Accessing hidden method Landroid/app/MiuiNotification;-><init>()V (blocked, reflection, denied)
02-09 09:54:23.023 27262 27512 W com.mbwhatsapp: Accessing hidden method Landroid/app/MiuiNotification;-><init>()V (blocked, reflection, denied)
02-09 09:54:23.044 27262 27512 W com.mbwhatsapp: Accessing hidden method Landroid/app/MiuiNotification;-><init>()V (blocked, reflection, denied)
02-09 09:54:23.105 27262 27512 W com.mbwhatsapp: Accessing hidden method Landroid/app/MiuiNotification;-><init>()V (blocked, reflection, denied)
02-09 09:54:23.141 27262 27512 W com.mbwhatsapp: Accessing hidden method Landroid/app/MiuiNotification;-><init>()V (blocked, reflection, denied)
02-09 09:54:23.159 27262 27512 W com.mbwhatsapp: Accessing hidden method Landroid/app/MiuiNotification;-><init>()V (blocked, reflection, denied)
02-09 09:54:23.231 27262 27512 W com.mbwhatsapp: Accessing hidden method Landroid/app/MiuiNotification;-><init>()V (blocked, reflection, denied)
02-09 09:54:23.269 27262 27512 W com.mbwhatsapp: Accessing hidden method Landroid/app/MiuiNotification;-><init>()V (blocked, reflection, denied)
02-09 09:54:23.473 27262 27512 W com.mbwhatsapp: Accessing hidden method Landroid/app/MiuiNotification;-><init>()V (blocked, reflection, denied)
02-09 09:54:23.551 27262 27512 W com.mbwhatsapp: Accessing hidden method Landroid/app/MiuiNotification;-><init>()V (blocked, reflection, denied)
02-09 09:54:23.638 27262 27512 W com.mbwhatsapp: Accessing hidden method Landroid/app/MiuiNotification;-><init>()V (blocked, reflection, denied)
02-09 09:54:23.708 27262 27512 W com.mbwhatsapp: Accessing hidden method Landroid/app/MiuiNotification;-><init>()V (blocked, reflection, denied)
02-09 09:54:23.731 27262 27512 W com.mbwhatsapp: Accessing hidden method Landroid/app/MiuiNotification;-><init>()V (blocked, reflection, denied)
02-09 09:54:23.816 27262 27512 W com.mbwhatsapp: Accessing hidden method Landroid/app/MiuiNotification;-><init>()V (blocked, reflection, denied)
02-09 09:54:23.839 27262 27512 W com.mbwhatsapp: Accessing hidden method Landroid/app/MiuiNotification;-><init>()V (blocked, reflection, denied)
02-09 09:54:23.859 27262 27512 W com.mbwhatsapp: Accessing hidden method Landroid/app/MiuiNotification;-><init>()V (blocked, reflection, denied)
02-09 09:54:23.925 27262 27512 W com.mbwhatsapp: Accessing hidden method Landroid/app/MiuiNotification;-><init>()V (blocked, reflection, denied)
02-09 09:54:23.944 27262 27512 W com.mbwhatsapp: Accessing hidden method Landroid/app/MiuiNotification;-><init>()V (blocked, reflection, denied)
02-09 09:54:23.985 27262 27512 W com.mbwhatsapp: Accessing hidden method Landroid/app/MiuiNotification;-><init>()V (blocked, reflection, denied)
02-09 09:54:24.070 27262 27512 W com.mbwhatsapp: Accessing hidden method Landroid/app/MiuiNotification;-><init>()V (blocked, reflection, denied)
02-09 09:54:24.314 27262 27512 W com.mbwhatsapp: Accessing hidden method Landroid/app/MiuiNotification;-><init>()V (blocked, reflection, denied)
02-09 09:54:24.330 27262 27512 W com.mbwhatsapp: Accessing hidden method Landroid/app/MiuiNotification;-><init>()V (blocked, reflection, denied)
02-09 09:54:24.355 27262 27512 W com.mbwhatsapp: Accessing hidden method Landroid/app/MiuiNotification;-><init>()V (blocked, reflection, denied)
02-09 09:54:24.366 27262 27512 W com.mbwhatsapp: Accessing hidden method Landroid/app/MiuiNotification;-><init>()V (blocked, reflection, denied)
02-09 09:54:24.425 27262 27512 W com.mbwhatsapp: Accessing hidden method Landroid/app/MiuiNotification;-><init>()V (blocked, reflection, denied)
02-09 09:54:24.439 27262 27512 W com.mbwhatsapp: Accessing hidden method Landroid/app/MiuiNotification;-><init>()V (blocked, reflection, denied)
02-09 09:54:24.484 27262 27512 W com.mbwhatsapp: Accessing hidden method Landroid/app/MiuiNotification;-><init>()V (blocked, reflection, denied)
02-09 09:54:24.641 27262 27512 W com.mbwhatsapp: Accessing hidden method Landroid/app/MiuiNotification;-><init>()V (blocked, reflection, denied)
02-09 09:54:24.731 27262 27512 W com.mbwhatsapp: Accessing hidden method Landroid/app/MiuiNotification;-><init>()V (blocked, reflection, denied)
02-09 09:54:24.766 27262 27512 W com.mbwhatsapp: Accessing hidden method Landroid/app/MiuiNotification;-><init>()V (blocked, reflection, denied)
02-09 09:54:24.785 27262 27512 W com.mbwhatsapp: Accessing hidden method Landroid/app/MiuiNotification;-><init>()V (blocked, reflection, denied)
02-09 09:54:24.807 27262 27512 W com.mbwhatsapp: Accessing hidden method Landroid/app/MiuiNotification;-><init>()V (blocked, reflection, denied)
02-09 09:54:24.873 27262 27512 W com.mbwhatsapp: Accessing hidden method Landroid/app/MiuiNotification;-><init>()V (blocked, reflection, denied)
02-09 09:54:24.891 27262 27512 W com.mbwhatsapp: Accessing hidden method Landroid/app/MiuiNotification;-><init>()V (blocked, reflection, denied)
02-09 09:54:24.910 27262 27512 W com.mbwhatsapp: Accessing hidden method Landroid/app/MiuiNotification;-><init>()V (blocked, reflection, denied)
02-09 09:54:25.007 27262 27512 W com.mbwhatsapp: Accessing hidden method Landroid/app/MiuiNotification;-><init>()V (blocked, reflection, denied)
02-09 09:54:25.030 27262 27512 W com.mbwhatsapp: Accessing hidden method Landroid/app/MiuiNotification;-><init>()V (blocked, reflection, denied)
02-09 09:54:25.117 27262 27512 W com.mbwhatsapp: Accessing hidden method Landroid/app/MiuiNotification;-><init>()V (blocked, reflection, denied)
02-09 09:54:25.140 27262 27512 W com.mbwhatsapp: Accessing hidden method Landroid/app/MiuiNotification;-><init>()V (blocked, reflection, denied)
02-09 09:54:25.197 27262 27512 W com.mbwhatsapp: Accessing hidden method Landroid/app/MiuiNotification;-><init>()V (blocked, reflection, denied)
02-09 09:54:25.217 27262 27512 W com.mbwhatsapp: Accessing hidden method Landroid/app/MiuiNotification;-><init>()V (blocked, reflection, denied)
02-09 09:54:25.241 27262 27512 W com.mbwhatsapp: Accessing hidden method Landroid/app/MiuiNotification;-><init>()V (blocked, reflection, denied)
02-09 09:54:25.265 27262 27512 W com.mbwhatsapp: Accessing hidden method Landroid/app/MiuiNotification;-><init>()V (blocked, reflection, denied)
02-09 09:54:25.383 27262 27512 W com.mbwhatsapp: Accessing hidden method Landroid/app/MiuiNotification;-><init>()V (blocked, reflection, denied)
02-09 09:54:25.403 27262 27512 W com.mbwhatsapp: Accessing hidden method Landroid/app/MiuiNotification;-><init>()V (blocked, reflection, denied)
02-09 09:54:25.487 27262 27512 W com.mbwhatsapp: Accessing hidden method Landroid/app/MiuiNotification;-><init>()V (blocked, reflection, denied)
02-09 09:54:25.504 27262 27512 W com.mbwhatsapp: Accessing hidden method Landroid/app/MiuiNotification;-><init>()V (blocked, reflection, denied)
02-09 09:54:25.525 27262 27512 W com.mbwhatsapp: Accessing hidden method Landroid/app/MiuiNotification;-><init>()V (blocked, reflection, denied)
02-09 09:54:25.593 27262 27512 W com.mbwhatsapp: Accessing hidden method Landroid/app/MiuiNotification;-><init>()V (blocked, reflection, denied)
02-09 09:54:25.608 27262 27512 W com.mbwhatsapp: Accessing hidden method Landroid/app/MiuiNotification;-><init>()V (blocked, reflection, denied)
02-09 09:54:25.714 27262 27512 W com.mbwhatsapp: Accessing hidden method Landroid/app/MiuiNotification;-><init>()V (blocked, reflection, denied)
02-09 09:54:25.749 27262 27512 W com.mbwhatsapp: Accessing hidden method Landroid/app/MiuiNotification;-><init>()V (blocked, reflection, denied)
02-09 09:54:25.818 27262 27512 W com.mbwhatsapp: Accessing hidden method Landroid/app/MiuiNotification;-><init>()V (blocked, reflection, denied)
02-09 09:54:25.836 27262 27512 W com.mbwhatsapp: Accessing hidden method Landroid/app/MiuiNotification;-><init>()V (blocked, reflection, denied)
02-09 09:54:26.164 27262 27512 W com.mbwhatsapp: Accessing hidden method Landroid/app/MiuiNotification;-><init>()V (blocked, reflection, denied)
02-09 09:54:26.788 27262 27512 W com.mbwhatsapp: Accessing hidden method Landroid/app/MiuiNotification;-><init>()V (blocked, reflection, denied)
02-09 09:54:26.799 27262 27512 W com.mbwhatsapp: Accessing hidden method Landroid/app/MiuiNotification;-><init>()V (blocked, reflection, denied)
02-09 09:54:26.808 27262 27512 W com.mbwhatsapp: Accessing hidden method Landroid/app/MiuiNotification;-><init>()V (blocked, reflection, denied)
02-09 09:54:26.817 27262 27512 W com.mbwhatsapp: Accessing hidden method Landroid/app/MiuiNotification;-><init>()V (blocked, reflection, denied)
02-09 09:54:26.824 27262 27512 W com.mbwhatsapp: Accessing hidden method Landroid/app/MiuiNotification;-><init>()V (blocked, reflection, denied)
02-09 09:54:26.831 27262 27512 W com.mbwhatsapp: Accessing hidden method Landroid/app/MiuiNotification;-><init>()V (blocked, reflection, denied)
02-09 09:54:26.842 27262 27512 W com.mbwhatsapp: Accessing hidden method Landroid/app/MiuiNotification;-><init>()V (blocked, reflection, denied)
02-09 09:54:26.846 27262 27512 W com.mbwhatsapp: Accessing hidden method Landroid/app/MiuiNotification;-><init>()V (blocked, reflection, denied)
02-09 09:54:26.857 27262 27512 W com.mbwhatsapp: Accessing hidden method Landroid/app/MiuiNotification;-><init>()V (blocked, reflection, denied)
02-09 09:54:26.862 27262 27512 W com.mbwhatsapp: Accessing hidden method Landroid/app/MiuiNotification;-><init>()V (blocked, reflection, denied)
02-09 09:54:26.867 27262 27512 W com.mbwhatsapp: Accessing hidden method Landroid/app/MiuiNotification;-><init>()V (blocked, reflection, denied)
02-09 09:54:26.872 27262 27512 W com.mbwhatsapp: Accessing hidden method Landroid/app/MiuiNotification;-><init>()V (blocked, reflection, denied)
02-09 09:54:26.880 27262 27512 W com.mbwhatsapp: Accessing hidden method Landroid/app/MiuiNotification;-><init>()V (blocked, reflection, denied)
02-09 09:54:26.887 27262 27512 W com.mbwhatsapp: Accessing hidden method Landroid/app/MiuiNotification;-><init>()V (blocked, reflection, denied)
02-09 09:54:26.891 27262 27512 W com.mbwhatsapp: Accessing hidden method Landroid/app/MiuiNotification;-><init>()V (blocked, reflection, denied)
02-09 09:54:26.899 27262 27512 W com.mbwhatsapp: Accessing hidden method Landroid/app/MiuiNotification;-><init>()V (blocked, reflection, denied)
02-09 09:54:26.906 27262 27512 W com.mbwhatsapp: Accessing hidden method Landroid/app/MiuiNotification;-><init>()V (blocked, reflection, denied)
02-09 09:54:26.913 27262 27512 W com.mbwhatsapp: Accessing hidden method Landroid/app/MiuiNotification;-><init>()V (blocked, reflection, denied)
02-09 09:54:26.918 27262 27512 W com.mbwhatsapp: Accessing hidden method Landroid/app/MiuiNotification;-><init>()V (blocked, reflection, denied)
02-09 09:54:26.926 27262 27512 W com.mbwhatsapp: Accessing hidden method Landroid/app/MiuiNotification;-><init>()V (blocked, reflection, denied)
02-09 09:54:26.932 27262 27512 W com.mbwhatsapp: Accessing hidden method Landroid/app/MiuiNotification;-><init>()V (blocked, reflection, denied)
02-09 09:54:26.938 27262 27512 W com.mbwhatsapp: Accessing hidden method Landroid/app/MiuiNotification;-><init>()V (blocked, reflection, denied)
02-09 09:54:26.948 27262 27512 W com.mbwhatsapp: Accessing hidden method Landroid/app/MiuiNotification;-><init>()V (blocked, reflection, denied)
02-09 09:54:26.955 27262 27512 W com.mbwhatsapp: Accessing hidden method Landroid/app/MiuiNotification;-><init>()V (blocked, reflection, denied)
02-09 09:54:26.960 27262 27512 W com.mbwhatsapp: Accessing hidden method Landroid/app/MiuiNotification;-><init>()V (blocked, reflection, denied)
02-09 09:54:26.966 27262 27512 W com.mbwhatsapp: Accessing hidden method Landroid/app/MiuiNotification;-><init>()V (blocked, reflection, denied)
02-09 09:54:26.966 27262 27512 W com.mbwhatsapp: Reached maximum number of hidden api access warnings.
02-09 09:54:28.317 27262 27262 W com.mbwhatsapp: Method void com.mbwhatsapp.HomeActivity.A6e() failed lock verification and will run slower.
02-09 09:54:28.329 27594 27594 W ps : type=1400 audit(0.0:295355): avc: denied { read } for name="pid_max" dev="proc" ino=9210305 scontext=u:r:untrusted_app:s0:c20,c257,c512,c768 tcontext=u:object_r:proc_pid_max:s0 tclass=file permissive=0 app=com.mbwhatsapp
02-09 09:54:28.333 27262 27262 W com.mbwhatsapp: type=1400 audit(0.0:295356): avc: denied { read } for comm=4D42576861747341707020576F726B name="osrelease" dev="proc" ino=9210313 scontext=u:r:untrusted_app:s0:c20,c257,c512,c768 tcontext=u:object_r:proc:s0 tclass=file permissive=0 app=com.mbwhatsapp
02-09 09:54:28.333 27262 27262 W com.mbwhatsapp: type=1400 audit(0.0:295357): avc: denied { read } for comm=4D42576861747341707020576F726B name="version" dev="proc" ino=9210314 scontext=u:r:untrusted_app:s0:c20,c257,c512,c768 tcontext=u:object_r:proc:s0 tclass=file permissive=0 app=com.mbwhatsapp
02-09 09:54:28.449 27262 27405 W BpBinder: Slow Binder: BpBinder transact took 1299 ms, interface=android.content.IContentProvider, code=20 oneway=false
02-09 09:54:28.595 27262 27325 W MediaCodec-JNI: try to release MediaCodec from JMediaCodec::~JMediaCodec()...
02-09 09:54:28.602 27262 27325 W MediaCodec-JNI: done releasing MediaCodec from JMediaCodec::~JMediaCodec().
02-09 09:54:28.673 27262 27601 W ColorUtils: expected specified color aspects (0:0:0:0)
02-09 09:54:28.711 27262 27262 E ArmVmp : Match on catch block at 0x0a in for 0x199
02-09 09:54:28.737 27262 27262 E ArmVmp : Match on catch block at 0x0a in for 0x261
02-09 09:54:28.748 27262 27617 W ColorUtils: expected specified color aspects (2:0:0:0)
02-09 09:54:28.777 27262 27262 W Activity: Can request only one set of permissions at a time
02-09 09:54:28.779 27262 27627 W ColorUtils: expected specified color aspects (2:0:0:0)
02-09 09:54:28.792 27262 27325 W AudioCapabilities: Unsupported mime audio/x-adpcm- dvi-ima
02-09 09:54:28.792 27262 27325 W AudioCapabilities: Unsupported mime audio/x-adpcm- dvi-ima
02-09 09:54:28.792 27262 27325 W AudioCapabilities: Unsupported mime audio/x-adpcm- ms
02-09 09:54:28.792 27262 27325 W AudioCapabilities: Unsupported mime audio/x-adpcm- ms
02-09 09:54:28.792 27262 27325 W AudioCapabilities: Unsupported mime audio/alac
02-09 09:54:28.792 27262 27325 W AudioCapabilities: Unsupported mime audio/alac
02-09 09:54:28.792 27262 27325 W AudioCapabilities: Unsupported mime audio/ape
02-09 09:54:28.792 27262 27325 W AudioCapabilities: Unsupported mime audio/ape
02-09 09:54:28.798 27262 27325 W VideoCapabilities: Unrecognized profile/level 32768/256 for video/mp4v-es
02-09 09:54:28.799 27262 27325 W VideoCapabilities: Unrecognized profile/level 32768/256 for video/mp4v-es
02-09 09:54:28.847 27262 27262 W Activity: PerfMonitor: Slow Operation: Activity com.mbwhatsapp/.HomeActivity onCreate took 509ms
02-09 09:54:28.870 27262 27321 W libc : Access denied finding property "ro.vendor.display.iris_x7.support"
02-09 09:54:28.877 27262 27262 W Looper : PerfMonitor looperActivity : package=com.mbwhatsapp/.HomeActivity time=0ms latency=579ms procState=-1 historyMsgCount=5 (msgIndex=5 wall=574ms seq=2851 late=5ms h=android.app.ActivityThread$H w=159)
02-09 09:54:29.416 27262 27262 E RecyclerView: No adapter attached; skipping layout
02-09 09:54:29.459 27262 27321 E libEGL : pre_cache appList: ,,
02-09 09:54:29.506 27262 27321 W Parcel : Expecting binder but got null!
02-09 09:54:29.507 27262 27262 W Looper : PerfMonitor doFrame : time=595ms vsyncFrame=0 latency=42ms procState=-1 historyMsgCount=81 (msgIndex=1 wall=574ms seq=2851 late=5ms h=android.app.ActivityThread$H w=159)
02-09 09:54:29.518 27262 27262 E ArmVmp : Match on catch block at 0x0a in for 0x1ad
02-09 09:54:29.528 27262 27262 W Looper : PerfMonitor looperActivity : package=com.mbwhatsapp/mbmodsd.mbmodsw.mbsettings.yo.PauseActivity time=19ms latency=609ms procState=-1 historyMsgCount=32 (msgIndex=29 wall=595ms seq=2932 late=42ms h=android.view.Choreographer$FrameHandler c=android.view.Choreographer$FrameDisplayEventReceiver)
02-09 09:54:29.534 27262 27262 W Looper : PerfMonitor looperActivity : package=com.mbwhatsapp/.HomeActivity time=7ms latency=615ms procState=-1 historyMsgCount=35 (msgIndex=29 wall=595ms seq=2932 late=42ms h=android.view.Choreographer$FrameHandler c=android.view.Choreographer$FrameDisplayEventReceiver)
02-09 09:54:29.572 27262 27262 W Looper : PerfMonitor doFrame : time=37ms vsyncFrame=0 latency=616ms procState=-1 historyMsgCount=11 (msgIndex=1 wall=595ms seq=2932 late=42ms h=android.view.Choreographer$FrameHandler c=android.view.Choreographer$FrameDisplayEventReceiver)
02-09 09:54:29.580 27262 27262 W Looper : PerfMonitor looperActivity : package=com.mbwhatsapp/mbmodsd.mbmodsw.mbsettings.yo.PauseActivity time=0ms latency=530ms procState=-1 historyMsgCount=35 (msgIndex=1 wall=595ms seq=2932 late=42ms h=android.view.Choreographer$FrameHandler c=android.view.Choreographer$FrameDisplayEventReceiver)
02-09 09:54:29.581 27262 27262 W Looper : PerfMonitor looperActivity : package=com.mbwhatsapp/mbmodsd.mbmodsw.mbsettings.yo.PauseActivity time=0ms latency=524ms procState=-1 historyMsgCount=37 (msgIndex=1 wall=595ms seq=2932 late=42ms h=android.view.Choreographer$FrameHandler c=android.view.Choreographer$FrameDisplayEventReceiver)
02-09 09:54:29.594 27262 27405 W BpBinder: Slow Binder: BpBinder transact took 1127 ms, interface=android.content.IContentProvider, code=20 oneway=false
02-09 09:54:29.710 27262 27662 W LOTTIE : Animation contains merge paths. Merge paths are only supported on KitKat+ and must be manually enabled by calling enableMergePathsForKitKatAndAbove().
02-09 09:54:29.841 27262 27262 W LOTTIE : Animation contains merge paths but they are disabled.
02-09 09:54:30.115 27262 27262 E ArmVmp : Match on catch block at 0x5b in for 0x111
02-09 09:54:30.129 27262 27262 E ArmVmp : Match on catch block at 0x5b in for 0x111
02-09 09:54:30.484 27262 27405 W BpBinder: Slow Binder: BpBinder transact took 878 ms, interface=android.content.IContentProvider, code=20 oneway=false
02-09 09:54:31.959 27262 27405 W BpBinder: Slow Binder: BpBinder transact took 1469 ms, interface=android.content.IContentProvider, code=20 oneway=false
02-09 09:54:33.637 27262 27405 W BpBinder: Slow Binder: BpBinder transact took 1663 ms, interface=android.content.IContentProvider, code=20 oneway=false
02-09 09:54:34.788 27262 27405 W BpBinder: Slow Binder: BpBinder transact took 1138 ms, interface=android.content.IContentProvider, code=20 oneway=false
02-09 09:54:34.976 27262 27321 W libc : Access denied finding property "ro.vendor.display.iris_x7.support"
02-09 09:54:36.120 27262 27405 W BpBinder: Slow Binder: BpBinder transact took 1325 ms, interface=android.content.IContentProvider, code=20 oneway=false
02-09 09:54:37.321 27262 27405 W BpBinder: Slow Binder: BpBinder transact took 1189 ms, interface=android.content.IContentProvider, code=20 oneway=false
02-09 09:54:38.328 27262 27405 W BpBinder: Slow Binder: BpBinder transact took 999 ms, interface=android.content.IContentProvider, code=20 oneway=false
02-09 09:54:39.723 27262 27405 W BpBinder: Slow Binder: BpBinder transact took 1389 ms, interface=android.content.IContentProvider, code=20 oneway=false
02-09 09:54:40.460 27262 27321 W libc : Access denied finding property "ro.vendor.display.iris_x7.support"
02-09 09:54:40.471 27262 27262 E ArmVmp : Match on catch block at 0x0a in for 0x255
02-09 09:54:40.591 27262 27321 W Parcel : Expecting binder but got null!
02-09 09:54:41.187 27262 27405 W BpBinder: Slow Binder: BpBinder transact took 1457 ms, interface=android.content.IContentProvider, code=20 oneway=false
02-09 09:54:42.853 27262 27405 W BpBinder: Slow Binder: BpBinder transact took 1639 ms, interface=android.content.IContentProvider, code=20 oneway=false
02-09 09:54:43.011 27262 27321 W libc : Access denied finding property "ro.vendor.display.iris_x7.support"
02-09 09:54:43.068 27262 27321 W Parcel : Expecting binder but got null!
02-09 09:54:44.256 27262 27405 W BpBinder: Slow Binder: BpBinder transact took 1392 ms, interface=android.content.IContentProvider, code=20 oneway=false
02-09 09:54:46.042 27262 27405 W BpBinder: Slow Binder: BpBinder transact took 1776 ms, interface=android.content.IContentProvider, code=20 oneway=false
02-09 09:54:47.761 27262 27405 W BpBinder: Slow Binder: BpBinder transact took 1704 ms, interface=android.content.IContentProvider, code=20 oneway=false
02-09 09:54:49.900 27262 27405 W BpBinder: Slow Binder: BpBinder transact took 2129 ms, interface=android.content.IContentProvider, code=20 oneway=false
02-09 09:54:51.475 27262 27698 E RenderScript: Failed loading RS driver: dlopen failed: library "libRSDriver_mtk.so" not found
02-09 09:54:51.475 27262 27698 E RenderScript: Failed to load runtime libRSDriver_mtk.so, loading default
02-09 09:54:51.544 27262 27262 E ArmVmp : Match on catch block at 0x0a in for 0x2e5
02-09 09:54:51.548 27262 27321 W libc : Access denied finding property "ro.vendor.display.iris_x7.support"
02-09 09:54:51.573 27262 27405 W BpBinder: Slow Binder: BpBinder transact took 1657 ms, interface=android.content.IContentProvider, code=20 oneway=false
02-09 09:54:51.615 27262 27321 W Parcel : Expecting binder but got null!
02-09 09:54:53.800 27262 27405 W BpBinder: Slow Binder: BpBinder transact took 2222 ms, interface=android.content.IContentProvider, code=20 oneway=false
02-09 09:54:54.932 27262 27262 W InputEventReceiver: Attempted to finish an input event but the input event receiver has already been disposed.
02-09 09:54:55.657 27262 27405 W BpBinder: Slow Binder: BpBinder transact took 1846 ms, interface=android.content.IContentProvider, code=20 oneway=false
02-09 09:54:57.129 27262 27405 W BpBinder: Slow Binder: BpBinder transact took 1465 ms, interface=android.content.IContentProvider, code=20 oneway=false
02-09 09:54:58.587 27262 27405 W BpBinder: Slow Binder: BpBinder transact took 1445 ms, interface=android.content.IContentProvider, code=20 oneway=false
02-09 09:55:00.321 27262 27262 E ArmVmp : Match on catch block at 0x0a in for 0x189
02-09 09:55:00.343 27262 27262 E ArmVmp : Match on catch block at 0x0a in for 0x261
02-09 09:55:00.398 27262 27262 W Activity: Can request only one set of permissions at a time
02-09 09:55:00.617 27262 27321 W libc : Access denied finding property "ro.vendor.display.iris_x7.support"
02-09 09:55:00.960 27262 27262 E RecyclerView: No adapter attached; skipping layout
02-09 09:55:01.026 27262 27321 W Parcel : Expecting binder but got null!
02-09 09:55:01.027 27262 27262 W Looper : PerfMonitor doFrame : time=390ms vsyncFrame=0 latency=684ms procState=-1 historyMsgCount=2 (msgIndex=1 wall=724ms seq=4380 h=android.app.ActivityThread$H w=159)
02-09 09:55:01.036 27262 27262 W Looper : PerfMonitor looperActivity : package=com.mbwhatsapp/.HomeActivity time=4ms latency=658ms procState=-1 historyMsgCount=14 (msgIndex=1 wall=724ms seq=4380 h=android.app.ActivityThread$H w=159)
02-09 09:55:01.054 27262 27405 W BpBinder: Slow Binder: BpBinder transact took 2459 ms, interface=android.content.IContentProvider, code=20 oneway=false
02-09 09:55:01.090 27262 27262 W Looper : PerfMonitor looperActivity : package=com.mbwhatsapp/.HomeActivity time=53ms latency=663ms procState=-1 historyMsgCount=15 (msgIndex=1 wall=724ms seq=4380 h=android.app.ActivityThread$H w=159)
02-09 09:55:01.176 27262 27262 E RecyclerView: No adapter attached; skipping layout
02-09 09:55:01.193 27262 27262 W Looper : PerfMonitor doFrame : time=91ms vsyncFrame=0 latency=448ms procState=-1 historyMsgCount=38
02-09 09:55:01.215 27262 27262 E ArmVmp : Match on catch block at 0x0a in for 0x1b5
02-09 09:55:01.249 27262 27262 W Looper : PerfMonitor looperActivity : package=com.mbwhatsapp/mbmodsd.mbmodsw.mbsettings.yo.PauseActivity time=44ms latency=321ms procState=-1 historyMsgCount=94
02-09 09:55:01.417 27262 27262 E ArmVmp : Match on catch block at 0x5b in for 0x10d
02-09 09:55:01.431 27262 27262 E ArmVmp : Match on catch block at 0x5b in for 0x10d
02-09 09:55:02.648 27262 27405 W BpBinder: Slow Binder: BpBinder transact took 1572 ms, interface=android.content.IContentProvider, code=20 oneway=false
02-09 09:55:03.847 27262 27405 W BpBinder: Slow Binder: BpBinder transact took 1190 ms, interface=android.content.IContentProvider, code=20 oneway=false
02-09 09:55:04.974 27262 27405 W BpBinder: Slow Binder: BpBinder transact took 1117 ms, interface=android.content.IContentProvider, code=20 oneway=false
02-09 09:55:06.252 27262 27405 W BpBinder: Slow Binder: BpBinder transact took 1271 ms, interface=android.content.IContentProvider, code=20 oneway=false
02-09 09:55:07.702 27262 27262 W Activity: PerfMonitor: Slow Operation: Activity com.mbwhatsapp/.HomeActivity onPause took 56ms
02-09 09:55:07.719 27262 27405 W BpBinder: Slow Binder: BpBinder transact took 1460 ms, interface=android.content.IContentProvider, code=20 oneway=false
02-09 09:55:08.050 27262 27262 E ArmVmp : Match on catch block at 0x0a in for 0x189
02-09 09:55:08.071 27262 27262 E ArmVmp : Match on catch block at 0x0a in for 0x279
02-09 09:55:08.090 27262 27405 W BpBinder: Slow Binder: BpBinder transact took 355 ms, interface=android.content.IContentProvider, code=20 oneway=false
02-09 09:55:08.117 27262 27262 W Activity: Can request only one set of permissions at a time
02-09 09:55:08.132 27262 27405 W Looper : PerfMonitor longMsg : seq=5 plan=09:54:19.264 late=0ms wall=48866ms h=android.os.Handler c=X.3fp procState=-1
02-09 09:55:08.304 27262 27321 W libc : Access denied finding property "ro.vendor.display.iris_x7.support"
02-09 09:55:08.665 27262 27262 E RecyclerView: No adapter attached; skipping layout
02-09 09:55:08.739 27262 27321 W Parcel : Expecting binder but got null!
02-09 09:55:08.740 27262 27262 W Looper : PerfMonitor doFrame : time=426ms vsyncFrame=0 latency=594ms procState=-1 historyMsgCount=1 (msgIndex=1 wall=669ms seq=4661 h=android.app.ActivityThread$H w=159)
02-09 09:55:08.753 27262 27262 W Looper : PerfMonitor looperActivity : package=com.mbwhatsapp/.HomeActivity time=5ms latency=665ms procState=-1 historyMsgCount=13 (msgIndex=1 wall=669ms seq=4661 h=android.app.ActivityThread$H w=159)
02-09 09:55:08.773 27262 27262 W Looper : PerfMonitor looperActivity : package=com.mbwhatsapp/.HomeActivity time=19ms latency=671ms procState=-1 historyMsgCount=14 (msgIndex=1 wall=669ms seq=4661 h=android.app.ActivityThrea--------- beginning of main
02-09 09:55:08.843 27262 27262 E RecyclerView: No adapter attached; skipping layout --------- beginning of system
02-09 09:55:08.857 27262 27262 W Looper : PerfMonitor doFrame : time=78ms vsyncFrame=0 latency=458ms procState=-1 historyMsgCount=42
02-09 09:55:08.874 27262 27262 E ArmVmp : Match on catch block at 0x0a in for 0x1a1
02-09 09:55:09.035 27262 27262 E ArmVmp : Match on catch block at 0x5b in for 0x119
02-09 09:55:09.044 27262 27262 E ArmVmp : Match on catch block at 0x5b in for 0x101
02-09 09:55:09.766 27262 27321 W libc : Access denied finding property "ro.vendor.display.iris_x7.support"
02-09 09:55:09.808 27262 27321 W Parcel : Expecting binder but got null!
02-09 09:55:40.933 27262 27262 W InputEventReceiver: Attempted to finish an input event but the input event receiver has already been disposed.
02-09 09:55:42.012 27262 27321 W libc : Access denied finding property "ro.vendor.display.iris_x7.support"
02-09 09:55:42.066 27262 27321 W Parcel : Expecting binder but got null!
02-09 09:55:42.760 27262 27262 E RippleDrawable: The RippleDrawable.STYLE_PATTERNED animation is not supported for a non-hardware accelerated Canvas. Skipping animation.
02-09 09:55:42.763 27262 27262 E RippleDrawable: The RippleDrawable.STYLE_PATTERNED animation is not supported for a non-hardware accelerated Canvas. Skipping animation.
02-09 09:55:43.029 27262 27321 W libc : Access denied finding property "ro.vendor.display.iris_x7.support"
02-09 09:55:43.122 27262 27321 W Parcel : Expecting binder but got null!
02-09 09:55:54.011 27262 27321 W libc : Access denied finding property "ro.vendor.display.iris_x7.support"
02-09 09:55:54.129 27262 27321 W Parcel : Expecting binder but got null!
02-09 09:55:58.189 27262 27321 W libc : Access denied finding property "ro.vendor.display.iris_x7.support"
02-09 09:55:58.258 27262 27321 W Parcel : Expecting binder but got null!
02-09 09:56:07.018 27856 27856 E com.mbwhatsapp: Not starting debugger since process cannot load the jdwp agent.
02-09 09:56:07.024 27856 27856 W System.err: android.system.ErrnoException: open failed: ENOENT (No such file or directory)
02-09 09:56:07.024 27856 27856 W System.err: at libcore.io.Linux.open(Native Method)
02-09 09:56:07.024 27856 27856 W System.err: at libcore.io.ForwardingOs.open(ForwardingOs.java:563)
02-09 09:56:07.024 27856 27856 W System.err: at libcore.io.BlockGuardOs.open(BlockGuardOs.java:274)
02-09 09:56:07.024 27856 27856 W System.err: at libcore.io.ForwardingOs.open(ForwardingOs.java:563)
02-09 09:56:07.024 27856 27856 W System.err: at android.app.ActivityThread$AndroidOs.open(ActivityThread.java:8200)
02-09 09:56:07.024 27856 27856 W System.err: at android.system.Os.open(Os.java:494)
02-09 09:56:07.024 27856 27856 W System.err: at android.os.perfdebug.PerfDebugMonitorImpl.monitorVersionControl(PerfDebugMonitorImp l.java:204)
02-09 09:56:07.024 27856 27856 W System.err: at android.os.perfdebug.PerfDebugMonitorImpl.prepareMonitor(PerfDebugMonitorImpl.java: 185)
02-09 09:56:07.024 27856 27856 W System.err: at android.app.ActivityThread.main(ActivityThread.java:8287)
02-09 09:56:07.024 27856 27856 W System.err: at java.lang.reflect.Method.invoke(Native Method)
02-09 09:56:07.024 27856 27856 W System.err: at com.android.internal.os.RuntimeInit$MethodAndArgsCaller.run(RuntimeInit.java:581)
02-09 09:56:07.024 27856 27856 W System.err: at com.android.internal.os.ZygoteInit.main(ZygoteInit.java:1028)
02-09 09:56:07.122 27856 27856 W System.err: java.lang.ClassNotFoundException: mbmodsd.mbmodsw.ui.views.btn.BtnBK
02-09 09:56:07.123 27856 27856 W System.err: at java.lang.Runtime.nativeLoad(Native Method)
02-09 09:56:07.123 27856 27856 W System.err: at java.lang.Runtime.nativeLoad(Runtime.java:1121)
02-09 09:56:07.123 27856 27856 W System.err: at java.lang.Runtime.loadLibrary0(Runtime.java:1075)
02-09 09:56:07.123 27856 27856 W System.err: at java.lang.Runtime.loadLibrary0(Runtime.java:998)
02-09 09:56:07.123 27856 27856 W System.err: at java.lang.System.loadLibrary(System.java:1661)
02-09 09:56:07.123 27856 27856 W System.err: at arm.EpicVm.<clinit>(Unknown Source:2)
02-09 09:56:07.123 27856 27856 W System.err: at java.lang.Class.newInstance(Native Method)
02-09 09:56:07.123 27856 27856 W System.err: at android.app.AppComponentFactory.instantiateApplication(AppComponentFactory.java:76)
02-09 09:56:07.123 27856 27856 W System.err: at androidx.core.app.CoreComponentFactory.instantiateApplication(Unknown Source:0)
02-09 09:56:07.123 27856 27856 W System.err: at android.app.Instrumentation.newApplication(Instrumentation.java:1249)
02-09 09:56:07.123 27856 27856 W System.err: at android.app.LoadedApk.makeApplicationInner(LoadedApk.java:1493)
02-09 09:56:07.123 27856 27856 W System.err: at android.app.LoadedApk.makeApplicationInner(LoadedApk.java:1426)
02-09 09:56:07.123 27856 27856 W System.err: at android.app.ActivityThread.handleBindApplication(ActivityThread.java:7135)
02-09 09:56:07.123 27856 27856 W System.err: at android.app.ActivityThread.-$ $Nest$mhandleBindApplication(Unknown Source:0)
02-09 09:56:07.123 27856 27856 W System.err: at android.app.ActivityThread$H.handleMessage(ActivityThread.java:2262)
02-09 09:56:07.123 27856 27856 W System.err: at android.os.Handler.dispatchMessage(Handler.java:106)
02-09 09:56:07.123 27856 27856 W System.err: at android.os.Looper.loopOnce(Looper.java:211)
02-09 09:56:07.124 27856 27856 W System.err: at android.os.Looper.loop(Looper.java:300)
02-09 09:56:07.124 27856 27856 W System.err: at android.app.ActivityThread.main(ActivityThread.java:8324)
02-09 09:56:07.124 27856 27856 W System.err: at java.lang.reflect.Method.invoke(Native Method)
02-09 09:56:07.124 27856 27856 W System.err: at com.android.internal.os.RuntimeInit$MethodAndArgsCaller.run(RuntimeInit.java:581)
02-09 09:56:07.124 27856 27856 W System.err: at com.android.internal.os.ZygoteInit.main(ZygoteInit.java:1028)
02-09 09:56:07.189 27856 27856 E CustomActivityOnCrash: IMPORTANT WARNING! You already have an UncaughtExceptionHandler, are you sure this is correct? If you use a custom UncaughtExceptionHandler, you must initialize it AFTER CustomActivityOnCrash! Installing anyway, but your original handler will not be called.
02-09 09:56:07.230 27856 27877 W LibraryVersion: Failed to get app version for libraryName: firebase-iid
02-09 09:56:07.323 27856 27856 W com.mbwhatsapp: Accessing hidden method Lcom/android/org/conscrypt/OpenSSLSocketImpl;->setUseSessionTickets(Z)V (max- target-q,core-platform-api, reflection, denied)
02-09 09:56:07.323 27856 27856 W com.mbwhatsapp: Accessing hidden method Lcom/android/org/conscrypt/AbstractConscryptSocket;->setUseSessionTickets(Z)V (max- target-q, reflection, denied)
02-09 09:56:07.333 27856 27856 W com.mbwhatsapp: type=1400 audit(0.0:295394): avc: granted { execute } for path="/data/data/com.mbwhatsapp/files/decompressed/libs.spk.zst/libc++_shared.so" dev="dm-45" ino=102387 scontext=u:r:untrusted_app:s0:c20,c257,c512,c768 tcontext=u:object_r:app_data_file:s0:c20,c257,c512,c768 tclass=file app=com.mbwhatsapp
02-09 09:56:07.333 27856 27856 W com.mbwhatsapp: type=1400 audit(0.0:295395): avc: granted { execute } for path="/data/data/com.mbwhatsapp/files/decompressed/libs.spk.zst/libvlc.so" dev="dm- 45" ino=80955 scontext=u:r:untrusted_app:s0:c20,c257,c512,c768 tcontext=u:object_r:app_data_file:s0:c20,c257,c512,c768 tclass=file app=com.mbwhatsapp
02-09 09:56:07.337 27856 27856 W com.mbwhatsapp: type=1400 audit(0.0:295396): avc: granted { execute } for path="/data/data/com.mbwhatsapp/files/decompressed/libs.spk.zst/libwhatsapp.so" dev="dm-45" ino=67512 scontext=u:r:untrusted_app:s0:c20,c257,c512,c768 tcontext=u:object_r:app_data_file:s0:c20,c257,c512,c768 tclass=file app=com.mbwhatsapp
02-09 09:56:07.417 27856 27910 W com.mbwhatsapp: Method void X.2rL.A03(java.lang.Integer) failed lock verification and will run slower.
02-09 09:56:07.417 27856 27910 W com.mbwhatsapp: Common causes for lock verification issues are non-optimized dex code
02-09 09:56:07.417 27856 27910 W com.mbwhatsapp: and incorrect proguard optimizations.
02-09 09:56:07.428 27856 27856 W com.mbwhatsapp: Method void X.0eU.A0h(X.0tK, boolean) failed lock verification and will run slower.
02-09 09:56:07.522 27856 27856 W libc : Access denied finding property "ro.vendor.df.effect.conflict"
02-09 09:56:07.546 27856 27856 W Looper : PerfMonitor looperActivity : package=com.mbwhatsapp/.Icon0 time=132ms latency=378ms procState=-1 historyMsgCount=2
02-09 09:56:07.585 27856 27933 E QT : [QT]file does not exist
02-09 09:56:07.589 27856 27856 W com.mbwhatsapp: Method void com.mbwhatsapp.HomeActivity.A6e() failed lock verification and will run slower.
02-09 09:56:08.011 27856 27856 E ArmVmp : Match on catch block at 0x0a in for 0x185
02-09 09:56:08.034 27856 27856 E ArmVmp : Match on catch block at 0x0a in for 0x271
