android.database.sqlite.SQLiteDatabase.insert(SQLiteDatabase.java:1589)
01-23 16:14:53.712 13945 14028 E SQLiteDatabase: at X.2tm.A08(Unknown
Source:6)
01-23 16:14:53.712 13945 14028 E SQLiteDatabase: at X.2sR.A03(Unknown
Source:39)
01-23 16:14:53.712 13945 14028 E SQLiteDatabase: at X.2sR.A05(Unknown
Source:14)
01-23 16:14:53.712 13945 14028 E SQLiteDatabase: at X.3eA.run(Unknown
Source:2101)
01-23 16:14:53.712 13945 14028 E SQLiteDatabase: at
java.util.concurrent.ThreadPoolExecutor.runWorker(ThreadPoolExecutor.java:1167)
01-23 16:14:53.712 13945 14028 E SQLiteDatabase: at
java.util.concurrent.ThreadPoolExecutor$Worker.run(ThreadPoolExecutor.java:641)
01-23 16:14:53.712 13945 14028 E SQLiteDatabase: at X.3gH.run(Unknown
Source:1548)
01-23 16:14:53.712 13945 14028 E SQLiteDatabase: at
java.lang.Thread.run(Thread.java:923)
--------- beginning of main
01-23 17:10:04.870 27180 27180 E com.mbwhatsapp: Not starting debugger since
process cannot load the jdwp agent.
01-23 17:10:05.241 27180 27180 W System.err: java.lang.ClassNotFoundException:
mbmodsd.mbmodsw.ui.views.btn.BtnBK
01-23 17:10:05.244 27180 27180 W System.err: at
java.lang.Runtime.nativeLoad(Native Method)
01-23 17:10:05.245 27180 27180 W System.err: at
java.lang.Runtime.nativeLoad(Runtime.java:1131)
01-23 17:10:05.245 27180 27180 W System.err: at
java.lang.Runtime.loadLibrary0(Runtime.java:1085)
01-23 17:10:05.245 27180 27180 W System.err: at
java.lang.Runtime.loadLibrary0(Runtime.java:1008)
01-23 17:10:05.245 27180 27180 W System.err: at
java.lang.System.loadLibrary(System.java:1664)
01-23 17:10:05.245 27180 27180 W System.err: at arm.EpicVm.<clinit>(Unknown
Source:2)
01-23 17:10:05.245 27180 27180 W System.err: at
java.lang.Class.newInstance(Native Method)
01-23 17:10:05.245 27180 27180 W System.err: at
android.app.AppComponentFactory.instantiateApplication(AppComponentFactory.java:76)
01-23 17:10:05.245 27180 27180 W System.err: at
androidx.core.app.CoreComponentFactory.instantiateApplication(Unknown Source:0)
01-23 17:10:05.245 27180 27180 W System.err: at
android.app.Instrumentation.newApplication(Instrumentation.java:1164)
01-23 17:10:05.245 27180 27180 W System.err: at
android.app.LoadedApk.makeApplication(LoadedApk.java:1244)
01-23 17:10:05.245 27180 27180 W System.err: at
android.app.ActivityThread.handleBindApplication(ActivityThread.java:7012)
01-23 17:10:05.245 27180 27180 W System.err: at
android.app.ActivityThread.access$1500(ActivityThread.java:263)
01-23 17:10:05.246 27180 27180 W System.err: at
android.app.ActivityThread$H.handleMessage(ActivityThread.java:2032)
01-23 17:10:05.246 27180 27180 W System.err: at
android.os.Handler.dispatchMessage(Handler.java:106)
01-23 17:10:05.246 27180 27180 W System.err: at
android.os.Looper.loop(Looper.java:268)
01-23 17:10:05.246 27180 27180 W System.err: at
android.app.ActivityThread.main(ActivityThread.java:8016)
01-23 17:10:05.246 27180 27180 W System.err: at
java.lang.reflect.Method.invoke(Native Method)
01-23 17:10:05.246 27180 27180 W System.err: at
com.android.internal.os.RuntimeInit$MethodAndArgsCaller.run(RuntimeInit.java:627)
01-23 17:10:05.246 27180 27180 W System.err: at
com.android.internal.os.ZygoteInit.main(ZygoteInit.java:997)
01-23 17:10:05.283 27180 27180 E libc : Access denied finding property
"ro.vendor.pref_scale_resolution"
01-23 17:10:05.306 27180 27180 E CustomActivityOnCrash: IMPORTANT WARNING! You
already have an UncaughtExceptionHandler, are you sure this is correct? If you use
a custom UncaughtExceptionHandler, you must initialize it AFTER
CustomActivityOnCrash! Installing anyway, but your original handler will not be
called.
01-23 17:10:05.377 27180 27202 W AsyncDrawableCache: can not found res: 2131233001,
maybe dynamic res id.
01-23 17:10:06.037 27180 27180 W com.mbwhatsapp: Accessing hidden method
Lcom/android/org/conscrypt/OpenSSLSocketImpl;->setUseSessionTickets(Z)V (greylist-
max-q,test-api, reflection, denied)
01-23 17:10:06.040 27180 27180 W com.mbwhatsapp: Accessing hidden method
Lcom/android/org/conscrypt/AbstractConscryptSocket;->setUseSessionTickets(Z)V
(greylist-max-q, reflection, denied)
01-23 17:10:06.134 27180 27180 W linker : Warning:
"/data/data/com.mbwhatsapp/files/decompressed/libs.spk.zst/libc++_shared.so" unused
DT entry: unknown processor-specific (type 0x70000001 arg 0x0) (ignoring)
01-23 17:10:06.555 27180 27233 W com.mbwhatsapp: Class X.2rL failed lock
verification and will run slower.
01-23 17:10:06.555 27180 27233 W com.mbwhatsapp: Common causes for lock
verification issues are non-optimized dex code
01-23 17:10:06.555 27180 27233 W com.mbwhatsapp: and incorrect proguard
optimizations.
01-23 17:10:06.955 27180 27251 W System : ClassLoader referenced unknown path:
system/framework/mediatek-cta.jar
--------- beginning of main
01-23 17:31:24.606 30916 30916 E com.mbwhatsapp: Not starting debugger since
process cannot load the jdwp agent.
01-23 17:31:24.838 30916 30916 W System.err: java.lang.ClassNotFoundException:
mbmodsd.mbmodsw.ui.views.btn.BtnBK
01-23 17:31:24.840 30916 30916 W System.err: at
java.lang.Runtime.nativeLoad(Native Method)
01-23 17:31:24.840 30916 30916 W System.err: at
java.lang.Runtime.nativeLoad(Runtime.java:1131)
01-23 17:31:24.840 30916 30916 W System.err: at
java.lang.Runtime.loadLibrary0(Runtime.java:1085)
01-23 17:31:24.841 30916 30916 W System.err: at
java.lang.Runtime.loadLibrary0(Runtime.java:1008)
01-23 17:31:24.841 30916 30916 W System.err: at
java.lang.System.loadLibrary(System.java:1664)
01-23 17:31:24.841 30916 30916 W System.err: at arm.EpicVm.<clinit>(Unknown
Source:2)
01-23 17:31:24.841 30916 30916 W System.err: at
java.lang.Class.newInstance(Native Method)
01-23 17:31:24.841 30916 30916 W System.err: at
android.app.AppComponentFactory.instantiateApplication(AppComponentFactory.java:76)
01-23 17:31:24.841 30916 30916 W System.err: at
androidx.core.app.CoreComponentFactory.instantiateApplication(Unknown Source:0)
01-23 17:31:24.842 30916 30916 W System.err: at
android.app.Instrumentation.newApplication(Instrumentation.java:1164)
01-23 17:31:24.842 30916 30916 W System.err: at
android.app.LoadedApk.makeApplication(LoadedApk.java:1244)
01-23 17:31:24.842 30916 30916 W System.err: at
android.app.ActivityThread.handleBindApplication(ActivityThread.java:7012)
01-23 17:31:24.842 30916 30916 W System.err: at
android.app.ActivityThread.access$1500(ActivityThread.java:263)
01-23 17:31:24.842 30916 30916 W System.err: at
android.app.ActivityThread$H.handleMessage(ActivityThread.java:2032)
01-23 17:31:24.842 30916 30916 W System.err: at
android.os.Handler.dispatchMessage(Handler.java:106)
01-23 17:31:24.842 30916 30916 W System.err: at
android.os.Looper.loop(Looper.java:268)
01-23 17:31:24.842 30916 30916 W System.err: at
android.app.ActivityThread.main(ActivityThread.java:8016)
01-23 17:31:24.842 30916 30916 W System.err: at
java.lang.reflect.Method.invoke(Native Method)
01-23 17:31:24.842 30916 30916 W System.err: at
com.android.internal.os.RuntimeInit$MethodAndArgsCaller.run(RuntimeInit.java:627)
01-23 17:31:24.842 30916 30916 W System.err: at
com.android.internal.os.ZygoteInit.main(ZygoteInit.java:997)
01-23 17:31:24.862 30916 30916 E libc : Access denied finding property
"ro.vendor.pref_scale_resolution"
01-23 17:31:24.882 30916 30916 E CustomActivityOnCrash: IMPORTANT WARNING! You
already have an UncaughtExceptionHandler, are you sure this is correct? If you use
a custom UncaughtExceptionHandler, you must initialize it AFTER
CustomActivityOnCrash! Installing anyway, but your original handler will not be
called.
01-23 17:31:24.940 30916 30938 W AsyncDrawableCache: can not found res: 2131233001,
maybe dynamic res id.
01-23 17:31:25.327 30916 30916 W com.mbwhatsapp: Accessing hidden method
Lcom/android/org/conscrypt/OpenSSLSocketImpl;->setUseSessionTickets(Z)V (greylist-
max-q,test-api, reflection, denied)
01-23 17:31:25.327 30916 30916 W com.mbwhatsapp: Accessing hidden method
Lcom/android/org/conscrypt/AbstractConscryptSocket;->setUseSessionTickets(Z)V
(greylist-max-q, reflection, denied)
01-23 17:31:25.390 30916 30916 W linker : Warning:
"/data/data/com.mbwhatsapp/files/decompressed/libs.spk.zst/libc++_shared.so" unused
DT entry: unknown processor-specific (type 0x70000001 arg 0x0) (ignoring)
01-23 17:31:25.600 30916 30969 W com.mbwhatsapp: Class X.2rL failed lock
verification and will run slower.
01-23 17:31:25.600 30916 30969 W com.mbwhatsapp: Common causes for lock
verification issues are non-optimized dex code
01-23 17:31:25.600 30916 30969 W com.mbwhatsapp: and incorrect proguard
optimizations.
01-23 17:31:26.073 30916 30991 W System : ClassLoader referenced unknown path:
system/framework/mediatek-cta.jar
01-23 17:31:26.074 30916 30993 W System : ClassLoader referenced unknown path:
system/framework/mediatek-cta.jar
01-23 17:31:26.899 30916 31023 E ion : ioctl c0044901 failed with code -1:
Invalid argument
01-23 17:31:26.908 30916 31023 E libc : Access denied finding property
"vendor.debug.drm.logv"
01-23 17:31:26.908 30916 31023 E libc : Access denied finding property
"vendor.debug.drm.logv"
01-23 17:31:26.909 30916 31023 E libc : Access denied finding property
"vendor.debug.drm.logd"
01-23 17:31:26.909 30916 31023 E libc : Access denied finding property
"vendor.debug.drm.logv"
--------- beginning of main
01-23 18:19:19.241 10207 10207 E com.mbwhatsapp: Not starting debugger since
process cannot load the jdwp agent.
01-23 18:19:19.618 10207 10207 W System.err: java.lang.ClassNotFoundException:
mbmodsd.mbmodsw.ui.views.btn.BtnBK
01-23 18:19:19.619 10207 10207 W System.err: at
java.lang.Runtime.nativeLoad(Native Method)
01-23 18:19:19.619 10207 10207 W System.err: at
java.lang.Runtime.nativeLoad(Runtime.java:1131)
01-23 18:19:19.619 10207 10207 W System.err: at
java.lang.Runtime.loadLibrary0(Runtime.java:1085)
01-23 18:19:19.619 10207 10207 W System.err: at
java.lang.Runtime.loadLibrary0(Runtime.java:1008)
01-23 18:19:19.619 10207 10207 W System.err: at
java.lang.System.loadLibrary(System.java:1664)
01-23 18:19:19.620 10207 10207 W System.err: at arm.EpicVm.<clinit>(Unknown
Source:2)
01-23 18:19:19.620 10207 10207 W System.err: at
java.lang.Class.newInstance(Native Method)
01-23 18:19:19.620 10207 10207 W System.err: at
android.app.AppComponentFactory.instantiateApplication(AppComponentFactory.java:76)
01-23 18:19:19.620 10207 10207 W System.err: at
androidx.core.app.CoreComponentFactory.instantiateApplication(Unknown Source:0)
01-23 18:19:19.620 10207 10207 W System.err: at
android.app.Instrumentation.newApplication(Instrumentation.java:1164)
01-23 18:19:19.620 10207 10207 W System.err: at
android.app.LoadedApk.makeApplication(LoadedApk.java:1244)
01-23 18:19:19.620 10207 10207 W System.err: at
android.app.ActivityThread.handleBindApplication(ActivityThread.java:7012)
01-23 18:19:19.620 10207 10207 W System.err: at
android.app.ActivityThread.access$1500(ActivityThread.java:263)
01-23 18:19:19.620 10207 10207 W System.err: at
android.app.ActivityThread$H.handleMessage(ActivityThread.java:2032)
01-23 18:19:19.620 10207 10207 W System.err: at
android.os.Handler.dispatchMessage(Handler.java:106)
01-23 18:19:19.621 10207 10207 W System.err: at
android.os.Looper.loop(Looper.java:268)
01-23 18:19:19.621 10207 10207 W System.err: at
android.app.ActivityThread.main(ActivityThread.java:8016)
01-23 18:19:19.621 10207 10207 W System.err: at
java.lang.reflect.Method.invoke(Native Method)
01-23 18:19:19.621 10207 10207 W System.err: at
com.android.internal.os.RuntimeInit$MethodAndArgsCaller.run(RuntimeInit.java:627)
01-23 18:19:19.621 10207 10207 W System.err: at
com.android.internal.os.ZygoteInit.main(ZygoteInit.java:997)
01-23 18:19:19.682 10207 10207 E libc : Access denied finding property
"ro.vendor.pref_scale_resolution"
01-23 18:19:19.711 10207 10207 E CustomActivityOnCrash: IMPORTANT WARNING! You
already have an UncaughtExceptionHandler, are you sure this is correct? If you use
a custom UncaughtExceptionHandler, you must initialize it AFTER
CustomActivityOnCrash! Installing anyway, but your original handler will not be
called.
01-23 18:19:19.859 10207 10236 W AsyncDrawableCache: can not found res: 2131233001,
maybe dynamic res id.
01-23 18:19:20.301 10207 10207 W com.mbwhatsapp: Accessing hidden method
Lcom/android/org/conscrypt/OpenSSLSocketImpl;->setUseSessionTickets(Z)V (greylist-
max-q,test-api, reflection, denied)
01-23 18:19:20.301 10207 10207 W com.mbwhatsapp: Accessing hidden method
Lcom/android/org/conscrypt/AbstractConscryptSocket;->setUseSessionTickets(Z)V
(greylist-max-q, reflection, denied)
01-23 18:19:20.364 10207 10207 W linker : Warning:
"/data/data/com.mbwhatsapp/files/decompressed/libs.spk.zst/libc++_shared.so" unused
DT entry: unknown processor-specific (type 0x70000001 arg 0x0) (ignoring)
01-23 18:19:20.550 10207 10277 W com.mbwhatsapp: Class X.2rL failed lock
verification and will run slower.
01-23 18:19:20.550 10207 10277 W com.mbwhatsapp: Common causes for lock
verification issues are non-optimized dex code
01-23 18:19:20.550 10207 10277 W com.mbwhatsapp: and incorrect proguard
optimizations.
01-23 18:19:20.926 10207 10207 W com.mbwhatsapp: Class X.0eU failed lock
verification and will run slower.
--------- beginning of system
01-23 18:19:21.184 10207 10303 W System : ClassLoader referenced unknown path:
system/framework/mediatek-cta.jar
01-23 18:19:21.230 10207 10207 W com.mbwhatsapp: Class com.mbwhatsapp.HomeActivity
failed lock verification and will run slower.
01-23 18:19:21.520 10207 10284 W System : ClassLoader referenced unknown path:
system/framework/mediatek-cta.jar
01-23 18:19:21.756 10207 10207 E ion : ioctl c0044901 failed with code -1:
Invalid argument
01-23 18:19:21.842 10207 10207 E ArmVmp : Match on catch block at 0x0a in for 0xc1
01-23 18:19:21.881 10207 10207 E ArmVmp : Match on catch block at 0x0a in for
0x139
01-23 18:19:21.930 10207 10329 W com.mbwhatsapp: Accessing hidden method
Lcom/android/org/conscrypt/ConscryptEngineSocket;->setUseSessionTickets(Z)V
(greylist-max-q,test-api, reflection, denied)
01-23 18:19:21.931 10207 10329 W com.mbwhatsapp: Accessing hidden method
Lcom/android/org/conscrypt/OpenSSLSocketImpl;->setUseSessionTickets(Z)V (greylist-
max-q,test-api, reflection, denied)
01-23 18:19:21.931 10207 10329 W com.mbwhatsapp: Accessing hidden method
Lcom/android/org/conscrypt/AbstractConscryptSocket;->setUseSessionTickets(Z)V
(greylist-max-q, reflection, denied)
01-23 18:19:21.932 10207 10329 W com.mbwhatsapp: Accessing hidden method
Lcom/android/org/conscrypt/ConscryptEngineSocket;->setHostname(Ljava/lang/String;)V
(greylist-max-q,test-api, reflection, denied)
01-23 18:19:21.933 10207 10329 W com.mbwhatsapp: Accessing hidden method
Lcom/android/org/conscrypt/OpenSSLSocketImpl;->setHostname(Ljava/lang/String;)V
(greylist-max-q,test-api, reflection, denied)
01-23 18:19:21.933 10207 10329 W com.mbwhatsapp: Accessing hidden method
Lcom/android/org/conscrypt/AbstractConscryptSocket;->setHostname(Ljava/lang/
String;)V (greylist-max-q, reflection, denied)
01-23 18:19:21.934 10207 10329 W com.mbwhatsapp: Accessing hidden method
Lcom/android/org/conscrypt/OpenSSLSocketImpl;->setAlpnProtocols([B)V (greylist-max-
q,test-api, reflection, denied)
01-23 18:19:21.941 10207 10329 W com.mbwhatsapp: Accessing hidden method
Lcom/android/org/conscrypt/AbstractConscryptSocket;->setAlpnProtocols([B)V
(greylist-max-q, reflection, denied)
01-23 18:19:22.007 10207 10328 E libc : Access denied finding property
"vendor.debug.drm.logv"
01-23 18:19:22.008 10207 10328 E libc : Access denied finding property
"vendor.debug.drm.logv"
01-23 18:19:22.009 10207 10328 E libc : Access denied finding property
"vendor.debug.drm.logd"
01-23 18:19:22.009 10207 10328 E libc : Access denied finding property
"vendor.debug.drm.logv"
01-23 18:19:22.069 10207 10329 W com.mbwhatsapp: Accessing hidden method
Lcom/android/org/conscrypt/OpenSSLSocketImpl;->getAlpnSelectedProtocol()[B
(greylist-max-q,test-api, reflection, denied)
01-23 18:19:22.069 10207 10329 W com.mbwhatsapp: Accessing hidden method
Lcom/android/org/conscrypt/AbstractConscryptSocket;->getAlpnSelectedProtocol()[B
(greylist-max-q, reflection, denied)
01-23 18:19:22.100 10207 10292 E SQLiteDatabase: Error inserting dirty_version=-1
version=0 lt_hash=null collection_name=critical_block
01-23 18:19:22.100 10207 10292 E SQLiteDatabase:
android.database.sqlite.SQLiteConstraintException: UNIQUE constraint failed:
collection_versions.collection_name (code 1555 SQLITE_CONSTRAINT_PRIMARYKEY)
01-23 18:19:22.100 10207 10292 E SQLiteDatabase: at
android.database.sqlite.SQLiteConnection.nativeExecuteForLastInsertedRowId(Native
Method)
01-23 18:19:22.100 10207 10292 E SQLiteDatabase: at
android.database.sqlite.SQLiteConnection.executeForLastInsertedRowId(SQLiteConnecti
on.java:938)
01-23 18:19:22.100 10207 10292 E SQLiteDatabase: at
android.database.sqlite.SQLiteSession.executeForLastInsertedRowId(SQLiteSession.jav
a:790)
01-23 18:19:22.100 10207 10292 E SQLiteDatabase: at
android.database.sqlite.SQLiteStatement.executeInsert(SQLiteStatement.java:88)
01-23 18:19:22.100 10207 10292 E SQLiteDatabase: at
android.database.sqlite.SQLiteDatabase.insertWithOnConflict(SQLiteDatabase.java:172
0)
01-23 18:19:22.100 10207 10292 E SQLiteDatabase: at
android.database.sqlite.SQLiteDatabase.insert(SQLiteDatabase.java:1589)
01-23 18:19:22.100 10207 10292 E SQLiteDatabase: at X.2tm.A08(Unknown
Source:6)
01-23 18:19:22.100 10207 10292 E SQLiteDatabase: at X.2sR.A03(Unknown
Source:39)
01-23 18:19:22.100 10207 10292 E SQLiteDatabase: at X.2sR.A05(Unknown
Source:14)
01-23 18:19:22.100 10207 10292 E SQLiteDatabase: at X.3eA.run(Unknown
Source:2101)
01-23 18:19:22.100 10207 10292 E SQLiteDatabase: at
java.util.concurrent.ThreadPoolExecutor.runWorker(ThreadPoolExecutor.java:1167)
01-23 18:19:22.100 10207 10292 E SQLiteDatabase: at
java.util.concurrent.ThreadPoolExecutor$Worker.run(ThreadPoolExecutor.java:641)
01-23 18:19:22.100 10207 10292 E SQLiteDatabase: at X.3gH.run(Unknown
Source:1548)
01-23 18:19:22.100 10207 10292 E SQLiteDatabase: at
java.lang.Thread.run(Thread.java:923)
01-23 18:19:24.413 10207 10207 E RecyclerView: No adapter attached; skipping layout
01-23 18:19:24.501 10207 10304 E ion : ioctl c0044901 failed with code -1:
Invalid argument
01-23 18:19:24.859 10207 10242 W LibraryVersion: Failed to get app version for
libraryName: firebase-iid
01-23 18:19:25.031 10207 10207 E RecyclerView: No adapter attached; skipping layout
01-23 18:19:25.106 10207 10207 E ArmVmp : Match on catch block at 0x0a in for 0xd5
01-23 18:19:25.339 10207 10496 W LOTTIE : Animation contains merge paths. Merge
paths are only supported on KitKat+ and must be manually enabled by calling
enableMergePathsForKitKatAndAbove().
01-23 18:19:25.871 10207 10207 W LOTTIE : Animation contains merge paths but they
are disabled.
01-23 18:19:27.849 10207 10207 E ArmVmp : Match on catch block at 0x5b in for 0x85
01-23 18:19:29.480 10207 10207 W com.mbwhatsapp: Verification of void
X.5pH.A1Z(android.os.Bundle) took 129.922ms (77992.76 bytecodes/s) (247944B
approximate peak alloc)
01-23 18:19:30.088 10207 10207 E ArmVmp : Match on catch block at 0x0a in for 0xc1
01-23 18:19:30.097 10207 10207 E ArmVmp : Match on catch block at 0x0a in for 0xc1
01-23 18:19:30.523 10207 10207 E ArmVmp : Match on catch block at 0xc3 in for 0xb1
01-23 18:19:30.543 10207 10207 E ArmVmp : Match on catch block at 0xc3 in for 0xb9
01-23 18:19:30.547 10207 10207 E ArmVmp : Match on catch block at 0xc3 in for 0xb9
01-23 18:19:30.668 10207 10207 E ArmVmp : Match on catch block at 0xc3 in for 0xa9
01-23 18:19:30.672 10207 10207 E ArmVmp : Match on catch block at 0xc3 in for 0xa5
01-23 18:19:30.675 10207 10207 E ArmVmp : Match on catch block at 0xc3 in for 0xa5
01-23 18:19:30.810 10207 10207 E ArmVmp : Match on catch block at 0xc3 in for 0xa1
01-23 18:19:30.814 10207 10207 E ArmVmp : Match on catch block at 0xc3 in for 0xa5
01-23 18:19:30.817 10207 10207 E ArmVmp : Match on catch block at 0xc3 in for 0xa5
01-23 18:19:30.960 10207 10207 E ArmVmp : Match on catch block at 0xc3 in for 0xa5
01-23 18:19:30.965 10207 10207 E ArmVmp : Match on catch block at 0xc3 in for 0xa9
01-23 18:19:30.968 10207 10207 E ArmVmp : Match on catch block at 0xc3 in for 0xa9
01-23 18:19:31.045 10207 10207 E ArmVmp : Match on catch block at 0xc3 in for 0xa9
01-23 18:19:31.049 10207 10207 E ArmVmp : Match on catch block at 0xc3 in for 0xa1
01-23 18:19:31.052 10207 10207 E ArmVmp : Match on catch block at 0xc3 in for 0xa1
01-23 18:19:31.072 10207 10207 E ArmVmp : Match on catch block at 0xc3 in for 0xa5
01-23 18:19:31.076 10207 10207 E ArmVmp : Match on catch block at 0xc3 in for 0xa9
01-23 18:19:31.078 10207 10207 E ArmVmp : Match on catch block at 0xc3 in for 0xa9
01-23 18:19:31.087 10207 10207 E ArmVmp : Match on catch block at 0xc3 in for 0xa5
01-23 18:19:31.092 10207 10207 E ArmVmp : Match on catch block at 0xc3 in for 0xa9
01-23 18:19:31.095 10207 10207 E ArmVmp : Match on catch block at 0xc3 in for 0xa9
01-23 18:19:31.112 10207 10207 E ArmVmp : Match on catch block at 0xc3 in for 0xa9
01-23 18:19:31.116 10207 10207 E ArmVmp : Match on catch block at 0xc3 in for 0xa1
01-23 18:19:31.119 10207 10207 E ArmVmp : Match on catch block at 0xc3 in for 0xa1
01-23 18:19:31.124 10207 10207 E ArmVmp : Match on catch block at 0xc3 in for 0xa5
01-23 18:19:31.129 10207 10207 E ArmVmp : Match on catch block at 0xc3 in for 0xa9
01-23 18:19:31.132 10207 10207 E ArmVmp : Match on catch block at 0xc3 in for 0xa9
01-23 18:19:31.150 10207 10207 E ArmVmp : Match on catch block at 0xc3 in for 0xa1
01-23 18:19:31.154 10207 10207 E ArmVmp : Match on catch block at 0xc3 in for 0xa5
01-23 18:19:31.156 10207 10207 E ArmVmp : Match on catch block at 0xc3 in for 0xa5
01-23 18:19:31.167 10207 10207 E ArmVmp : Match on catch block at 0xc3 in for 0xa9
01-23 18:19:31.171 10207 10207 E ArmVmp : Match on catch block at 0xc3 in for 0xa1
01-23 18:19:31.173 10207 10207 E ArmVmp : Match on catch block at 0xc3 in for 0xa1
01-23 18:19:31.183 10207 10207 E ArmVmp : Match on catch block at 0xc3 in for 0xa5
01-23 18:19:31.188 10207 10207 E ArmVmp : Match on catch block at 0xc3 in for 0xa9
01-23 18:19:31.190 10207 10207 E ArmVmp : Match on catch block at 0xc3 in for 0xa9
01-23 18:19:31.200 10207 10207 E ArmVmp : Match on catch block at 0xc3 in for 0xa1
01-23 18:19:31.204 10207 10207 E ArmVmp : Match on catch block at 0xc3 in for 0xa5
01-23 18:19:31.207 10207 10207 E ArmVmp : Match on catch block at 0xc3 in for 0xa5
01-23 18:19:31.217 10207 10207 E ArmVmp : Match on catch block at 0xc3 in for 0xa9
01-23 18:19:31.221 10207 10207 E ArmVmp : Match on catch block at 0xc3 in for 0xa1
01-23 18:19:31.223 10207 10207 E ArmVmp : Match on catch block at 0xc3 in for 0xa1
01-23 18:19:31.233 10207 10207 E ArmVmp : Match on catch block at 0xc3 in for 0xa9
01-23 18:19:31.237 10207 10207 E ArmVmp : Match on catch block at 0xc3 in for 0xa1
01-23 18:19:31.240 10207 10207 E ArmVmp : Match on catch block at 0xc3 in for 0xa1
01-23 18:19:31.250 10207 10207 E ArmVmp : Match on catch block at 0xc3 in for 0xa1
01-23 18:19:31.255 10207 10207 E ArmVmp : Match on catch block at 0xc3 in for 0xa5
01-23 18:19:31.258 10207 10207 E ArmVmp : Match on catch block at 0xc3 in for 0xa5
01-23 18:19:31.267 10207 10207 E ArmVmp : Match on catch block at 0xc3 in for 0xa9
01-23 18:19:31.270 10207 10207 E ArmVmp : Match on catch block at 0xc3 in for 0xa1
01-23 18:19:31.273 10207 10207 E ArmVmp : Match on catch block at 0xc3 in for 0xa1
01-23 18:19:31.283 10207 10207 E ArmVmp : Match on catch block at 0xc3 in for 0xa5
01-23 18:19:31.287 10207 10207 E ArmVmp : Match on catch block at 0xc3 in for 0xa9
01-23 18:19:31.289 10207 10207 E ArmVmp : Match on catch block at 0xc3 in for 0xa9
01-23 18:19:31.300 10207 10207 E ArmVmp : Match on catch block at 0xc3 in for 0xa1
01-23 18:19:31.304 10207 10207 E ArmVmp : Match on catch block at 0xc3 in for 0xa5
01-23 18:19:31.306 10207 10207 E ArmVmp : Match on catch block at 0xc3 in for 0xa5
01-23 18:19:31.317 10207 10207 E ArmVmp : Match on catch block at 0xc3 in for 0xa9
01-23 18:19:31.320 10207 10207 E ArmVmp : Match on catch block at 0xc3 in for 0xa1
01-23 18:19:31.323 10207 10207 E ArmVmp : Match on catch block at 0xc3 in for 0xa1
01-23 18:19:31.333 10207 10207 E ArmVmp : Match on catch block at 0xc3 in for 0xa5
01-23 18:19:31.337 10207 10207 E ArmVmp : Match on catch block at 0xc3 in for 0xa9
01-23 18:19:31.340 10207 10207 E ArmVmp : Match on catch block at 0xc3 in for 0xa9
01-23 18:19:31.350 10207 10207 E ArmVmp : Match on catch block at 0xc3 in for 0xa1
01-23 18:19:31.354 10207 10207 E ArmVmp : Match on catch block at 0xc3 in for 0xa5
01-23 18:19:31.356 10207 10207 E ArmVmp : Match on catch block at 0xc3 in for 0xa5
01-23 18:19:31.802 10207 10207 E ArmVmp : Match on catch block at 0xc3 in for 0xa9
01-23 18:19:31.808 10207 10207 E ArmVmp : Match on catch block at 0xc3 in for 0xa1
01-23 18:19:31.812 10207 10207 E ArmVmp : Match on catch block at 0xc3 in for 0xa1
01-23 18:19:32.302 10207 10207 E ArmVmp : Match on catch block at 0xc3 in for 0xa5
01-23 18:19:32.308 10207 10207 E ArmVmp : Match on catch block at 0xc3 in for 0xa9
01-23 18:19:32.312 10207 10207 E ArmVmp : Match on catch block at 0xc3 in for 0xa9
01-23 18:19:32.636 10207 10207 E ArmVmp : Match on catch block at 0xc3 in for 0xa1
01-23 18:19:32.644 10207 10207 E ArmVmp : Match on catch block at 0xc3 in for 0xa5
01-23 18:19:32.648 10207 10207 E ArmVmp : Match on catch block at 0xc3 in for 0xa5
01-23 18:19:32.655 10207 10207 E ArmVmp : Match on catch block at 0xc3 in for 0xa9
01-23 18:19:32.661 10207 10207 E ArmVmp : Match on catch block at 0xc3 in for 0xa1
01-23 18:19:32.667 10207 10207 E ArmVmp : Match on catch block at 0xc3 in for 0xa1
01-23 18:19:32.675 10207 10207 E ArmVmp : Match on catch block at 0xc3 in for 0xa5
01-23 18:19:32.682 10207 10207 E ArmVmp : Match on catch block at 0xc3 in for 0xa9
01-23 18:19:32.685 10207 10207 E ArmVmp : Match on catch block at 0xc3 in for 0xa9
01-23 18:19:32.692 10207 10207 E ArmVmp : Match on catch block at 0xc3 in for 0xa1
01-23 18:19:32.698 10207 10207 E ArmVmp : Match on catch block at 0xc3 in for 0xa5
01-23 18:19:32.701 10207 10207 E ArmVmp : Match on catch block at 0xc3 in for 0xa5
01-23 18:19:32.709 10207 10207 E ArmVmp : Match on catch block at 0xc3 in for 0xa9
01-23 18:19:32.713 10207 10207 E ArmVmp : Match on catch block at 0xc3 in for 0xa1
01-23 18:19:32.716 10207 10207 E ArmVmp : Match on catch block at 0xc3 in for 0xa1
01-23 18:19:32.723 10207 10207 E ArmVmp : Match on catch block at 0xc3 in for 0xa5
01-23 18:19:32.728 10207 10207 E ArmVmp : Match on catch block at 0xc3 in for 0xa9
01-23 18:19:32.731 10207 10207 E ArmVmp : Match on catch block at 0xc3 in for 0xa9
01-23 18:19:32.739 10207 10207 E ArmVmp : Match on catch block at 0xc3 in for 0xa1
01-23 18:19:32.743 10207 10207 E ArmVmp : Match on catch block at 0xc3 in for 0xa5
01-23 18:19:32.746 10207 10207 E ArmVmp : Match on catch block at 0xc3 in for 0xa5
01-23 18:19:32.754 10207 10207 E ArmVmp : Match on catch block at 0xc3 in for 0xa9
01-23 18:19:32.759 10207 10207 E ArmVmp : Match on catch block at 0xc3 in for 0xa1
01-23 18:19:32.763 10207 10207 E ArmVmp : Match on catch block at 0xc3 in for 0xa1
01-23 18:19:32.771 10207 10207 E ArmVmp : Match on catch block at 0xc3 in for 0xa5
01-23 18:19:32.777 10207 10207 E ArmVmp : Match on catch block at 0xc3 in for 0xa9
01-23 18:19:32.780 10207 10207 E ArmVmp : Match on catch block at 0xc3 in for 0xa9
01-23 18:19:32.787 10207 10207 E ArmVmp : Match on catch block at 0xc3 in for 0xa1
01-23 18:19:32.792 10207 10207 E ArmVmp : Match on catch block at 0xc3 in for 0xa5
01-23 18:19:32.796 10207 10207 E ArmVmp : Match on catch block at 0xc3 in for 0xa5
01-23 18:19:32.804 10207 10207 E ArmVmp : Match on catch block at 0xc3 in for 0xa9
01-23 18:19:32.809 10207 10207 E ArmVmp : Match on catch block at 0xc3 in for 0xa1
01-23 18:19:32.813 10207 10207 E ArmVmp : Match on catch block at 0xc3 in for 0xa1
01-23 18:19:32.820 10207 10207 E ArmVmp : Match on catch block at 0xc3 in for 0xa5
01-23 18:19:32.826 10207 10207 E ArmVmp : Match on catch block at 0xc3 in for 0xa9
01-23 18:19:32.828 10207 10207 E ArmVmp : Match on catch block at 0xc3 in for 0xa9
01-23 18:19:32.838 10207 10207 E ArmVmp : Match on catch block at 0xc3 in for 0xa1
01-23 18:19:32.844 10207 10207 E ArmVmp : Match on catch block at 0xc3 in for 0xa5
01-23 18:19:32.847 10207 10207 E ArmVmp : Match on catch block at 0xc3 in for 0xa5
01-23 18:19:32.855 10207 10207 E ArmVmp : Match on catch block at 0xc3 in for 0xa9
01-23 18:19:32.860 10207 10207 E ArmVmp : Match on catch block at 0xc3 in for 0xa1
01-23 18:19:32.863 10207 10207 E ArmVmp : Match on catch block at 0xc3 in for 0xa1
01-23 18:19:32.872 10207 10207 E ArmVmp : Match on catch block at 0xc3 in for 0xa5
01-23 18:19:32.877 10207 10207 E ArmVmp : Match on catch block at 0xc3 in for 0xa9
01-23 18:19:32.880 10207 10207 E ArmVmp : Match on catch block at 0xc3 in for 0xa9
01-23 18:19:32.889 10207 10207 E ArmVmp : Match on catch block at 0xc3 in for 0xa1
01-23 18:19:32.894 10207 10207 E ArmVmp : Match on catch block at 0xc3 in for 0xa5
01-23 18:19:32.897 10207 10207 E ArmVmp : Match on catch block at 0xc3 in for 0xa5
01-23 18:19:33.337 10207 10207 E ArmVmp : Match on catch block at 0xc3 in for 0xa5
01-23 18:19:33.343 10207 10207 E ArmVmp : Match on catch block at 0xc3 in for 0xa9
01-23 18:19:33.349 10207 10207 E ArmVmp : Match on catch block at 0xc3 in for 0xa9
01-23 18:19:33.836 10207 10207 E ArmVmp : Match on catch block at 0xc3 in for 0xa9
01-23 18:19:33.841 10207 10207 E ArmVmp : Match on catch block at 0xc3 in for 0xa1
01-23 18:19:33.845 10207 10207 E ArmVmp : Match on catch block at 0xc3 in for 0xa1
01-23 18:19:34.338 10207 10207 E ArmVmp : Match on catch block at 0xc3 in for 0xa5
01-23 18:19:34.344 10207 10207 E ArmVmp : Match on catch block at 0xc3 in for 0xa9
01-23 18:19:34.348 10207 10207 E ArmVmp : Match on catch block at 0xc3 in for 0xa9
01-23 18:19:34.837 10207 10207 E ArmVmp : Match on catch block at 0xc3 in for 0xa1
01-23 18:19:34.840 10207 10207 E ArmVmp : Match on catch block at 0xc3 in for 0xa5
01-23 18:19:34.842 10207 10207 E ArmVmp : Match on catch block at 0xc3 in for 0xa5
01-23 18:19:35.164 10207 10207 E ArmVmp : Match on catch block at 0xc3 in for 0xa1
01-23 18:19:35.169 10207 10207 E ArmVmp : Match on catch block at 0xc3 in for 0xa5
01-23 18:19:35.174 10207 10207 E ArmVmp : Match on catch block at 0xc3 in for 0xa5
01-23 18:19:35.184 10207 10207 E ArmVmp : Match on catch block at 0xc3 in for 0xa9
01-23 18:19:35.189 10207 10207 E ArmVmp : Match on catch block at 0xc3 in for 0xa1
01-23 18:19:35.193 10207 10207 E ArmVmp : Match on catch block at 0xc3 in for 0xa1
01-23 18:19:35.339 10207 10207 E ArmVmp : Match on catch block at 0xc3 in for 0xa5
01-23 18:19:35.346 10207 10207 E ArmVmp : Match on catch block at 0xc3 in for 0xa9
01-23 18:19:35.350 10207 10207 E ArmVmp : Match on catch block at 0xc3 in for 0xa9
01-23 18:19:35.837 10207 10207 E ArmVmp : Match on catch block at 0xc3 in for 0xa1
01-23 18:19:35.841 10207 10207 E ArmVmp : Match on catch block at 0xc3 in for 0xa5
01-23 18:19:35.845 10207 10207 E ArmVmp : Match on catch block at 0xc3 in for 0xa5
01-23 18:19:36.337 10207 10207 E ArmVmp : Match on catch block at 0xc3 in for 0xa9
01-23 18:19:36.343 10207 10207 E ArmVmp : Match on catch block at 0xc3 in for 0xa1
01-23 18:19:36.345 10207 10207 E ArmVmp : Match on catch block at 0xc3 in for 0xa1
01-23 18:19:36.755 10207 10207 E ArmVmp : Match on catch block at 0xc3 in for 0xa5
01-23 18:19:36.759 10207 10207 E ArmVmp : Match on catch block at 0xc3 in for 0xa9
01-23 18:19:36.762 10207 10207 E ArmVmp : Match on catch block at 0xc3 in for 0xa9
01-23 18:19:36.771 10207 10207 E ArmVmp : Match on catch block at 0xc3 in for 0xa1
01-23 18:19:36.776 10207 10207 E ArmVmp : Match on catch block at 0xc3 in for 0xa5
01-23 18:19:36.779 10207 10207 E ArmVmp : Match on catch block at 0xc3 in for 0xa5
01-23 18:19:36.788 10207 10207 E ArmVmp : Match on catch block at 0xc3 in for 0xa9
01-23 18:19:36.794 10207 10207 E ArmVmp : Match on catch block at 0xc3 in for 0xa1
01-23 18:19:36.799 10207 10207 E ArmVmp : Match on catch block at 0xc3 in for 0xa1
01-23 18:19:36.807 10207 10207 E ArmVmp : Match on catch block at 0xc3 in for 0xa5
01-23 18:19:36.812 10207 10207 E ArmVmp : Match on catch block at 0xc3 in for 0xa9
01-23 18:19:36.817 10207 10207 E ArmVmp : Match on catch block at 0xc3 in for 0xa9
01-23 18:19:36.824 10207 10207 E ArmVmp : Match on catch block at 0xc3 in for 0xa1
01-23 18:19:36.830 10207 10207 E ArmVmp : Match on catch block at 0xc3 in for 0xa5
01-23 18:19:36.834 10207 10207 E ArmVmp : Match on catch block at 0xc3 in for 0xa5
01-23 18:19:36.840 10207 10207 E ArmVmp : Match on catch block at 0xc3 in for 0xa9
01-23 18:19:36.847 10207 10207 E ArmVmp : Match on catch block at 0xc3 in for 0xa1
01-23 18:19:36.851 10207 10207 E ArmVmp : Match on catch block at 0xc3 in for 0xa1
01-23 18:19:36.859 10207 10207 E ArmVmp : Match on catch block at 0xc3 in for 0xa5
01-23 18:19:36.864 10207 10207 E ArmVmp : Match on catch block at 0xc3 in for 0xa9
01-23 18:19:36.868 10207 10207 E ArmVmp : Match on catch block at 0xc3 in for 0xa9
01-23 18:19:36.875 10207 10207 E ArmVmp : Match on catch block at 0xc3 in for 0xa1
01-23 18:19:36.880 10207 10207 E ArmVmp : Match on catch block at 0xc3 in for 0xa5
01-23 18:19:36.883 10207 10207 E ArmVmp : Match on catch block at 0xc3 in for 0xa5
01-23 18:19:36.890 10207 10207 E ArmVmp : Match on catch block at 0xc3 in for 0xa9
01-23 18:19:36.896 10207 10207 E ArmVmp : Match on catch block at 0xc3 in for 0xa1
01-23 18:19:36.899 10207 10207 E ArmVmp : Match on catch block at 0xc3 in for 0xa1
01-23 18:19:36.908 10207 10207 E ArmVmp : Match on catch block at 0xc3 in for 0xa5
01-23 18:19:36.913 10207 10207 E ArmVmp : Match on catch block at 0xc3 in for 0xa9
01-23 18:19:36.916 10207 10207 E ArmVmp : Match on catch block at 0xc3 in for 0xa9
01-23 18:19:36.923 10207 10207 E ArmVmp : Match on catch block at 0xc3 in for 0xa1
01-23 18:19:36.930 10207 10207 E ArmVmp : Match on catch block at 0xc3 in for 0xa5
01-23 18:19:36.934 10207 10207 E ArmVmp : Match on catch block at 0xc3 in for 0xa5
01-23 18:19:36.946 10207 10207 E ArmVmp : Match on catch block at 0xc3 in for 0xa9
01-23 18:19:36.952 10207 10207 E ArmVmp : Match on catch block at 0xc3 in for 0xa1
01-23 18:19:36.958 10207 10207 E ArmVmp : Match on catch block at 0xc3 in for 0xa1
01-23 18:19:36.971 10207 10207 E ArmVmp : Match on catch block at 0xc3 in for 0xa5
01-23 18:19:36.977 10207 10207 E ArmVmp : Match on catch block at 0xc3 in for 0xa9
01-23 18:19:36.980 10207 10207 E ArmVmp : Match on catch block at 0xc3 in for 0xa9
01-23 18:19:36.988 10207 10207 E ArmVmp : Match on catch block at 0xc3 in for 0xa1
01-23 18:19:36.994 10207 10207 E ArmVmp : Match on catch block at 0xc3 in for 0xa5
01-23 18:19:36.997 10207 10207 E ArmVmp : Match on catch block at 0xc3 in for 0xa5
01-23 18:19:37.004 10207 10207 E ArmVmp : Match on catch block at 0xc3 in for 0xa9
01-23 18:19:37.010 10207 10207 E ArmVmp : Match on catch block at 0xc3 in for 0xa1
01-23 18:19:37.014 10207 10207 E ArmVmp : Match on catch block at 0xc3 in for 0xa1
01-23 18:19:37.021 10207 10207 E ArmVmp : Match on catch block at 0xc3 in for 0xa5
01-23 18:19:37.026 10207 10207 E ArmVmp : Match on catch block at 0xc3 in for 0xa9
01-23 18:19:37.029 10207 10207 E ArmVmp : Match on catch block at 0xc3 in for 0xa9
01-23 18:19:37.356 10207 10207 E ArmVmp : Match on catch block at 0xc3 in for 0xa1
01-23 18:19:37.362 10207 10207 E ArmVmp : Match on catch block at 0xc3 in for 0xa5
01-23 18:19:37.366 10207 10207 E ArmVmp : Match on catch block at 0xc3 in for 0xa5
01-23 18:19:37.594 10207 10207 E ArmVmp : Match on catch block at 0xc3 in for 0xa5
01-23 18:19:37.598 10207 10207 E ArmVmp : Match on catch block at 0xc3 in for 0xa9
01-23 18:19:37.600 10207 10207 E ArmVmp : Match on catch block at 0xc3 in for 0xa9
01-23 18:19:37.632 10207 10304 E FrameEvents: updateAcquireFence: Did not find
frame.
01-23 18:19:37.784 10207 10207 E ArmVmp : Match on catch block at 0xc3 in for 0xa9
01-23 18:19:37.790 10207 10207 E ArmVmp : Match on catch block at 0xc3 in for 0xa1
01-23 18:19:37.793 10207 10207 E ArmVmp : Match on catch block at 0xc3 in for 0xa1
01-23 18:19:37.830 10207 10207 E ArmVmp : Match on catch block at 0xc3 in for 0xa1
01-23 18:19:37.835 10207 10207 E ArmVmp : Match on catch block at 0xc3 in for 0xa5
01-23 18:19:37.837 10207 10207 E ArmVmp : Match on catch block at 0xc3 in for 0xa5
01-23 18:19:37.922 10207 10207 E ArmVmp : Match on catch block at 0xc3 in for 0xa1
01-23 18:19:37.926 10207 10207 E ArmVmp : Match on catch block at 0xc3 in for 0xa5
01-23 18:19:37.929 10207 10207 E ArmVmp : Match on catch block at 0xc3 in for 0xa5
01-23 18:19:38.002 10207 10207 E ArmVmp : Match on catch block at 0xc3 in for 0xa5
01-23 18:19:38.006 10207 10207 E ArmVmp : Match on catch block at 0xc3 in for 0xa9
01-23 18:19:38.009 10207 10207 E ArmVmp : Match on catch block at 0xc3 in for 0xa9
01-23 18:19:39.425 10207 10207 E ArmVmp : Match on catch block at 0xc3 in for 0xa1
01-23 18:19:39.432 10207 10207 E ArmVmp : Match on catch block at 0xc3 in for 0xa5
01-23 18:19:39.436 10207 10207 E ArmVmp : Match on catch block at 0xc3 in for 0xa5
01-23 18:19:39.445 10207 10207 E ArmVmp : Match on catch block at 0xc3 in for 0xa9
01-23 18:19:39.451 10207 10207 E ArmVmp : Match on catch block at 0xc3 in for 0xa1
01-23 18:19:39.456 10207 10207 E ArmVmp : Match on catch block at 0xc3 in for 0xa1
01-23 18:19:39.464 10207 10207 E ArmVmp : Match on catch block at 0xc3 in for 0xa5
01-23 18:19:39.469 10207 10207 E ArmVmp : Match on catch block at 0xc3 in for 0xa9
01-23 18:19:39.473 10207 10207 E ArmVmp : Match on catch block at 0xc3 in for 0xa9
01-23 18:19:39.482 10207 10207 E ArmVmp : Match on catch block at 0xc3 in for 0xa1
01-23 18:19:39.489 10207 10207 E ArmVmp : Match on catch block at 0xc3 in for 0xa5
01-23 18:19:39.492 10207 10207 E ArmVmp : Match on catch block at 0xc3 in for 0xa5
01-23 18:19:39.507 10207 10207 E ArmVmp : Match on catch block at 0xc3 in for 0xa9
01-23 18:19:39.511 10207 10207 E ArmVmp : Match on catch block at 0xc3 in for 0xa1
01-23 18:19:39.515 10207 10207 E ArmVmp : Match on catch block at 0xc3 in for 0xa1
01-23 18:19:39.523 10207 10207 E ArmVmp : Match on catch block at 0xc3 in for 0xa5
01-23 18:19:39.528 10207 10207 E ArmVmp : Match on catch block at 0xc3 in for 0xa9
01-23 18:19:39.531 10207 10207 E ArmVmp : Match on catch block at 0xc3 in for 0xa9
01-23 18:19:39.539 10207 10207 E ArmVmp : Match on catch block at 0xc3 in for 0xa1
01-23 18:19:39.544 10207 10207 E ArmVmp : Match on catch block at 0xc3 in for 0xa5
01-23 18:19:39.547 10207 10207 E ArmVmp : Match on catch block at 0xc3 in for 0xa5
01-23 18:19:39.556 10207 10207 E ArmVmp : Match on catch block at 0xc3 in for 0xa9
01-23 18:19:39.561 10207 10207 E ArmVmp : Match on catch block at 0xc3 in for 0xa1
01-23 18:19:39.564 10207 10207 E ArmVmp : Match on catch block at 0xc3 in for 0xa1
01-23 18:19:39.573 10207 10207 E ArmVmp : Match on catch block at 0xc3 in for 0xa5
01-23 18:19:39.579 10207 10207 E ArmVmp : Match on catch block at 0xc3 in for 0xa9
01-23 18:19:39.582 10207 10207 E ArmVmp : Match on catch block at 0xc3 in for 0xa9
01-23 18:19:39.589 10207 10207 E ArmVmp : Match on catch block at 0xc3 in for 0xa1
01-23 18:19:39.595 10207 10207 E ArmVmp : Match on catch block at 0xc3 in for 0xa5
01-23 18:19:39.598 10207 10207 E ArmVmp : Match on catch block at 0xc3 in for 0xa5
01-23 18:19:39.606 10207 10207 E ArmVmp : Match on catch block at 0xc3 in for 0xa9
01-23 18:19:39.612 10207 10207 E ArmVmp : Match on catch block at 0xc3 in for 0xa1
01-23 18:19:39.615 10207 10207 E ArmVmp : Match on catch block at 0xc3 in for 0xa1
01-23 18:19:39.623 10207 10207 E ArmVmp : Match on catch block at 0xc3 in for 0xa5
01-23 18:19:39.628 10207 10207 E ArmVmp : Match on catch block at 0xc3 in for 0xa9
01-23 18:19:39.632 10207 10207 E ArmVmp : Match on catch block at 0xc3 in for 0xa9
01-23 18:19:39.639 10207 10207 E ArmVmp : Match on catch block at 0xc3 in for 0xa1
01-23 18:19:39.644 10207 10207 E ArmVmp : Match on catch block at 0xc3 in for 0xa5
01-23 18:19:39.647 10207 10207 E ArmVmp : Match on catch block at 0xc3 in for 0xa5
01-23 18:19:39.656 10207 10207 E ArmVmp : Match on catch block at 0xc3 in for 0xa9
01-23 18:19:39.662 10207 10207 E ArmVmp : Match on catch block at 0xc3 in for 0xa1
01-23 18:19:39.666 10207 10207 E ArmVmp : Match on catch block at 0xc3 in for 0xa1
01-23 18:19:39.672 10207 10207 E ArmVmp : Match on catch block at 0xc3 in for 0xa5
01-23 18:19:39.678 10207 10207 E ArmVmp : Match on catch block at 0xc3 in for 0xa9
01-23 18:19:39.681 10207 10207 E ArmVmp : Match on catch block at 0xc3 in for 0xa9
01-23 18:19:39.919 10207 10207 E ArmVmp : Match on catch block at 0xc3 in for 0xa5
01-23 18:19:39.924 10207 10207 E ArmVmp : Match on catch block at 0xc3 in for 0xa9
01-23 18:19:39.940 10207 10207 E ArmVmp : Match on catch block at 0xc3 in for 0xa5
01-23 18:19:39.947 10207 10207 E ArmVmp : Match on catch block at 0xc3 in for 0xa9
01-23 18:19:39.997 10207 10207 E ArmVmp : Match on catch block at 0xc3 in for 0xa5
01-23 18:19:40.001 10207 10207 E ArmVmp : Match on catch block at 0xc3 in for 0xa9
01-23 18:19:40.046 10207 10207 E ArmVmp : Match on catch block at 0xc3 in for 0xa9
01-23 18:19:40.050 10207 10207 E ArmVmp : Match on catch block at 0xc3 in for 0xa1
01-23 18:19:40.057 10207 10304 E FrameEvents: updateAcquireFence: Did not find
frame.
01-23 18:19:40.066 10207 10207 E ArmVmp : Match on catch block at 0xc3 in for 0xa9
01-23 18:19:40.071 10207 10207 E ArmVmp : Match on catch block at 0xc3 in for 0xa1
01-23 18:19:40.094 10207 10207 E ArmVmp : Match on catch block at 0xc3 in for 0xa9
01-23 18:19:40.098 10207 10207 E ArmVmp : Match on catch block at 0xc3 in for 0xa1
01-23 18:19:40.373 10207 10207 E ArmVmp : Match on catch block at 0xc3 in for 0xa1
01-23 18:19:40.378 10207 10207 E ArmVmp : Match on catch block at 0xc3 in for 0xa5
01-23 18:19:40.398 10207 10207 E ArmVmp : Match on catch block at 0xc3 in for 0xa9
01-23 18:19:40.402 10207 10207 E ArmVmp : Match on catch block at 0xc3 in for 0xa1
01-23 18:19:40.423 10207 10207 E ArmVmp : Match on catch block at 0xc3 in for 0xa9
01-23 18:19:40.427 10207 10207 E ArmVmp : Match on catch block at 0xc3 in for 0xa1
01-23 18:19:40.599 10207 10207 E ArmVmp : Match on catch block at 0xc3 in for 0xa9
01-23 18:19:40.602 10207 10207 E ArmVmp : Match on catch block at 0xc3 in for 0xa1
01-23 18:19:40.642 10207 10207 E ArmVmp : Match on catch block at 0xc3 in for 0xa9
01-23 18:19:40.646 10207 10207 E ArmVmp : Match on catch block at 0xc3 in for 0xa1
01-23 18:19:40.656 10207 10207 E ArmVmp : Match on catch block at 0xc3 in for 0xa1
01-23 18:19:40.662 10207 10207 E ArmVmp : Match on catch block at 0xc3 in for 0xa5
01-23 18:19:41.028 10207 10207 E ArmVmp : Match on catch block at 0xc3 in for 0xa5
01-23 18:19:41.032 10207 10207 E ArmVmp : Match on catch block at 0xc3 in for 0xa9
01-23 18:19:41.053 10207 10207 E ArmVmp : Match on catch block at 0xc3 in for 0xa1
01-23 18:19:41.057 10207 10207 E ArmVmp : Match on catch block at 0xc3 in for 0xa5
01-23 18:19:41.065 10207 10207 E ArmVmp : Match on catch block at 0xc3 in for 0xa5
01-23 18:19:41.070 10207 10207 E ArmVmp : Match on catch block at 0xc3 in for 0xa9
01-23 18:19:41.077 10207 10207 E ArmVmp : Match on catch block at 0xc3 in for 0xa9
01-23 18:19:41.084 10207 10207 E ArmVmp : Match on catch block at 0xc3 in for 0xa1
01-23 18:19:41.094 10207 10207 E ArmVmp : Match on catch block at 0xc3 in for 0xa5
01-23 18:19:41.100 10207 10207 E ArmVmp : Match on catch block at 0xc3 in for 0xa9
01-23 18:19:41.103 10207 10207 E ArmVmp : Match on catch block at 0xc3 in for 0xb9
01-23 18:19:41.112 10207 10207 E ArmVmp : Match on catch block at 0xc3 in for 0xa1
01-23 18:19:41.117 10207 10207 E ArmVmp : Match on catch block at 0xc3 in for 0xa5
01-23 18:19:41.119 10207 10207 E ArmVmp : Match on catch block at 0xc3 in for 0xa5
01-23 18:19:41.125 10207 10207 E ArmVmp : Match on catch block at 0xc3 in for 0xa1
01-23 18:19:41.130 10207 10207 E ArmVmp : Match on catch block at 0xc3 in for 0xa5
01-23 18:19:41.133 10207 10207 E ArmVmp : Match on catch block at 0xc3 in for 0xa5
01-23 18:19:41.157 10207 10207 E ArmVmp : Match on catch block at 0xc3 in for 0xa5
01-23 18:19:41.160 10207 10207 E ArmVmp : Match on catch block at 0xc3 in for 0xa9
01-23 18:19:41.162 10207 10207 E ArmVmp : Match on catch block at 0xc3 in for 0xa9
01-23 18:19:41.174 10207 10207 E ArmVmp : Match on catch block at 0xc3 in for 0xa1
01-23 18:19:41.178 10207 10207 E ArmVmp : Match on catch block at 0xc3 in for 0xa5
01-23 18:19:41.180 10207 10207 E ArmVmp : Match on catch block at 0xc3 in for 0xa5
01-23 18:19:41.188 10207 10207 E ArmVmp : Match on catch block at 0xc3 in for 0xa1
01-23 18:19:41.192 10207 10207 E ArmVmp : Match on catch block at 0xc3 in for 0xa5
01-23 18:19:41.195 10207 10207 E ArmVmp : Match on catch block at 0xc3 in for 0xa5
01-23 18:19:41.203 10207 10207 E ArmVmp : Match on catch block at 0xc3 in for 0xa1
01-23 18:19:41.206 10207 10207 E ArmVmp : Match on catch block at 0xc3 in for 0xa5
01-23 18:19:41.209 10207 10207 E ArmVmp : Match on catch block at 0xc3 in for 0xa5
01-23 18:19:41.224 10207 10207 E ArmVmp : Match on catch block at 0xc3 in for 0xa1
01-23 18:19:41.228 10207 10207 E ArmVmp : Match on catch block at 0xc3 in for 0xa5
01-23 18:19:41.231 10207 10207 E ArmVmp : Match on catch block at 0xc3 in for 0xa5
01-23 18:19:41.241 10207 10207 E ArmVmp : Match on catch block at 0xc3 in for 0xa9
01-23 18:19:41.245 10207 10207 E ArmVmp : Match on catch block at 0xc3 in for 0xa1
01-23 18:19:41.248 10207 10207 E ArmVmp : Match on catch block at 0xc3 in for 0xa1
01-23 18:19:41.257 10207 10207 E ArmVmp : Match on catch block at 0xc3 in for 0xa5
01-23 18:19:41.262 10207 10207 E ArmVmp : Match on catch block at 0xc3 in for 0xa9
01-23 18:19:41.264 10207 10207 E ArmVmp : Match on catch block at 0xc3 in for 0xa9
01-23 18:19:41.274 10207 10207 E ArmVmp : Match on catch block at 0xc3 in for 0xa1
01-23 18:19:41.278 10207 10207 E ArmVmp : Match on catch block at 0xc3 in for 0xa5
01-23 18:19:41.281 10207 10207 E ArmVmp : Match on catch block at 0xc3 in for 0xa5
01-23 18:19:41.607 10207 10207 E ArmVmp : Match on catch block at 0xc3 in for 0xa9
01-23 18:19:41.610 10207 10207 E ArmVmp : Match on catch block at 0xc3 in for 0xa1
01-23 18:19:41.612 10207 10207 E ArmVmp : Match on catch block at 0xc3 in for 0xa1
01-23 18:19:41.624 10207 10207 E ArmVmp : Match on catch block at 0xc3 in for 0xa5
01-23 18:19:41.628 10207 10207 E ArmVmp : Match on catch block at 0xc3 in for 0xa9
01-23 18:19:41.630 10207 10207 E ArmVmp : Match on catch block at 0xc3 in for 0xa9
01-23 18:19:41.641 10207 10207 E ArmVmp : Match on catch block at 0xc3 in for 0xa1
01-23 18:19:41.645 10207 10207 E ArmVmp : Match on catch block at 0xc3 in for 0xa5
01-23 18:19:41.648 10207 10207 E ArmVmp : Match on catch block at 0xc3 in for 0xa5
01-23 18:19:41.657 10207 10207 E ArmVmp : Match on catch block at 0xc3 in for 0xa9
01-23 18:19:41.662 10207 10207 E ArmVmp : Match on catch block at 0xc3 in for 0xa1
01-23 18:19:41.664 10207 10207 E ArmVmp : Match on catch block at 0xc3 in for 0xa1
01-23 18:19:41.674 10207 10207 E ArmVmp : Match on catch block at 0xc3 in for 0xa5
01-23 18:19:41.678 10207 10207 E ArmVmp : Match on catch block at 0xc3 in for 0xa9
01-23 18:19:41.681 10207 10207 E ArmVmp : Match on catch block at 0xc3 in for 0xa9
01-23 18:19:41.691 10207 10207 E ArmVmp : Match on catch block at 0xc3 in for 0xa1
01-23 18:19:41.695 10207 10207 E ArmVmp : Match on catch block at 0xc3 in for 0xa5
01-23 18:19:41.698 10207 10207 E ArmVmp : Match on catch block at 0xc3 in for 0xa5
01-23 18:19:41.708 10207 10207 E ArmVmp : Match on catch block at 0xc3 in for 0xa9
01-23 18:19:41.712 10207 10207 E ArmVmp : Match on catch block at 0xc3 in for 0xa1
01-23 18:19:41.714 10207 10207 E ArmVmp : Match on catch block at 0xc3 in for 0xa1
01-23 18:19:41.724 10207 10207 E ArmVmp : Match on catch block at 0xc3 in for 0xa5
01-23 18:19:41.729 10207 10207 E ArmVmp : Match on catch block at 0xc3 in for 0xa9
01-23 18:19:41.731 10207 10207 E ArmVmp : Match on catch block at 0xc3 in for 0xa9
01-23 18:19:41.741 10207 10207 E ArmVmp : Match on catch block at 0xc3 in for 0xa1
01-23 18:19:41.745 10207 10207 E ArmVmp : Match on catch block at 0xc3 in for 0xa5
01-23 18:19:41.748 10207 10207 E ArmVmp : Match on catch block at 0xc3 in for 0xa5
01-23 18:19:41.757 10207 10207 E ArmVmp : Match on catch block at 0xc3 in for 0xa9
01-23 18:19:41.763 10207 10207 E ArmVmp : Match on catch block at 0xc3 in for 0xa1
01-23 18:19:41.766 10207 10207 E ArmVmp : Match on catch block at 0xc3 in for 0xa1
01-23 18:19:41.774 10207 10207 E ArmVmp : Match on catch block at 0xc3 in for 0xa5
01-23 18:19:41.780 10207 10207 E ArmVmp : Match on catch block at 0xc3 in for 0xa9
01-23 18:19:41.783 10207 10207 E ArmVmp : Match on catch block at 0xc3 in for 0xa9
01-23 18:19:41.791 10207 10207 E ArmVmp : Match on catch block at 0xc3 in for 0xa1
01-23 18:19:41.796 10207 10207 E ArmVmp : Match on catch block at 0xc3 in for 0xa5
01-23 18:19:41.800 10207 10207 E ArmVmp : Match on catch block at 0xc3 in for 0xa5
01-23 18:19:41.808 10207 10207 E ArmVmp : Match on catch block at 0xc3 in for 0xa9
01-23 18:19:41.812 10207 10207 E ArmVmp : Match on catch block at 0xc3 in for 0xa1
01-23 18:19:41.816 10207 10207 E ArmVmp : Match on catch block at 0xc3 in for 0xa1
01-23 18:19:41.824 10207 10207 E ArmVmp : Match on catch block at 0xc3 in for 0xa5
01-23 18:19:41.828 10207 10207 E ArmVmp : Match on catch block at 0xc3 in for 0xa9
01-23 18:19:41.831 10207 10207 E ArmVmp : Match on catch block at 0xc3 in for 0xa9
01-23 18:19:41.841 10207 10207 E ArmVmp : Match on catch block at 0xc3 in for 0xa1
01-23 18:19:41.845 10207 10207 E ArmVmp : Match on catch block at 0xc3 in for 0xa5
01-23 18:19:41.848 10207 10207 E ArmVmp : Match on catch block at 0xc3 in for 0xa5
