Location via proxy:   [ UP ]  
[Report a bug]   [Manage cookies]                

Logcat

Download as txt, pdf, or txt
Download as txt, pdf, or txt
You are on page 1of 8529

--------- beginning of main

01-23 13:57:47.889 16200 16200 E com.mbwhatsapp: Not starting debugger since


process cannot load the jdwp agent.
01-23 13:57:48.062 16200 16200 W System.err: java.lang.ClassNotFoundException:
mbmodsd.mbmodsw.ui.views.btn.BtnBK
01-23 13:57:48.062 16200 16200 W System.err: at
java.lang.Runtime.nativeLoad(Native Method)
01-23 13:57:48.063 16200 16200 W System.err: at
java.lang.Runtime.nativeLoad(Runtime.java:1131)
01-23 13:57:48.063 16200 16200 W System.err: at
java.lang.Runtime.loadLibrary0(Runtime.java:1085)
01-23 13:57:48.063 16200 16200 W System.err: at
java.lang.Runtime.loadLibrary0(Runtime.java:1008)
01-23 13:57:48.063 16200 16200 W System.err: at
java.lang.System.loadLibrary(System.java:1664)
01-23 13:57:48.063 16200 16200 W System.err: at arm.EpicVm.<clinit>(Unknown
Source:2)
01-23 13:57:48.063 16200 16200 W System.err: at
java.lang.Class.newInstance(Native Method)
01-23 13:57:48.063 16200 16200 W System.err: at
android.app.AppComponentFactory.instantiateApplication(AppComponentFactory.java:76)
01-23 13:57:48.063 16200 16200 W System.err: at
androidx.core.app.CoreComponentFactory.instantiateApplication(Unknown Source:0)
01-23 13:57:48.063 16200 16200 W System.err: at
android.app.Instrumentation.newApplication(Instrumentation.java:1164)
01-23 13:57:48.063 16200 16200 W System.err: at
android.app.LoadedApk.makeApplication(LoadedApk.java:1244)
01-23 13:57:48.063 16200 16200 W System.err: at
android.app.ActivityThread.handleBindApplication(ActivityThread.java:7012)
01-23 13:57:48.063 16200 16200 W System.err: at
android.app.ActivityThread.access$1500(ActivityThread.java:263)
01-23 13:57:48.063 16200 16200 W System.err: at
android.app.ActivityThread$H.handleMessage(ActivityThread.java:2032)
01-23 13:57:48.063 16200 16200 W System.err: at
android.os.Handler.dispatchMessage(Handler.java:106)
01-23 13:57:48.063 16200 16200 W System.err: at
android.os.Looper.loop(Looper.java:268)
01-23 13:57:48.063 16200 16200 W System.err: at
android.app.ActivityThread.main(ActivityThread.java:8016)
01-23 13:57:48.063 16200 16200 W System.err: at
java.lang.reflect.Method.invoke(Native Method)
01-23 13:57:48.064 16200 16200 W System.err: at
com.android.internal.os.RuntimeInit$MethodAndArgsCaller.run(RuntimeInit.java:627)
01-23 13:57:48.064 16200 16200 W System.err: at
com.android.internal.os.ZygoteInit.main(ZygoteInit.java:997)
01-23 13:57:48.177 16200 16200 E libc : Access denied finding property
"ro.vendor.pref_scale_resolution"
01-23 13:57:48.190 16200 16200 E CustomActivityOnCrash: IMPORTANT WARNING! You
already have an UncaughtExceptionHandler, are you sure this is correct? If you use
a custom UncaughtExceptionHandler, you must initialize it AFTER
CustomActivityOnCrash! Installing anyway, but your original handler will not be
called.
01-23 13:57:48.216 16200 16223 W AsyncDrawableCache: can not found res: 2131233001,
maybe dynamic res id.
01-23 13:57:48.617 16200 16200 W com.mbwhatsapp: Accessing hidden method
Lcom/android/org/conscrypt/OpenSSLSocketImpl;->setUseSessionTickets(Z)V (greylist-
max-q,test-api, reflection, denied)
01-23 13:57:48.617 16200 16200 W com.mbwhatsapp: Accessing hidden method
Lcom/android/org/conscrypt/AbstractConscryptSocket;->setUseSessionTickets(Z)V
(greylist-max-q, reflection, denied)
01-23 13:57:50.209 16200 16200 W linker : Warning:
"/data/data/com.mbwhatsapp/files/decompressed/libs.spk.zst/libc++_shared.so" unused
DT entry: unknown processor-specific (type 0x70000001 arg 0x0) (ignoring)
01-23 13:57:50.207 16200 16200 W com.mbwhatsapp: type=1400 audit(0.0:1035731): avc:
granted { execute } for
path="/data/data/com.mbwhatsapp/files/decompressed/libs.spk.zst/libc++_shared.so"
dev="mmcblk0p39" ino=174698 scontext=u:r:untrusted_app:s0:c249,c256,c512,c768
tcontext=u:object_r:app_data_file:s0:c249,c256,c512,c768 tclass=file
app=com.mbwhatsapp
01-23 13:57:50.207 16200 16200 W com.mbwhatsapp: type=1400 audit(0.0:1035732): avc:
granted { execute } for
path="/data/data/com.mbwhatsapp/files/decompressed/libs.spk.zst/libvlc.so"
dev="mmcblk0p39" ino=174690 scontext=u:r:untrusted_app:s0:c249,c256,c512,c768
tcontext=u:object_r:app_data_file:s0:c249,c256,c512,c768 tclass=file
app=com.mbwhatsapp
01-23 13:57:50.422 16200 16259 W com.mbwhatsapp: Class X.2rL failed lock
verification and will run slower.
01-23 13:57:50.422 16200 16259 W com.mbwhatsapp: Common causes for lock
verification issues are non-optimized dex code
01-23 13:57:50.422 16200 16259 W com.mbwhatsapp: and incorrect proguard
optimizations.
01-23 13:57:50.451 16200 16200 W com.mbwhatsapp: Class X.0eU failed lock
verification and will run slower.
--------- beginning of system
01-23 13:57:50.782 16200 16200 W com.mbwhatsapp: Class com.mbwhatsapp.HomeActivity
failed lock verification and will run slower.
01-23 13:57:51.217 16200 16200 E ion : ioctl c0044901 failed with code -1:
Invalid argument
01-23 13:57:51.298 16200 16200 E ArmVmp : Match on catch block at 0x0a in for 0xc9
01-23 13:57:51.311 16200 16272 W System : ClassLoader referenced unknown path:
system/framework/mediatek-cta.jar
01-23 13:57:51.334 16200 16200 E ArmVmp : Match on catch block at 0x0a in for
0x131
01-23 13:57:51.470 16200 16223 W System : ClassLoader referenced unknown path:
system/framework/mediatek-cta.jar
01-23 13:57:51.546 16200 16272 W com.mbwhatsapp: Accessing hidden method
Lcom/android/org/conscrypt/ConscryptEngineSocket;->setUseSessionTickets(Z)V
(greylist-max-q,test-api, reflection, denied)
01-23 13:57:51.547 16200 16272 W com.mbwhatsapp: Accessing hidden method
Lcom/android/org/conscrypt/OpenSSLSocketImpl;->setUseSessionTickets(Z)V (greylist-
max-q,test-api, reflection, denied)
01-23 13:57:51.547 16200 16272 W com.mbwhatsapp: Accessing hidden method
Lcom/android/org/conscrypt/AbstractConscryptSocket;->setUseSessionTickets(Z)V
(greylist-max-q, reflection, denied)
01-23 13:57:51.548 16200 16272 W com.mbwhatsapp: Accessing hidden method
Lcom/android/org/conscrypt/ConscryptEngineSocket;->setHostname(Ljava/lang/String;)V
(greylist-max-q,test-api, reflection, denied)
01-23 13:57:51.548 16200 16272 W com.mbwhatsapp: Accessing hidden method
Lcom/android/org/conscrypt/OpenSSLSocketImpl;->setHostname(Ljava/lang/String;)V
(greylist-max-q,test-api, reflection, denied)
01-23 13:57:51.548 16200 16272 W com.mbwhatsapp: Accessing hidden method
Lcom/android/org/conscrypt/AbstractConscryptSocket;->setHostname(Ljava/lang/
String;)V (greylist-max-q, reflection, denied)
01-23 13:57:51.549 16200 16272 W com.mbwhatsapp: Accessing hidden method
Lcom/android/org/conscrypt/OpenSSLSocketImpl;->setAlpnProtocols([B)V (greylist-max-
q,test-api, reflection, denied)
01-23 13:57:51.549 16200 16272 W com.mbwhatsapp: Accessing hidden method
Lcom/android/org/conscrypt/AbstractConscryptSocket;->setAlpnProtocols([B)V
(greylist-max-q, reflection, denied)
01-23 13:57:51.986 16200 16272 W com.mbwhatsapp: Accessing hidden method
Lcom/android/org/conscrypt/OpenSSLSocketImpl;->getAlpnSelectedProtocol()[B
(greylist-max-q,test-api, reflection, denied)
01-23 13:57:51.986 16200 16272 W com.mbwhatsapp: Accessing hidden method
Lcom/android/org/conscrypt/AbstractConscryptSocket;->getAlpnSelectedProtocol()[B
(greylist-max-q, reflection, denied)
01-23 13:57:52.685 16200 16291 E libc : Access denied finding property
"vendor.debug.drm.logv"
01-23 13:57:52.685 16200 16291 E libc : Access denied finding property
"vendor.debug.drm.logv"
01-23 13:57:52.686 16200 16291 E libc : Access denied finding property
"vendor.debug.drm.logd"
01-23 13:57:52.686 16200 16291 E libc : Access denied finding property
"vendor.debug.drm.logv"
01-23 13:57:53.296 16200 16200 E RecyclerView: No adapter attached; skipping layout
01-23 13:57:53.361 16200 16269 E ion : ioctl c0044901 failed with code -1:
Invalid argument
01-23 13:57:53.732 16200 16200 E RecyclerView: No adapter attached; skipping layout
01-23 13:57:53.734 16200 16200 W View : requestLayout() improperly called by
androidx.appcompat.view.menu.ActionMenuItemView{f6d2227 VFED..C.. ......ID 194,0-
290,0 #7f0b0f8a app:id/menuitem_search} during layout: running second layout pass
01-23 13:57:53.735 16200 16200 W View : requestLayout() improperly called by
androidx.appcompat.widget.ActionMenuView{1083f41 V.E...... ......ID 280,250-
754,250} during layout: running second layout pass
01-23 13:57:53.786 16200 16200 E ArmVmp : Match on catch block at 0x0a in for 0xd9
01-23 13:57:53.968 16200 16200 W View : requestLayout() improperly called by
DecorView@4fef8b7[HomeActivity] during second layout pass: posting in next frame
01-23 13:57:54.057 16200 16305 W LOTTIE : Animation contains merge paths. Merge
paths are only supported on KitKat+ and must be manually enabled by calling
enableMergePathsForKitKatAndAbove().
01-23 13:57:54.423 16200 16200 W LOTTIE : Animation contains merge paths but they
are disabled.
01-23 13:57:55.219 16200 16200 E ArmVmp : Match on catch block at 0x5b in for 0x81
01-23 13:57:55.447 16200 16226 W LibraryVersion: Failed to get app version for
libraryName: firebase-iid
01-23 13:57:57.434 16200 16200 W com.mbwhatsapp: Verification of void
X.5pH.A1Z(android.os.Bundle) took 153.931ms (65828.13 bytecodes/s) (247944B
approximate peak alloc)
01-23 13:57:58.023 16200 16200 E ArmVmp : Match on catch block at 0x0a in for 0xc9
01-23 13:57:58.030 16200 16200 E ArmVmp : Match on catch block at 0x0a in for 0xc9
01-23 13:57:58.073 16200 16200 E ArmVmp : Match on catch block at 0x0a in for
0x1c5
01-23 13:57:58.583 16200 16200 E ArmVmp : Match on catch block at 0xc3 in for 0xb5
01-23 13:57:58.590 16200 16200 E ArmVmp : Match on catch block at 0xc3 in for 0xb5
01-23 13:57:58.751 16200 16200 E ArmVmp : Match on catch block at 0xc3 in for 0xa9
01-23 13:57:58.756 16200 16200 E ArmVmp : Match on catch block at 0xc3 in for 0xa1
01-23 13:57:58.861 16200 16200 E ArmVmp : Match on catch block at 0xc3 in for 0xa5
01-23 13:57:58.866 16200 16200 E ArmVmp : Match on catch block at 0xc3 in for 0xa9
01-23 13:57:58.951 16200 16200 E ArmVmp : Match on catch block at 0xc3 in for 0xa5
01-23 13:57:58.955 16200 16200 E ArmVmp : Match on catch block at 0xc3 in for 0xa9
01-23 13:57:59.013 16200 16200 E ArmVmp : Match on catch block at 0xc3 in for 0xa9
01-23 13:57:59.019 16200 16200 E ArmVmp : Match on catch block at 0xc3 in for 0xa1
01-23 13:57:59.066 16200 16200 E ArmVmp : Match on catch block at 0xc3 in for 0xa9
01-23 13:57:59.070 16200 16200 E ArmVmp : Match on catch block at 0xc3 in for 0xa1
01-23 13:57:59.127 16200 16200 E ArmVmp : Match on catch block at 0xc3 in for 0xa9
01-23 13:57:59.131 16200 16200 E ArmVmp : Match on catch block at 0xc3 in for 0xa1
01-23 13:57:59.162 16200 16200 E ArmVmp : Match on catch block at 0xc3 in for 0xa9
01-23 13:57:59.165 16200 16200 E ArmVmp : Match on catch block at 0xc3 in for 0xa1
01-23 13:57:59.186 16200 16200 E ArmVmp : Match on catch block at 0xc3 in for 0xa9
01-23 13:57:59.190 16200 16200 E ArmVmp : Match on catch block at 0xc3 in for 0xa1
01-23 13:57:59.211 16200 16200 E ArmVmp : Match on catch block at 0xc3 in for 0xa9
01-23 13:57:59.215 16200 16200 E ArmVmp : Match on catch block at 0xc3 in for 0xa1
01-23 13:57:59.238 16200 16200 E ArmVmp : Match on catch block at 0xc3 in for 0xa9
01-23 13:57:59.242 16200 16200 E ArmVmp : Match on catch block at 0xc3 in for 0xa1
01-23 13:57:59.267 16200 16200 E ArmVmp : Match on catch block at 0xc3 in for 0xa9
01-23 13:57:59.272 16200 16200 E ArmVmp : Match on catch block at 0xc3 in for 0xa1
01-23 13:57:59.295 16200 16200 E ArmVmp : Match on catch block at 0xc3 in for 0xa9
01-23 13:57:59.299 16200 16200 E ArmVmp : Match on catch block at 0xc3 in for 0xa1
01-23 13:57:59.321 16200 16200 E ArmVmp : Match on catch block at 0xc3 in for 0xa9
01-23 13:57:59.325 16200 16200 E ArmVmp : Match on catch block at 0xc3 in for 0xa1
01-23 13:57:59.347 16200 16200 E ArmVmp : Match on catch block at 0xc3 in for 0xa9
01-23 13:57:59.351 16200 16200 E ArmVmp : Match on catch block at 0xc3 in for 0xa1
01-23 13:57:59.372 16200 16200 E ArmVmp : Match on catch block at 0xc3 in for 0xa9
01-23 13:57:59.377 16200 16200 E ArmVmp : Match on catch block at 0xc3 in for 0xa1
01-23 13:57:59.716 16200 16200 E ArmVmp : Match on catch block at 0xc3 in for 0xa5
01-23 13:57:59.720 16200 16200 E ArmVmp : Match on catch block at 0xc3 in for 0xa9
01-23 13:58:00.209 16200 16200 E ArmVmp : Match on catch block at 0xc3 in for 0xa9
01-23 13:58:00.214 16200 16200 E ArmVmp : Match on catch block at 0xc3 in for 0xa1
01-23 13:58:00.524 16200 16200 E ArmVmp : Match on catch block at 0xc3 in for 0xa9
01-23 13:58:00.529 16200 16200 E ArmVmp : Match on catch block at 0xc3 in for 0xa1
01-23 13:58:00.563 16200 16269 E FrameEvents: updateAcquireFence: Did not find
frame.
01-23 13:58:00.738 16200 16200 E ArmVmp : Match on catch block at 0xc3 in for 0xa5
01-23 13:58:00.744 16200 16200 E ArmVmp : Match on catch block at 0xc3 in for 0xa9
01-23 13:58:00.797 16200 16200 E ArmVmp : Match on catch block at 0xc3 in for 0xa1
01-23 13:58:00.803 16200 16200 E ArmVmp : Match on catch block at 0xc3 in for 0xa5
01-23 13:58:00.865 16200 16200 E ArmVmp : Match on catch block at 0xc3 in for 0xa9
01-23 13:58:00.869 16200 16200 E ArmVmp : Match on catch block at 0xc3 in for 0xa1
01-23 13:58:00.889 16200 16200 E ArmVmp : Match on catch block at 0xc3 in for 0xa1
01-23 13:58:00.896 16200 16200 E ArmVmp : Match on catch block at 0xc3 in for 0xa5
01-23 13:58:00.907 16200 16200 E ArmVmp : Match on catch block at 0xc3 in for 0xa5
01-23 13:58:00.915 16200 16200 E ArmVmp : Match on catch block at 0xc3 in for 0xa9
01-23 13:58:00.941 16200 16200 E ArmVmp : Match on catch block at 0xc3 in for 0xa9
01-23 13:58:00.946 16200 16200 E ArmVmp : Match on catch block at 0xc3 in for 0xa1
01-23 13:58:00.969 16200 16200 E ArmVmp : Match on catch block at 0xc3 in for 0xa1
01-23 13:58:00.975 16200 16200 E ArmVmp : Match on catch block at 0xc3 in for 0xa5
01-23 13:58:03.156 16200 16200 E ArmVmp : Match on catch block at 0xc3 in for 0xa5
01-23 13:58:03.164 16200 16200 E ArmVmp : Match on catch block at 0xc3 in for 0xa9
01-23 13:58:03.175 16200 16200 E ArmVmp : Match on catch block at 0xc3 in for 0xa9
01-23 13:58:03.181 16200 16200 E ArmVmp : Match on catch block at 0xc3 in for 0xa1
01-23 13:58:04.763 16200 16200 E ArmVmp : Match on catch block at 0xc3 in for 0xa9
01-23 13:58:04.774 16200 16200 E ArmVmp : Match on catch block at 0xc3 in for 0xa1
01-23 13:58:04.783 16200 16200 E ArmVmp : Match on catch block at 0xc3 in for 0xa1
01-23 13:58:04.791 16200 16200 E ArmVmp : Match on catch block at 0xc3 in for 0xa5
01-23 13:58:04.811 16200 16200 E ArmVmp : Match on catch block at 0xc3 in for 0xa5
01-23 13:58:04.817 16200 16200 E ArmVmp : Match on catch block at 0xc3 in for 0xa9
01-23 13:58:04.828 16200 16200 E ArmVmp : Match on catch block at 0xc3 in for 0xa9
01-23 13:58:04.836 16200 16200 E ArmVmp : Match on catch block at 0xc3 in for 0xa1
01-23 13:58:04.845 16200 16200 E ArmVmp : Match on catch block at 0xc3 in for 0xa1
01-23 13:58:04.852 16200 16200 E ArmVmp : Match on catch block at 0xc3 in for 0xa5
01-23 13:58:04.862 16200 16200 E ArmVmp : Match on catch block at 0xc3 in for 0xa5
01-23 13:58:04.870 16200 16200 E ArmVmp : Match on catch block at 0xc3 in for 0xa9
01-23 13:58:04.878 16200 16200 E ArmVmp : Match on catch block at 0xc3 in for 0xa9
01-23 13:58:04.886 16200 16200 E ArmVmp : Match on catch block at 0xc3 in for 0xa1
01-23 13:58:04.896 16200 16200 E ArmVmp : Match on catch block at 0xc3 in for 0xa1
01-23 13:58:04.903 16200 16200 E ArmVmp : Match on catch block at 0xc3 in for 0xa5
01-23 13:58:04.912 16200 16200 E ArmVmp : Match on catch block at 0xc3 in for 0xa5
01-23 13:58:04.920 16200 16200 E ArmVmp : Match on catch block at 0xc3 in for 0xa9
01-23 13:58:04.929 16200 16200 E ArmVmp : Match on catch block at 0xc3 in for 0xa9
01-23 13:58:04.935 16200 16200 E ArmVmp : Match on catch block at 0xc3 in for 0xa1
01-23 13:58:04.946 16200 16200 E ArmVmp : Match on catch block at 0xc3 in for 0xa1
01-23 13:58:04.955 16200 16200 E ArmVmp : Match on catch block at 0xc3 in for 0xa5
01-23 13:58:04.963 16200 16200 E ArmVmp : Match on catch block at 0xc3 in for 0xa5
01-23 13:58:04.972 16200 16200 E ArmVmp : Match on catch block at 0xc3 in for 0xa9
01-23 13:58:04.979 16200 16200 E ArmVmp : Match on catch block at 0xc3 in for 0xa9
01-23 13:58:04.985 16200 16200 E ArmVmp : Match on catch block at 0xc3 in for 0xa1
01-23 13:58:04.996 16200 16200 E ArmVmp : Match on catch block at 0xc3 in for 0xa1
01-23 13:58:05.005 16200 16200 E ArmVmp : Match on catch block at 0xc3 in for 0xa5
01-23 13:58:05.013 16200 16200 E ArmVmp : Match on catch block at 0xc3 in for 0xa5
01-23 13:58:05.021 16200 16200 E ArmVmp : Match on catch block at 0xc3 in for 0xa9
01-23 13:58:09.141 16200 16269 E FrameEvents: updateAcquireFence: Did not find
frame.
01-23 13:58:09.151 16200 16200 E ArmVmp : Match on catch block at 0xc3 in for 0xa1
01-23 13:58:09.157 16200 16200 E ArmVmp : Match on catch block at 0xc3 in for 0xa5
01-23 13:58:09.167 16200 16200 E ArmVmp : Match on catch block at 0xc3 in for 0xa5
01-23 13:58:09.173 16200 16200 E ArmVmp : Match on catch block at 0xc3 in for 0xa9
01-23 13:58:09.498 16200 16200 E ArmVmp : Match on catch block at 0xc3 in for 0xa9
01-23 13:58:09.506 16200 16200 E ArmVmp : Match on catch block at 0xc3 in for 0xa1
01-23 13:58:09.532 16200 16200 E ArmVmp : Match on catch block at 0xc3 in for 0xa1
01-23 13:58:09.539 16200 16200 E ArmVmp : Match on catch block at 0xc3 in for 0xa5
01-23 13:58:09.562 16200 16200 E ArmVmp : Match on catch block at 0xc3 in for 0xa5
01-23 13:58:09.569 16200 16200 E ArmVmp : Match on catch block at 0xc3 in for 0xa9
01-23 13:58:09.695 16200 16200 E ArmVmp : Match on catch block at 0xc3 in for 0xa9
01-23 13:58:09.700 16200 16200 E ArmVmp : Match on catch block at 0xc3 in for 0xa1
01-23 13:58:09.741 16200 16200 E ArmVmp : Match on catch block at 0xc3 in for 0xa1
01-23 13:58:09.747 16200 16200 E ArmVmp : Match on catch block at 0xc3 in for 0xa5
01-23 13:58:09.755 16200 16200 E ArmVmp : Match on catch block at 0xc3 in for 0xa5
01-23 13:58:09.760 16200 16200 E ArmVmp : Match on catch block at 0xc3 in for 0xa9
01-23 13:58:10.008 16200 16214 W System : A resource failed to call release.
01-23 13:58:10.035 16200 16200 E ArmVmp : Match on catch block at 0xc3 in for 0xa5
01-23 13:58:10.039 16200 16200 E ArmVmp : Match on catch block at 0xc3 in for 0xa9
01-23 13:58:10.063 16200 16200 E ArmVmp : Match on catch block at 0xc3 in for 0xa5
01-23 13:58:10.068 16200 16200 E ArmVmp : Match on catch block at 0xc3 in for 0xa9
01-23 13:58:10.098 16200 16200 E ArmVmp : Match on catch block at 0xc3 in for 0xa5
01-23 13:58:10.103 16200 16200 E ArmVmp : Match on catch block at 0xc3 in for 0xa9
01-23 13:58:10.113 16200 16200 E ArmVmp : Match on catch block at 0xc3 in for 0xa9
01-23 13:58:10.118 16200 16200 E ArmVmp : Match on catch block at 0xc3 in for 0xa1
01-23 13:58:10.123 16200 16200 E ArmVmp : Match on catch block at 0xc3 in for 0xa5
01-23 13:58:10.127 16200 16200 E ArmVmp : Match on catch block at 0xc3 in for 0xa9
01-23 13:58:10.133 16200 16200 E ArmVmp : Match on catch block at 0xc3 in for 0xa1
01-23 13:58:10.137 16200 16200 E ArmVmp : Match on catch block at 0xc3 in for 0xa5
01-23 13:58:10.148 16200 16200 E ArmVmp : Match on catch block at 0xc3 in for 0xa9
01-23 13:58:10.153 16200 16200 E ArmVmp : Match on catch block at 0xc3 in for 0xa1
01-23 13:58:10.168 16200 16200 E ArmVmp : Match on catch block at 0xc3 in for 0xa5
01-23 13:58:10.173 16200 16200 E ArmVmp : Match on catch block at 0xc3 in for 0xa9
01-23 13:58:10.182 16200 16200 E ArmVmp : Match on catch block at 0xc3 in for 0xa1
01-23 13:58:10.186 16200 16200 E ArmVmp : Match on catch block at 0xc3 in for 0xa5
01-23 13:58:10.198 16200 16200 E ArmVmp : Match on catch block at 0xc3 in for 0xa9
01-23 13:58:10.203 16200 16200 E ArmVmp : Match on catch block at 0xc3 in for 0xa1
01-23 13:58:10.215 16200 16200 E ArmVmp : Match on catch block at 0xc3 in for 0xa5
01-23 13:58:10.220 16200 16200 E ArmVmp : Match on catch block at 0xc3 in for 0xa9
01-23 13:58:10.232 16200 16200 E ArmVmp : Match on catch block at 0xc3 in for 0xa1
01-23 13:58:10.236 16200 16200 E ArmVmp : Match on catch block at 0xc3 in for 0xa5
01-23 13:58:10.249 16200 16200 E ArmVmp : Match on catch block at 0xc3 in for 0xa9
01-23 13:58:10.253 16200 16200 E ArmVmp : Match on catch block at 0xc3 in for 0xa1
01-23 13:58:10.266 16200 16200 E ArmVmp : Match on catch block at 0xc3 in for 0xa5
01-23 13:58:10.271 16200 16200 E ArmVmp : Match on catch block at 0xc3 in for 0xa9
01-23 13:58:10.289 16200 16200 E ArmVmp : Match on catch block at 0xc3 in for 0xa1
01-23 13:58:10.293 16200 16200 E ArmVmp : Match on catch block at 0xc3 in for 0xa5
01-23 13:58:10.299 16200 16200 E ArmVmp : Match on catch block at 0xc3 in for 0xa1
01-23 13:58:10.303 16200 16200 E ArmVmp : Match on catch block at 0xc3 in for 0xa5
01-23 13:58:10.523 16200 16200 E ArmVmp : Match on catch block at 0xc3 in for 0xa1
01-23 13:58:10.528 16200 16200 E ArmVmp : Match on catch block at 0xc3 in for 0xa5
01-23 13:58:10.534 16200 16200 E ArmVmp : Match on catch block at 0xc3 in for 0xa5
01-23 13:58:10.540 16200 16200 E ArmVmp : Match on catch block at 0xc3 in for 0xa9
01-23 13:58:10.571 16200 16200 E ArmVmp : Match on catch block at 0xc3 in for 0xa5
01-23 13:58:10.575 16200 16200 E ArmVmp : Match on catch block at 0xc3 in for 0xa9
01-23 13:58:10.767 16200 16200 E ArmVmp : Match on catch block at 0xc3 in for 0xa5
01-23 13:58:10.774 16200 16200 E ArmVmp : Match on catch block at 0xc3 in for 0xa9
01-23 13:58:11.096 16200 16200 E ArmVmp : Match on catch block at 0xc3 in for 0xa5
01-23 13:58:11.101 16200 16200 E ArmVmp : Match on catch block at 0xc3 in for 0xa9
01-23 13:58:33.872 16200 16200 E ArmVmp : Match on catch block at 0x0a in for 0xc5
01-23 13:58:33.878 16200 16200 E ArmVmp : Match on catch block at 0x0a in for 0xc1
01-23 13:58:34.163 16200 16200 E ArmVmp : Match on catch block at 0xc3 in for 0xb9
01-23 13:58:34.168 16200 16200 E ArmVmp : Match on catch block at 0xc3 in for 0xb9
01-23 13:58:34.172 16200 16200 E ArmVmp : Match on catch block at 0xc3 in for 0xb9
01-23 13:58:34.230 16200 16200 E ArmVmp : Match on catch block at 0xc3 in for 0xa5
01-23 13:58:34.236 16200 16200 E ArmVmp : Match on catch block at 0xc3 in for 0xa9
01-23 13:58:34.239 16200 16200 E ArmVmp : Match on catch block at 0xc3 in for 0xa9
01-23 13:58:34.307 16200 16200 E ArmVmp : Match on catch block at 0xc3 in for 0xa1
01-23 13:58:34.311 16200 16200 E ArmVmp : Match on catch block at 0xc3 in for 0xa5
01-23 13:58:34.313 16200 16200 E ArmVmp : Match on catch block at 0xc3 in for 0xa5
01-23 13:58:34.369 16200 16200 E ArmVmp : Match on catch block at 0xc3 in for 0xa9
01-23 13:58:34.373 16200 16200 E ArmVmp : Match on catch block at 0xc3 in for 0xa1
01-23 13:58:34.376 16200 16200 E ArmVmp : Match on catch block at 0xc3 in for 0xa1
01-23 13:58:34.421 16200 16200 E ArmVmp : Match on catch block at 0xc3 in for 0xa1
01-23 13:58:34.427 16200 16200 E ArmVmp : Match on catch block at 0xc3 in for 0xa5
01-23 13:58:34.431 16200 16200 E ArmVmp : Match on catch block at 0xc3 in for 0xa5
01-23 13:58:34.468 16200 16200 E ArmVmp : Match on catch block at 0xc3 in for 0xa9
01-23 13:58:34.473 16200 16200 E ArmVmp : Match on catch block at 0xc3 in for 0xa1
01-23 13:58:34.477 16200 16200 E ArmVmp : Match on catch block at 0xc3 in for 0xa1
01-23 13:58:34.742 16200 16200 E ArmVmp : Match on catch block at 0xc3 in for 0xa5
01-23 13:58:34.748 16200 16200 E ArmVmp : Match on catch block at 0xc3 in for 0xa9
01-23 13:58:34.750 16200 16200 E ArmVmp : Match on catch block at 0xc3 in for 0xa9
01-23 13:58:34.760 16200 16200 E ArmVmp : Match on catch block at 0xc3 in for 0xa1
01-23 13:58:34.766 16200 16200 E ArmVmp : Match on catch block at 0xc3 in for 0xa5
01-23 13:58:34.769 16200 16200 E ArmVmp : Match on catch block at 0xc3 in for 0xa5
01-23 13:58:34.777 16200 16200 E ArmVmp : Match on catch block at 0xc3 in for 0xa9
01-23 13:58:34.783 16200 16200 E ArmVmp : Match on catch block at 0xc3 in for 0xa1
01-23 13:58:34.786 16200 16200 E ArmVmp : Match on catch block at 0xc3 in for 0xa1
01-23 13:58:34.794 16200 16200 E ArmVmp : Match on catch block at 0xc3 in for 0xa5
01-23 13:58:34.799 16200 16200 E ArmVmp : Match on catch block at 0xc3 in for 0xa9
01-23 13:58:34.802 16200 16200 E ArmVmp : Match on catch block at 0xc3 in for 0xa9
01-23 13:58:34.809 16200 16200 E ArmVmp : Match on catch block at 0xc3 in for 0xa1
01-23 13:58:34.814 16200 16200 E ArmVmp : Match on catch block at 0xc3 in for 0xa5
01-23 13:58:34.818 16200 16200 E ArmVmp : Match on catch block at 0xc3 in for 0xa5
01-23 13:58:34.825 16200 16200 E ArmVmp : Match on catch block at 0xc3 in for 0xa9
01-23 13:58:34.831 16200 16200 E ArmVmp : Match on catch block at 0xc3 in for 0xa1
01-23 13:58:34.834 16200 16200 E ArmVmp : Match on catch block at 0xc3 in for 0xa1
01-23 13:58:34.842 16200 16200 E ArmVmp : Match on catch block at 0xc3 in for 0xa5
01-23 13:58:34.847 16200 16200 E ArmVmp : Match on catch block at 0xc3 in for 0xa9
01-23 13:58:34.849 16200 16200 E ArmVmp : Match on catch block at 0xc3 in for 0xa9
01-23 13:58:34.859 16200 16200 E ArmVmp : Match on catch block at 0xc3 in for 0xa1
01-23 13:58:34.864 16200 16200 E ArmVmp : Match on catch block at 0xc3 in for 0xa5
01-23 13:58:34.866 16200 16200 E ArmVmp : Match on catch block at 0xc3 in for 0xa5
01-23 13:58:34.876 16200 16200 E ArmVmp : Match on catch block at 0xc3 in for 0xa9
01-23 13:58:34.880 16200 16200 E ArmVmp : Match on catch block at 0xc3 in for 0xa1
01-23 13:58:34.882 16200 16200 E ArmVmp : Match on catch block at 0xc3 in for 0xa1
01-23 13:58:34.892 16200 16200 E ArmVmp : Match on catch block at 0xc3 in for 0xa5
01-23 13:58:34.897 16200 16200 E ArmVmp : Match on catch block at 0xc3 in for 0xa9
01-23 13:58:34.900 16200 16200 E ArmVmp : Match on catch block at 0xc3 in for 0xa9
01-23 13:58:34.910 16200 16200 E ArmVmp : Match on catch block at 0xc3 in for 0xa1
01-23 13:58:34.914 16200 16200 E ArmVmp : Match on catch block at 0xc3 in for 0xa5
01-23 13:58:34.917 16200 16200 E ArmVmp : Match on catch block at 0xc3 in for 0xa5
01-23 13:58:34.926 16200 16200 E ArmVmp : Match on catch block at 0xc3 in for 0xa9
01-23 13:58:34.930 16200 16200 E ArmVmp : Match on catch block at 0xc3 in for 0xa1
01-23 13:58:34.932 16200 16200 E ArmVmp : Match on catch block at 0xc3 in for 0xa1
01-23 13:58:34.942 16200 16200 E ArmVmp : Match on catch block at 0xc3 in for 0xa5
01-23 13:58:34.946 16200 16200 E ArmVmp : Match on catch block at 0xc3 in for 0xa9
01-23 13:58:34.950 16200 16200 E ArmVmp : Match on catch block at 0xc3 in for 0xa9
01-23 13:58:34.959 16200 16200 E ArmVmp : Match on catch block at 0xc3 in for 0xa1
01-23 13:58:34.963 16200 16200 E ArmVmp : Match on catch block at 0xc3 in for 0xa5
01-23 13:58:34.965 16200 16200 E ArmVmp : Match on catch block at 0xc3 in for 0xa5
01-23 13:58:34.976 16200 16200 E ArmVmp : Match on catch block at 0xc3 in for 0xa9
01-23 13:58:34.980 16200 16200 E ArmVmp : Match on catch block at 0xc3 in for 0xa1
01-23 13:58:34.983 16200 16200 E ArmVmp : Match on catch block at 0xc3 in for 0xa1
01-23 13:58:34.993 16200 16200 E ArmVmp : Match on catch block at 0xc3 in for 0xa5
01-23 13:58:34.997 16200 16200 E ArmVmp : Match on catch block at 0xc3 in for 0xa9
01-23 13:58:35.000 16200 16200 E ArmVmp : Match on catch block at 0xc3 in for 0xa9
01-23 13:58:35.009 16200 16200 E ArmVmp : Match on catch block at 0xc3 in for 0xa1
01-23 13:58:35.015 16200 16200 E ArmVmp : Match on catch block at 0xc3 in for 0xa5
01-23 13:58:35.017 16200 16200 E ArmVmp : Match on catch block at 0xc3 in for 0xa5
01-23 13:58:35.026 16200 16200 E ArmVmp : Match on catch block at 0xc3 in for 0xa9
01-23 13:58:35.030 16200 16200 E ArmVmp : Match on catch block at 0xc3 in for 0xa1
01-23 13:58:35.033 16200 16200 E ArmVmp : Match on catch block at 0xc3 in for 0xa1
01-23 13:58:35.042 16200 16200 E ArmVmp : Match on catch block at 0xc3 in for 0xa5
01-23 13:58:35.047 16200 16200 E ArmVmp : Match on catch block at 0xc3 in for 0xa9
01-23 13:58:35.049 16200 16200 E ArmVmp : Match on catch block at 0xc3 in for 0xa9
01-23 13:58:35.359 16200 16200 E ArmVmp : Match on catch block at 0xc3 in for 0xa1
01-23 13:58:35.364 16200 16200 E ArmVmp : Match on catch block at 0xc3 in for 0xa5
01-23 13:58:35.367 16200 16200 E ArmVmp : Match on catch block at 0xc3 in for 0xa5
01-23 13:58:35.860 16200 16200 E ArmVmp : Match on catch block at 0xc3 in for 0xa9
01-23 13:58:35.865 16200 16200 E ArmVmp : Match on catch block at 0xc3 in for 0xa1
01-23 13:58:35.868 16200 16200 E ArmVmp : Match on catch block at 0xc3 in for 0xa1
01-23 13:58:35.994 16200 16200 E ArmVmp : Match on catch block at 0xc3 in for 0xa5
01-23 13:58:35.999 16200 16200 E ArmVmp : Match on catch block at 0xc3 in for 0xa9
01-23 13:58:36.002 16200 16200 E ArmVmp : Match on catch block at 0xc3 in for 0xa9
01-23 13:58:36.011 16200 16200 E ArmVmp : Match on catch block at 0xc3 in for 0xa1
01-23 13:58:36.017 16200 16200 E ArmVmp : Match on catch block at 0xc3 in for 0xa5
01-23 13:58:36.021 16200 16200 E ArmVmp : Match on catch block at 0xc3 in for 0xa5
01-23 13:58:36.028 16200 16200 E ArmVmp : Match on catch block at 0xc3 in for 0xa9
01-23 13:58:36.034 16200 16200 E ArmVmp : Match on catch block at 0xc3 in for 0xa1
01-23 13:58:36.037 16200 16200 E ArmVmp : Match on catch block at 0xc3 in for 0xa1
01-23 13:58:36.044 16200 16200 E ArmVmp : Match on catch block at 0xc3 in for 0xa5
01-23 13:58:36.050 16200 16200 E ArmVmp : Match on catch block at 0xc3 in for 0xa9
01-23 13:58:36.053 16200 16200 E ArmVmp : Match on catch block at 0xc3 in for 0xa9
01-23 13:58:36.060 16200 16200 E ArmVmp : Match on catch block at 0xc3 in for 0xa1
01-23 13:58:36.065 16200 16200 E ArmVmp : Match on catch block at 0xc3 in for 0xa5
01-23 13:58:36.068 16200 16200 E ArmVmp : Match on catch block at 0xc3 in for 0xa5
01-23 13:58:36.077 16200 16200 E ArmVmp : Match on catch block at 0xc3 in for 0xa9
01-23 13:58:36.083 16200 16200 E ArmVmp : Match on catch block at 0xc3 in for 0xa1
01-23 13:58:36.085 16200 16200 E ArmVmp : Match on catch block at 0xc3 in for 0xa1
01-23 13:58:36.093 16200 16200 E ArmVmp : Match on catch block at 0xc3 in for 0xa5
01-23 13:58:36.099 16200 16200 E ArmVmp : Match on catch block at 0xc3 in for 0xa9
01-23 13:58:36.102 16200 16200 E ArmVmp : Match on catch block at 0xc3 in for 0xa9
01-23 13:58:36.110 16200 16200 E ArmVmp : Match on catch block at 0xc3 in for 0xa1
01-23 13:58:36.116 16200 16200 E ArmVmp : Match on catch block at 0xc3 in for 0xa5
01-23 13:58:36.118 16200 16200 E ArmVmp : Match on catch block at 0xc3 in for 0xa5
01-23 13:58:36.127 16200 16200 E ArmVmp : Match on catch block at 0xc3 in for 0xa9
01-23 13:58:36.133 16200 16200 E ArmVmp : Match on catch block at 0xc3 in for 0xa1
01-23 13:58:36.137 16200 16200 E ArmVmp : Match on catch block at 0xc3 in for 0xa1
01-23 13:58:36.143 16200 16200 E ArmVmp : Match on catch block at 0xc3 in for 0xa5
01-23 13:58:36.148 16200 16200 E ArmVmp : Match on catch block at 0xc3 in for 0xa9
01-23 13:58:36.151 16200 16200 E ArmVmp : Match on catch block at 0xc3 in for 0xa9
01-23 13:58:36.160 16200 16200 E ArmVmp : Match on catch block at 0xc3 in for 0xa1
01-23 13:58:36.166 16200 16200 E ArmVmp : Match on catch block at 0xc3 in for 0xa5
01-23 13:58:36.169 16200 16200 E ArmVmp : Match on catch block at 0xc3 in for 0xa5
01-23 13:58:36.176 16200 16200 E ArmVmp : Match on catch block at 0xc3 in for 0xa9
01-23 13:58:36.181 16200 16200 E ArmVmp : Match on catch block at 0xc3 in for 0xa1
01-23 13:58:36.184 16200 16200 E ArmVmp : Match on catch block at 0xc3 in for 0xa1
01-23 13:58:36.194 16200 16200 E ArmVmp : Match on catch block at 0xc3 in for 0xa5
01-23 13:58:36.199 16200 16200 E ArmVmp : Match on catch block at 0xc3 in for 0xa9
01-23 13:58:36.201 16200 16200 E ArmVmp : Match on catch block at 0xc3 in for 0xa9
01-23 13:58:36.210 16200 16200 E ArmVmp : Match on catch block at 0xc3 in for 0xa1
01-23 13:58:36.215 16200 16200 E ArmVmp : Match on catch block at 0xc3 in for 0xa5
01-23 13:58:36.218 16200 16200 E ArmVmp : Match on catch block at 0xc3 in for 0xa5
01-23 13:58:36.227 16200 16200 E ArmVmp : Match on catch block at 0xc3 in for 0xa9
01-23 13:58:36.233 16200 16200 E ArmVmp : Match on catch block at 0xc3 in for 0xa1
01-23 13:58:36.235 16200 16200 E ArmVmp : Match on catch block at 0xc3 in for 0xa1
01-23 13:58:36.243 16200 16200 E ArmVmp : Match on catch block at 0xc3 in for 0xa5
01-23 13:58:36.249 16200 16200 E ArmVmp : Match on catch block at 0xc3 in for 0xa9
01-23 13:58:36.252 16200 16200 E ArmVmp : Match on catch block at 0xc3 in for 0xa9
01-23 13:58:36.260 16200 16200 E ArmVmp : Match on catch block at 0xc3 in for 0xa1
01-23 13:58:36.265 16200 16200 E ArmVmp : Match on catch block at 0xc3 in for 0xa5
01-23 13:58:36.267 16200 16200 E ArmVmp : Match on catch block at 0xc3 in for 0xa5
01-23 13:58:36.361 16200 16200 E ArmVmp : Match on catch block at 0xc3 in for 0xa9
01-23 13:58:36.366 16200 16200 E ArmVmp : Match on catch block at 0xc3 in for 0xa1
01-23 13:58:36.369 16200 16200 E ArmVmp : Match on catch block at 0xc3 in for 0xa1
01-23 13:58:36.507 16200 16200 E ArmVmp : Match on catch block at 0xc3 in for 0xa9
01-23 13:58:36.512 16200 16200 E ArmVmp : Match on catch block at 0xc3 in for 0xa1
01-23 13:58:36.515 16200 16200 E ArmVmp : Match on catch block at 0xc3 in for 0xa1
01-23 13:58:36.525 16200 16200 E ArmVmp : Match on catch block at 0xc3 in for 0xa5
01-23 13:58:36.530 16200 16200 E ArmVmp : Match on catch block at 0xc3 in for 0xa9
01-23 13:58:36.534 16200 16200 E ArmVmp : Match on catch block at 0xc3 in for 0xa9
01-23 13:58:36.685 16200 16200 E ArmVmp : Match on catch block at 0xc3 in for 0xa1
01-23 13:58:36.690 16200 16200 E ArmVmp : Match on catch block at 0xc3 in for 0xa5
01-23 13:58:36.694 16200 16200 E ArmVmp : Match on catch block at 0xc3 in for 0xa5
01-23 13:58:36.711 16200 16200 E ArmVmp : Match on catch block at 0xc3 in for 0xa9
01-23 13:58:36.716 16200 16200 E ArmVmp : Match on catch block at 0xc3 in for 0xa1
01-23 13:58:36.718 16200 16200 E ArmVmp : Match on catch block at 0xc3 in for 0xa1
01-23 13:58:36.860 16200 16200 E ArmVmp : Match on catch block at 0xc3 in for 0xa5
01-23 13:58:36.866 16200 16200 E ArmVmp : Match on catch block at 0xc3 in for 0xa9
01-23 13:58:36.870 16200 16200 E ArmVmp : Match on catch block at 0xc3 in for 0xa9
01-23 13:58:36.931 16200 16200 E ArmVmp : Match on catch block at 0xc3 in for 0xa5
01-23 13:58:36.938 16200 16200 E ArmVmp : Match on catch block at 0xc3 in for 0xa9
01-23 13:58:36.942 16200 16200 E ArmVmp : Match on catch block at 0xc3 in for 0xa9
01-23 13:58:36.971 16200 16200 E ArmVmp : Match on catch block at 0xc3 in for 0xa9
01-23 13:58:36.976 16200 16200 E ArmVmp : Match on catch block at 0xc3 in for 0xa1
01-23 13:58:36.979 16200 16200 E ArmVmp : Match on catch block at 0xc3 in for 0xa1
01-23 13:58:37.377 16200 16200 E ArmVmp : Match on catch block at 0xc3 in for 0xa5
01-23 13:58:37.380 16200 16200 E ArmVmp : Match on catch block at 0xc3 in for 0xa9
01-23 13:58:37.382 16200 16200 E ArmVmp : Match on catch block at 0xc3 in for 0xa9
01-23 13:58:37.879 16200 16200 E ArmVmp : Match on catch block at 0xc3 in for 0xa1
01-23 13:58:37.883 16200 16200 E ArmVmp : Match on catch block at 0xc3 in for 0xa5
01-23 13:58:37.886 16200 16200 E ArmVmp : Match on catch block at 0xc3 in for 0xa5
01-23 13:58:38.380 16200 16200 E ArmVmp : Match on catch block at 0xc3 in for 0xa9
01-23 13:58:38.385 16200 16200 E ArmVmp : Match on catch block at 0xc3 in for 0xa1
01-23 13:58:38.389 16200 16200 E ArmVmp : Match on catch block at 0xc3 in for 0xa1
01-23 13:58:38.530 16200 16200 E ArmVmp : Match on catch block at 0xc3 in for 0xa5
01-23 13:58:38.534 16200 16200 E ArmVmp : Match on catch block at 0xc3 in for 0xa9
01-23 13:58:38.538 16200 16200 E ArmVmp : Match on catch block at 0xc3 in for 0xa9
01-23 13:58:38.545 16200 16200 E ArmVmp : Match on catch block at 0xc3 in for 0xa1
01-23 13:58:38.549 16200 16200 E ArmVmp : Match on catch block at 0xc3 in for 0xa5
01-23 13:58:38.553 16200 16200 E ArmVmp : Match on catch block at 0xc3 in for 0xa5
01-23 13:58:38.561 16200 16200 E ArmVmp : Match on catch block at 0xc3 in for 0xa9
01-23 13:58:38.566 16200 16200 E ArmVmp : Match on catch block at 0xc3 in for 0xa1
01-23 13:58:38.569 16200 16200 E ArmVmp : Match on catch block at 0xc3 in for 0xa1
01-23 13:58:38.579 16200 16200 E ArmVmp : Match on catch block at 0xc3 in for 0xa5
01-23 13:58:38.584 16200 16200 E ArmVmp : Match on catch block at 0xc3 in for 0xa9
01-23 13:58:38.587 16200 16200 E ArmVmp : Match on catch block at 0xc3 in for 0xa9
01-23 13:58:38.596 16200 16200 E ArmVmp : Match on catch block at 0xc3 in for 0xa1
01-23 13:58:38.600 16200 16200 E ArmVmp : Match on catch block at 0xc3 in for 0xa5
01-23 13:58:38.603 16200 16200 E ArmVmp : Match on catch block at 0xc3 in for 0xa5
01-23 13:58:38.612 16200 16200 E ArmVmp : Match on catch block at 0xc3 in for 0xa9
01-23 13:58:38.616 16200 16200 E ArmVmp : Match on catch block at 0xc3 in for 0xa1
01-23 13:58:38.619 16200 16200 E ArmVmp : Match on catch block at 0xc3 in for 0xa1
01-23 13:58:38.629 16200 16200 E ArmVmp : Match on catch block at 0xc3 in for 0xa5
01-23 13:58:38.633 16200 16200 E ArmVmp : Match on catch block at 0xc3 in for 0xa9
01-23 13:58:38.636 16200 16200 E ArmVmp : Match on catch block at 0xc3 in for 0xa9
01-23 13:58:38.645 16200 16200 E ArmVmp : Match on catch block at 0xc3 in for 0xa1
01-23 13:58:38.649 16200 16200 E ArmVmp : Match on catch block at 0xc3 in for 0xa5
01-23 13:58:38.652 16200 16200 E ArmVmp : Match on catch block at 0xc3 in for 0xa5
01-23 13:58:38.662 16200 16200 E ArmVmp : Match on catch block at 0xc3 in for 0xa9
01-23 13:58:38.666 16200 16200 E ArmVmp : Match on catch block at 0xc3 in for 0xa1
01-23 13:58:38.669 16200 16200 E ArmVmp : Match on catch block at 0xc3 in for 0xa1
01-23 13:58:38.678 16200 16200 E ArmVmp : Match on catch block at 0xc3 in for 0xa5
01-23 13:58:38.683 16200 16200 E ArmVmp : Match on catch block at 0xc3 in for 0xa9
01-23 13:58:38.686 16200 16200 E ArmVmp : Match on catch block at 0xc3 in for 0xa9
01-23 13:58:38.695 16200 16200 E ArmVmp : Match on catch block at 0xc3 in for 0xa1
01-23 13:58:38.699 16200 16200 E ArmVmp : Match on catch block at 0xc3 in for 0xa5
01-23 13:58:38.703 16200 16200 E ArmVmp : Match on catch block at 0xc3 in for 0xa5
01-23 13:58:38.712 16200 16200 E ArmVmp : Match on catch block at 0xc3 in for 0xa9
01-23 13:58:38.716 16200 16200 E ArmVmp : Match on catch block at 0xc3 in for 0xa1
01-23 13:58:38.719 16200 16200 E ArmVmp : Match on catch block at 0xc3 in for 0xa1
01-23 13:58:38.729 16200 16200 E ArmVmp : Match on catch block at 0xc3 in for 0xa5
01-23 13:58:38.732 16200 16200 E ArmVmp : Match on catch block at 0xc3 in for 0xa9
01-23 13:58:38.735 16200 16200 E ArmVmp : Match on catch block at 0xc3 in for 0xa9
01-23 13:58:38.745 16200 16200 E ArmVmp : Match on catch block at 0xc3 in for 0xa1
01-23 13:58:38.749 16200 16200 E ArmVmp : Match on catch block at 0xc3 in for 0xa5
01-23 13:58:38.752 16200 16200 E ArmVmp : Match on catch block at 0xc3 in for 0xa5
01-23 13:58:38.761 16200 16200 E ArmVmp : Match on catch block at 0xc3 in for 0xa9
01-23 13:58:38.767 16200 16200 E ArmVmp : Match on catch block at 0xc3 in for 0xa1
01-23 13:58:38.770 16200 16200 E ArmVmp : Match on catch block at 0xc3 in for 0xa1
01-23 13:58:38.779 16200 16200 E ArmVmp : Match on catch block at 0xc3 in for 0xa5
01-23 13:58:38.783 16200 16200 E ArmVmp : Match on catch block at 0xc3 in for 0xa9
01-23 13:58:38.787 16200 16200 E ArmVmp : Match on catch block at 0xc3 in for 0xa9
01-23 13:58:38.880 16200 16200 E ArmVmp : Match on catch block at 0xc3 in for 0xa1
01-23 13:58:38.884 16200 16200 E ArmVmp : Match on catch block at 0xc3 in for 0xa5
01-23 13:58:38.887 16200 16200 E ArmVmp : Match on catch block at 0xc3 in for 0xa5
01-23 13:58:38.918 16200 16200 E ArmVmp : Match on catch block at 0xc3 in for 0xa5
01-23 13:58:38.923 16200 16200 E ArmVmp : Match on catch block at 0xc3 in for 0xa9
01-23 13:58:38.927 16200 16200 E ArmVmp : Match on catch block at 0xc3 in for 0xa9
01-23 13:58:38.934 16200 16200 E ArmVmp : Match on catch block at 0xc3 in for 0xa1
01-23 13:58:38.937 16200 16200 E ArmVmp : Match on catch block at 0xc3 in for 0xa5
01-23 13:58:38.942 16200 16200 E ArmVmp : Match on catch block at 0xc3 in for 0xa5
01-23 13:58:39.378 16200 16200 E ArmVmp : Match on catch block at 0xc3 in for 0xa9
01-23 13:58:39.383 16200 16200 E ArmVmp : Match on catch block at 0xc3 in for 0xa1
01-23 13:58:39.386 16200 16200 E ArmVmp : Match on catch block at 0xc3 in for 0xa1
01-23 13:58:39.420 16200 16200 E ArmVmp : Match on catch block at 0xc3 in for 0xa5
01-23 13:58:39.424 16200 16200 E ArmVmp : Match on catch block at 0xc3 in for 0xa9
01-23 13:58:39.428 16200 16200 E ArmVmp : Match on catch block at 0xc3 in for 0xa9
01-23 13:58:39.455 16200 16200 E ArmVmp : Match on catch block at 0xc3 in for 0xa1
01-23 13:58:39.460 16200 16200 E ArmVmp : Match on catch block at 0xc3 in for 0xa5
01-23 13:58:39.464 16200 16200 E ArmVmp : Match on catch block at 0xc3 in for 0xa5
01-23 13:58:39.481 16200 16200 E ArmVmp : Match on catch block at 0xc3 in for 0xa9
01-23 13:58:39.484 16200 16200 E ArmVmp : Match on catch block at 0xc3 in for 0xa1
01-23 13:58:39.491 16200 16200 E ArmVmp : Match on catch block at 0xc3 in for 0xa1
01-23 13:58:39.514 16200 16200 E ArmVmp : Match on catch block at 0xc3 in for 0xa5
01-23 13:58:39.525 16200 16200 E ArmVmp : Match on catch block at 0xc3 in for 0xa9
01-23 13:58:39.555 16200 16200 E ArmVmp : Match on catch block at 0xc3 in for 0xa9
01-23 13:58:39.592 16200 16200 E ArmVmp : Match on catch block at 0xc3 in for 0xa1
01-23 13:58:39.597 16200 16200 E ArmVmp : Match on catch block at 0xc3 in for 0xa5
01-23 13:58:39.600 16200 16200 E ArmVmp : Match on catch block at 0xc3 in for 0xa5
01-23 13:58:39.618 16200 16200 E ArmVmp : Match on catch block at 0xc3 in for 0xa1
01-23 13:58:39.622 16200 16200 E ArmVmp : Match on catch block at 0xc3 in for 0xa5
01-23 13:58:39.626 16200 16200 E ArmVmp : Match on catch block at 0xc3 in for 0xa5
01-23 13:58:39.646 16200 16200 E ArmVmp : Match on catch block at 0xc3 in for 0xa9
01-23 13:58:39.650 16200 16200 E ArmVmp : Match on catch block at 0xc3 in for 0xa1
01-23 13:58:39.653 16200 16200 E ArmVmp : Match on catch block at 0xc3 in for 0xa1
01-23 13:58:39.713 16200 16200 E ArmVmp : Match on catch block at 0xc3 in for 0xa9
01-23 13:58:39.717 16200 16200 E ArmVmp : Match on catch block at 0xc3 in for 0xa1
01-23 13:58:39.720 16200 16200 E ArmVmp : Match on catch block at 0xc3 in for 0xa1
01-23 13:58:39.780 16200 16200 E ArmVmp : Match on catch block at 0xc3 in for 0xa9
01-23 13:58:39.784 16200 16200 E ArmVmp : Match on catch block at 0xc3 in for 0xa1
01-23 13:58:39.787 16200 16200 E ArmVmp : Match on catch block at 0xc3 in for 0xa1
01-23 13:58:39.984 16200 16200 E ArmVmp : Match on catch block at 0xc3 in for 0xa1
01-23 13:58:39.988 16200 16200 E ArmVmp : Match on catch block at 0xc3 in for 0xa5
01-23 13:58:39.991 16200 16200 E ArmVmp : Match on catch block at 0xc3 in for 0xa5
01-23 13:58:40.018 16200 16200 E ArmVmp : Match on catch block at 0xc3 in for 0xa5
01-23 13:58:40.021 16200 16200 E ArmVmp : Match on catch block at 0xc3 in for 0xa9
01-23 13:58:40.025 16200 16200 E ArmVmp : Match on catch block at 0xc3 in for 0xa9
01-23 13:58:40.051 16200 16200 E ArmVmp : Match on catch block at 0xc3 in for 0xa1
01-23 13:58:40.054 16200 16200 E ArmVmp : Match on catch block at 0xc3 in for 0xa5
01-23 13:58:40.057 16200 16200 E ArmVmp : Match on catch block at 0xc3 in for 0xa5
01-23 13:58:40.063 16200 16200 E ArmVmp : Match on catch block at 0xc3 in for 0xa9
01-23 13:58:40.067 16200 16200 E ArmVmp : Match on catch block at 0xc3 in for 0xa1
01-23 13:58:40.071 16200 16200 E ArmVmp : Match on catch block at 0xc3 in for 0xa1
01-23 13:58:40.079 16200 16200 E ArmVmp : Match on catch block at 0xc3 in for 0xa5
01-23 13:58:40.083 16200 16200 E ArmVmp : Match on catch block at 0xc3 in for 0xa9
01-23 13:58:40.086 16200 16200 E ArmVmp : Match on catch block at 0xc3 in for 0xa9
01-23 13:58:40.096 16200 16200 E ArmVmp : Match on catch block at 0xc3 in for 0xa1
01-23 13:58:40.099 16200 16200 E ArmVmp : Match on catch block at 0xc3 in for 0xa5
01-23 13:58:40.102 16200 16200 E ArmVmp : Match on catch block at 0xc3 in for 0xa5
01-23 13:58:40.112 16200 16200 E ArmVmp : Match on catch block at 0xc3 in for 0xa9
01-23 13:58:40.115 16200 16200 E ArmVmp : Match on catch block at 0xc3 in for 0xa1
01-23 13:58:40.118 16200 16200 E ArmVmp : Match on catch block at 0xc3 in for 0xa1
01-23 13:58:40.133 16200 16200 E ArmVmp : Match on catch block at 0xc3 in for 0xa5
01-23 13:58:40.136 16200 16200 E ArmVmp : Match on catch block at 0xc3 in for 0xa9
01-23 13:58:40.139 16200 16200 E ArmVmp : Match on catch block at 0xc3 in for 0xa9
01-23 13:58:40.147 16200 16200 E ArmVmp : Match on catch block at 0xc3 in for 0xa1
01-23 13:58:40.151 16200 16200 E ArmVmp : Match on catch block at 0xc3 in for 0xa5
01-23 13:58:40.154 16200 16200 E ArmVmp : Match on catch block at 0xc3 in for 0xa5
01-23 13:58:40.162 16200 16200 E ArmVmp : Match on catch block at 0xc3 in for 0xa9
01-23 13:58:40.166 16200 16200 E ArmVmp : Match on catch block at 0xc3 in for 0xa1
01-23 13:58:40.170 16200 16200 E ArmVmp : Match on catch block at 0xc3 in for 0xa1
01-23 13:58:40.183 16200 16200 E ArmVmp : Match on catch block at 0xc3 in for 0xa5
01-23 13:58:40.186 16200 16200 E ArmVmp : Match on catch block at 0xc3 in for 0xa9
01-23 13:58:40.189 16200 16200 E ArmVmp : Match on catch block at 0xc3 in for 0xa9
01-23 13:58:40.196 16200 16200 E ArmVmp : Match on catch block at 0xc3 in for 0xa1
01-23 13:58:40.199 16200 16200 E ArmVmp : Match on catch block at 0xc3 in for 0xa5
01-23 13:58:40.202 16200 16200 E ArmVmp : Match on catch block at 0xc3 in for 0xa5
01-23 13:58:40.212 16200 16200 E ArmVmp : Match on catch block at 0xc3 in for 0xa9
01-23 13:58:40.215 16200 16200 E ArmVmp : Match on catch block at 0xc3 in for 0xa1
01-23 13:58:40.218 16200 16200 E ArmVmp : Match on catch block at 0xc3 in for 0xa1
01-23 13:58:40.229 16200 16200 E ArmVmp : Match on catch block at 0xc3 in for 0xa9
01-23 13:58:40.233 16200 16200 E ArmVmp : Match on catch block at 0xc3 in for 0xa1
01-23 13:58:40.236 16200 16200 E ArmVmp : Match on catch block at 0xc3 in for 0xa1
01-23 13:58:40.246 16200 16200 E ArmVmp : Match on catch block at 0xc3 in for 0xa5
01-23 13:58:40.249 16200 16200 E ArmVmp : Match on catch block at 0xc3 in for 0xa9
01-23 13:58:40.252 16200 16200 E ArmVmp : Match on catch block at 0xc3 in for 0xa9
01-23 13:58:40.266 16200 16200 E ArmVmp : Match on catch block at 0xc3 in for 0xa1
01-23 13:58:40.268 16200 16200 E ArmVmp : Match on catch block at 0xc3 in for 0xa5
01-23 13:58:40.271 16200 16200 E ArmVmp : Match on catch block at 0xc3 in for 0xa5
01-23 13:58:40.279 16200 16200 E ArmVmp : Match on catch block at 0xc3 in for 0xa9
01-23 13:58:40.282 16200 16200 E ArmVmp : Match on catch block at 0xc3 in for 0xa1
01-23 13:58:40.285 16200 16200 E ArmVmp : Match on catch block at 0xc3 in for 0xa1
01-23 13:58:40.296 16200 16200 E ArmVmp : Match on catch block at 0xc3 in for 0xa5
01-23 13:58:40.299 16200 16200 E ArmVmp : Match on catch block at 0xc3 in for 0xa9
01-23 13:58:40.301 16200 16200 E ArmVmp : Match on catch block at 0xc3 in for 0xa9
01-23 13:58:40.312 16200 16200 E ArmVmp : Match on catch block at 0xc3 in for 0xa1
01-23 13:58:40.315 16200 16200 E ArmVmp : Match on catch block at 0xc3 in for 0xa5
01-23 13:58:40.318 16200 16200 E ArmVmp : Match on catch block at 0xc3 in for 0xa5
01-23 13:58:40.329 16200 16200 E ArmVmp : Match on catch block at 0xc3 in for 0xa9
01-23 13:58:40.332 16200 16200 E ArmVmp : Match on catch block at 0xc3 in for 0xa1
01-23 13:58:40.334 16200 16200 E ArmVmp : Match on catch block at 0xc3 in for 0xa1
01-23 13:58:40.346 16200 16200 E ArmVmp : Match on catch block at 0xc3 in for 0xa5
01-23 13:58:40.349 16200 16200 E ArmVmp : Match on catch block at 0xc3 in for 0xa9
01-23 13:58:40.351 16200 16200 E ArmVmp : Match on catch block at 0xc3 in for 0xa9
01-23 13:58:40.362 16200 16200 E ArmVmp : Match on catch block at 0xc3 in for 0xa1
01-23 13:58:40.365 16200 16200 E ArmVmp : Match on catch block at 0xc3 in for 0xa5
01-23 13:58:40.368 16200 16200 E ArmVmp : Match on catch block at 0xc3 in for 0xa5
01-23 13:58:40.379 16200 16200 E ArmVmp : Match on catch block at 0xc3 in for 0xa9
01-23 13:58:40.382 16200 16200 E ArmVmp : Match on catch block at 0xc3 in for 0xa1
01-23 13:58:40.385 16200 16200 E ArmVmp : Match on catch block at 0xc3 in for 0xa1
01-23 13:58:40.396 16200 16200 E ArmVmp : Match on catch block at 0xc3 in for 0xa5
01-23 13:58:40.399 16200 16200 E ArmVmp : Match on catch block at 0xc3 in for 0xa9
01-23 13:58:40.401 16200 16200 E ArmVmp : Match on catch block at 0xc3 in for 0xa9
01-23 13:58:40.412 16200 16200 E ArmVmp : Match on catch block at 0xc3 in for 0xa1
01-23 13:58:40.415 16200 16200 E ArmVmp : Match on catch block at 0xc3 in for 0xa5
01-23 13:58:40.417 16200 16200 E ArmVmp : Match on catch block at 0xc3 in for 0xa5
01-23 13:58:40.513 16200 16200 E ArmVmp : Match on catch block at 0xc3 in for 0xa9
01-23 13:58:40.517 16200 16200 E ArmVmp : Match on catch block at 0xc3 in for 0xa1
01-23 13:58:40.519 16200 16200 E ArmVmp : Match on catch block at 0xc3 in for 0xa1
01-23 13:58:40.529 16200 16200 E ArmVmp : Match on catch block at 0xc3 in for 0xa5
01-23 13:58:40.534 16200 16200 E ArmVmp : Match on catch block at 0xc3 in for 0xa9
01-23 13:58:40.537 16200 16200 E ArmVmp : Match on catch block at 0xc3 in for 0xa9
01-23 13:58:40.547 16200 16200 E ArmVmp : Match on catch block at 0xc3 in for 0xa1
01-23 13:58:40.552 16200 16200 E ArmVmp : Match on catch block at 0xc3 in for 0xa5
01-23 13:58:40.557 16200 16200 E ArmVmp : Match on catch block at 0xc3 in for 0xa5
01-23 13:58:40.563 16200 16200 E ArmVmp : Match on catch block at 0xc3 in for 0xa9
