The document contains log entries from an Android application. There are warnings and errors reported relating to method verification, catch blocks, surface validity issues, and missing classes.
The document contains log entries from an Android application. There are warnings and errors reported relating to method verification, catch blocks, surface validity issues, and missing classes.
The document contains log entries from an Android application. There are warnings and errors reported relating to method verification, catch blocks, surface validity issues, and missing classes.
The document contains log entries from an Android application. There are warnings and errors reported relating to method verification, catch blocks, surface validity issues, and missing classes.
Download as TXT, PDF, TXT or read online from Scribd
Download as txt, pdf, or txt
You are on page 1of 15
--------- beginning of main
03-05 17:02:47.677 13529 13529 W com.mbwhatsapp: Method void X.0Vr.A0i(X.0g4,
boolean) failed lock verification and will run slower.
03-05 17:02:48.813 13529 13529 W com.mbwhatsapp: Method void com.mbwhatsapp.HomeActivity.A5H() failed lock verification and will run slower.
03-05 17:02:50.305 13529 13529 E ArmVmp : Match on catch block at 0x0e in for 0xe94c8031
03-05 17:02:50.503 13529 13529 E ArmVmp : Match on catch block at 0x0a in for 0xe94c8029
03-05 17:02:50.597 13529 13529 E ArmVmp : Match on catch block at 0x0a in for 0xe94c8051
03-05 17:02:50.601 13529 13529 E ArmVmp : Match on catch block at 0x0c in for 0xe94c8039
03-05 17:02:50.797 13529 5513 E RenderScript: Failed to find hal setup entry points: undefined symbol: rsdHalAbort
03-05 17:02:50.797 13529 5513 E RenderScript: Failed to load runtime , loading default
03-05 17:02:51.176 13529 13529 E ArmVmp : Match on catch block at 0x18 in for 0xe94c801d
03-05 17:02:51.176 13529 13529 E ArmVmp : Match on catch block at 0x18 in for 0xe94c801d
03-05 17:02:51.769 13529 13529 E ArmVmp : Match on catch block at 0x18 in for 0xe94c801d
03-05 17:02:51.808 13529 13529 E ArmVmp : Match on catch block at 0x18 in for 0xe94c801d
03-05 17:02:52.008 13529 13529 E ArmVmp : Match on catch block at 0x18 in for 0xe94c801d
03-05 17:02:52.018 13529 13529 E ArmVmp : Match on catch block at 0x18 in for 0xe94c801d
03-05 17:02:52.061 13529 13609 E ArmVmp : Match on catch block at 0x18 in for 0xe6a83a05
03-05 17:02:53.395 13529 13529 E ArmVmp : Match on catch block at 0x0a in for 0xe94c8075
03-05 17:02:53.558 13529 5836 W Gralloc3: mapper 3.x is not supported
03-05 17:02:53.570 13529 5836 W Gralloc4: allocator 4.x is not supported
03-05 17:02:53.571 13529 5836 W Gralloc3: allocator 3.x is not supported
03-05 17:02:53.705 13529 13529 E ViewRootImpl@8b612bf[HomeActivity]: Surface is not valid.
03-05 17:02:54.402 13529 13584 W SQLiteLog: (28) double-quoted string literal: "20"
03-05 17:02:54.402 13529 13584 W SQLiteLog: (28) double-quoted string literal: "40"
03-05 17:02:54.820 13529 13537 W com.mbwhatsapp: Cleared Reference was only reachable from finalizer (only reported once)
03-05 17:02:58.555 13529 13529 E RecyclerView: No adapter attached; skipping layout
03-05 17:02:58.556 13529 13529 E RecyclerView: No adapter attached; skipping layout
03-05 17:02:58.566 13529 13529 E ViewRootImpl@8daadb6[HomeActivity]: Surface is not valid.
03-05 17:02:58.611 13529 13529 E ViewRootImpl@ab03284[HomeActivity]: Surface is not valid.
03-05 17:02:58.679 13529 13529 E ViewRootImpl@d7f48dd[HomeActivity]: Surface is not valid.
03-05 17:02:58.917 13529 13529 E ViewRootImpl@8b612bf[HomeActivity]: Surface is not valid.
03-05 17:02:59.005 13529 13529 E RecyclerView: No adapter attached; skipping layout
03-05 17:02:59.005 13529 13529 E RecyclerView: No adapter attached; skipping layout
03-05 17:02:59.097 13529 13529 E ViewRootImpl@8daadb6[HomeActivity]: Surface is not valid.
03-05 17:02:59.097 13529 13529 E ViewRootImpl@ab03284[HomeActivity]: Surface is not valid.
03-05 17:02:59.098 13529 13529 E ViewRootImpl@d7f48dd[HomeActivity]: Surface is not valid.
03-05 17:02:59.110 13529 13529 E ArmVmp : Match on catch block at 0x0a in for 0xe94c8031
03-05 17:02:59.155 13529 13529 E ViewRootImpl@8daadb6[HomeActivity]: Surface is not valid.
03-05 17:14:03.141 13529 13529 E ArmVmp : Match on catch block at 0x18 in for 0xe94c801d
03-05 17:14:03.153 13529 13529 E ArmVmp : Match on catch block at 0x18 in for 0xe94c801d
03-05 17:14:39.218 13529 13529 E ArmVmp : Match on catch block at 0x18 in for 0xe94c801d
03-05 17:14:39.220 13529 13529 E ArmVmp : Match on catch block at 0x18 in for 0xe94c801d
03-05 17:29:25.060 24587 24587 E com.mbwhatsapp: Not starting debugger since process cannot load the jdwp agent.
03-05 17:29:25.065 24587 24587 E USNET : USNET: appName: com.mbwhatsapp
03-05 17:29:25.267 24587 24587 W System.err: java.lang.ClassNotFoundException: mbmodsd.mbmodsw.ui.views.btn.BtnBK
03-05 17:29:25.274 24587 24587 W System.err: at java.lang.Runtime.nativeLoad(Native Method)
03-05 17:29:25.275 24587 24587 W System.err: at java.lang.Runtime.nativeLoad(Runtime.java:1126)
03-05 17:29:25.275 24587 24587 W System.err: at java.lang.Runtime.loadLibrary0(Runtime.java:1080)
03-05 17:29:25.275 24587 24587 W System.err: at java.lang.Runtime.loadLibrary0(Runtime.java:1003)
03-05 17:29:25.275 24587 24587 W System.err: at java.lang.System.loadLibrary(System.java:1661)
03-05 17:29:25.275 24587 24587 W System.err: at arm.EpicVm.<clinit>(Unknown Source:2)
03-05 17:29:25.275 24587 24587 W System.err: at java.lang.Class.newInstance(Native Method)
03-05 17:29:25.275 24587 24587 W System.err: at android.app.AppComponentFactory.instantiateApplication(AppComponentFactory.java:76)
03-05 17:29:25.275 24587 24587 W System.err: at androidx.core.app.CoreComponentFactory.instantiateApplication(Unknown Source:0)
03-05 17:29:25.275 24587 24587 W System.err: at android.app.Instrumentation.newApplication(Instrumentation.java:1177)
03-05 17:29:25.275 24587 24587 W System.err: at android.app.LoadedApk.makeApplication(LoadedApk.java:1457)
03-05 17:29:25.275 24587 24587 W System.err: at android.app.ActivityThread.handleBindApplication(ActivityThread.java:7458)
03-05 17:29:25.275 24587 24587 W System.err: at android.app.ActivityThread.access$1600(ActivityThread.java:310)
03-05 17:29:25.275 24587 24587 W System.err: at android.app.ActivityThread$H.handleMessage(ActivityThread.java:2281)
03-05 17:29:25.275 24587 24587 W System.err: at android.os.Handler.dispatchMessage(Handler.java:106)
03-05 17:29:25.275 24587 24587 W System.err: at android.os.Looper.loopOnce(Looper.java:226)
03-05 17:29:25.275 24587 24587 W System.err: at android.os.Looper.loop(Looper.java:313)
03-05 17:29:25.275 24587 24587 W System.err: at android.app.ActivityThread.main(ActivityThread.java:8669)
03-05 17:29:25.275 24587 24587 W System.err: at java.lang.reflect.Method.invoke(Native Method)
03-05 17:29:25.275 24587 24587 W System.err: at com.android.internal.os.RuntimeInit$MethodAndArgsCaller.run(RuntimeInit.java:571)
03-05 17:29:25.275 24587 24587 W System.err: at com.android.internal.os.ZygoteInit.main(ZygoteInit.java:1135)
03-05 17:29:25.340 24587 24587 E CustomActivityOnCrash: IMPORTANT WARNING! You already have an UncaughtExceptionHandler, are you sure this is correct? If you use a custom UncaughtExceptionHandler, you must initialize it AFTER CustomActivityOnCrash! Installing anyway, but your original handler will not be called.
03-05 17:29:25.502 24587 24614 W LibraryVersion: Failed to get app version for libraryName: firebase-iid
03-05 17:29:26.147 24587 24587 W com.mbwhatsapp: Accessing hidden method Lcom/android/org/conscrypt/OpenSSLSocketImpl;->setUseSessionTickets(Z)V (max- target-q,core-platform-api, reflection, denied)
03-05 17:29:26.147 24587 24587 W com.mbwhatsapp: Accessing hidden method Lcom/android/org/conscrypt/AbstractConscryptSocket;->setUseSessionTickets(Z)V (max- target-q, reflection, denied)
03-05 17:29:28.390 24587 24685 W com.mbwhatsapp: Method void X.2rL.A03(java.lang.Integer) failed lock verification and will run slower.
03-05 17:29:28.390 24587 24685 W com.mbwhatsapp: Common causes for lock verification issues are non-optimized dex code
03-05 17:29:28.390 24587 24685 W com.mbwhatsapp: and incorrect proguard optimizations.
03-05 17:29:28.455 24587 24587 W com.mbwhatsapp: Method void X.0eU.A0h(X.0tK, boolean) failed lock verification and will run slower.
03-05 17:29:30.212 24587 24587 W com.mbwhatsapp: Method void com.mbwhatsapp.HomeActivity.A6e() failed lock verification and will run slower.
03-05 17:29:31.370 24587 24587 E ArmVmp : Match on catch block at 0x0a in for 0xe94c802d
03-05 17:29:31.434 24587 24587 E ArmVmp : Match on catch block at 0x0a in for 0xe94c8049
03-05 17:29:31.602 24587 24734 E RenderScript: Failed to find hal setup entry points: undefined symbol: rsdHalAbort
03-05 17:29:31.602 24587 24734 E RenderScript: Failed to load runtime , loading default
03-05 17:29:31.614 24587 24723 W com.mbwhatsapp: Accessing hidden method Lcom/android/org/conscrypt/ConscryptEngineSocket;->setUseSessionTickets(Z)V (max- target-q,core-platform-api, reflection, denied)
03-05 17:29:31.615 24587 24723 W com.mbwhatsapp: Accessing hidden method Lcom/android/org/conscrypt/OpenSSLSocketImpl;->setUseSessionTickets(Z)V (max- target-q,core-platform-api, reflection, denied)
03-05 17:29:31.615 24587 24723 W com.mbwhatsapp: Accessing hidden method Lcom/android/org/conscrypt/AbstractConscryptSocket;->setUseSessionTickets(Z)V (max- target-q, reflection, denied)
03-05 17:29:31.615 24587 24723 W com.mbwhatsapp: Accessing hidden method Lcom/android/org/conscrypt/ConscryptEngineSocket;->setHostname(Ljava/lang/String;)V (max-target-q,core-platform-api, reflection, denied)
03-05 17:29:31.615 24587 24723 W com.mbwhatsapp: Accessing hidden method Lcom/android/org/conscrypt/OpenSSLSocketImpl;->setHostname(Ljava/lang/String;)V (max-target-q,core-platform-api, reflection, denied)
03-05 17:29:31.615 24587 24723 W com.mbwhatsapp: Accessing hidden method Lcom/android/org/conscrypt/AbstractConscryptSocket;->setHostname(Ljava/lang/ String;)V (max-target-q, reflection, denied)
03-05 17:29:31.615 24587 24723 W com.mbwhatsapp: Accessing hidden method Lcom/android/org/conscrypt/OpenSSLSocketImpl;->setAlpnProtocols([B)V (max-target- q,core-platform-api, reflection, denied)
03-05 17:29:31.615 24587 24723 W com.mbwhatsapp: Accessing hidden method Lcom/android/org/conscrypt/AbstractConscryptSocket;->setAlpnProtocols([B)V (max- target-q, reflection, denied)
03-05 17:29:31.731 24587 24587 E ArmVmp : Match on catch block at 0x0a in for 0xe94c804d
03-05 17:29:31.993 24587 24723 W com.mbwhatsapp: Accessing hidden method Lcom/android/org/conscrypt/OpenSSLSocketImpl;->getAlpnSelectedProtocol()[B (max- target-q,core-platform-api, reflection, denied)
03-05 17:29:31.993 24587 24723 W com.mbwhatsapp: Accessing hidden method Lcom/android/org/conscrypt/AbstractConscryptSocket;->getAlpnSelectedProtocol()[B (max-target-q, reflection, denied)
03-05 17:29:32.233 24587 24758 W Gralloc3: mapper 3.x is not supported
03-05 17:29:32.238 24587 24758 W Gralloc4: allocator 4.x is not supported
03-05 17:29:32.239 24587 24758 W Gralloc3: allocator 3.x is not supported
03-05 17:29:32.759 24587 24696 W SQLiteLog: (28) double-quoted string literal: "20"
03-05 17:29:32.759 24587 24696 W SQLiteLog: (28) double-quoted string literal: "40"
03-05 17:29:32.772 24587 24730 E ArmVmp : No matching catch block at 0x07
03-05 17:29:32.772 24587 24730 E ArmVmp : Match on catch block at 0x02 in for 0xe3e62a05
03-05 17:29:32.786 24587 24730 W System.err: java.io.FileNotFoundException: https://pastebin.com/raw/kwjaGXvm
03-05 17:29:32.792 24587 24730 W System.err: at com.android.okhttp.internal.huc.HttpURLConnectionImpl.getInputStream(HttpURLConnect ionImpl.java:255)
03-05 17:29:32.793 24587 24730 W System.err: at com.android.okhttp.internal.huc.DelegatingHttpsURLConnection.getInputStream(Delegat ingHttpsURLConnection.java:211)
03-05 17:29:32.793 24587 24730 W System.err: at com.android.okhttp.internal.huc.HttpsURLConnectionImpl.getInputStream(HttpsURLConne ctionImpl.java:30)
03-05 17:29:32.793 24587 24730 W System.err: at java.net.URL.openStream(URL.java:1072)
03-05 17:29:32.793 24587 24730 W System.err: at mbmodsd.mbmodsw.mbdialog.MBDialogMan.loadJsonFromUrl(Native Method)
03-05 17:29:32.793 24587 24730 W System.err: at mbmodsd.mbmodsw.mbdialog.MBDialogMan.access$000(Native Method)
03-05 17:29:32.793 24587 24730 W System.err: at mbmodsd.mbmodsw.mbdialog.MBDialogMan$FetchJsonTask.doInBackground(Native Method)
03-05 17:29:32.793 24587 24730 W System.err: at mbmodsd.mbmodsw.mbdialog.MBDialogMan$FetchJsonTask.doInBackground(Native Method)
03-05 17:29:32.793 24587 24730 W System.err: at android.os.AsyncTask$3.call(AsyncTask.java:394)
03-05 17:29:32.794 24587 24730 W System.err: at java.util.concurrent.FutureTask.run(FutureTask.java:264)
03-05 17:29:32.794 24587 24730 W System.err: at android.os.AsyncTask$SerialExecutor$1.run(AsyncTask.java:305)
03-05 17:29:32.794 24587 24730 W System.err: at java.util.concurrent.ThreadPoolExecutor.runWorker(ThreadPoolExecutor.java:1145)
03-05 17:29:32.794 24587 24730 W System.err: at java.util.concurrent.ThreadPoolExecutor$Worker.run(ThreadPoolExecutor.java:644)
03-05 17:29:32.794 24587 24730 W System.err: at java.lang.Thread.run(Thread.java:1012)
03-05 17:29:33.820 24587 24595 W com.mbwhatsapp: Cleared Reference was only reachable from finalizer (only reported once)
03-05 17:29:33.982 24587 24597 W System : A resource failed to call end.
03-05 17:29:35.134 24587 24587 E ArmVmp : Match on catch block at 0x0a in for 0xe94c8031
03-05 17:29:35.720 24587 24836 W LOTTIE : Animation contains merge paths. Merge paths are only supported on KitKat+ and must be manually enabled by calling enableMergePathsForKitKatAndAbove().
03-05 17:29:36.221 24587 24587 W LOTTIE : Animation contains merge paths but they are disabled.
03-05 17:29:37.098 24587 24859 W PersistentStore: java.io.InvalidClassException: org.whispersystems.jobqueue.Job; local class incompatible: stream classdesc serialVersionUID = 6816157634593784783, local class serialVersionUID = 5597620203067719169
03-05 17:29:37.098 24587 24859 W PersistentStore: at java.io.ObjectStreamClass.initNonProxy(ObjectStreamClass.java:652)
03-05 17:29:37.098 24587 24859 W PersistentStore: at java.io.ObjectInputStream.readNonProxyDesc(ObjectInputStream.java:1743)
03-05 17:29:37.098 24587 24859 W PersistentStore: at java.io.ObjectInputStream.readClassDesc(ObjectInputStream.java:1624)
03-05 17:29:37.098 24587 24859 W PersistentStore: at java.io.ObjectInputStream.readNonProxyDesc(ObjectInputStream.java:1743)
03-05 17:29:37.098 24587 24859 W PersistentStore: at java.io.ObjectInputStream.readClassDesc(ObjectInputStream.java:1624)
03-05 17:29:37.098 24587 24859 W PersistentStore: at java.io.ObjectInputStream.readOrdinaryObject(ObjectInputStream.java:1902)
03-05 17:29:37.098 24587 24859 W PersistentStore: at java.io.ObjectInputStream.readObject0(ObjectInputStream.java:1442)
03-05 17:29:37.098 24587 24859 W PersistentStore: at java.io.ObjectInputStream.readObject(ObjectInputStream.java:430)
03-05 17:29:37.098 24587 24859 W PersistentStore: at X.3fu.run(Unknown Source:305)
03-05 17:29:37.098 24587 24859 W PersistentStore: at java.util.concurrent.ThreadPoolExecutor.runWorker(ThreadPoolExecutor.java:1145)
03-05 17:29:37.098 24587 24859 W PersistentStore: at java.util.concurrent.ThreadPoolExecutor$Worker.run(ThreadPoolExecutor.java:644)
03-05 17:29:37.098 24587 24859 W PersistentStore: at java.lang.Thread.run(Thread.java:1012)
03-05 17:29:37.102 24587 24859 W PersistentStore: java.io.InvalidClassException: org.whispersystems.jobqueue.Job; local class incompatible: stream classdesc serialVersionUID = 6816157634593784783, local class serialVersionUID = 5597620203067719169
03-05 17:29:37.102 24587 24859 W PersistentStore: at java.io.ObjectStreamClass.initNonProxy(ObjectStreamClass.java:652)
03-05 17:29:37.102 24587 24859 W PersistentStore: at java.io.ObjectInputStream.readNonProxyDesc(ObjectInputStream.java:1743)
03-05 17:29:37.102 24587 24859 W PersistentStore: at java.io.ObjectInputStream.readClassDesc(ObjectInputStream.java:1624)
03-05 17:29:37.102 24587 24859 W PersistentStore: at java.io.ObjectInputStream.readNonProxyDesc(ObjectInputStream.java:1743)
03-05 17:29:37.102 24587 24859 W PersistentStore: at java.io.ObjectInputStream.readClassDesc(ObjectInputStream.java:1624)
03-05 17:29:37.102 24587 24859 W PersistentStore: at java.io.ObjectInputStream.readOrdinaryObject(ObjectInputStream.java:1902)
03-05 17:29:37.102 24587 24859 W PersistentStore: at java.io.ObjectInputStream.readObject0(ObjectInputStream.java:1442)
03-05 17:29:37.102 24587 24859 W PersistentStore: at java.io.ObjectInputStream.readObject(ObjectInputStream.java:430)
03-05 17:29:37.102 24587 24859 W PersistentStore: at X.3fu.run(Unknown Source:305)
03-05 17:29:37.102 24587 24859 W PersistentStore: at java.util.concurrent.ThreadPoolExecutor.runWorker(ThreadPoolExecutor.java:1145)
03-05 17:29:37.102 24587 24859 W PersistentStore: at java.util.concurrent.ThreadPoolExecutor$Worker.run(ThreadPoolExecutor.java:644)
03-05 17:29:37.102 24587 24859 W PersistentStore: at java.lang.Thread.run(Thread.java:1012)
03-05 17:29:37.106 24587 24859 W PersistentStore: java.io.InvalidClassException: org.whispersystems.jobqueue.Job; local class incompatible: stream classdesc serialVersionUID = 6816157634593784783, local class serialVersionUID = 5597620203067719169
03-05 17:29:37.106 24587 24859 W PersistentStore: at java.io.ObjectStreamClass.initNonProxy(ObjectStreamClass.java:652)
03-05 17:29:37.106 24587 24859 W PersistentStore: at java.io.ObjectInputStream.readNonProxyDesc(ObjectInputStream.java:1743)
03-05 17:29:37.106 24587 24859 W PersistentStore: at java.io.ObjectInputStream.readClassDesc(ObjectInputStream.java:1624)
03-05 17:29:37.106 24587 24859 W PersistentStore: at java.io.ObjectInputStream.readNonProxyDesc(ObjectInputStream.java:1743)
03-05 17:29:37.106 24587 24859 W PersistentStore: at java.io.ObjectInputStream.readClassDesc(ObjectInputStream.java:1624)
03-05 17:29:37.106 24587 24859 W PersistentStore: at java.io.ObjectInputStream.readOrdinaryObject(ObjectInputStream.java:1902)
03-05 17:29:37.106 24587 24859 W PersistentStore: at java.io.ObjectInputStream.readObject0(ObjectInputStream.java:1442)
03-05 17:29:37.106 24587 24859 W PersistentStore: at java.io.ObjectInputStream.readObject(ObjectInputStream.java:430)
03-05 17:29:37.106 24587 24859 W PersistentStore: at X.3fu.run(Unknown Source:305)
03-05 17:29:37.106 24587 24859 W PersistentStore: at java.util.concurrent.ThreadPoolExecutor.runWorker(ThreadPoolExecutor.java:1145)
03-05 17:29:37.106 24587 24859 W PersistentStore: at java.util.concurrent.ThreadPoolExecutor$Worker.run(ThreadPoolExecutor.java:644)
03-05 17:29:37.106 24587 24859 W PersistentStore: at java.lang.Thread.run(Thread.java:1012)
03-05 17:29:37.127 24587 24859 W PersistentStore: java.io.InvalidClassException: org.whispersystems.jobqueue.Job; local class incompatible: stream classdesc serialVersionUID = 6816157634593784783, local class serialVersionUID = 5597620203067719169
03-05 17:29:37.127 24587 24859 W PersistentStore: at java.io.ObjectStreamClass.initNonProxy(ObjectStreamClass.java:652)
03-05 17:29:37.127 24587 24859 W PersistentStore: at java.io.ObjectInputStream.readNonProxyDesc(ObjectInputStream.java:1743)
03-05 17:29:37.127 24587 24859 W PersistentStore: at java.io.ObjectInputStream.readClassDesc(ObjectInputStream.java:1624)
03-05 17:29:37.127 24587 24859 W PersistentStore: at java.io.ObjectInputStream.readNonProxyDesc(ObjectInputStream.java:1743)
03-05 17:29:37.127 24587 24859 W PersistentStore: at java.io.ObjectInputStream.readClassDesc(ObjectInputStream.java:1624)
03-05 17:29:37.127 24587 24859 W PersistentStore: at java.io.ObjectInputStream.readOrdinaryObject(ObjectInputStream.java:1902)
03-05 17:29:37.127 24587 24859 W PersistentStore: at java.io.ObjectInputStream.readObject0(ObjectInputStream.java:1442)
03-05 17:29:37.127 24587 24859 W PersistentStore: at java.io.ObjectInputStream.readObject(ObjectInputStream.java:430)
03-05 17:29:37.127 24587 24859 W PersistentStore: at X.3fu.run(Unknown Source:305)
03-05 17:29:37.127 24587 24859 W PersistentStore: at java.util.concurrent.ThreadPoolExecutor.runWorker(ThreadPoolExecutor.java:1145)
03-05 17:29:37.127 24587 24859 W PersistentStore: at java.util.concurrent.ThreadPoolExecutor$Worker.run(ThreadPoolExecutor.java:644)
03-05 17:29:37.127 24587 24859 W PersistentStore: at java.lang.Thread.run(Thread.java:1012)
03-05 17:29:37.132 24587 24859 W PersistentStore: java.io.InvalidClassException: org.whispersystems.jobqueue.Job; local class incompatible: stream classdesc serialVersionUID = 6816157634593784783, local class serialVersionUID = 5597620203067719169
03-05 17:29:37.132 24587 24859 W PersistentStore: at java.io.ObjectStreamClass.initNonProxy(ObjectStreamClass.java:652)
03-05 17:29:37.132 24587 24859 W PersistentStore: at java.io.ObjectInputStream.readNonProxyDesc(ObjectInputStream.java:1743)
03-05 17:29:37.132 24587 24859 W PersistentStore: at java.io.ObjectInputStream.readClassDesc(ObjectInputStream.java:1624)
03-05 17:29:37.132 24587 24859 W PersistentStore: at java.io.ObjectInputStream.readNonProxyDesc(ObjectInputStream.java:1743)
03-05 17:29:37.132 24587 24859 W PersistentStore: at java.io.ObjectInputStream.readClassDesc(ObjectInputStream.java:1624)
03-05 17:29:37.132 24587 24859 W PersistentStore: at java.io.ObjectInputStream.readOrdinaryObject(ObjectInputStream.java:1902)
03-05 17:29:37.132 24587 24859 W PersistentStore: at java.io.ObjectInputStream.readObject0(ObjectInputStream.java:1442)
03-05 17:29:37.132 24587 24859 W PersistentStore: at java.io.ObjectInputStream.readObject(ObjectInputStream.java:430)
03-05 17:29:37.132 24587 24859 W PersistentStore: at X.3fu.run(Unknown Source:305)
03-05 17:29:37.132 24587 24859 W PersistentStore: at java.util.concurrent.ThreadPoolExecutor.runWorker(ThreadPoolExecutor.java:1145)
03-05 17:29:37.132 24587 24859 W PersistentStore: at java.util.concurrent.ThreadPoolExecutor$Worker.run(ThreadPoolExecutor.java:644)
03-05 17:29:37.132 24587 24859 W PersistentStore: at java.lang.Thread.run(Thread.java:1012)
03-05 17:29:37.136 24587 24859 W PersistentStore: java.io.InvalidClassException: org.whispersystems.jobqueue.Job; local class incompatible: stream classdesc serialVersionUID = 6816157634593784783, local class serialVersionUID = 5597620203067719169
03-05 17:29:37.136 24587 24859 W PersistentStore: at java.io.ObjectStreamClass.initNonProxy(ObjectStreamClass.java:652)
03-05 17:29:37.136 24587 24859 W PersistentStore: at java.io.ObjectInputStream.readNonProxyDesc(ObjectInputStream.java:1743)
03-05 17:29:37.136 24587 24859 W PersistentStore: at java.io.ObjectInputStream.readClassDesc(ObjectInputStream.java:1624)
03-05 17:29:37.136 24587 24859 W PersistentStore: at java.io.ObjectInputStream.readNonProxyDesc(ObjectInputStream.java:1743)
03-05 17:29:37.136 24587 24859 W PersistentStore: at java.io.ObjectInputStream.readClassDesc(ObjectInputStream.java:1624)
03-05 17:29:37.136 24587 24859 W PersistentStore: at java.io.ObjectInputStream.readOrdinaryObject(ObjectInputStream.java:1902)
03-05 17:29:37.136 24587 24859 W PersistentStore: at java.io.ObjectInputStream.readObject0(ObjectInputStream.java:1442)
03-05 17:29:37.136 24587 24859 W PersistentStore: at java.io.ObjectInputStream.readObject(ObjectInputStream.java:430)
03-05 17:29:37.136 24587 24859 W PersistentStore: at X.3fu.run(Unknown Source:305)
03-05 17:29:37.136 24587 24859 W PersistentStore: at java.util.concurrent.ThreadPoolExecutor.runWorker(ThreadPoolExecutor.java:1145)
03-05 17:29:37.136 24587 24859 W PersistentStore: at java.util.concurrent.ThreadPoolExecutor$Worker.run(ThreadPoolExecutor.java:644)
03-05 17:29:37.136 24587 24859 W PersistentStore: at java.lang.Thread.run(Thread.java:1012)
03-05 17:29:37.139 24587 24859 W PersistentStore: java.io.InvalidClassException: org.whispersystems.jobqueue.Job; local class incompatible: stream classdesc serialVersionUID = 6816157634593784783, local class serialVersionUID = 5597620203067719169
03-05 17:29:37.139 24587 24859 W PersistentStore: at java.io.ObjectStreamClass.initNonProxy(ObjectStreamClass.java:652)
03-05 17:29:37.139 24587 24859 W PersistentStore: at java.io.ObjectInputStream.readNonProxyDesc(ObjectInputStream.java:1743)
03-05 17:29:37.139 24587 24859 W PersistentStore: at java.io.ObjectInputStream.readClassDesc(ObjectInputStream.java:1624)
03-05 17:29:37.139 24587 24859 W PersistentStore: at java.io.ObjectInputStream.readNonProxyDesc(ObjectInputStream.java:1743)
03-05 17:29:37.139 24587 24859 W PersistentStore: at java.io.ObjectInputStream.readClassDesc(ObjectInputStream.java:1624)
03-05 17:29:37.139 24587 24859 W PersistentStore: at java.io.ObjectInputStream.readOrdinaryObject(ObjectInputStream.java:1902)
03-05 17:29:37.139 24587 24859 W PersistentStore: at java.io.ObjectInputStream.readObject0(ObjectInputStream.java:1442)
03-05 17:29:37.139 24587 24859 W PersistentStore: at java.io.ObjectInputStream.readObject(ObjectInputStream.java:430)
03-05 17:29:37.139 24587 24859 W PersistentStore: at X.3fu.run(Unknown Source:305)
03-05 17:29:37.139 24587 24859 W PersistentStore: at java.util.concurrent.ThreadPoolExecutor.runWorker(ThreadPoolExecutor.java:1145)
03-05 17:29:37.139 24587 24859 W PersistentStore: at java.util.concurrent.ThreadPoolExecutor$Worker.run(ThreadPoolExecutor.java:644)
03-05 17:29:37.139 24587 24859 W PersistentStore: at java.lang.Thread.run(Thread.java:1012)
03-05 17:29:37.143 24587 24859 W PersistentStore: java.io.InvalidClassException: org.whispersystems.jobqueue.Job; local class incompatible: stream classdesc serialVersionUID = 6816157634593784783, local class serialVersionUID = 5597620203067719169
03-05 17:29:37.143 24587 24859 W PersistentStore: at java.io.ObjectStreamClass.initNonProxy(ObjectStreamClass.java:652)
03-05 17:29:37.143 24587 24859 W PersistentStore: at java.io.ObjectInputStream.readNonProxyDesc(ObjectInputStream.java:1743)
03-05 17:29:37.143 24587 24859 W PersistentStore: at java.io.ObjectInputStream.readClassDesc(ObjectInputStream.java:1624)
03-05 17:29:37.143 24587 24859 W PersistentStore: at java.io.ObjectInputStream.readNonProxyDesc(ObjectInputStream.java:1743)
03-05 17:29:37.143 24587 24859 W PersistentStore: at java.io.ObjectInputStream.readClassDesc(ObjectInputStream.java:1624)
03-05 17:29:37.143 24587 24859 W PersistentStore: at java.io.ObjectInputStream.readOrdinaryObject(ObjectInputStream.java:1902)
03-05 17:29:37.143 24587 24859 W PersistentStore: at java.io.ObjectInputStream.readObject0(ObjectInputStream.java:1442)
03-05 17:29:37.143 24587 24859 W PersistentStore: at java.io.ObjectInputStream.readObject(ObjectInputStream.java:430)
03-05 17:29:37.143 24587 24859 W PersistentStore: at X.3fu.run(Unknown Source:305)
03-05 17:29:37.143 24587 24859 W PersistentStore: at java.util.concurrent.ThreadPoolExecutor.runWorker(ThreadPoolExecutor.java:1145)
03-05 17:29:37.143 24587 24859 W PersistentStore: at java.util.concurrent.ThreadPoolExecutor$Worker.run(ThreadPoolExecutor.java:644)
03-05 17:29:37.143 24587 24859 W PersistentStore: at java.lang.Thread.run(Thread.java:1012)
03-05 17:29:37.145 24587 24859 W PersistentStore: java.io.InvalidClassException: org.whispersystems.jobqueue.Job; local class incompatible: stream classdesc serialVersionUID = 6816157634593784783, local class serialVersionUID = 5597620203067719169
03-05 17:29:37.145 24587 24859 W PersistentStore: at java.io.ObjectStreamClass.initNonProxy(ObjectStreamClass.java:652)
03-05 17:29:37.145 24587 24859 W PersistentStore: at java.io.ObjectInputStream.readNonProxyDesc(ObjectInputStream.java:1743)
03-05 17:29:37.145 24587 24859 W PersistentStore: at java.io.ObjectInputStream.readClassDesc(ObjectInputStream.java:1624)
03-05 17:29:37.145 24587 24859 W PersistentStore: at java.io.ObjectInputStream.readNonProxyDesc(ObjectInputStream.java:1743)
03-05 17:29:37.145 24587 24859 W PersistentStore: at java.io.ObjectInputStream.readClassDesc(ObjectInputStream.java:1624)
03-05 17:29:37.145 24587 24859 W PersistentStore: at java.io.ObjectInputStream.readOrdinaryObject(ObjectInputStream.java:1902)
03-05 17:29:37.145 24587 24859 W PersistentStore: at java.io.ObjectInputStream.readObject0(ObjectInputStream.java:1442)
03-05 17:29:37.145 24587 24859 W PersistentStore: at java.io.ObjectInputStream.readObject(ObjectInputStream.java:430)
03-05 17:29:37.145 24587 24859 W PersistentStore: at X.3fu.run(Unknown Source:305)
03-05 17:29:37.145 24587 24859 W PersistentStore: at java.util.concurrent.ThreadPoolExecutor.runWorker(ThreadPoolExecutor.java:1145)
03-05 17:29:37.145 24587 24859 W PersistentStore: at java.util.concurrent.ThreadPoolExecutor$Worker.run(ThreadPoolExecutor.java:644)
03-05 17:29:37.145 24587 24859 W PersistentStore: at java.lang.Thread.run(Thread.java:1012)
03-05 17:29:37.148 24587 24859 W PersistentStore: java.io.InvalidClassException: org.whispersystems.jobqueue.Job; local class incompatible: stream classdesc serialVersionUID = 6816157634593784783, local class serialVersionUID = 5597620203067719169
03-05 17:29:37.148 24587 24859 W PersistentStore: at java.io.ObjectStreamClass.initNonProxy(ObjectStreamClass.java:652)
03-05 17:29:37.148 24587 24859 W PersistentStore: at java.io.ObjectInputStream.readNonProxyDesc(ObjectInputStream.java:1743)
03-05 17:29:37.148 24587 24859 W PersistentStore: at java.io.ObjectInputStream.readClassDesc(ObjectInputStream.java:1624)
03-05 17:29:37.148 24587 24859 W PersistentStore: at java.io.ObjectInputStream.readNonProxyDesc(ObjectInputStream.java:1743)
03-05 17:29:37.148 24587 24859 W PersistentStore: at java.io.ObjectInputStream.readClassDesc(ObjectInputStream.java:1624)
03-05 17:29:37.148 24587 24859 W PersistentStore: at java.io.ObjectInputStream.readOrdinaryObject(ObjectInputStream.java:1902)
03-05 17:29:37.148 24587 24859 W PersistentStore: at java.io.ObjectInputStream.readObject0(ObjectInputStream.java:1442)
03-05 17:29:37.148 24587 24859 W PersistentStore: at java.io.ObjectInputStream.readObject(ObjectInputStream.java:430)
03-05 17:29:37.148 24587 24859 W PersistentStore: at X.3fu.run(Unknown Source:305)
03-05 17:29:37.148 24587 24859 W PersistentStore: at java.util.concurrent.ThreadPoolExecutor.runWorker(ThreadPoolExecutor.java:1145)
03-05 17:29:37.148 24587 24859 W PersistentStore: at java.util.concurrent.ThreadPoolExecutor$Worker.run(ThreadPoolExecutor.java:644)
03-05 17:29:37.148 24587 24859 W PersistentStore: at java.lang.Thread.run(Thread.java:1012)
03-05 17:29:37.153 24587 24859 W PersistentStore: java.io.InvalidClassException: org.whispersystems.jobqueue.Job; local class incompatible: stream classdesc serialVersionUID = 6816157634593784783, local class serialVersionUID = 5597620203067719169
03-05 17:29:37.153 24587 24859 W PersistentStore: at java.io.ObjectStreamClass.initNonProxy(ObjectStreamClass.java:652)
03-05 17:29:37.153 24587 24859 W PersistentStore: at java.io.ObjectInputStream.readNonProxyDesc(ObjectInputStream.java:1743)
03-05 17:29:37.153 24587 24859 W PersistentStore: at java.io.ObjectInputStream.readClassDesc(ObjectInputStream.java:1624)
03-05 17:29:37.153 24587 24859 W PersistentStore: at java.io.ObjectInputStream.readNonProxyDesc(ObjectInputStream.java:1743)
03-05 17:29:37.153 24587 24859 W PersistentStore: at java.io.ObjectInputStream.readClassDesc(ObjectInputStream.java:1624)
03-05 17:29:37.153 24587 24859 W PersistentStore: at java.io.ObjectInputStream.readOrdinaryObject(ObjectInputStream.java:1902)
03-05 17:29:37.153 24587 24859 W PersistentStore: at java.io.ObjectInputStream.readObject0(ObjectInputStream.java:1442)
03-05 17:29:37.153 24587 24859 W PersistentStore: at java.io.ObjectInputStream.readObject(ObjectInputStream.java:430)
03-05 17:29:37.153 24587 24859 W PersistentStore: at X.3fu.run(Unknown Source:305)
03-05 17:29:37.153 24587 24859 W PersistentStore: at java.util.concurrent.ThreadPoolExecutor.runWorker(ThreadPoolExecutor.java:1145)
03-05 17:29:37.153 24587 24859 W PersistentStore: at java.util.concurrent.ThreadPoolExecutor$Worker.run(ThreadPoolExecutor.java:644)
03-05 17:29:37.153 24587 24859 W PersistentStore: at java.lang.Thread.run(Thread.java:1012)
03-05 17:29:37.155 24587 24859 W PersistentStore: java.io.InvalidClassException: org.whispersystems.jobqueue.Job; local class incompatible: stream classdesc serialVersionUID = 6816157634593784783, local class serialVersionUID = 5597620203067719169
03-05 17:29:37.155 24587 24859 W PersistentStore: at java.io.ObjectStreamClass.initNonProxy(ObjectStreamClass.java:652)
03-05 17:29:37.155 24587 24859 W PersistentStore: at java.io.ObjectInputStream.readNonProxyDesc(ObjectInputStream.java:1743)
03-05 17:29:37.155 24587 24859 W PersistentStore: at java.io.ObjectInputStream.readClassDesc(ObjectInputStream.java:1624)
03-05 17:29:37.155 24587 24859 W PersistentStore: at java.io.ObjectInputStream.readNonProxyDesc(ObjectInputStream.java:1743)
03-05 17:29:37.155 24587 24859 W PersistentStore: at java.io.ObjectInputStream.readClassDesc(ObjectInputStream.java:1624)
03-05 17:29:37.155 24587 24859 W PersistentStore: at java.io.ObjectInputStream.readOrdinaryObject(ObjectInputStream.java:1902)
03-05 17:29:37.155 24587 24859 W PersistentStore: at java.io.ObjectInputStream.readObject0(ObjectInputStream.java:1442)
03-05 17:29:37.155 24587 24859 W PersistentStore: at java.io.ObjectInputStream.readObject(ObjectInputStream.java:430)
03-05 17:29:37.155 24587 24859 W PersistentStore: at X.3fu.run(Unknown Source:305)
03-05 17:29:37.155 24587 24859 W PersistentStore: at java.util.concurrent.ThreadPoolExecutor.runWorker(ThreadPoolExecutor.java:1145)
03-05 17:29:37.155 24587 24859 W PersistentStore: at java.util.concurrent.ThreadPoolExecutor$Worker.run(ThreadPoolExecutor.java:644)
03-05 17:29:37.155 24587 24859 W PersistentStore: at java.lang.Thread.run(Thread.java:1012)
03-05 17:29:37.159 24587 24859 W PersistentStore: java.io.InvalidClassException: org.whispersystems.jobqueue.Job; local class incompatible: stream classdesc serialVersionUID = 6816157634593784783, local class serialVersionUID = 5597620203067719169
03-05 17:29:37.159 24587 24859 W PersistentStore: at java.io.ObjectStreamClass.initNonProxy(ObjectStreamClass.java:652)
03-05 17:29:37.159 24587 24859 W PersistentStore: at java.io.ObjectInputStream.readNonProxyDesc(ObjectInputStream.java:1743)
03-05 17:29:37.159 24587 24859 W PersistentStore: at java.io.ObjectInputStream.readClassDesc(ObjectInputStream.java:1624)
03-05 17:29:37.159 24587 24859 W PersistentStore: at java.io.ObjectInputStream.readNonProxyDesc(ObjectInputStream.java:1743)
03-05 17:29:37.159 24587 24859 W PersistentStore: at java.io.ObjectInputStream.readClassDesc(ObjectInputStream.java:1624)
03-05 17:29:37.159 24587 24859 W PersistentStore: at java.io.ObjectInputStream.readOrdinaryObject(ObjectInputStream.java:1902)
03-05 17:29:37.159 24587 24859 W PersistentStore: at java.io.ObjectInputStream.readObject0(ObjectInputStream.java:1442)
03-05 17:29:37.159 24587 24859 W PersistentStore: at java.io.ObjectInputStream.readObject(ObjectInputStream.java:430)
03-05 17:29:37.159 24587 24859 W PersistentStore: at X.3fu.run(Unknown Source:305)
03-05 17:29:37.159 24587 24859 W PersistentStore: at java.util.concurrent.ThreadPoolExecutor.runWorker(ThreadPoolExecutor.java:1145)
03-05 17:29:37.159 24587 24859 W PersistentStore: at java.util.concurrent.ThreadPoolExecutor$Worker.run(ThreadPoolExecutor.java:644)
03-05 17:29:37.159 24587 24859 W PersistentStore: at java.lang.Thread.run(Thread.java:1012)
03-05 17:29:37.164 24587 24859 W PersistentStore: java.io.InvalidClassException: org.whispersystems.jobqueue.Job; local class incompatible: stream classdesc serialVersionUID = 6816157634593784783, local class serialVersionUID = 5597620203067719169
03-05 17:29:37.164 24587 24859 W PersistentStore: at java.io.ObjectStreamClass.initNonProxy(ObjectStreamClass.java:652)
03-05 17:29:37.164 24587 24859 W PersistentStore: at java.io.ObjectInputStream.readNonProxyDesc(ObjectInputStream.java:1743)
03-05 17:29:37.164 24587 24859 W PersistentStore: at java.io.ObjectInputStream.readClassDesc(ObjectInputStream.java:1624)
03-05 17:29:37.164 24587 24859 W PersistentStore: at java.io.ObjectInputStream.readNonProxyDesc(ObjectInputStream.java:1743)
03-05 17:29:37.164 24587 24859 W PersistentStore: at java.io.ObjectInputStream.readClassDesc(ObjectInputStream.java:1624)
03-05 17:29:37.164 24587 24859 W PersistentStore: at java.io.ObjectInputStream.readOrdinaryObject(ObjectInputStream.java:1902)
03-05 17:29:37.164 24587 24859 W PersistentStore: at java.io.ObjectInputStream.readObject0(ObjectInputStream.java:1442)
03-05 17:29:37.164 24587 24859 W PersistentStore: at java.io.ObjectInputStream.readObject(ObjectInputStream.java:430)
03-05 17:29:37.164 24587 24859 W PersistentStore: at X.3fu.run(Unknown Source:305)
03-05 17:29:37.164 24587 24859 W PersistentStore: at java.util.concurrent.ThreadPoolExecutor.runWorker(ThreadPoolExecutor.java:1145)
03-05 17:29:37.164 24587 24859 W PersistentStore: at java.util.concurrent.ThreadPoolExecutor$Worker.run(ThreadPoolExecutor.java:644)
03-05 17:29:37.164 24587 24859 W PersistentStore: at java.lang.Thread.run(Thread.java:1012)
03-05 17:29:38.031 24587 24885 E ShortcutInfoCompatSaver: Failed to load saved values from file /data/user/0/com.mbwhatsapp/files/ShortcutInfoCompatSaver_share_targets/ targets.xml. Old state removed, new added
03-05 17:29:38.031 24587 24885 E ShortcutInfoCompatSaver: java.io.FileNotFoundException: /data/user/0/com.mbwhatsapp/files/ShortcutInfoCompatSaver_share_targets/ targets.xml: open failed: ENOENT (No such file or directory)
03-05 17:29:38.031 24587 24885 E ShortcutInfoCompatSaver: at libcore.io.IoBridge.open(IoBridge.java:574)
03-05 17:29:38.031 24587 24885 E ShortcutInfoCompatSaver: at java.io.FileInputStream.<init>(FileInputStream.java:160)
03-05 17:29:38.031 24587 24885 E ShortcutInfoCompatSaver: at X.0nz.run(Unknown Source:82)
03-05 17:29:38.031 24587 24885 E ShortcutInfoCompatSaver: at java.util.concurrent.Executors$RunnableAdapter.call(Executors.java:487)
03-05 17:29:38.031 24587 24885 E ShortcutInfoCompatSaver: at java.util.concurrent.FutureTask.run(FutureTask.java:264)
03-05 17:29:38.031 24587 24885 E ShortcutInfoCompatSaver: at java.util.concurrent.ThreadPoolExecutor.runWorker(ThreadPoolExecutor.java:1145)
03-05 17:29:38.031 24587 24885 E ShortcutInfoCompatSaver: at java.util.concurrent.ThreadPoolExecutor$Worker.run(ThreadPoolExecutor.java:644)
03-05 17:29:38.031 24587 24885 E ShortcutInfoCompatSaver: at java.lang.Thread.run(Thread.java:1012)
03-05 17:29:38.031 24587 24885 E ShortcutInfoCompatSaver: Caused by: android.system.ErrnoException: open failed: ENOENT (No such file or directory)
03-05 17:29:38.031 24587 24885 E ShortcutInfoCompatSaver: at libcore.io.Linux.open(Native Method)
03-05 17:29:38.031 24587 24885 E ShortcutInfoCompatSaver: at libcore.io.ForwardingOs.open(ForwardingOs.java:563)
03-05 17:29:38.031 24587 24885 E ShortcutInfoCompatSaver: at libcore.io.BlockGuardOs.open(BlockGuardOs.java:274)
03-05 17:29:38.031 24587 24885 E ShortcutInfoCompatSaver: at libcore.io.ForwardingOs.open(ForwardingOs.java:563)
03-05 17:29:38.031 24587 24885 E ShortcutInfoCompatSaver: at android.app.ActivityThread$AndroidOs.open(ActivityThread.java:8529)
03-05 17:29:38.031 24587 24885 E ShortcutInfoCompatSaver: at libcore.io.IoBridge.open(IoBridge.java:560)
03-05 17:29:38.031 24587 24885 E ShortcutInfoCompatSaver: ... 7 more
03-05 17:29:38.136 24587 24587 E ArmVmp : Match on catch block at 0x0a in for 0xe94c8049
03-05 17:29:38.506 24587 24587 E WindowManager: android.view.WindowLeaked: Activity com.mbwhatsapp.HomeActivity has leaked window DecorView@67e57[HomeActivity] that was originally added here
03-05 17:29:38.506 24587 24587 E WindowManager: at android.view.ViewRootImpl.<init>(ViewRootImpl.java:1163)
03-05 17:29:38.506 24587 24587 E WindowManager: at android.view.ViewRootImpl.<init>(ViewRootImpl.java:1138)
03-05 17:29:38.506 24587 24587 E WindowManager: at android.view.WindowManagerGlobal.addView(WindowManagerGlobal.java:490)
03-05 17:29:38.506 24587 24587 E WindowManager: at android.view.WindowManagerImpl.addView(WindowManagerImpl.java:133)
03-05 17:29:38.506 24587 24587 E WindowManager: at android.app.Dialog.show(Dialog.java:512)
03-05 17:29:38.506 24587 24587 E WindowManager: at mbmodsd.mbmodsw.mbdialog.mbdialogios.iOSDark.show(Native Method)
03-05 17:29:38.506 24587 24587 E WindowManager: at mbmodsd.mbmodsw.mbutils.mbiosdialog.mb_allfiles(Native Method)
03-05 17:29:38.506 24587 24587 E WindowManager: at mbmodsd.mbmodsw.home.HomeActivity.mballcalls(Native Method)
03-05 17:29:38.506 24587 24587 E WindowManager: at com.mbwhatsapp.HomeActivity.onCreate(Unknown Source:54)
03-05 17:29:38.506 24587 24587 E WindowManager: at android.app.Activity.performCreate(Activity.java:8290)
03-05 17:29:38.506 24587 24587 E WindowManager: at android.app.Activity.performCreate(Activity.java:8270)
03-05 17:29:38.506 24587 24587 E WindowManager: at android.app.Instrumentation.callActivityOnCreate(Instrumentation.java:1329)
03-05 17:29:38.506 24587 24587 E WindowManager: at android.app.ActivityThread.performLaunchActivity(ActivityThread.java:4009)
03-05 17:29:38.506 24587 24587 E WindowManager: at android.app.ActivityThread.handleLaunchActivity(ActivityThread.java:4201)
03-05 17:29:38.506 24587 24587 E WindowManager: at android.app.servertransaction.LaunchActivityItem.execute(LaunchActivityItem.java:10 3)
03-05 17:29:38.506 24587 24587 E WindowManager: at android.app.servertransaction.TransactionExecutor.executeCallbacks(TransactionExecu tor.java:135)
03-05 17:29:38.506 24587 24587 E WindowManager: at android.app.servertransaction.TransactionExecutor.execute(TransactionExecutor.java: 95)
03-05 17:29:38.506 24587 24587 E WindowManager: at android.app.ActivityThread$H.handleMessage(ActivityThread.java:2438)
03-05 17:29:38.506 24587 24587 E WindowManager: at android.os.Handler.dispatchMessage(Handler.java:106)
03-05 17:29:38.506 24587 24587 E WindowManager: at android.os.Looper.loopOnce(Looper.java:226)
03-05 17:29:38.506 24587 24587 E WindowManager: at android.os.Looper.loop(Looper.java:313)
03-05 17:29:38.506 24587 24587 E WindowManager: at android.app.ActivityThread.main(ActivityThread.java:8669)
03-05 17:29:38.506 24587 24587 E WindowManager: at java.lang.reflect.Method.invoke(Native Method)
03-05 17:29:38.506 24587 24587 E WindowManager: at com.android.internal.os.RuntimeInit$MethodAndArgsCaller.run(RuntimeInit.java:571)
03-05 17:29:38.506 24587 24587 E WindowManager: at com.android.internal.os.ZygoteInit.main(ZygoteInit.java:1135)
03-05 17:29:54.853 24587 24692 E PlayCore: UID: [10300] PID: [24587] StandardIntegrity : Phonesky is not installed.
03-05 17:29:54.874 24587 24690 W ziparchive: Unable to open '/apex/com.android.extservices/javalib/android.ext.adservices.dm': No such file or directory
03-05 17:29:54.874 24587 24690 W ziparchive: Unable to open '/apex/com.android.extservices/javalib/android.ext.adservices.dm': No such file or directory --------- beginning of main
03-05 17:49:17.826 1115 1115 E com.mbwhatsapp: Not starting debugger since process cannot load the jdwp agent.
03-05 17:49:17.829 1115 1115 E USNET : USNET: appName: com.mbwhatsapp
03-05 17:49:19.009 1115 1115 W System.err: java.lang.ClassNotFoundException: mbmodsd.mbmodsw.ui.views.btn.BtnBK
03-05 17:49:19.020 1115 1115 W System.err: at java.lang.Runtime.nativeLoad(Native Method)
03-05 17:49:19.020 1115 1115 W System.err: at java.lang.Runtime.nativeLoad(Runtime.java:1126)
03-05 17:49:19.020 1115 1115 W System.err: at java.lang.Runtime.loadLibrary0(Runtime.java:1080)
03-05 17:49:19.020 1115 1115 W System.err: at java.lang.Runtime.loadLibrary0(Runtime.java:1003)
03-05 17:49:19.020 1115 1115 W System.err: at java.lang.System.loadLibrary(System.java:1661)
03-05 17:49:19.020 1115 1115 W System.err: at arm.EpicVm.<clinit>(Unknown Source:2)
03-05 17:49:19.020 1115 1115 W System.err: at java.lang.Class.newInstance(Native Method)
03-05 17:49:19.020 1115 1115 W System.err: at android.app.AppComponentFactory.instantiateApplication(AppComponentFactory.java:76)
03-05 17:49:19.020 1115 1115 W System.err: at androidx.core.app.CoreComponentFactory.instantiateApplication(Unknown Source:0)
03-05 17:49:19.020 1115 1115 W System.err: at android.app.Instrumentation.newApplication(Instrumentation.java:1177)
03-05 17:49:19.020 1115 1115 W System.err: at android.app.LoadedApk.makeApplication(LoadedApk.java:1457)
03-05 17:49:19.020 1115 1115 W System.err: at android.app.ActivityThread.handleBindApplication(ActivityThread.java:7458)
03-05 17:49:19.020 1115 1115 W System.err: at android.app.ActivityThread.access$1600(ActivityThread.java:310)
03-05 17:49:19.020 1115 1115 W System.err: at android.app.ActivityThread$H.handleMessage(ActivityThread.java:2281)
03-05 17:49:19.020 1115 1115 W System.err: at android.os.Handler.dispatchMessage(Handler.java:106)
03-05 17:49:19.020 1115 1115 W System.err: at android.os.Looper.loopOnce(Looper.java:226)
03-05 17:49:19.020 1115 1115 W System.err: at android.os.Looper.loop(Looper.java:313)
03-05 17:49:19.021 1115 1115 W System.err: at android.app.ActivityThread.main(ActivityThread.java:8669)
03-05 17:49:19.021 1115 1115 W System.err: at java.lang.reflect.Method.invoke(Native Method)
03-05 17:49:19.021 1115 1115 W System.err: at com.android.internal.os.RuntimeInit$MethodAndArgsCaller.run(RuntimeInit.java:571)
03-05 17:49:19.021 1115 1115 W System.err: at com.android.internal.os.ZygoteInit.main(ZygoteInit.java:1135)
03-05 17:49:19.440 1115 1115 E CustomActivityOnCrash: IMPORTANT WARNING! You already have an UncaughtExceptionHandler, are you sure this is correct? If you use a custom UncaughtExceptionHandler, you must initialize it AFTER CustomActivityOnCrash! Installing anyway, but your original handler will not be called.
03-05 17:49:22.135 1115 1115 W com.mbwhatsapp: Accessing hidden method Lcom/android/org/conscrypt/OpenSSLSocketImpl;->setUseSessionTickets(Z)V (max- target-q,core-platform-api, reflection, denied)
03-05 17:49:22.136 1115 1115 W com.mbwhatsapp: Accessing hidden method Lcom/android/org/conscrypt/AbstractConscryptSocket;->setUseSessionTickets(Z)V (max- target-q, reflection, denied)
03-05 17:49:22.913 1115 2037 W com.mbwhatsapp: Method void X.2rL.A03(java.lang.Integer) failed lock verification and will run slower.
03-05 17:49:22.913 1115 2037 W com.mbwhatsapp: Common causes for lock verification issues are non-optimized dex code
03-05 17:49:22.913 1115 2037 W com.mbwhatsapp: and incorrect proguard optimizations. --------- beginning of main
03-05 19:07:28.229 25620 25620 E com.mbwhatsapp: Not starting debugger since process cannot load the jdwp agent.
03-05 19:07:28.251 25620 25620 E USNET : USNET: appName: com.mbwhatsapp
03-05 19:07:28.755 25620 25620 W System.err: java.lang.ClassNotFoundException: mbmodsd.mbmodsw.ui.views.btn.BtnBK
03-05 19:07:28.760 25620 25620 W System.err: at java.lang.Runtime.nativeLoad(Native Method)
03-05 19:07:28.760 25620 25620 W System.err: at java.lang.Runtime.nativeLoad(Runtime.java:1126)
03-05 19:07:28.760 25620 25620 W System.err: at java.lang.Runtime.loadLibrary0(Runtime.java:1080)
03-05 19:07:28.760 25620 25620 W System.err: at java.lang.Runtime.loadLibrary0(Runtime.java:1003)
03-05 19:07:28.760 25620 25620 W System.err: at java.lang.System.loadLibrary(System.java:1661)
03-05 19:07:28.760 25620 25620 W System.err: at arm.EpicVm.<clinit>(Unknown Source:2)
03-05 19:07:28.760 25620 25620 W System.err: at java.lang.Class.newInstance(Native Method)
03-05 19:07:28.760 25620 25620 W System.err: at android.app.AppComponentFactory.instantiateApplication(AppComponentFactory.java:76)
03-05 19:07:28.760 25620 25620 W System.err: at androidx.core.app.CoreComponentFactory.instantiateApplication(Unknown Source:0)
03-05 19:07:28.760 25620 25620 W System.err: at android.app.Instrumentation.newApplication(Instrumentation.java:1177)
03-05 19:07:28.760 25620 25620 W System.err: at android.app.LoadedApk.makeApplication(LoadedApk.java:1457)
03-05 19:07:28.760 25620 25620 W System.err: at android.app.ActivityThread.handleBindApplication(ActivityThread.java:7458)
03-05 19:07:28.760 25620 25620 W System.err: at android.app.ActivityThread.access$1600(ActivityThread.java:310)
03-05 19:07:28.760 25620 25620 W System.err: at android.app.ActivityThread$H.handleMessage(ActivityThread.java:2281)
03-05 19:07:28.760 25620 25620 W System.err: at android.os.Handler.dispatchMessage(Handler.java:106)
03-05 19:07:28.760 25620 25620 W System.err: at android.os.Looper.loopOnce(Looper.java:226)
03-05 19:07:28.760 25620 25620 W System.err: at android.os.Looper.loop(Looper.java:313)
03-05 19:07:28.760 25620 25620 W System.err: at android.app.ActivityThread.main(ActivityThread.java:8669)
03-05 19:07:28.760 25620 25620 W System.err: at java.lang.reflect.Method.invoke(Native Method)
03-05 19:07:28.760 25620 25620 W System.err: at com.android.internal.os.RuntimeInit$MethodAndArgsCaller.run(RuntimeInit.java:571)
03-05 19:07:28.760 25620 25620 W System.err: at com.android.internal.os.ZygoteInit.main(ZygoteInit.java:1135)
03-05 19:07:28.842 25620 25620 E CustomActivityOnCrash: IMPORTANT WARNING! You already have an UncaughtExceptionHandler, are you sure this is correct? If you use a custom UncaughtExceptionHandler, you must initialize it AFTER CustomActivityOnCrash! Installing anyway, but your original handler will not be called.
03-05 19:07:29.505 25620 25620 W com.mbwhatsapp: Accessing hidden method Lcom/android/org/conscrypt/OpenSSLSocketImpl;->setUseSessionTickets(Z)V (max- target-q,core-platform-api, reflection, denied)
03-05 19:07:29.505 25620 25620 W com.mbwhatsapp: Accessing hidden method Lcom/android/org/conscrypt/AbstractConscryptSocket;->setUseSessionTickets(Z)V (max- target-q, reflection, denied)
03-05 19:07:30.010 25620 25806 W com.mbwhatsapp: Method void X.2rL.A03(java.lang.Integer) failed lock verification and will run slower.
