already have an UncaughtExceptionHandler, are you sure this is correct? If you use
a custom UncaughtExceptionHandler, you must initialize it AFTER
CustomActivityOnCrash! Installing anyway, but your original handler will not be
called.
02-13 09:27:36.852 10022 10022 E libc : Access denied finding property
"ro.vendor.df.effect.conflict"
02-13 09:27:37.183 10022 10022 W com.mbwhatsapp: type=1400 audit(0.0:28245): avc:
granted { execute } for
path="/data/data/com.mbwhatsapp/files/decompressed/libs.spk.zst/libc++_shared.so"
dev="mmcblk0p41" ino=509512 scontext=u:r:untrusted_app:s0:c16,c257,c512,c768
tcontext=u:object_r:app_data_file:s0:c16,c257,c512,c768 tclass=file
02-13 09:27:37.187 10022 10022 W com.mbwhatsapp: type=1400 audit(0.0:28246): avc:
granted { execute } for
path="/data/data/com.mbwhatsapp/files/decompressed/libs.spk.zst/libvlc.so"
dev="mmcblk0p41" ino=531000 scontext=u:r:untrusted_app:s0:c16,c257,c512,c768
tcontext=u:object_r:app_data_file:s0:c16,c257,c512,c768 tclass=file
02-13 09:27:37.199 10022 10022 W com.mbwhatsapp: type=1400 audit(0.0:28247): avc:
granted { execute } for
path="/data/data/com.mbwhatsapp/files/decompressed/libs.spk.zst/libwhatsapp.so"
dev="mmcblk0p41" ino=529858 scontext=u:r:untrusted_app:s0:c16,c257,c512,c768
tcontext=u:object_r:app_data_file:s0:c16,c257,c512,c768 tclass=file
02-13 09:27:37.259 10022 10022 W com.mbwhatsapp: type=1400 audit(0.0:28248): avc:
granted { execute } for
path="/data/data/com.mbwhatsapp/files/decompressed/libs.spk.zst/libcurve25519.so"
dev="mmcblk0p41" ino=527646 scontext=u:r:untrusted_app:s0:c16,c257,c512,c768
tcontext=u:object_r:app_data_file:s0:c16,c257,c512,c768 tclass=file
02-13 09:27:37.271 10022 10022 W com.mbwhatsapp: type=1400 audit(0.0:28249): avc:
granted { execute } for
path="/data/data/com.mbwhatsapp/files/decompressed/libs.spk.zst/libwhatsapp.so"
dev="mmcblk0p41" ino=529858 scontext=u:r:untrusted_app:s0:c16,c257,c512,c768
tcontext=u:object_r:app_data_file:s0:c16,c257,c512,c768 tclass=file
02-13 09:27:37.299 10022 10022 W SigquitBasedANRDetector: Could not open target
lib: libart.so
02-13 09:27:37.299 10022 10022 W SigquitBasedANRDetector: Failed to load lib
02-13 09:27:37.371 10022 10073 W com.mbwhatsapp: Class X.2rL failed lock
verification and will run slower.
02-13 09:27:37.372 10022 10073 W com.mbwhatsapp: Common causes for lock
verification issues are non-optimized dex code
02-13 09:27:37.372 10022 10073 W com.mbwhatsapp: and incorrect proguard
optimizations.
02-13 09:27:37.397 10022 10022 W com.mbwhatsapp: Class X.0eU failed lock
verification and will run slower.
--------- beginning of system
02-13 09:27:37.536 10022 10022 W Looper : Slow Looper main: Activity
com.mbwhatsapp/.Icon0 is 955ms late (wall=168ms running=110ms
ClientTransaction{ callbacks=[android.app.servertransaction.LaunchActivityItem]
lifecycleRequest=android.app.servertransaction.ResumeActivityItem }) because of 2
msg, msg 2 took 950ms (seq=2 running=453ms runnable=6ms io=395ms late=8ms
h=android.app.ActivityThread$H w=110)
02-13 09:27:37.536 10022 10022 W Looper : Slow Looper main: Activity
com.mbwhatsapp/.Icon0 is 1123ms late (wall=0ms running=0ms
ClientTransaction{ callbacks=[android.app.servertransaction.TopResumedActivityChang
eItem] }) because of 3 msg, msg 2 took 950ms (seq=2 running=453ms runnable=6ms
io=395ms late=8ms h=android.app.ActivityThread$H w=110), msg 3 took 168ms (seq=3
running=110ms runnable=1ms io=19ms late=955ms h=android.app.ActivityThread$H w=159)
02-13 09:27:37.563 10022 10022 W ActivityThread: handleWindowVisibility: no
activity for token android.os.BinderProxy@9330f6f
02-13 09:27:37.590 10022 10022 W com.mbwhatsapp: Class com.mbwhatsapp.HomeActivity
failed lock verification and will run slower.
02-13 09:27:38.010 10022 10022 E ArmVmp : Match on catch block at 0x0a in for 0xb1
02-13 09:27:38.040 10022 10022 E ArmVmp : Match on catch block at 0x0a in for
0x121
02-13 09:27:38.190 10022 10022 W Activity: Slow Operation: Activity
com.mbwhatsapp/.HomeActivity onCreate took 589ms
02-13 09:27:38.314 10022 10022 W Looper : Slow Looper main: Activity
com.mbwhatsapp/.HomeActivity is 761ms late (wall=0ms running=0ms ClientTransaction{
callbacks=[android.app.servertransaction.TopResumedActivityChangeItem] }) because
of 3 msg, msg 3 took 750ms (seq=14 running=540ms runnable=16ms io=81ms late=10ms
h=android.app.ActivityThread$H w=159)
02-13 09:27:38.463 10022 10081 W Gralloc3: mapper 3.x is not supported
02-13 09:27:38.467 10022 10081 E ion : ioctl c0044901 failed with code -1:
Invalid argument
02-13 09:27:38.799 10022 10022 E RecyclerView: No adapter attached; skipping layout
02-13 09:27:38.892 10022 10022 E ArmVmp : Match on catch block at 0x0a in for 0xc9
02-13 09:27:38.907 10022 10022 W Looper : Slow Looper main: Activity
com.mbwhatsapp/mbmodsd.mbmodsw.mbsettings.yo.PauseActivity is 524ms late (wall=36ms
running=12ms
ClientTransaction{ callbacks=[android.app.servertransaction.LaunchActivityItem]
lifecycleRequest=android.app.servertransaction.PauseActivityItem }) because of 25
msg, msg 19 took 512ms (seq=44 running=296ms runnable=14ms io=31ms late=49ms
h=android.view.Choreographer$FrameHandler
c=android.view.Choreographer$FrameDisplayEventReceiver)
02-13 09:27:38.970 10022 10022 E RecyclerView: No adapter attached; skipping layout
02-13 09:27:38.981 10022 10022 W Looper : Slow Looper main: doFrame is 539ms late
because of 10 msg, msg 1 took 512ms (seq=44 running=296ms runnable=14ms io=31ms
late=49ms h=android.view.Choreographer$FrameHandler
c=android.view.Choreographer$FrameDisplayEventReceiver)
02-13 09:27:39.251 10022 10136 W LOTTIE : Animation contains merge paths. Merge
paths are only supported on KitKat+ and must be manually enabled by calling
enableMergePathsForKitKatAndAbove().
02-13 09:27:39.285 10022 10022 W LOTTIE : Animation contains merge paths but they
are disabled.
02-13 09:27:40.128 10022 10022 W ActivityThread: handleWindowVisibility: no
activity for token android.os.BinderProxy@65be166
02-13 09:27:40.275 10022 10022 W com.mbwhatsapp: type=1400 audit(0.0:28256): avc:
denied { read } for name="osrelease" dev="proc" ino=2496315
scontext=u:r:untrusted_app:s0:c16,c257,c512,c768 tcontext=u:object_r:proc:s0
tclass=file permissive=0
02-13 09:27:44.813 10022 10022 W ActivityThread: handleWindowVisibility: no
activity for token android.os.BinderProxy@535621e
02-13 09:27:46.457 10022 10022 W BpBinder: Slow Binder: BpBinder transact took 304
ms,
interface=com.google.android.finsky.externalreferrer.IGetInstallReferrerService,
code=1 oneway=false
02-13 09:27:51.955 10022 10155 E PlayCore: UID: [10272] PID: [10022]
StandardIntegrity : Phonesky is not installed.
02-13 09:27:55.645 10022 10412 W BpBinder: Slow Binder: BpBinder transact took 721
ms,
interface=com.google.android.gms.auth.api.phone.internal.ISmsRetrieverApiService,
code=1 oneway=false
02-13 09:27:55.695 10022 10022 W ActivityThread: handleWindowVisibility: no
activity for token android.os.BinderProxy@9d28e0c
02-13 09:28:41.217 10022 10022 W ActivityThread: handleWindowVisibility: no
activity for token android.os.BinderProxy@c33c2a3
02-13 09:28:42.256 10022 10528 W LibraryVersion: Failed to get app version for
libraryName: firebase-iid
02-13 09:28:47.815 10022 10022 W ActivityThread: handleWindowVisibility: no
activity for token android.os.BinderProxy@a2e7593
02-13 09:28:47.891 10022 10022 W ActivityThread: handleWindowVisibility: no
activity for token android.os.BinderProxy@3543aad
02-13 09:28:48.113 10022 10518 W MediaCodec-JNI: try to release MediaCodec from
JMediaCodec::~JMediaCodec()...
02-13 09:28:48.113 10022 10518 W MediaCodec-JNI: done releasing MediaCodec from
JMediaCodec::~JMediaCodec().
02-13 09:28:48.114 10022 10518 W MediaCodec-JNI: try to release MediaCodec from
JMediaCodec::~JMediaCodec()...
02-13 09:28:48.114 10022 10518 W MediaCodec-JNI: done releasing MediaCodec from
JMediaCodec::~JMediaCodec().
02-13 09:28:48.214 10022 10022 E ArmVmp : Match on catch block at 0x0a in for 0xb1
02-13 09:28:48.225 10022 10574 W ColorUtils: expected specified color aspects
(2:0:0:0)
02-13 09:28:48.237 10022 10022 E ArmVmp : Match on catch block at 0x0a in for
0x129
02-13 09:28:48.314 10022 10518 W AudioCapabilities: Unsupported mime audio/x-adpcm-
ms
02-13 09:28:48.314 10022 10518 W AudioCapabilities: Unsupported mime audio/x-adpcm-
dvi-ima
02-13 09:28:48.314 10022 10518 W AudioCapabilities: Unsupported mime audio/alac
02-13 09:28:48.314 10022 10518 W AudioCapabilities: Unsupported mime audio/ape
02-13 09:28:48.326 10022 10518 W VideoCapabilities: Unrecognized profile/level 1/32
for video/mp4v-es
02-13 09:28:48.326 10022 10518 W VideoCapabilities: Unrecognized profile/level
32768/2 for video/mp4v-es
02-13 09:28:48.326 10022 10518 W VideoCapabilities: Unrecognized profile/level
32768/64 for video/mp4v-es
02-13 09:28:48.332 10022 10518 W VideoCapabilities: Unsupported mime video/xvid
02-13 09:28:48.338 10022 10518 W VideoCapabilities: Unrecognized profile/level 1/32
for video/mp4v-es
02-13 09:28:48.378 10022 10022 W Looper : Slow Looper main: Activity
com.mbwhatsapp/.HomeActivity is 493ms late (wall=0ms running=0ms ClientTransaction{
callbacks=[android.app.servertransaction.TopResumedActivityChangeItem] }) because
of 3 msg, msg 3 took 487ms (seq=1568 running=416ms runnable=1ms io=1ms late=6ms
h=android.app.ActivityThread$H w=159)
02-13 09:28:48.734 10022 10022 E RecyclerView: No adapter attached; skipping layout
02-13 09:28:48.801 10022 10022 E ArmVmp : Match on catch block at 0x0a in for 0xc9
02-13 09:28:48.816 10022 10022 W Looper : Slow Looper main: Activity
com.mbwhatsapp/mbmodsd.mbmodsw.mbsettings.yo.PauseActivity is 390ms late (wall=24ms
running=10ms
ClientTransaction{ callbacks=[android.app.servertransaction.LaunchActivityItem]
lifecycleRequest=android.app.servertransaction.ResumeActivityItem }) because of 17
msg, msg 14 took 375ms (seq=1591 running=292ms runnable=5ms io=14ms late=42ms
h=android.view.Choreographer$FrameHandler
c=android.view.Choreographer$FrameDisplayEventReceiver)
02-13 09:28:48.859 10022 10022 E RecyclerView: No adapter attached; skipping layout
02-13 09:28:48.867 10022 10022 W Looper : Slow Looper main: doFrame is 393ms late
because of 7 msg, msg 1 took 375ms (seq=1591 running=292ms runnable=5ms io=14ms
late=42ms h=android.view.Choreographer$FrameHandler
c=android.view.Choreographer$FrameDisplayEventReceiver)
02-13 09:28:52.685 10022 10022 W ActivityThread: handleWindowVisibility: no
activity for token android.os.BinderProxy@8eb70ee
02-13 09:28:53.255 10022 10148 W BpBinder: Slow Binder: BpBinder transact took 6317
ms, interface=android.content.IContentProvider, code=4 oneway=false
02-13 09:28:53.427 10022 10022 W Activity: Slow Operation: Activity
com.mbwhatsapp/.Conversation onCreate took 724ms
02-13 09:28:53.484 10022 10022 E ArmVmp : Match on catch block at 0x0a in for 0xb9
02-13 09:28:53.493 10022 10022 E ArmVmp : Match on catch block at 0x0a in for 0xb9
02-13 09:28:53.544 10022 10022 E ArmVmp : Match on catch block at 0x0a in for
0x1b9
02-13 09:28:53.572 10022 10022 W Activity: Slow Operation: Activity
com.mbwhatsapp/.Conversation onStart took 142ms
02-13 09:28:53.626 10022 10022 W Looper : Slow Looper main: Activity
com.mbwhatsapp/.Conversation is 947ms late (wall=0ms running=0ms ClientTransaction{
callbacks=[android.app.servertransaction.TopResumedActivityChangeItem] }) because
of 4 msg, msg 4 took 940ms (seq=1932 running=788ms runnable=4ms io=52ms late=8ms
h=android.app.ActivityThread$H w=159)
02-13 09:28:53.966 10022 10022 E ArmVmp : Match on catch block at 0xc3 in for 0xa5
02-13 09:28:53.973 10022 10022 E ArmVmp : Match on catch block at 0xc3 in for 0xa5
02-13 09:28:54.052 10022 10022 W Looper : Slow Looper main: doFrame is 936ms late
because of 3 msg, msg 1 took 940ms (seq=1932 running=788ms runnable=4ms io=52ms
late=8ms h=android.app.ActivityThread$H w=159)
02-13 09:28:54.151 10022 10022 E ArmVmp : Match on catch block at 0xc3 in for 0x99
02-13 09:28:54.155 10022 10022 E ArmVmp : Match on catch block at 0xc3 in for 0x91
02-13 09:28:54.169 10022 10022 W Looper : Slow Looper main: doFrame is 463ms late
because of 48 msg, msg 1 took 425ms (seq=1935 running=301ms runnable=1ms late=936ms
h=android.view.Choreographer$FrameHandler
c=android.view.Choreographer$FrameDisplayEventReceiver)
02-13 09:28:54.159 10022 10022 E ArmVmp : Match on catch block at 0xc3 in for 0x91
02-13 09:28:54.255 10022 10022 E ArmVmp : Match on catch block at 0x0a in for
0x1e5
02-13 09:28:54.310 10022 10022 E ArmVmp : Match on catch block at 0xc3 in for 0x91
02-13 09:28:54.315 10022 10022 E ArmVmp : Match on catch block at 0xc3 in for 0x95
02-13 09:28:54.319 10022 10022 E ArmVmp : Match on catch block at 0xc3 in for 0x95
02-13 09:28:54.488 10022 10022 E ArmVmp : Match on catch block at 0xc3 in for 0x91
02-13 09:28:54.493 10022 10022 E ArmVmp : Match on catch block at 0xc3 in for 0x95
02-13 09:28:54.496 10022 10022 E ArmVmp : Match on catch block at 0xc3 in for 0x95
02-13 09:28:54.586 10022 10022 E ArmVmp : Match on catch block at 0xc3 in for 0x91
02-13 09:28:54.591 10022 10022 E ArmVmp : Match on catch block at 0xc3 in for 0x95
02-13 09:28:54.595 10022 10022 E ArmVmp : Match on catch block at 0xc3 in for 0x95
02-13 09:28:54.672 10022 10022 E ArmVmp : Match on catch block at 0xc3 in for 0x95
02-13 09:28:54.676 10022 10022 E ArmVmp : Match on catch block at 0xc3 in for 0x99
02-13 09:28:54.679 10022 10022 E ArmVmp : Match on catch block at 0xc3 in for 0x99
02-13 09:28:54.740 10022 10022 E ArmVmp : Match on catch block at 0xc3 in for 0x99
02-13 09:28:54.744 10022 10022 E ArmVmp : Match on catch block at 0xc3 in for 0x91
02-13 09:28:54.747 10022 10022 E ArmVmp : Match on catch block at 0xc3 in for 0x91
02-13 09:28:54.827 10022 10022 E ArmVmp : Match on catch block at 0xc3 in for 0x91
02-13 09:28:54.831 10022 10022 E ArmVmp : Match on catch block at 0xc3 in for 0x95
02-13 09:28:54.836 10022 10022 E ArmVmp : Match on catch block at 0xc3 in for 0x95
02-13 09:28:54.898 10022 10022 E ArmVmp : Match on catch block at 0xc3 in for 0x99
02-13 09:28:54.902 10022 10022 E ArmVmp : Match on catch block at 0xc3 in for 0x91
02-13 09:28:54.906 10022 10022 E ArmVmp : Match on catch block at 0xc3 in for 0x91
02-13 09:28:54.969 10022 10022 E ArmVmp : Match on catch block at 0xc3 in for 0x99
02-13 09:28:54.974 10022 10022 E ArmVmp : Match on catch block at 0xc3 in for 0x91
02-13 09:28:54.977 10022 10022 E ArmVmp : Match on catch block at 0xc3 in for 0x91
02-13 09:28:55.042 10022 10022 E ArmVmp : Match on catch block at 0xc3 in for 0x95
02-13 09:28:55.045 10022 10022 E ArmVmp : Match on catch block at 0xc3 in for 0x99
02-13 09:28:55.049 10022 10022 E ArmVmp : Match on catch block at 0xc3 in for 0x99
02-13 09:28:55.110 10022 10022 E ArmVmp : Match on catch block at 0xc3 in for 0x91
02-13 09:28:55.114 10022 10022 E ArmVmp : Match on catch block at 0xc3 in for 0x95
02-13 09:28:55.117 10022 10022 E ArmVmp : Match on catch block at 0xc3 in for 0x95
02-13 09:28:55.179 10022 10022 E ArmVmp : Match on catch block at 0xc3 in for 0x99
02-13 09:28:55.183 10022 10022 E ArmVmp : Match on catch block at 0xc3 in for 0x91
02-13 09:28:55.186 10022 10022 E ArmVmp : Match on catch block at 0xc3 in for 0x91
02-13 09:28:55.244 10022 10022 E ArmVmp : Match on catch block at 0xc3 in for 0x91
02-13 09:28:55.248 10022 10022 E ArmVmp : Match on catch block at 0xc3 in for 0x95
02-13 09:28:55.252 10022 10022 E ArmVmp : Match on catch block at 0xc3 in for 0x95
02-13 09:28:55.313 10022 10022 E ArmVmp : Match on catch block at 0xc3 in for 0x95
02-13 09:28:55.317 10022 10022 E ArmVmp : Match on catch block at 0xc3 in for 0x99
02-13 09:28:55.321 10022 10022 E ArmVmp : Match on catch block at 0xc3 in for 0x99
02-13 09:28:55.383 10022 10022 E ArmVmp : Match on catch block at 0xc3 in for 0x95
02-13 09:28:55.387 10022 10022 E ArmVmp : Match on catch block at 0xc3 in for 0x99
02-13 09:28:55.390 10022 10022 E ArmVmp : Match on catch block at 0xc3 in for 0x99
02-13 09:28:55.450 10022 10022 E ArmVmp : Match on catch block at 0xc3 in for 0x95
02-13 09:28:55.454 10022 10022 E ArmVmp : Match on catch block at 0xc3 in for 0x99
02-13 09:28:55.457 10022 10022 E ArmVmp : Match on catch block at 0xc3 in for 0x99
02-13 09:28:55.518 10022 10022 E ArmVmp : Match on catch block at 0xc3 in for 0x95
02-13 09:28:55.522 10022 10022 E ArmVmp : Match on catch block at 0xc3 in for 0x99
02-13 09:28:55.526 10022 10022 E ArmVmp : Match on catch block at 0xc3 in for 0x99
02-13 09:28:55.588 10022 10022 E ArmVmp : Match on catch block at 0xc3 in for 0x95
02-13 09:28:55.591 10022 10022 E ArmVmp : Match on catch block at 0xc3 in for 0x99
02-13 09:28:55.595 10022 10022 E ArmVmp : Match on catch block at 0xc3 in for 0x99
02-13 09:28:55.656 10022 10022 E ArmVmp : Match on catch block at 0xc3 in for 0x95
02-13 09:28:55.660 10022 10022 E ArmVmp : Match on catch block at 0xc3 in for 0x99
02-13 09:28:55.664 10022 10022 E ArmVmp : Match on catch block at 0xc3 in for 0x99
02-13 09:28:55.724 10022 10022 E ArmVmp : Match on catch block at 0xc3 in for 0x95
02-13 09:28:55.728 10022 10022 E ArmVmp : Match on catch block at 0xc3 in for 0x99
02-13 09:28:55.731 10022 10022 E ArmVmp : Match on catch block at 0xc3 in for 0x99
02-13 09:28:55.791 10022 10022 E ArmVmp : Match on catch block at 0xc3 in for 0x91
02-13 09:28:55.794 10022 10022 E ArmVmp : Match on catch block at 0xc3 in for 0x95
02-13 09:28:55.797 10022 10022 E ArmVmp : Match on catch block at 0xc3 in for 0x95
02-13 09:28:55.856 10022 10022 E ArmVmp : Match on catch block at 0xc3 in for 0x99
02-13 09:28:55.859 10022 10022 E ArmVmp : Match on catch block at 0xc3 in for 0x91
02-13 09:28:55.863 10022 10022 E ArmVmp : Match on catch block at 0xc3 in for 0x91
02-13 09:28:55.922 10022 10022 E ArmVmp : Match on catch block at 0xc3 in for 0x91
02-13 09:28:55.925 10022 10022 E ArmVmp : Match on catch block at 0xc3 in for 0x95
02-13 09:28:55.929 10022 10022 E ArmVmp : Match on catch block at 0xc3 in for 0x95
02-13 09:28:55.987 10022 10022 E ArmVmp : Match on catch block at 0xc3 in for 0x95
02-13 09:28:55.990 10022 10022 E ArmVmp : Match on catch block at 0xc3 in for 0x99
02-13 09:28:55.994 10022 10022 E ArmVmp : Match on catch block at 0xc3 in for 0x99
02-13 09:28:56.053 10022 10022 E ArmVmp : Match on catch block at 0xc3 in for 0x99
02-13 09:28:56.057 10022 10022 E ArmVmp : Match on catch block at 0xc3 in for 0x91
02-13 09:28:56.060 10022 10022 E ArmVmp : Match on catch block at 0xc3 in for 0x91
02-13 09:28:56.122 10022 10022 E ArmVmp : Match on catch block at 0xc3 in for 0x99
02-13 09:28:56.126 10022 10022 E ArmVmp : Match on catch block at 0xc3 in for 0x91
02-13 09:28:56.130 10022 10022 E ArmVmp : Match on catch block at 0xc3 in for 0x91
02-13 09:28:56.193 10022 10022 E ArmVmp : Match on catch block at 0xc3 in for 0x99
02-13 09:28:56.197 10022 10022 E ArmVmp : Match on catch block at 0xc3 in for 0x91
02-13 09:28:56.200 10022 10022 E ArmVmp : Match on catch block at 0xc3 in for 0x91
02-13 09:28:56.259 10022 10022 E ArmVmp : Match on catch block at 0xc3 in for 0x95
02-13 09:28:56.262 10022 10022 E ArmVmp : Match on catch block at 0xc3 in for 0x99
02-13 09:28:56.265 10022 10022 E ArmVmp : Match on catch block at 0xc3 in for 0x99
02-13 09:28:56.300 10022 10022 E ArmVmp : Match on catch block at 0xc3 in for 0x95
02-13 09:28:56.303 10022 10022 E ArmVmp : Match on catch block at 0xc3 in for 0x99
02-13 09:28:56.306 10022 10022 E ArmVmp : Match on catch block at 0xc3 in for 0x99
02-13 09:28:56.336 10022 10022 E ArmVmp : Match on catch block at 0xc3 in for 0x99
02-13 09:28:56.340 10022 10022 E ArmVmp : Match on catch block at 0xc3 in for 0x91
02-13 09:28:56.343 10022 10022 E ArmVmp : Match on catch block at 0xc3 in for 0x91
02-13 09:28:56.376 10022 10022 E ArmVmp : Match on catch block at 0xc3 in for 0x91
02-13 09:28:56.380 10022 10022 E ArmVmp : Match on catch block at 0xc3 in for 0x95
02-13 09:28:56.384 10022 10022 E ArmVmp : Match on catch block at 0xc3 in for 0x95
02-13 09:28:56.416 10022 10022 E ArmVmp : Match on catch block at 0xc3 in for 0x95
02-13 09:28:56.420 10022 10022 E ArmVmp : Match on catch block at 0xc3 in for 0x99
02-13 09:28:56.424 10022 10022 E ArmVmp : Match on catch block at 0xc3 in for 0x99
02-13 09:28:56.462 10022 10022 E ArmVmp : Match on catch block at 0xc3 in for 0x99
02-13 09:28:56.467 10022 10022 E ArmVmp : Match on catch block at 0xc3 in for 0x91
02-13 09:28:56.471 10022 10022 E ArmVmp : Match on catch block at 0xc3 in for 0x91
02-13 09:28:56.505 10022 10022 E ArmVmp : Match on catch block at 0xc3 in for 0x91
02-13 09:28:56.509 10022 10022 E ArmVmp : Match on catch block at 0xc3 in for 0x95
02-13 09:28:56.513 10022 10022 E ArmVmp : Match on catch block at 0xc3 in for 0x95
02-13 09:28:56.877 10022 10022 E ArmVmp : Match on catch block at 0xc3 in for 0x95
02-13 09:28:56.881 10022 10022 E ArmVmp : Match on catch block at 0xc3 in for 0x99
02-13 09:28:56.884 10022 10022 E ArmVmp : Match on catch block at 0xc3 in for 0x99
02-13 09:28:56.959 10022 10022 E ArmVmp : Match on catch block at 0xc3 in for 0x95
02-13 09:28:56.963 10022 10022 E ArmVmp : Match on catch block at 0xc3 in for 0x99
02-13 09:28:56.966 10022 10022 E ArmVmp : Match on catch block at 0xc3 in for 0x99
02-13 09:28:57.027 10022 10022 E ArmVmp : Match on catch block at 0xc3 in for 0x91
02-13 09:28:57.030 10022 10022 E ArmVmp : Match on catch block at 0xc3 in for 0x95
02-13 09:28:57.034 10022 10022 E ArmVmp : Match on catch block at 0xc3 in for 0x95
02-13 09:28:57.080 10022 10022 E ArmVmp : Match on catch block at 0xc3 in for 0x91
02-13 09:28:57.084 10022 10022 E ArmVmp : Match on catch block at 0xc3 in for 0x95
02-13 09:28:57.088 10022 10022 E ArmVmp : Match on catch block at 0xc3 in for 0x95
02-13 09:28:57.117 10022 10022 E ArmVmp : Match on catch block at 0xc3 in for 0x91
02-13 09:28:57.121 10022 10022 E ArmVmp : Match on catch block at 0xc3 in for 0x95
02-13 09:28:57.124 10022 10022 E ArmVmp : Match on catch block at 0xc3 in for 0x95
02-13 09:28:57.148 10022 10022 E ArmVmp : Match on catch block at 0xc3 in for 0x95
02-13 09:28:57.152 10022 10022 E ArmVmp : Match on catch block at 0xc3 in for 0x99
02-13 09:28:57.156 10022 10022 E ArmVmp : Match on catch block at 0xc3 in for 0x99
02-13 09:28:57.178 10022 10022 E ArmVmp : Match on catch block at 0xc3 in for 0x99
02-13 09:28:57.182 10022 10022 E ArmVmp : Match on catch block at 0xc3 in for 0x91
02-13 09:28:57.186 10022 10022 E ArmVmp : Match on catch block at 0xc3 in for 0x91
02-13 09:28:57.238 10022 10022 E ArmVmp : Match on catch block at 0xc3 in for 0x91
02-13 09:28:57.241 10022 10022 E ArmVmp : Match on catch block at 0xc3 in for 0x95
02-13 09:28:57.244 10022 10022 E ArmVmp : Match on catch block at 0xc3 in for 0x95
02-13 09:28:57.334 10022 10148 W BpBinder: Slow Binder: BpBinder transact took 4003
ms, interface=android.content.IContentProvider, code=20 oneway=false
02-13 09:28:57.438 10022 10022 E ArmVmp : Match on catch block at 0xc3 in for 0x95
02-13 09:28:57.442 10022 10022 E ArmVmp : Match on catch block at 0xc3 in for 0x99
02-13 09:28:57.446 10022 10022 E ArmVmp : Match on catch block at 0xc3 in for 0x99
02-13 09:28:57.938 10022 10022 E ArmVmp : Match on catch block at 0xc3 in for 0x99
02-13 09:28:57.941 10022 10022 E ArmVmp : Match on catch block at 0xc3 in for 0x91
02-13 09:28:57.944 10022 10022 E ArmVmp : Match on catch block at 0xc3 in for 0x91
02-13 09:28:58.440 10022 10022 E ArmVmp : Match on catch block at 0xc3 in for 0x91
02-13 09:28:58.445 10022 10022 E ArmVmp : Match on catch block at 0xc3 in for 0x95
02-13 09:28:58.450 10022 10022 E ArmVmp : Match on catch block at 0xc3 in for 0x95
02-13 09:28:58.538 10022 10022 E ArmVmp : Match on catch block at 0xc3 in for 0x95
02-13 09:28:58.542 10022 10022 E ArmVmp : Match on catch block at 0xc3 in for 0x99
02-13 09:28:58.545 10022 10022 E ArmVmp : Match on catch block at 0xc3 in for 0x99
02-13 09:28:58.559 10022 10022 E ArmVmp : Match on catch block at 0xc3 in for 0x91
02-13 09:28:58.563 10022 10022 E ArmVmp : Match on catch block at 0xc3 in for 0x95
02-13 09:28:58.585 10022 10022 E ArmVmp : Match on catch block at 0xc3 in for 0x95
02-13 09:28:58.589 10022 10022 E ArmVmp : Match on catch block at 0xc3 in for 0x99
02-13 09:28:58.593 10022 10022 E ArmVmp : Match on catch block at 0xc3 in for 0x99
02-13 09:28:58.607 10022 10022 E ArmVmp : Match on catch block at 0xc3 in for 0x91
02-13 09:28:58.612 10022 10022 E ArmVmp : Match on catch block at 0xc3 in for 0x95
02-13 09:28:58.637 10022 10022 E ArmVmp : Match on catch block at 0xc3 in for 0x95
02-13 09:28:58.640 10022 10022 E ArmVmp : Match on catch block at 0xc3 in for 0x99
02-13 09:28:58.643 10022 10022 E ArmVmp : Match on catch block at 0xc3 in for 0x99
02-13 09:28:58.658 10022 10022 E ArmVmp : Match on catch block at 0xc3 in for 0x91
02-13 09:28:58.661 10022 10022 E ArmVmp : Match on catch block at 0xc3 in for 0x95
02-13 09:28:58.665 10022 10022 E ArmVmp : Match on catch block at 0xc3 in for 0x95
02-13 09:28:58.687 10022 10022 E ArmVmp : Match on catch block at 0xc3 in for 0x95
02-13 09:28:58.691 10022 10022 E ArmVmp : Match on catch block at 0xc3 in for 0x99
02-13 09:28:58.694 10022 10022 E ArmVmp : Match on catch block at 0xc3 in for 0x99
02-13 09:28:58.710 10022 10022 E ArmVmp : Match on catch block at 0xc3 in for 0x91
02-13 09:28:58.713 10022 10022 E ArmVmp : Match on catch block at 0xc3 in for 0x95
02-13 09:28:58.717 10022 10022 E ArmVmp : Match on catch block at 0xc3 in for 0x95
02-13 09:28:58.738 10022 10022 E ArmVmp : Match on catch block at 0xc3 in for 0x95
02-13 09:28:58.742 10022 10022 E ArmVmp : Match on catch block at 0xc3 in for 0x99
02-13 09:28:58.745 10022 10022 E ArmVmp : Match on catch block at 0xc3 in for 0x99
02-13 09:28:58.758 10022 10022 E ArmVmp : Match on catch block at 0xc3 in for 0x91
02-13 09:28:58.763 10022 10022 E ArmVmp : Match on catch block at 0xc3 in for 0x95
02-13 09:28:58.766 10022 10022 E ArmVmp : Match on catch block at 0xc3 in for 0x95
02-13 09:28:58.788 10022 10022 E ArmVmp : Match on catch block at 0xc3 in for 0x95
02-13 09:28:58.791 10022 10022 E ArmVmp : Match on catch block at 0xc3 in for 0x99
02-13 09:28:58.795 10022 10022 E ArmVmp : Match on catch block at 0xc3 in for 0x99
02-13 09:28:58.810 10022 10022 E ArmVmp : Match on catch block at 0xc3 in for 0x91
02-13 09:28:58.813 10022 10022 E ArmVmp : Match on catch block at 0xc3 in for 0x95
02-13 09:28:58.816 10022 10022 E ArmVmp : Match on catch block at 0xc3 in for 0x95
02-13 09:28:58.938 10022 10022 E ArmVmp : Match on catch block at 0xc3 in for 0x91
02-13 09:28:58.941 10022 10022 E ArmVmp : Match on catch block at 0xc3 in for 0x95
02-13 09:28:58.944 10022 10022 E ArmVmp : Match on catch block at 0xc3 in for 0x95
02-13 09:28:59.004 10022 10022 E ArmVmp : Match on catch block at 0xc3 in for 0x95
02-13 09:28:59.007 10022 10022 E ArmVmp : Match on catch block at 0xc3 in for 0x99
02-13 09:28:59.010 10022 10022 E ArmVmp : Match on catch block at 0xc3 in for 0x99
02-13 09:28:59.031 10022 10022 E ArmVmp : Match on catch block at 0xc3 in for 0x99
02-13 09:28:59.034 10022 10022 E ArmVmp : Match on catch block at 0xc3 in for 0x91
02-13 09:28:59.037 10022 10022 E ArmVmp : Match on catch block at 0xc3 in for 0x91
02-13 09:28:59.497 10022 10022 E ArmVmp : Match on catch block at 0xc3 in for 0x95
02-13 09:28:59.500 10022 10022 E ArmVmp : Match on catch block at 0xc3 in for 0x99
02-13 09:28:59.504 10022 10022 E ArmVmp : Match on catch block at 0xc3 in for 0x99
02-13 09:28:59.997 10022 10022 E ArmVmp : Match on catch block at 0xc3 in for 0x91
02-13 09:29:00.000 10022 10022 E ArmVmp : Match on catch block at 0xc3 in for 0x95
02-13 09:29:00.003 10022 10022 E ArmVmp : Match on catch block at 0xc3 in for 0x95
02-13 09:29:00.193 10022 10148 W BpBinder: Slow Binder: BpBinder transact took 2835
ms, interface=android.content.IContentProvider, code=20 oneway=false
02-13 09:29:00.497 10022 10022 E ArmVmp : Match on catch block at 0xc3 in for 0x99
02-13 09:29:00.501 10022 10022 E ArmVmp : Match on catch block at 0xc3 in for 0x91
02-13 09:29:00.504 10022 10022 E ArmVmp : Match on catch block at 0xc3 in for 0x91
02-13 09:29:00.997 10022 10022 E ArmVmp : Match on catch block at 0xc3 in for 0x95
02-13 09:29:01.001 10022 10022 E ArmVmp : Match on catch block at 0xc3 in for 0x99
02-13 09:29:01.004 10022 10022 E ArmVmp : Match on catch block at 0xc3 in for 0x99
02-13 09:29:01.497 10022 10022 E ArmVmp : Match on catch block at 0xc3 in for 0x91
02-13 09:29:01.501 10022 10022 E ArmVmp : Match on catch block at 0xc3 in for 0x95
02-13 09:29:01.504 10022 10022 E ArmVmp : Match on catch block at 0xc3 in for 0x95
02-13 09:29:01.751 10022 10022 E ArmVmp : Match on catch block at 0xc3 in for 0x99
02-13 09:29:01.754 10022 10022 E ArmVmp : Match on catch block at 0xc3 in for 0x91
02-13 09:29:01.757 10022 10022 E ArmVmp : Match on catch block at 0xc3 in for 0x91
02-13 09:29:01.765 10022 10022 E ArmVmp : Match on catch block at 0xc3 in for 0x99
02-13 09:29:01.769 10022 10022 E ArmVmp : Match on catch block at 0xc3 in for 0x91
02-13 09:29:01.772 10022 10022 E ArmVmp : Match on catch block at 0xc3 in for 0x91
02-13 09:29:02.015 10022 10022 E ArmVmp : Match on catch block at 0xc3 in for 0x91
02-13 09:29:02.019 10022 10022 E ArmVmp : Match on catch block at 0xc3 in for 0x95
02-13 09:29:02.024 10022 10022 E ArmVmp : Match on catch block at 0xc3 in for 0x95
02-13 09:29:02.514 10022 10022 E ArmVmp : Match on catch block at 0xc3 in for 0x99
02-13 09:29:02.518 10022 10022 E ArmVmp : Match on catch block at 0xc3 in for 0x91
02-13 09:29:02.522 10022 10022 E ArmVmp : Match on catch block at 0xc3 in for 0x91
02-13 09:29:02.651 10022 10022 E ArmVmp : Match on catch block at 0xc3 in for 0x99
02-13 09:29:02.654 10022 10022 E ArmVmp : Match on catch block at 0xc3 in for 0x91
02-13 09:29:02.658 10022 10022 E ArmVmp : Match on catch block at 0xc3 in for 0x91
02-13 09:29:02.666 10022 10022 E ArmVmp : Match on catch block at 0xc3 in for 0x99
02-13 09:29:02.670 10022 10022 E ArmVmp : Match on catch block at 0xc3 in for 0x91
02-13 09:29:02.673 10022 10022 E ArmVmp : Match on catch block at 0xc3 in for 0x91
02-13 09:29:02.986 10022 10022 E ArmVmp : Match on catch block at 0xc3 in for 0x91
02-13 09:29:02.990 10022 10022 E ArmVmp : Match on catch block at 0xc3 in for 0x95
02-13 09:29:02.993 10022 10022 E ArmVmp : Match on catch block at 0xc3 in for 0x95
02-13 09:29:03.011 10022 10022 E ArmVmp : Match on catch block at 0xc3 in for 0x99
02-13 09:29:03.015 10022 10022 E ArmVmp : Match on catch block at 0xc3 in for 0x91
02-13 09:29:03.018 10022 10022 E ArmVmp : Match on catch block at 0xc3 in for 0x91
02-13 09:29:03.032 10022 10022 E ArmVmp : Match on catch block at 0xc3 in for 0x95
02-13 09:29:03.037 10022 10022 E ArmVmp : Match on catch block at 0xc3 in for 0x99
02-13 09:29:03.041 10022 10022 E ArmVmp : Match on catch block at 0xc3 in for 0x99
02-13 09:29:03.055 10022 10022 E ArmVmp : Match on catch block at 0xc3 in for 0x91
02-13 09:29:03.059 10022 10022 E ArmVmp : Match on catch block at 0xc3 in for 0x95
02-13 09:29:03.063 10022 10022 E ArmVmp : Match on catch block at 0xc3 in for 0x95
02-13 09:29:03.075 10022 10022 E ArmVmp : Match on catch block at 0xc3 in for 0x99
02-13 09:29:03.079 10022 10022 E ArmVmp : Match on catch block at 0xc3 in for 0x91
02-13 09:29:03.083 10022 10022 E ArmVmp : Match on catch block at 0xc3 in for 0x91
02-13 09:29:03.096 10022 10022 E ArmVmp : Match on catch block at 0xc3 in for 0x95
02-13 09:29:03.101 10022 10022 E ArmVmp : Match on catch block at 0xc3 in for 0x99
02-13 09:29:03.105 10022 10022 E ArmVmp : Match on catch block at 0xc3 in for 0x99
02-13 09:29:03.118 10022 10022 E ArmVmp : Match on catch block at 0xc3 in for 0x91
02-13 09:29:03.122 10022 10022 E ArmVmp : Match on catch block at 0xc3 in for 0x95
02-13 09:29:03.127 10022 10022 E ArmVmp : Match on catch block at 0xc3 in for 0x95
02-13 09:29:03.139 10022 10022 E ArmVmp : Match on catch block at 0xc3 in for 0x99
02-13 09:29:03.143 10022 10022 E ArmVmp : Match on catch block at 0xc3 in for 0x91
02-13 09:29:03.145 10022 10148 W BpBinder: Slow Binder: BpBinder transact took 2937
ms, interface=android.content.IContentProvider, code=20 oneway=false
02-13 09:29:03.146 10022 10022 E ArmVmp : Match on catch block at 0xc3 in for 0x91
02-13 09:29:03.159 10022 10022 E ArmVmp : Match on catch block at 0xc3 in for 0x95
02-13 09:29:03.162 10022 10022 E ArmVmp : Match on catch block at 0xc3 in for 0x99
02-13 09:29:03.166 10022 10022 E ArmVmp : Match on catch block at 0xc3 in for 0x99
02-13 09:29:03.178 10022 10022 E ArmVmp : Match on catch block at 0xc3 in for 0x91
02-13 09:29:03.182 10022 10022 E ArmVmp : Match on catch block at 0xc3 in for 0x95
02-13 09:29:03.185 10022 10022 E ArmVmp : Match on catch block at 0xc3 in for 0x95
02-13 09:29:03.197 10022 10022 E ArmVmp : Match on catch block at 0xc3 in for 0x99
02-13 09:29:03.202 10022 10022 E ArmVmp : Match on catch block at 0xc3 in for 0x91
02-13 09:29:03.206 10022 10022 E ArmVmp : Match on catch block at 0xc3 in for 0x91
02-13 09:29:03.220 10022 10022 E ArmVmp : Match on catch block at 0xc3 in for 0x95
02-13 09:29:03.225 10022 10022 E ArmVmp : Match on catch block at 0xc3 in for 0x99
02-13 09:29:03.228 10022 10022 E ArmVmp : Match on catch block at 0xc3 in for 0x99
02-13 09:29:03.242 10022 10022 E ArmVmp : Match on catch block at 0xc3 in for 0x91
02-13 09:29:03.245 10022 10022 E ArmVmp : Match on catch block at 0xc3 in for 0x95
02-13 09:29:03.249 10022 10022 E ArmVmp : Match on catch block at 0xc3 in for 0x95
02-13 09:29:03.261 10022 10022 E ArmVmp : Match on catch block at 0xc3 in for 0x99
02-13 09:29:03.265 10022 10022 E ArmVmp : Match on catch block at 0xc3 in for 0x91
02-13 09:29:03.268 10022 10022 E ArmVmp : Match on catch block at 0xc3 in for 0x91
02-13 09:29:03.299 10022 10022 E ArmVmp : Match on catch block at 0xc3 in for 0x95
02-13 09:29:03.302 10022 10022 E ArmVmp : Match on catch block at 0xc3 in for 0x99
02-13 09:29:03.306 10022 10022 E ArmVmp : Match on catch block at 0xc3 in for 0x99
02-13 09:29:03.532 10022 10022 E ArmVmp : Match on catch block at 0xc3 in for 0x91
02-13 09:29:03.537 10022 10022 E ArmVmp : Match on catch block at 0xc3 in for 0x95
02-13 09:29:03.542 10022 10022 E ArmVmp : Match on catch block at 0xc3 in for 0x95
02-13 09:29:03.967 10022 10022 W Choreographer: OPTS_INPUT: First frame was drawed
before optimized, so skip!
02-13 09:29:03.982 10022 10022 E ArmVmp : Match on catch block at 0xc3 in for 0x95
02-13 09:29:03.985 10022 10022 E ArmVmp : Match on catch block at 0xc3 in for 0x99
02-13 09:29:03.999 10022 10022 E ArmVmp : Match on catch block at 0xc3 in for 0x99
02-13 09:29:04.003 10022 10022 E ArmVmp : Match on catch block at 0xc3 in for 0x91
02-13 09:29:04.006 10022 10022 E ArmVmp : Match on catch block at 0xc3 in for 0x91
02-13 09:29:04.016 10022 10022 E ArmVmp : Match on catch block at 0xc3 in for 0x91
02-13 09:29:04.020 10022 10022 E ArmVmp : Match on catch block at 0xc3 in for 0x95
02-13 09:29:04.023 10022 10022 E ArmVmp : Match on catch block at 0xc3 in for 0x95
02-13 09:29:04.032 10022 10022 E ArmVmp : Match on catch block at 0xc3 in for 0x95
02-13 09:29:04.035 10022 10022 E ArmVmp : Match on catch block at 0xc3 in for 0x99
02-13 09:29:04.049 10022 10022 E ArmVmp : Match on catch block at 0xc3 in for 0x99
02-13 09:29:04.052 10022 10022 E ArmVmp : Match on catch block at 0xc3 in for 0x91
02-13 09:29:04.066 10022 10022 E ArmVmp : Match on catch block at 0xc3 in for 0x91
02-13 09:29:04.069 10022 10022 E ArmVmp : Match on catch block at 0xc3 in for 0x95
02-13 09:29:04.082 10022 10022 E ArmVmp : Match on catch block at 0xc3 in for 0x95
02-13 09:29:04.085 10022 10022 E ArmVmp : Match on catch block at 0xc3 in for 0x99
02-13 09:29:04.089 10022 10022 E ArmVmp : Match on catch block at 0xc3 in for 0x99
02-13 09:29:04.099 10022 10022 E ArmVmp : Match on catch block at 0xc3 in for 0x99
02-13 09:29:04.102 10022 10022 E ArmVmp : Match on catch block at 0xc3 in for 0x91
02-13 09:29:04.115 10022 10022 E ArmVmp : Match on catch block at 0xc3 in for 0x91
02-13 09:29:04.119 10022 10022 E ArmVmp : Match on catch block at 0xc3 in for 0x95
02-13 09:29:04.132 10022 10022 E ArmVmp : Match on catch block at 0xc3 in for 0x95
02-13 09:29:04.135 10022 10022 E ArmVmp : Match on catch block at 0xc3 in for 0x99
02-13 09:29:04.149 10022 10022 E ArmVmp : Match on catch block at 0xc3 in for 0x99
02-13 09:29:04.152 10022 10022 E ArmVmp : Match on catch block at 0xc3 in for 0x91
02-13 09:29:04.165 10022 10022 E ArmVmp : Match on catch block at 0xc3 in for 0x91
02-13 09:29:04.169 10022 10022 E ArmVmp : Match on catch block at 0xc3 in for 0x95
02-13 09:29:04.172 10022 10022 E ArmVmp : Match on catch block at 0xc3 in for 0x95
02-13 09:29:04.182 10022 10022 E ArmVmp : Match on catch block at 0xc3 in for 0x95
02-13 09:29:04.186 10022 10022 E ArmVmp : Match on catch block at 0xc3 in for 0x99
02-13 09:29:04.199 10022 10022 E ArmVmp : Match on catch block at 0xc3 in for 0x99
02-13 09:29:04.202 10022 10022 E ArmVmp : Match on catch block at 0xc3 in for 0x91
02-13 09:29:04.215 10022 10022 E ArmVmp : Match on catch block at 0xc3 in for 0x91
02-13 09:29:04.219 10022 10022 E ArmVmp : Match on catch block at 0xc3 in for 0x95
02-13 09:29:04.232 10022 10022 E ArmVmp : Match on catch block at 0xc3 in for 0x95
02-13 09:29:04.235 10022 10022 E ArmVmp : Match on catch block at 0xc3 in for 0x99
02-13 09:29:04.238 10022 10022 E ArmVmp : Match on catch block at 0xc3 in for 0x99
02-13 09:29:04.248 10022 10022 E ArmVmp : Match on catch block at 0xc3 in for 0x99
02-13 09:29:04.252 10022 10022 E ArmVmp : Match on catch block at 0xc3 in for 0x91
02-13 09:29:04.265 10022 10022 E ArmVmp : Match on catch block at 0xc3 in for 0x91
02-13 09:29:04.269 10022 10022 E ArmVmp : Match on catch block at 0xc3 in for 0x95
02-13 09:29:04.282 10022 10022 E ArmVmp : Match on catch block at 0xc3 in for 0x95
02-13 09:29:04.286 10022 10022 E ArmVmp : Match on catch block at 0xc3 in for 0x99
02-13 09:29:04.299 10022 10022 E ArmVmp : Match on catch block at 0xc3 in for 0x99
02-13 09:29:04.302 10022 10022 E ArmVmp : Match on catch block at 0xc3 in for 0x91
02-13 09:29:04.306 10022 10022 E ArmVmp : Match on catch block at 0xc3 in for 0x91
02-13 09:29:04.315 10022 10022 E ArmVmp : Match on catch block at 0xc3 in for 0x91
02-13 09:29:04.319 10022 10022 E ArmVmp : Match on catch block at 0xc3 in for 0x95
02-13 09:29:04.332 10022 10022 E ArmVmp : Match on catch block at 0xc3 in for 0x95
02-13 09:29:04.335 10022 10022 E ArmVmp : Match on catch block at 0xc3 in for 0x99
02-13 09:29:04.349 10022 10022 E ArmVmp : Match on catch block at 0xc3 in for 0x99
02-13 09:29:04.352 10022 10022 E ArmVmp : Match on catch block at 0xc3 in for 0x91
02-13 09:29:04.365 10022 10022 E ArmVmp : Match on catch block at 0xc3 in for 0x91
02-13 09:29:04.369 10022 10022 E ArmVmp : Match on catch block at 0xc3 in for 0x95
02-13 09:29:04.372 10022 10022 E ArmVmp : Match on catch block at 0xc3 in for 0x95
02-13 09:29:04.382 10022 10022 E ArmVmp : Match on catch block at 0xc3 in for 0x95
02-13 09:29:04.386 10022 10022 E ArmVmp : Match on catch block at 0xc3 in for 0x99
02-13 09:29:04.399 10022 10022 E ArmVmp : Match on catch block at 0xc3 in for 0x99
02-13 09:29:04.402 10022 10022 E ArmVmp : Match on catch block at 0xc3 in for 0x91
02-13 09:29:04.415 10022 10022 E ArmVmp : Match on catch block at 0xc3 in for 0x91
02-13 09:29:04.419 10022 10022 E ArmVmp : Match on catch block at 0xc3 in for 0x95
02-13 09:29:04.432 10022 10022 E ArmVmp : Match on catch block at 0xc3 in for 0x95
02-13 09:29:04.435 10022 10022 E ArmVmp : Match on catch block at 0xc3 in for 0x99
02-13 09:29:04.438 10022 10022 E ArmVmp : Match on catch block at 0xc3 in for 0x99
02-13 09:29:04.448 10022 10022 E ArmVmp : Match on catch block at 0xc3 in for 0x99
02-13 09:29:04.452 10022 10022 E ArmVmp : Match on catch block at 0xc3 in for 0x91
02-13 09:29:04.465 10022 10022 E ArmVmp : Match on catch block at 0xc3 in for 0x91
02-13 09:29:04.468 10022 10022 E ArmVmp : Match on catch block at 0xc3 in for 0x95
02-13 09:29:04.482 10022 10022 E ArmVmp : Match on catch block at 0xc3 in for 0x95
02-13 09:29:04.485 10022 10022 E ArmVmp : Match on catch block at 0xc3 in for 0x99
02-13 09:29:04.499 10022 10022 E ArmVmp : Match on catch block at 0xc3 in for 0x99
02-13 09:29:04.502 10022 10022 E ArmVmp : Match on catch block at 0xc3 in for 0x91
02-13 09:29:04.505 10022 10022 E ArmVmp : Match on catch block at 0xc3 in for 0x91
02-13 09:29:04.516 10022 10022 E ArmVmp : Match on catch block at 0xc3 in for 0x91
02-13 09:29:04.519 10022 10022 E ArmVmp : Match on catch block at 0xc3 in for 0x95
02-13 09:29:04.523 10022 10022 E ArmVmp : Match on catch block at 0xc3 in for 0x95
02-13 09:29:04.532 10022 10022 E ArmVmp : Match on catch block at 0xc3 in for 0x95
02-13 09:29:04.535 10022 10022 E ArmVmp : Match on catch block at 0xc3 in for 0x99
02-13 09:29:04.538 10022 10022 E ArmVmp : Match on catch block at 0xc3 in for 0x99
02-13 09:29:04.549 10022 10022 E ArmVmp : Match on catch block at 0xc3 in for 0x99
02-13 09:29:04.552 10022 10022 E ArmVmp : Match on catch block at 0xc3 in for 0x91
02-13 09:29:04.565 10022 10022 E ArmVmp : Match on catch block at 0xc3 in for 0x91
02-13 09:29:04.569 10022 10022 E ArmVmp : Match on catch block at 0xc3 in for 0x95
02-13 09:29:04.572 10022 10022 E ArmVmp : Match on catch block at 0xc3 in for 0x95
02-13 09:29:04.582 10022 10022 E ArmVmp : Match on catch block at 0xc3 in for 0x95
02-13 09:29:04.585 10022 10022 E ArmVmp : Match on catch block at 0xc3 in for 0x99
02-13 09:29:04.599 10022 10022 E ArmVmp : Match on catch block at 0xc3 in for 0x99
02-13 09:29:04.602 10022 10022 E ArmVmp : Match on catch block at 0xc3 in for 0x91
02-13 09:29:04.605 10022 10022 E ArmVmp : Match on catch block at 0xc3 in for 0x91
02-13 09:29:04.615 10022 10022 E ArmVmp : Match on catch block at 0xc3 in for 0x91
02-13 09:29:04.618 10022 10022 E ArmVmp : Match on catch block at 0xc3 in for 0x95
02-13 09:29:04.632 10022 10022 E ArmVmp : Match on catch block at 0xc3 in for 0x95
02-13 09:29:04.635 10022 10022 E ArmVmp : Match on catch block at 0xc3 in for 0x99
02-13 09:29:04.649 10022 10022 E ArmVmp : Match on catch block at 0xc3 in for 0x99
02-13 09:29:04.652 10022 10022 E ArmVmp : Match on catch block at 0xc3 in for 0x91
02-13 09:29:04.655 10022 10022 E ArmVmp : Match on catch block at 0xc3 in for 0x91
02-13 09:29:04.665 10022 10022 E ArmVmp : Match on catch block at 0xc3 in for 0x91
02-13 09:29:04.668 10022 10022 E ArmVmp : Match on catch block at 0xc3 in for 0x95
02-13 09:29:04.672 10022 10022 E ArmVmp : Match on catch block at 0xc3 in for 0x95
02-13 09:29:04.682 10022 10022 E ArmVmp : Match on catch block at 0xc3 in for 0x95
02-13 09:29:04.685 10022 10022 E ArmVmp : Match on catch block at 0xc3 in for 0x99
02-13 09:29:04.699 10022 10022 E ArmVmp : Match on catch block at 0xc3 in for 0x99
02-13 09:29:04.702 10022 10022 E ArmVmp : Match on catch block at 0xc3 in for 0x91
02-13 09:29:04.715 10022 10022 E ArmVmp : Match on catch block at 0xc3 in for 0x91
02-13 09:29:04.719 10022 10022 E ArmVmp : Match on catch block at 0xc3 in for 0x95
02-13 09:29:04.732 10022 10022 E ArmVmp : Match on catch block at 0xc3 in for 0x95
02-13 09:29:04.735 10022 10022 E ArmVmp : Match on catch block at 0xc3 in for 0x99
02-13 09:29:04.739 10022 10022 E ArmVmp : Match on catch block at 0xc3 in for 0x99
02-13 09:29:04.749 10022 10022 E ArmVmp : Match on catch block at 0xc3 in for 0x99
02-13 09:29:04.752 10022 10022 E ArmVmp : Match on catch block at 0xc3 in for 0x91
02-13 09:29:04.755 10022 10022 E ArmVmp : Match on catch block at 0xc3 in for 0x91
02-13 09:29:04.765 10022 10022 E ArmVmp : Match on catch block at 0xc3 in for 0x91
02-13 09:29:04.769 10022 10022 E ArmVmp : Match on catch block at 0xc3 in for 0x95
02-13 09:29:04.772 10022 10022 E ArmVmp : Match on catch block at 0xc3 in for 0x95
02-13 09:29:04.782 10022 10022 E ArmVmp : Match on catch block at 0xc3 in for 0x95
02-13 09:29:04.785 10022 10022 E ArmVmp : Match on catch block at 0xc3 in for 0x99
02-13 09:29:04.789 10022 10022 E ArmVmp : Match on catch block at 0xc3 in for 0x99
02-13 09:29:04.799 10022 10022 E ArmVmp : Match on catch block at 0xc3 in for 0x99
02-13 09:29:04.802 10022 10022 E ArmVmp : Match on catch block at 0xc3 in for 0x91
02-13 09:29:04.815 10022 10022 E ArmVmp : Match on catch block at 0xc3 in for 0x91
02-13 09:29:04.818 10022 10022 E ArmVmp : Match on catch block at 0xc3 in for 0x95
02-13 09:29:04.822 10022 10022 E ArmVmp : Match on catch block at 0xc3 in for 0x95
02-13 09:29:04.832 10022 10022 E ArmVmp : Match on catch block at 0xc3 in for 0x95
02-13 09:29:04.835 10022 10022 E ArmVmp : Match on catch block at 0xc3 in for 0x99
02-13 09:29:04.849 10022 10022 E ArmVmp : Match on catch block at 0xc3 in for 0x99
02-13 09:29:04.852 10022 10022 E ArmVmp : Match on catch block at 0xc3 in for 0x91
02-13 09:29:04.865 10022 10022 E ArmVmp : Match on catch block at 0xc3 in for 0x91
02-13 09:29:04.869 10022 10022 E ArmVmp : Match on catch block at 0xc3 in for 0x95
02-13 09:29:04.872 10022 10022 E ArmVmp : Match on catch block at 0xc3 in for 0x95
02-13 09:29:04.882 10022 10022 E ArmVmp : Match on catch block at 0xc3 in for 0x95
02-13 09:29:04.885 10022 10022 E ArmVmp : Match on catch block at 0xc3 in for 0x99
02-13 09:29:04.889 10022 10022 E ArmVmp : Match on catch block at 0xc3 in for 0x99
02-13 09:29:04.899 10022 10022 E ArmVmp : Match on catch block at 0xc3 in for 0x99
02-13 09:29:04.902 10022 10022 E ArmVmp : Match on catch block at 0xc3 in for 0x91
02-13 09:29:04.905 10022 10022 E ArmVmp : Match on catch block at 0xc3 in for 0x91
02-13 09:29:04.916 10022 10022 E ArmVmp : Match on catch block at 0xc3 in for 0x91
02-13 09:29:04.919 10022 10022 E ArmVmp : Match on catch block at 0xc3 in for 0x95
02-13 09:29:04.922 10022 10022 E ArmVmp : Match on catch block at 0xc3 in for 0x95
02-13 09:29:04.949 10022 10022 E ArmVmp : Match on catch block at 0xc3 in for 0x95
02-13 09:29:04.953 10022 10022 E ArmVmp : Match on catch block at 0xc3 in for 0x99
02-13 09:29:04.956 10022 10022 E ArmVmp : Match on catch block at 0xc3 in for 0x99
02-13 09:29:04.966 10022 10022 E ArmVmp : Match on catch block at 0xc3 in for 0x99
02-13 09:29:04.969 10022 10022 E ArmVmp : Match on catch block at 0xc3 in for 0x91
02-13 09:29:04.973 10022 10022 E ArmVmp : Match on catch block at 0xc3 in for 0x91
02-13 09:29:04.982 10022 10022 E ArmVmp : Match on catch block at 0xc3 in for 0x91
02-13 09:29:04.986 10022 10022 E ArmVmp : Match on catch block at 0xc3 in for 0x95
02-13 09:29:04.999 10022 10022 E ArmVmp : Match on catch block at 0xc3 in for 0x95
02-13 09:29:05.002 10022 10022 E ArmVmp : Match on catch block at 0xc3 in for 0x99
02-13 09:29:05.015 10022 10022 E ArmVmp : Match on catch block at 0xc3 in for 0x99
02-13 09:29:05.018 10022 10022 E ArmVmp : Match on catch block at 0xc3 in for 0x91
02-13 09:29:05.022 10022 10022 E ArmVmp : Match on catch block at 0xc3 in for 0x91
02-13 09:29:05.032 10022 10022 E ArmVmp : Match on catch block at 0xc3 in for 0x91
02-13 09:29:05.036 10022 10022 E ArmVmp : Match on catch block at 0xc3 in for 0x95
02-13 09:29:05.040 10022 10022 E ArmVmp : Match on catch block at 0xc3 in for 0x95
02-13 09:29:05.049 10022 10022 E ArmVmp : Match on catch block at 0xc3 in for 0x95
02-13 09:29:05.052 10022 10022 E ArmVmp : Match on catch block at 0xc3 in for 0x99
02-13 09:29:05.066 10022 10022 E ArmVmp : Match on catch block at 0xc3 in for 0x99
02-13 09:29:05.069 10022 10022 E ArmVmp : Match on catch block at 0xc3 in for 0x91
02-13 09:29:05.072 10022 10022 E ArmVmp : Match on catch block at 0xc3 in for 0x91
02-13 09:29:05.082 10022 10022 E ArmVmp : Match on catch block at 0xc3 in for 0x91
02-13 09:29:05.086 10022 10022 E ArmVmp : Match on catch block at 0xc3 in for 0x95
02-13 09:29:05.089 10022 10022 E ArmVmp : Match on catch block at 0xc3 in for 0x95
02-13 09:29:05.099 10022 10022 E ArmVmp : Match on catch block at 0xc3 in for 0x95
02-13 09:29:05.102 10022 10022 E ArmVmp : Match on catch block at 0xc3 in for 0x99
02-13 09:29:05.116 10022 10022 E ArmVmp : Match on catch block at 0xc3 in for 0x99
02-13 09:29:05.119 10022 10022 E ArmVmp : Match on catch block at 0xc3 in for 0x91
02-13 09:29:05.122 10022 10022 E ArmVmp : Match on catch block at 0xc3 in for 0x91
02-13 09:29:05.133 10022 10022 E ArmVmp : Match on catch block at 0xc3 in for 0x91
02-13 09:29:05.136 10022 10022 E ArmVmp : Match on catch block at 0xc3 in for 0x95
02-13 09:29:05.140 10022 10022 E ArmVmp : Match on catch block at 0xc3 in for 0x95
02-13 09:29:05.149 10022 10022 E ArmVmp : Match on catch block at 0xc3 in for 0x95
02-13 09:29:05.153 10022 10022 E ArmVmp : Match on catch block at 0xc3 in for 0x99
02-13 09:29:05.158 10022 10022 E ArmVmp : Match on catch block at 0xc3 in for 0x99
02-13 09:29:05.166 10022 10022 E ArmVmp : Match on catch block at 0xc3 in for 0x99
02-13 09:29:05.170 10022 10022 E ArmVmp : Match on catch block at 0xc3 in for 0x91
02-13 09:29:05.174 10022 10022 E ArmVmp : Match on catch block at 0xc3 in for 0x91
02-13 09:29:05.183 10022 10022 E ArmVmp : Match on catch block at 0xc3 in for 0x91
02-13 09:29:05.186 10022 10022 E ArmVmp : Match on catch block at 0xc3 in for 0x95
02-13 09:29:05.191 10022 10022 E ArmVmp : Match on catch block at 0xc3 in for 0x95
02-13 09:29:05.199 10022 10022 E ArmVmp : Match on catch block at 0xc3 in for 0x95
02-13 09:29:05.203 10022 10022 E ArmVmp : Match on catch block at 0xc3 in for 0x99
02-13 09:29:05.207 10022 10022 E ArmVmp : Match on catch block at 0xc3 in for 0x99
02-13 09:29:05.216 10022 10022 E ArmVmp : Match on catch block at 0xc3 in for 0x99
02-13 09:29:05.220 10022 10022 E ArmVmp : Match on catch block at 0xc3 in for 0x91
02-13 09:29:05.233 10022 10022 E ArmVmp : Match on catch block at 0xc3 in for 0x91
02-13 09:29:05.236 10022 10022 E ArmVmp : Match on catch block at 0xc3 in for 0x95
02-13 09:29:05.250 10022 10022 E ArmVmp : Match on catch block at 0xc3 in for 0x95
02-13 09:29:05.254 10022 10022 E ArmVmp : Match on catch block at 0xc3 in for 0x99
02-13 09:29:05.259 10022 10022 E ArmVmp : Match on catch block at 0xc3 in for 0x99
