java.util.concurrent.ThreadPoolExecutor$Worker.run(ThreadPoolExecutor.java:641)
02-16 18:49:47.726 23555 23622 W System.err:
02-16 18:49:47.726 23555 23622 W System.err: at
java.lang.Thread.run(Thread.java:919)
02-16 18:49:47.726 23555 23622 W System.err:
02-16 18:49:47.726 23555 23622 W System.err: Caused by:
android.system.GaiException: android_getaddrinfo failed: EAI_NODATA (No address
associated with hostname)
02-16 18:49:47.726 23555 23622 W System.err:
02-16 18:49:47.726 23555 23622 W System.err: at
libcore.io.Linux.android_getaddrinfo(Native Method)
02-16 18:49:47.726 23555 23622 W System.err:
02-16 18:49:47.727 23555 23622 W System.err: at
libcore.io.ForwardingOs.android_getaddrinfo(ForwardingOs.java:74)
02-16 18:49:47.727 23555 23622 W System.err:
02-16 18:49:47.727 23555 23622 W System.err: at
libcore.io.BlockGuardOs.android_getaddrinfo(BlockGuardOs.java:200)
02-16 18:49:47.727 23555 23622 W System.err:
02-16 18:49:47.727 23555 23622 W System.err: at
libcore.io.ForwardingOs.android_getaddrinfo(ForwardingOs.java:74)
02-16 18:49:47.727 23555 23622 W System.err:
02-16 18:49:47.727 23555 23622 W System.err: at
java.net.Inet6AddressImpl.lookupHostByName(Inet6AddressImpl.java:135)
02-16 18:49:47.727 23555 23622 W System.err:
02-16 18:49:47.727 23555 23622 W System.err: ... 27 more
02-16 18:49:47.727 23555 23622 W System.err:
02-16 18:49:47.784 23555 23555 W Activity: Slow Operation: Activity
com.mbwhatsapp/.HomeActivity onCreate took 543ms
02-16 18:49:47.832 23555 23555 W Looper : Slow Looper main: Activity
com.mbwhatsapp/.HomeActivity is 625ms late (wall=0ms running=0ms ClientTransaction{
callbacks=[android.app.servertransaction.TopResumedActivityChangeItem] }) because
of 3 msg, msg 3 took 618ms (seq=14 running=490ms runnable=2ms io=42ms late=7ms
h=android.app.ActivityThread$H w=159)
02-16 18:49:48.506 23555 23555 E RecyclerView: No adapter attached; skipping layout
02-16 18:49:48.535 23555 23613 W Gralloc3: mapper 3.x is not supported
02-16 18:49:48.538 23555 23613 E ion : ioctl c0044901 failed with code -1:
Invalid argument
02-16 18:49:48.604 23555 23555 E ArmVmp : Match on catch block at 0x0a in for 0xc9
02-16 18:49:48.614 23555 23555 W Looper : Slow Looper main: Activity
com.mbwhatsapp/mbmodsd.mbmodsw.mbsettings.yo.PauseActivity is 734ms late (wall=15ms
running=9ms
ClientTransaction{ callbacks=[android.app.servertransaction.LaunchActivityItem]
lifecycleRequest=android.app.servertransaction.ResumeActivityItem }) because of 19
msg, msg 16 took 723ms (seq=43 running=574ms runnable=8ms io=22ms late=41ms
h=android.view.Choreographer$FrameHandler
c=android.view.Choreographer$FrameDisplayEventReceiver)
02-16 18:49:48.669 23555 23555 E RecyclerView: No adapter attached; skipping layout
02-16 18:49:48.676 23555 23555 W Looper : Slow Looper main: doFrame is 733ms late
because of 8 msg, msg 1 took 723ms (seq=43 running=574ms runnable=8ms io=22ms
late=41ms h=android.view.Choreographer$FrameHandler
c=android.view.Choreographer$FrameDisplayEventReceiver)
02-16 18:49:48.680 23555 23555 W Looper : Slow Looper main: Activity
com.mbwhatsapp/mbmodsd.mbmodsw.mbsettings.yo.PauseActivity is 624ms late (wall=0ms
running=0ms
ClientTransaction{ callbacks=[android.app.servertransaction.TopResumedActivityChang
eItem] }) because of 21 msg, msg 1 took 723ms (seq=43 running=574ms runnable=8ms
io=22ms late=41ms h=android.view.Choreographer$FrameHandler
c=android.view.Choreographer$FrameDisplayEventReceiver), msg 9 took 60ms (seq=51
running=47ms runnable=3ms io=5ms late=733ms
h=android.view.Choreographer$FrameHandler
c=android.view.Choreographer$FrameDisplayEventReceiver)
02-16 18:49:48.681 23555 23555 W Looper : Slow Looper main: Activity
com.mbwhatsapp/mbmodsd.mbmodsw.mbsettings.yo.PauseActivity is 622ms late (wall=0ms
running=3ms
ClientTransaction{ lifecycleRequest=android.app.servertransaction.ResumeActivityIte
m }) because of 22 msg, msg 1 took 723ms (seq=43 running=574ms runnable=8ms io=22ms
late=41ms h=android.view.Choreographer$FrameHandler
c=android.view.Choreographer$FrameDisplayEventReceiver), msg 9 took 60ms (seq=51
running=47ms runnable=3ms io=5ms late=733ms
h=android.view.Choreographer$FrameHandler
c=android.view.Choreographer$FrameDisplayEventReceiver)
02-16 18:49:48.813 23555 23649 W LOTTIE : Animation contains merge paths. Merge
paths are only supported on KitKat+ and must be manually enabled by calling
enableMergePathsForKitKatAndAbove().
02-16 18:49:48.932 23555 23555 W LOTTIE : Animation contains merge paths but they
are disabled.
02-16 18:49:51.131 23555 23555 W ActivityThread: handleWindowVisibility: no
activity for token android.os.BinderProxy@47ce0a8
02-16 18:49:51.697 23555 23555 W Activity: Slow Operation: Activity
com.mbwhatsapp/.Conversation onCreate took 549ms
02-16 18:49:51.729 23555 23555 E ArmVmp : Match on catch block at 0x0a in for 0xb9
02-16 18:49:51.736 23555 23555 E ArmVmp : Match on catch block at 0x0a in for 0xb9
02-16 18:49:51.736 23555 23622 E ArmVmp : Match on catch block at 0x48 in for 0x85
02-16 18:49:51.737 23555 23622 W System.err: java.net.UnknownHostException: Unable
to resolve host "translate.googleapis.com": No address associated with hostname
02-16 18:49:51.737 23555 23622 W System.err:
02-16 18:49:51.737 23555 23622 W System.err: at
java.net.Inet6AddressImpl.lookupHostByName(Inet6AddressImpl.java:156)
02-16 18:49:51.737 23555 23622 W System.err:
02-16 18:49:51.737 23555 23622 W System.err: at
java.net.Inet6AddressImpl.lookupAllHostAddr(Inet6AddressImpl.java:103)
02-16 18:49:51.737 23555 23622 W System.err:
02-16 18:49:51.737 23555 23622 W System.err: at
java.net.InetAddress.getAllByName(InetAddress.java:1152)
02-16 18:49:51.737 23555 23622 W System.err:
02-16 18:49:51.737 23555 23622 W System.err: at
com.android.okhttp.Dns$1.lookup(Dns.java:41)
02-16 18:49:51.738 23555 23622 W System.err:
02-16 18:49:51.738 23555 23622 W System.err: at
com.android.okhttp.internal.http.RouteSelector.resetNextInetSocketAddress(RouteSele
ctor.java:178)
02-16 18:49:51.738 23555 23622 W System.err:
02-16 18:49:51.738 23555 23622 W System.err: at
com.android.okhttp.internal.http.RouteSelector.nextProxy(RouteSelector.java:144)
02-16 18:49:51.738 23555 23622 W System.err:
02-16 18:49:51.738 23555 23622 W System.err: at
com.android.okhttp.internal.http.RouteSelector.next(RouteSelector.java:86)
02-16 18:49:51.738 23555 23622 W System.err:
02-16 18:49:51.738 23555 23622 W System.err: at
com.android.okhttp.internal.http.StreamAllocation.findConnection(StreamAllocation.j
ava:176)
02-16 18:49:51.738 23555 23622 W System.err:
02-16 18:49:51.738 23555 23622 W System.err: at
com.android.okhttp.internal.http.StreamAllocation.findHealthyConnection(StreamAlloc
ation.java:128)
02-16 18:49:51.738 23555 23622 W System.err:
02-16 18:49:51.738 23555 23622 W System.err: at
com.android.okhttp.internal.http.StreamAllocation.newStream(StreamAllocation.java:9
7)
02-16 18:49:51.738 23555 23622 W System.err:
02-16 18:49:51.738 23555 23622 W System.err: at
com.android.okhttp.internal.http.HttpEngine.connect(HttpEngine.java:302)
02-16 18:49:51.738 23555 23622 W System.err:
02-16 18:49:51.738 23555 23622 W System.err: at
com.android.okhttp.internal.http.HttpEngine.sendRequest(HttpEngine.java:245)
02-16 18:49:51.738 23555 23622 W System.err:
02-16 18:49:51.738 23555 23622 W System.err: at
com.android.okhttp.internal.huc.HttpURLConnectionImpl.execute(HttpURLConnectionImpl
.java:465)
02-16 18:49:51.739 23555 23622 W System.err:
02-16 18:49:51.739 23555 23622 W System.err: at
com.android.okhttp.internal.huc.HttpURLConnectionImpl.connect(HttpURLConnectionImpl
.java:131)
02-16 18:49:51.739 23555 23622 W System.err:
02-16 18:49:51.739 23555 23622 W System.err: at
com.android.okhttp.internal.huc.DelegatingHttpsURLConnection.connect(DelegatingHttp
sURLConnection.java:90)
02-16 18:49:51.739 23555 23622 W System.err:
02-16 18:49:51.739 23555 23622 W System.err: at
com.android.okhttp.internal.huc.HttpsURLConnectionImpl.connect(HttpsURLConnectionIm
pl.java:30)
02-16 18:49:51.739 23555 23622 W System.err:
02-16 18:49:51.739 23555 23622 W System.err: at
mbmodsd.mbmodsw.home.MBTranslator.translate(Native Method)
02-16 18:49:51.739 23555 23622 W System.err:
02-16 18:49:51.739 23555 23622 W System.err: at
mbmodsd.mbmodsw.home.MBTranslator$Async.doInBackground(Native Method)
02-16 18:49:51.739 23555 23622 W System.err:
02-16 18:49:51.739 23555 23622 W System.err: at
mbmodsd.mbmodsw.home.MBTranslator$Async.doInBackground(Native Method)
02-16 18:49:51.739 23555 23622 W System.err:
02-16 18:49:51.739 23555 23622 W System.err: at
android.os.AsyncTask$3.call(AsyncTask.java:378)
02-16 18:49:51.739 23555 23622 W System.err:
02-16 18:49:51.739 23555 23622 W System.err: at
java.util.concurrent.FutureTask.run(FutureTask.java:266)
02-16 18:49:51.739 23555 23622 W System.err:
02-16 18:49:51.739 23555 23622 W System.err: at
android.os.AsyncTask$SerialExecutor$1.run(AsyncTask.java:289)
02-16 18:49:51.739 23555 23622 W System.err:
02-16 18:49:51.740 23555 23622 W System.err: at
java.util.concurrent.ThreadPoolExecutor.runWorker(ThreadPoolExecutor.java:1167)
02-16 18:49:51.740 23555 23622 W System.err:
02-16 18:49:51.740 23555 23622 W System.err: at
java.util.concurrent.ThreadPoolExecutor$Worker.run(ThreadPoolExecutor.java:641)
02-16 18:49:51.740 23555 23622 W System.err:
02-16 18:49:51.740 23555 23622 W System.err: at
java.lang.Thread.run(Thread.java:919)
02-16 18:49:51.740 23555 23622 W System.err:
02-16 18:49:51.740 23555 23622 W System.err: Caused by:
android.system.GaiException: android_getaddrinfo failed: EAI_NODATA (No address
associated with hostname)
02-16 18:49:51.740 23555 23622 W System.err:
02-16 18:49:51.740 23555 23622 W System.err: at
libcore.io.Linux.android_getaddrinfo(Native Method)
02-16 18:49:51.740 23555 23622 W System.err:
02-16 18:49:51.741 23555 23622 W System.err: at
libcore.io.ForwardingOs.android_getaddrinfo(ForwardingOs.java:74)
02-16 18:49:51.741 23555 23622 W System.err:
02-16 18:49:51.741 23555 23622 W System.err: at
libcore.io.BlockGuardOs.android_getaddrinfo(BlockGuardOs.java:200)
02-16 18:49:51.741 23555 23622 W System.err:
02-16 18:49:51.741 23555 23622 W System.err: at
libcore.io.ForwardingOs.android_getaddrinfo(ForwardingOs.java:74)
02-16 18:49:51.741 23555 23622 W System.err:
02-16 18:49:51.741 23555 23622 W System.err: at
java.net.Inet6AddressImpl.lookupHostByName(Inet6AddressImpl.java:135)
02-16 18:49:51.741 23555 23622 W System.err:
02-16 18:49:51.741 23555 23622 W System.err: ... 24 more
02-16 18:49:51.741 23555 23622 W System.err:
02-16 18:49:51.742 23555 23622 E ArmVmp : Match on catch block at 0x48 in for 0x95
02-16 18:49:51.743 23555 23622 W System.err: java.net.UnknownHostException: Unable
to resolve host "translate.googleapis.com": No address associated with hostname
02-16 18:49:51.743 23555 23622 W System.err:
02-16 18:49:51.743 23555 23622 W System.err: at
java.net.Inet6AddressImpl.lookupHostByName(Inet6AddressImpl.java:124)
02-16 18:49:51.743 23555 23622 W System.err:
02-16 18:49:51.743 23555 23622 W System.err: at
java.net.Inet6AddressImpl.lookupAllHostAddr(Inet6AddressImpl.java:103)
02-16 18:49:51.743 23555 23622 W System.err:
02-16 18:49:51.743 23555 23622 W System.err: at
java.net.InetAddress.getAllByName(InetAddress.java:1152)
02-16 18:49:51.743 23555 23622 W System.err:
02-16 18:49:51.743 23555 23622 W System.err: at
com.android.okhttp.Dns$1.lookup(Dns.java:41)
02-16 18:49:51.743 23555 23622 W System.err:
02-16 18:49:51.743 23555 23622 W System.err: at
com.android.okhttp.internal.http.RouteSelector.resetNextInetSocketAddress(RouteSele
ctor.java:178)
02-16 18:49:51.743 23555 23622 W System.err:
02-16 18:49:51.743 23555 23622 W System.err: at
com.android.okhttp.internal.http.RouteSelector.nextProxy(RouteSelector.java:144)
02-16 18:49:51.744 23555 23622 W System.err:
02-16 18:49:51.744 23555 23622 W System.err: at
com.android.okhttp.internal.http.RouteSelector.next(RouteSelector.java:86)
02-16 18:49:51.744 23555 23622 W System.err:
02-16 18:49:51.744 23555 23622 W System.err: at
com.android.okhttp.internal.http.StreamAllocation.findConnection(StreamAllocation.j
ava:176)
02-16 18:49:51.744 23555 23622 W System.err:
02-16 18:49:51.744 23555 23622 W System.err: at
com.android.okhttp.internal.http.StreamAllocation.findHealthyConnection(StreamAlloc
ation.java:128)
02-16 18:49:51.744 23555 23622 W System.err:
02-16 18:49:51.744 23555 23622 W System.err: at
com.android.okhttp.internal.http.StreamAllocation.newStream(StreamAllocation.java:9
7)
02-16 18:49:51.744 23555 23622 W System.err:
02-16 18:49:51.744 23555 23622 W System.err: at
com.android.okhttp.internal.http.HttpEngine.connect(HttpEngine.java:302)
02-16 18:49:51.744 23555 23622 W System.err:
02-16 18:49:51.744 23555 23622 W System.err: at
com.android.okhttp.internal.http.HttpEngine.sendRequest(HttpEngine.java:245)
02-16 18:49:51.744 23555 23622 W System.err:
02-16 18:49:51.744 23555 23622 W System.err: at
com.android.okhttp.internal.huc.HttpURLConnectionImpl.execute(HttpURLConnectionImpl
.java:465)
02-16 18:49:51.744 23555 23622 W System.err:
02-16 18:49:51.744 23555 23622 W System.err: at
com.android.okhttp.internal.huc.HttpURLConnectionImpl.connect(HttpURLConnectionImpl
.java:131)
02-16 18:49:51.744 23555 23622 W System.err:
02-16 18:49:51.744 23555 23622 W System.err: at
com.android.okhttp.internal.huc.DelegatingHttpsURLConnection.connect(DelegatingHttp
sURLConnection.java:90)
02-16 18:49:51.744 23555 23622 W System.err:
02-16 18:49:51.745 23555 23622 W System.err: at
com.android.okhttp.internal.huc.HttpsURLConnectionImpl.connect(HttpsURLConnectionIm
pl.java:30)
02-16 18:49:51.745 23555 23622 W System.err:
02-16 18:49:51.745 23555 23622 W System.err: at
mbmodsd.mbmodsw.home.MBTranslator.translate(Native Method)
02-16 18:49:51.745 23555 23622 W System.err:
02-16 18:49:51.745 23555 23622 W System.err: at
mbmodsd.mbmodsw.home.MBTranslator$Async.doInBackground(Native Method)
02-16 18:49:51.745 23555 23622 W System.err:
02-16 18:49:51.745 23555 23622 W System.err: at
mbmodsd.mbmodsw.home.MBTranslator$Async.doInBackground(Native Method)
02-16 18:49:51.745 23555 23622 W System.err:
02-16 18:49:51.745 23555 23622 W System.err: at
android.os.AsyncTask$3.call(AsyncTask.java:378)
02-16 18:49:51.745 23555 23622 W System.err:
02-16 18:49:51.745 23555 23622 W System.err: at
java.util.concurrent.FutureTask.run(FutureTask.java:266)
02-16 18:49:51.745 23555 23622 W System.err:
02-16 18:49:51.745 23555 23622 W System.err: at
android.os.AsyncTask$SerialExecutor$1.run(AsyncTask.java:289)
02-16 18:49:51.745 23555 23622 W System.err:
02-16 18:49:51.745 23555 23622 W System.err: at
java.util.concurrent.ThreadPoolExecutor.runWorker(ThreadPoolExecutor.java:1167)
02-16 18:49:51.746 23555 23622 W System.err:
02-16 18:49:51.746 23555 23622 W System.err: at
java.util.concurrent.ThreadPoolExecutor$Worker.run(ThreadPoolExecutor.java:641)
02-16 18:49:51.746 23555 23622 W System.err:
02-16 18:49:51.746 23555 23622 W System.err: at
java.lang.Thread.run(Thread.java:919)
02-16 18:49:51.746 23555 23622 W System.err:
02-16 18:49:51.799 23555 23555 W Looper : Slow Looper main: Activity
com.mbwhatsapp/.Conversation is 671ms late (wall=1ms running=0ms ClientTransaction{
callbacks=[android.app.servertransaction.TopResumedActivityChangeItem] }) because
of 4 msg, msg 4 took 667ms (seq=393 running=559ms runnable=1ms io=28ms late=4ms
h=android.app.ActivityThread$H w=159)
02-16 18:49:52.244 23555 23555 W pool-5-thread-1: type=1400 audit(0.0:7592): avc:
granted { execute } for
path="/data/data/com.mbwhatsapp/files/decompressed/libs.spk.zst/libgifimage.so"
dev="mmcblk0p41" ino=523876 scontext=u:r:untrusted_app:s0:c16,c257,c512,c768
tcontext=u:object_r:app_data_file:s0:c16,c257,c512,c768 tclass=file
02-16 18:49:52.252 23555 23555 E ArmVmp : Match on catch block at 0xc3 in for 0xa5
02-16 18:49:52.260 23555 23555 E ArmVmp : Match on catch block at 0xc3 in for 0xa1
02-16 18:49:52.317 23555 23555 W Looper : Slow Looper main: doFrame is 668ms late
because of 3 msg, msg 1 took 667ms (seq=393 running=559ms runnable=1ms io=28ms
late=4ms h=android.app.ActivityThread$H w=159)
02-16 18:49:52.389 23555 23555 E ArmVmp : Match on catch block at 0xc3 in for 0x91
02-16 18:49:52.394 23555 23555 E ArmVmp : Match on catch block at 0xc3 in for 0x99
02-16 18:49:52.426 23555 23555 W Looper : Slow Looper main: doFrame is 535ms late
because of 52 msg, msg 1 took 515ms (seq=396 running=416ms runnable=1ms io=10ms
late=668ms h=android.view.Choreographer$FrameHandler
c=android.view.Choreographer$FrameDisplayEventReceiver)
02-16 18:49:52.457 23555 23555 E ArmVmp : Match on catch block at 0xc3 in for 0x91
02-16 18:49:52.462 23555 23555 E ArmVmp : Match on catch block at 0xc3 in for 0x95
02-16 18:49:52.486 23555 23555 E ArmVmp : Match on catch block at 0xc3 in for 0x95
02-16 18:49:52.491 23555 23555 E ArmVmp : Match on catch block at 0xc3 in for 0x99
02-16 18:49:52.500 23555 23555 E ArmVmp : Match on catch block at 0xc3 in for 0x99
02-16 18:49:52.506 23555 23555 E ArmVmp : Match on catch block at 0xc3 in for 0x91
02-16 18:49:52.621 23555 23555 E ArmVmp : Match on catch block at 0xc3 in for 0x91
02-16 18:49:52.627 23555 23555 E ArmVmp : Match on catch block at 0xc3 in for 0x95
02-16 18:49:52.655 23555 23555 E ArmVmp : Match on catch block at 0xc3 in for 0x95
02-16 18:49:52.662 23555 23555 E ArmVmp : Match on catch block at 0xc3 in for 0x99
02-16 18:49:52.672 23555 23555 E ArmVmp : Match on catch block at 0xc3 in for 0x99
02-16 18:49:52.678 23555 23555 E ArmVmp : Match on catch block at 0xc3 in for 0x91
02-16 18:49:52.688 23555 23555 E ArmVmp : Match on catch block at 0xc3 in for 0x91
02-16 18:49:52.694 23555 23555 E ArmVmp : Match on catch block at 0xc3 in for 0x95
02-16 18:49:52.704 23555 23555 E ArmVmp : Match on catch block at 0xc3 in for 0x95
02-16 18:49:52.710 23555 23555 E ArmVmp : Match on catch block at 0xc3 in for 0x99
02-16 18:49:52.721 23555 23555 E ArmVmp : Match on catch block at 0xc3 in for 0x99
02-16 18:49:52.726 23555 23555 E ArmVmp : Match on catch block at 0xc3 in for 0x91
02-16 18:49:52.738 23555 23555 E ArmVmp : Match on catch block at 0xc3 in for 0x91
02-16 18:49:52.743 23555 23555 E ArmVmp : Match on catch block at 0xc3 in for 0x95
02-16 18:49:52.754 23555 23555 E ArmVmp : Match on catch block at 0xc3 in for 0x95
02-16 18:49:52.760 23555 23555 E ArmVmp : Match on catch block at 0xc3 in for 0x99
02-16 18:49:52.771 23555 23555 E ArmVmp : Match on catch block at 0xc3 in for 0x99
02-16 18:49:52.777 23555 23555 E ArmVmp : Match on catch block at 0xc3 in for 0x91
02-16 18:49:52.788 23555 23555 E ArmVmp : Match on catch block at 0xc3 in for 0x91
02-16 18:49:52.793 23555 23555 E ArmVmp : Match on catch block at 0xc3 in for 0x95
02-16 18:49:52.804 23555 23555 E ArmVmp : Match on catch block at 0xc3 in for 0x95
02-16 18:49:52.810 23555 23555 E ArmVmp : Match on catch block at 0xc3 in for 0x99
02-16 18:49:52.821 23555 23555 E ArmVmp : Match on catch block at 0xc3 in for 0x99
02-16 18:49:52.827 23555 23555 E ArmVmp : Match on catch block at 0xc3 in for 0x91
02-16 18:49:52.850 23555 23555 E ArmVmp : Match on catch block at 0xc3 in for 0x91
02-16 18:49:52.855 23555 23555 E ArmVmp : Match on catch block at 0xc3 in for 0x95
02-16 18:49:52.883 23555 23555 E ArmVmp : Match on catch block at 0xc3 in for 0x95
02-16 18:49:52.889 23555 23555 E ArmVmp : Match on catch block at 0xc3 in for 0x99
02-16 18:49:52.905 23555 23555 E ArmVmp : Match on catch block at 0xc3 in for 0x99
02-16 18:49:52.910 23555 23555 E ArmVmp : Match on catch block at 0xc3 in for 0x91
02-16 18:49:52.921 23555 23555 E ArmVmp : Match on catch block at 0xc3 in for 0x91
02-16 18:49:52.927 23555 23555 E ArmVmp : Match on catch block at 0xc3 in for 0x95
02-16 18:49:52.938 23555 23555 E ArmVmp : Match on catch block at 0xc3 in for 0x95
02-16 18:49:52.943 23555 23555 E ArmVmp : Match on catch block at 0xc3 in for 0x99
02-16 18:49:53.457 23555 23555 E ArmVmp : Match on catch block at 0xc3 in for 0x99
02-16 18:49:53.463 23555 23555 E ArmVmp : Match on catch block at 0xc3 in for 0x91
02-16 18:49:53.956 23555 23555 E ArmVmp : Match on catch block at 0xc3 in for 0x91
02-16 18:49:53.963 23555 23555 E ArmVmp : Match on catch block at 0xc3 in for 0x95
02-16 18:49:54.089 23555 23555 E ArmVmp : Match on catch block at 0xc3 in for 0x95
02-16 18:49:54.095 23555 23555 E ArmVmp : Match on catch block at 0xc3 in for 0x99
02-16 18:49:54.105 23555 23555 E ArmVmp : Match on catch block at 0xc3 in for 0x99
02-16 18:49:54.112 23555 23555 E ArmVmp : Match on catch block at 0xc3 in for 0x91
02-16 18:49:54.122 23555 23555 E ArmVmp : Match on catch block at 0xc3 in for 0x91
02-16 18:49:54.128 23555 23555 E ArmVmp : Match on catch block at 0xc3 in for 0x95
02-16 18:49:54.139 23555 23555 E ArmVmp : Match on catch block at 0xc3 in for 0x95
02-16 18:49:54.144 23555 23555 E ArmVmp : Match on catch block at 0xc3 in for 0x99
02-16 18:49:54.155 23555 23555 E ArmVmp : Match on catch block at 0xc3 in for 0x99
02-16 18:49:54.161 23555 23555 E ArmVmp : Match on catch block at 0xc3 in for 0x91
02-16 18:49:54.172 23555 23555 E ArmVmp : Match on catch block at 0xc3 in for 0x91
02-16 18:49:54.178 23555 23555 E ArmVmp : Match on catch block at 0xc3 in for 0x95
02-16 18:49:54.188 23555 23555 E ArmVmp : Match on catch block at 0xc3 in for 0x95
02-16 18:49:54.193 23555 23555 E ArmVmp : Match on catch block at 0xc3 in for 0x99
02-16 18:49:54.205 23555 23555 E ArmVmp : Match on catch block at 0xc3 in for 0x99
02-16 18:49:54.211 23555 23555 E ArmVmp : Match on catch block at 0xc3 in for 0x91
02-16 18:49:54.222 23555 23555 E ArmVmp : Match on catch block at 0xc3 in for 0x91
02-16 18:49:54.228 23555 23555 E ArmVmp : Match on catch block at 0xc3 in for 0x95
02-16 18:49:54.238 23555 23555 E ArmVmp : Match on catch block at 0xc3 in for 0x95
02-16 18:49:54.244 23555 23555 E ArmVmp : Match on catch block at 0xc3 in for 0x99
02-16 18:49:54.255 23555 23555 E ArmVmp : Match on catch block at 0xc3 in for 0x99
02-16 18:49:54.260 23555 23555 E ArmVmp : Match on catch block at 0xc3 in for 0x91
02-16 18:49:54.272 23555 23555 E ArmVmp : Match on catch block at 0xc3 in for 0x91
02-16 18:49:54.277 23555 23555 E ArmVmp : Match on catch block at 0xc3 in for 0x95
02-16 18:49:54.289 23555 23555 E ArmVmp : Match on catch block at 0xc3 in for 0x95
02-16 18:49:54.295 23555 23555 E ArmVmp : Match on catch block at 0xc3 in for 0x99
02-16 18:49:54.305 23555 23555 E ArmVmp : Match on catch block at 0xc3 in for 0x99
02-16 18:49:54.311 23555 23555 E ArmVmp : Match on catch block at 0xc3 in for 0x91
02-16 18:49:54.322 23555 23555 E ArmVmp : Match on catch block at 0xc3 in for 0x91
02-16 18:49:54.328 23555 23555 E ArmVmp : Match on catch block at 0xc3 in for 0x95
02-16 18:49:54.339 23555 23555 E ArmVmp : Match on catch block at 0xc3 in for 0x95
02-16 18:49:54.344 23555 23555 E ArmVmp : Match on catch block at 0xc3 in for 0x99
02-16 18:49:54.455 23555 23555 E ArmVmp : Match on catch block at 0xc3 in for 0x99
02-16 18:49:54.460 23555 23555 E ArmVmp : Match on catch block at 0xc3 in for 0x91
02-16 18:49:54.956 23555 23555 E ArmVmp : Match on catch block at 0xc3 in for 0x99
02-16 18:49:54.961 23555 23555 E ArmVmp : Match on catch block at 0xc3 in for 0x91
02-16 18:49:55.455 23555 23555 E ArmVmp : Match on catch block at 0xc3 in for 0x99
02-16 18:49:55.461 23555 23555 E ArmVmp : Match on catch block at 0xc3 in for 0x91
02-16 18:49:55.955 23555 23555 E ArmVmp : Match on catch block at 0xc3 in for 0x91
02-16 18:49:55.960 23555 23555 E ArmVmp : Match on catch block at 0xc3 in for 0x95
02-16 18:49:56.458 23555 23555 E ArmVmp : Match on catch block at 0xc3 in for 0x95
02-16 18:49:56.465 23555 23555 E ArmVmp : Match on catch block at 0xc3 in for 0x99
02-16 18:49:56.956 23555 23555 E ArmVmp : Match on catch block at 0xc3 in for 0x99
02-16 18:49:56.962 23555 23555 E ArmVmp : Match on catch block at 0xc3 in for 0x91
02-16 18:49:57.458 23555 23555 E ArmVmp : Match on catch block at 0xc3 in for 0x91
02-16 18:49:57.464 23555 23555 E ArmVmp : Match on catch block at 0xc3 in for 0x95
02-16 18:49:57.974 23555 23555 E ArmVmp : Match on catch block at 0xc3 in for 0x95
02-16 18:49:57.983 23555 23555 E ArmVmp : Match on catch block at 0xc3 in for 0x99
02-16 18:49:58.473 23555 23555 E ArmVmp : Match on catch block at 0xc3 in for 0x99
02-16 18:49:58.481 23555 23555 E ArmVmp : Match on catch block at 0xc3 in for 0x91
02-16 18:49:58.973 23555 23555 E ArmVmp : Match on catch block at 0xc3 in for 0x91
02-16 18:49:58.980 23555 23555 E ArmVmp : Match on catch block at 0xc3 in for 0x95
02-16 18:49:59.475 23555 23555 E ArmVmp : Match on catch block at 0xc3 in for 0x95
02-16 18:49:59.481 23555 23555 E ArmVmp : Match on catch block at 0xc3 in for 0x99
02-16 18:49:59.976 23555 23555 E ArmVmp : Match on catch block at 0xc3 in for 0x99
02-16 18:49:59.982 23555 23555 E ArmVmp : Match on catch block at 0xc3 in for 0x91
02-16 18:50:00.474 23555 23555 E ArmVmp : Match on catch block at 0xc3 in for 0x91
02-16 18:50:00.481 23555 23555 E ArmVmp : Match on catch block at 0xc3 in for 0x95
02-16 18:50:00.983 23555 23555 E ArmVmp : Match on catch block at 0xc3 in for 0x95
02-16 18:50:00.990 23555 23555 E ArmVmp : Match on catch block at 0xc3 in for 0x99
02-16 18:50:01.474 23555 23555 E ArmVmp : Match on catch block at 0xc3 in for 0x99
02-16 18:50:01.479 23555 23555 E ArmVmp : Match on catch block at 0xc3 in for 0x91
02-16 18:50:01.567 23555 23555 E ArmVmp : Match on catch block at 0xc3 in for 0x99
02-16 18:50:01.574 23555 23555 E ArmVmp : Match on catch block at 0xc3 in for 0x91
02-16 18:50:01.588 23555 23555 E ArmVmp : Match on catch block at 0xc3 in for 0x91
02-16 18:50:01.596 23555 23555 E ArmVmp : Match on catch block at 0xc3 in for 0x95
02-16 18:50:01.974 23555 23555 E ArmVmp : Match on catch block at 0xc3 in for 0x95
02-16 18:50:01.979 23555 23555 E ArmVmp : Match on catch block at 0xc3 in for 0x99
02-16 18:50:02.107 23555 23555 E ArmVmp : Match on catch block at 0xc3 in for 0x99
02-16 18:50:02.113 23555 23555 E ArmVmp : Match on catch block at 0xc3 in for 0x91
02-16 18:50:02.135 23555 23555 E ArmVmp : Match on catch block at 0xc3 in for 0x99
02-16 18:50:02.140 23555 23555 E ArmVmp : Match on catch block at 0xc3 in for 0x91
02-16 18:50:02.475 23555 23555 E ArmVmp : Match on catch block at 0xc3 in for 0x91
02-16 18:50:02.480 23555 23555 E ArmVmp : Match on catch block at 0xc3 in for 0x95
02-16 18:50:02.974 23555 23555 E ArmVmp : Match on catch block at 0xc3 in for 0x95
02-16 18:50:02.979 23555 23555 E ArmVmp : Match on catch block at 0xc3 in for 0x99
02-16 18:50:03.491 23555 23555 E ArmVmp : Match on catch block at 0xc3 in for 0x99
02-16 18:50:03.498 23555 23555 E ArmVmp : Match on catch block at 0xc3 in for 0x91
02-16 18:50:03.676 23555 23555 E ArmVmp : Match on catch block at 0xc3 in for 0x91
02-16 18:50:03.682 23555 23555 E ArmVmp : Match on catch block at 0xc3 in for 0x95
02-16 18:50:03.692 23555 23555 E ArmVmp : Match on catch block at 0xc3 in for 0x95
02-16 18:50:03.698 23555 23555 E ArmVmp : Match on catch block at 0xc3 in for 0x99
02-16 18:50:03.709 23555 23555 E ArmVmp : Match on catch block at 0xc3 in for 0x99
02-16 18:50:03.715 23555 23555 E ArmVmp : Match on catch block at 0xc3 in for 0x91
02-16 18:50:03.725 23555 23555 E ArmVmp : Match on catch block at 0xc3 in for 0x91
02-16 18:50:03.731 23555 23555 E ArmVmp : Match on catch block at 0xc3 in for 0x95
02-16 18:50:03.742 23555 23555 E ArmVmp : Match on catch block at 0xc3 in for 0x95
02-16 18:50:03.749 23555 23555 E ArmVmp : Match on catch block at 0xc3 in for 0x99
02-16 18:50:03.759 23555 23555 E ArmVmp : Match on catch block at 0xc3 in for 0x99
02-16 18:50:03.764 23555 23555 E ArmVmp : Match on catch block at 0xc3 in for 0x91
02-16 18:50:03.775 23555 23555 E ArmVmp : Match on catch block at 0xc3 in for 0x91
02-16 18:50:03.780 23555 23555 E ArmVmp : Match on catch block at 0xc3 in for 0x95
02-16 18:50:03.793 23555 23555 E ArmVmp : Match on catch block at 0xc3 in for 0x95
02-16 18:50:03.800 23555 23555 E ArmVmp : Match on catch block at 0xc3 in for 0x99
02-16 18:50:03.808 23555 23555 E ArmVmp : Match on catch block at 0xc3 in for 0x99
02-16 18:50:03.813 23555 23555 E ArmVmp : Match on catch block at 0xc3 in for 0x91
02-16 18:50:03.825 23555 23555 E ArmVmp : Match on catch block at 0xc3 in for 0x91
02-16 18:50:03.830 23555 23555 E ArmVmp : Match on catch block at 0xc3 in for 0x95
02-16 18:50:03.842 23555 23555 E ArmVmp : Match on catch block at 0xc3 in for 0x95
02-16 18:50:03.847 23555 23555 E ArmVmp : Match on catch block at 0xc3 in for 0x99
02-16 18:50:03.858 23555 23555 E ArmVmp : Match on catch block at 0xc3 in for 0x99
02-16 18:50:03.863 23555 23555 E ArmVmp : Match on catch block at 0xc3 in for 0x91
02-16 18:50:03.875 23555 23555 E ArmVmp : Match on catch block at 0xc3 in for 0x91
02-16 18:50:03.880 23555 23555 E ArmVmp : Match on catch block at 0xc3 in for 0x95
02-16 18:50:03.892 23555 23555 E ArmVmp : Match on catch block at 0xc3 in for 0x95
02-16 18:50:03.897 23555 23555 E ArmVmp : Match on catch block at 0xc3 in for 0x99
02-16 18:50:03.908 23555 23555 E ArmVmp : Match on catch block at 0xc3 in for 0x99
02-16 18:50:03.913 23555 23555 E ArmVmp : Match on catch block at 0xc3 in for 0x91
02-16 18:50:03.925 23555 23555 E ArmVmp : Match on catch block at 0xc3 in for 0x91
02-16 18:50:03.929 23555 23555 E ArmVmp : Match on catch block at 0xc3 in for 0x95
02-16 18:50:03.991 23555 23555 E ArmVmp : Match on catch block at 0xc3 in for 0x95
02-16 18:50:03.997 23555 23555 E ArmVmp : Match on catch block at 0xc3 in for 0x99
02-16 18:50:04.492 23555 23555 E ArmVmp : Match on catch block at 0xc3 in for 0x99
02-16 18:50:04.498 23555 23555 E ArmVmp : Match on catch block at 0xc3 in for 0x91
02-16 18:50:04.993 23555 23555 E ArmVmp : Match on catch block at 0xc3 in for 0x91
02-16 18:50:05.001 23555 23555 E ArmVmp : Match on catch block at 0xc3 in for 0x95
02-16 18:50:05.495 23555 23555 E ArmVmp : Match on catch block at 0xc3 in for 0x95
02-16 18:50:05.502 23555 23555 E ArmVmp : Match on catch block at 0xc3 in for 0x99
02-16 18:50:05.994 23555 23555 E ArmVmp : Match on catch block at 0xc3 in for 0x99
02-16 18:50:06.000 23555 23555 E ArmVmp : Match on catch block at 0xc3 in for 0x91
02-16 18:50:06.493 23555 23555 E ArmVmp : Match on catch block at 0xc3 in for 0x91
02-16 18:50:06.500 23555 23555 E ArmVmp : Match on catch block at 0xc3 in for 0x95
02-16 18:50:06.994 23555 23555 E ArmVmp : Match on catch block at 0xc3 in for 0x95
02-16 18:50:07.000 23555 23555 E ArmVmp : Match on catch block at 0xc3 in for 0x99
02-16 18:50:07.510 23555 23555 E ArmVmp : Match on catch block at 0xc3 in for 0x99
02-16 18:50:07.517 23555 23555 E ArmVmp : Match on catch block at 0xc3 in for 0x91
02-16 18:50:08.010 23555 23555 E ArmVmp : Match on catch block at 0xc3 in for 0x91
02-16 18:50:08.018 23555 23555 E ArmVmp : Match on catch block at 0xc3 in for 0x95
02-16 18:50:08.458 23555 23555 E ArmVmp : Match on catch block at 0xc3 in for 0x91
02-16 18:50:08.463 23555 23555 E ArmVmp : Match on catch block at 0xc3 in for 0x95
02-16 18:50:08.487 23555 23555 E ArmVmp : Match on catch block at 0xc3 in for 0x95
02-16 18:50:08.493 23555 23555 E ArmVmp : Match on catch block at 0xc3 in for 0x99
02-16 18:50:08.509 23555 23555 E ArmVmp : Match on catch block at 0xc3 in for 0x99
02-16 18:50:08.515 23555 23555 E ArmVmp : Match on catch block at 0xc3 in for 0x91
02-16 18:50:08.526 23555 23555 E ArmVmp : Match on catch block at 0xc3 in for 0x91
02-16 18:50:08.531 23555 23555 E ArmVmp : Match on catch block at 0xc3 in for 0x95
02-16 18:50:08.543 23555 23555 E ArmVmp : Match on catch block at 0xc3 in for 0x95
02-16 18:50:08.550 23555 23555 E ArmVmp : Match on catch block at 0xc3 in for 0x99
02-16 18:50:08.568 23555 23555 E ArmVmp : Match on catch block at 0xc3 in for 0x99
02-16 18:50:08.572 23555 23555 E ArmVmp : Match on catch block at 0xc3 in for 0x91
02-16 18:50:08.592 23555 23555 E ArmVmp : Match on catch block at 0xc3 in for 0x91
02-16 18:50:08.597 23555 23555 E ArmVmp : Match on catch block at 0xc3 in for 0x95
02-16 18:50:08.609 23555 23555 E ArmVmp : Match on catch block at 0xc3 in for 0x95
02-16 18:50:08.614 23555 23555 E ArmVmp : Match on catch block at 0xc3 in for 0x99
02-16 18:50:08.626 23555 23555 E ArmVmp : Match on catch block at 0xc3 in for 0x99
02-16 18:50:08.630 23555 23555 E ArmVmp : Match on catch block at 0xc3 in for 0x91
02-16 18:50:08.643 23555 23555 E ArmVmp : Match on catch block at 0xc3 in for 0x91
02-16 18:50:08.647 23555 23555 E ArmVmp : Match on catch block at 0xc3 in for 0x95
02-16 18:50:08.961 23555 23555 E ArmVmp : Match on catch block at 0xc3 in for 0x95
02-16 18:50:08.966 23555 23555 E ArmVmp : Match on catch block at 0xc3 in for 0x99
02-16 18:50:09.460 23555 23555 E ArmVmp : Match on catch block at 0xc3 in for 0x95
02-16 18:50:09.466 23555 23555 E ArmVmp : Match on catch block at 0xc3 in for 0x99
02-16 18:50:09.961 23555 23555 E ArmVmp : Match on catch block at 0xc3 in for 0x99
02-16 18:50:09.968 23555 23555 E ArmVmp : Match on catch block at 0xc3 in for 0x91
02-16 18:50:10.480 23555 23555 E ArmVmp : Match on catch block at 0xc3 in for 0x91
02-16 18:50:10.487 23555 23555 E ArmVmp : Match on catch block at 0xc3 in for 0x95
02-16 18:50:10.978 23555 23555 E ArmVmp : Match on catch block at 0xc3 in for 0x95
02-16 18:50:10.984 23555 23555 E ArmVmp : Match on catch block at 0xc3 in for 0x99
02-16 18:50:11.480 23555 23555 E ArmVmp : Match on catch block at 0xc3 in for 0x99
02-16 18:50:11.487 23555 23555 E ArmVmp : Match on catch block at 0xc3 in for 0x91
02-16 18:50:11.977 23555 23555 E ArmVmp : Match on catch block at 0xc3 in for 0x91
02-16 18:50:11.981 23555 23555 E ArmVmp : Match on catch block at 0xc3 in for 0x95
02-16 18:50:12.028 23555 23555 E ArmVmp : Match on catch block at 0xc3 in for 0x91
02-16 18:50:12.034 23555 23555 E ArmVmp : Match on catch block at 0xc3 in for 0x95
02-16 18:50:12.528 23555 23555 E ArmVmp : Match on catch block at 0xc3 in for 0x95
02-16 18:50:12.538 23555 23555 E ArmVmp : Match on catch block at 0xc3 in for 0x99
02-16 18:50:12.845 23555 23555 E ArmVmp : Match on catch block at 0xc3 in for 0x95
02-16 18:50:12.851 23555 23555 E ArmVmp : Match on catch block at 0xc3 in for 0x99
02-16 18:50:13.363 23555 23555 E ArmVmp : Match on catch block at 0xc3 in for 0x99
02-16 18:50:13.368 23555 23555 E ArmVmp : Match on catch block at 0xc3 in for 0x91
02-16 18:50:13.744 23555 23555 E ArmVmp : Match on catch block at 0xc3 in for 0x91
02-16 18:50:13.749 23555 23555 E ArmVmp : Match on catch block at 0xc3 in for 0x95
02-16 18:50:14.246 23555 23555 E ArmVmp : Match on catch block at 0xc3 in for 0x95
02-16 18:50:14.252 23555 23555 E ArmVmp : Match on catch block at 0xc3 in for 0x99
02-16 18:50:14.695 23555 23555 E ArmVmp : Match on catch block at 0xc3 in for 0x95
02-16 18:50:14.700 23555 23555 E ArmVmp : Match on catch block at 0xc3 in for 0x99
02-16 18:50:14.758 23555 23555 E ArmVmp : Match on catch block at 0xc3 in for 0x91
02-16 18:50:14.763 23555 23555 E ArmVmp : Match on catch block at 0xc3 in for 0x95
02-16 18:50:14.808 23555 23555 E ArmVmp : Match on catch block at 0xc3 in for 0x91
02-16 18:50:14.818 23555 23555 E ArmVmp : Match on catch block at 0xc3 in for 0x95
02-16 18:50:14.831 23555 23555 E ArmVmp : Match on catch block at 0xc3 in for 0x95
02-16 18:50:14.837 23555 23555 E ArmVmp : Match on catch block at 0xc3 in for 0x99
02-16 18:50:14.845 23555 23555 E ArmVmp : Match on catch block at 0xc3 in for 0x99
02-16 18:50:14.851 23555 23555 E ArmVmp : Match on catch block at 0xc3 in for 0x91
02-16 18:50:14.918 23555 23555 E ArmVmp : Match on catch block at 0xc3 in for 0x99
02-16 18:50:14.922 23555 23555 E ArmVmp : Match on catch block at 0xc3 in for 0x91
02-16 18:50:14.955 23555 23555 E ArmVmp : Match on catch block at 0xc3 in for 0x99
02-16 18:50:14.960 23555 23555 E ArmVmp : Match on catch block at 0xc3 in for 0x91
02-16 18:50:14.974 23555 23555 E ArmVmp : Match on catch block at 0xc3 in for 0x91
02-16 18:50:14.979 23555 23555 E ArmVmp : Match on catch block at 0xc3 in for 0x95
02-16 18:50:14.994 23555 23555 E ArmVmp : Match on catch block at 0xc3 in for 0x95
02-16 18:50:14.999 23555 23555 E ArmVmp : Match on catch block at 0xc3 in for 0x99
02-16 18:50:15.246 23555 23555 E ArmVmp : Match on catch block at 0xc3 in for 0x91
02-16 18:50:15.253 23555 23555 E ArmVmp : Match on catch block at 0xc3 in for 0x95
02-16 18:50:15.745 23555 23555 E ArmVmp : Match on catch block at 0xc3 in for 0x91
02-16 18:50:15.750 23555 23555 E ArmVmp : Match on catch block at 0xc3 in for 0x95
02-16 18:50:16.246 23555 23555 E ArmVmp : Match on catch block at 0xc3 in for 0x95
02-16 18:50:16.252 23555 23555 E ArmVmp : Match on catch block at 0xc3 in for 0x99
02-16 18:50:16.546 23555 23555 E ArmVmp : Match on catch block at 0xc3 in for 0x99
02-16 18:50:16.554 23555 23555 E ArmVmp : Match on catch block at 0xc3 in for 0x91
02-16 18:50:16.564 23555 23555 E ArmVmp : Match on catch block at 0xc3 in for 0x91
02-16 18:50:16.572 23555 23555 E ArmVmp : Match on catch block at 0xc3 in for 0x95
02-16 18:50:16.580 23555 23555 E ArmVmp : Match on catch block at 0xc3 in for 0x95
02-16 18:50:16.588 23555 23555 E ArmVmp : Match on catch block at 0xc3 in for 0x99
02-16 18:50:16.596 23555 23555 E ArmVmp : Match on catch block at 0xc3 in for 0x99
02-16 18:50:16.604 23555 23555 E ArmVmp : Match on catch block at 0xc3 in for 0x91
02-16 18:50:16.613 23555 23555 E ArmVmp : Match on catch block at 0xc3 in for 0x91
02-16 18:50:16.621 23555 23555 E ArmVmp : Match on catch block at 0xc3 in for 0x95
02-16 18:50:16.630 23555 23555 E ArmVmp : Match on catch block at 0xc3 in for 0x95
02-16 18:50:16.639 23555 23555 E ArmVmp : Match on catch block at 0xc3 in for 0x99
02-16 18:50:16.649 23555 23555 E ArmVmp : Match on catch block at 0xc3 in for 0x99
02-16 18:50:16.657 23555 23555 E ArmVmp : Match on catch block at 0xc3 in for 0x91
02-16 18:50:16.666 23555 23555 E ArmVmp : Match on catch block at 0xc3 in for 0x91
02-16 18:50:16.674 23555 23555 E ArmVmp : Match on catch block at 0xc3 in for 0x95
02-16 18:50:16.683 23555 23555 E ArmVmp : Match on catch block at 0xc3 in for 0x95
02-16 18:50:16.691 23555 23555 E ArmVmp : Match on catch block at 0xc3 in for 0x99
02-16 18:50:16.701 23555 23555 E ArmVmp : Match on catch block at 0xc3 in for 0x99
02-16 18:50:16.710 23555 23555 E ArmVmp : Match on catch block at 0xc3 in for 0x91
02-16 18:50:16.730 23555 23555 E ArmVmp : Match on catch block at 0xc3 in for 0x91
02-16 18:50:16.738 23555 23555 E ArmVmp : Match on catch block at 0xc3 in for 0x95
02-16 18:50:16.748 23555 23555 E ArmVmp : Match on catch block at 0xc3 in for 0x95
02-16 18:50:16.756 23555 23555 E ArmVmp : Match on catch block at 0xc3 in for 0x99
02-16 18:50:16.765 23555 23555 E ArmVmp : Match on catch block at 0xc3 in for 0x99
02-16 18:50:16.772 23555 23555 E ArmVmp : Match on catch block at 0xc3 in for 0x91
02-16 18:50:16.781 23555 23555 E ArmVmp : Match on catch block at 0xc3 in for 0x91
02-16 18:50:16.789 23555 23555 E ArmVmp : Match on catch block at 0xc3 in for 0x95
02-16 18:50:16.798 23555 23555 E ArmVmp : Match on catch block at 0xc3 in for 0x95
02-16 18:50:16.806 23555 23555 E ArmVmp : Match on catch block at 0xc3 in for 0x99
02-16 18:50:17.287 23555 23555 E ArmVmp : Match on catch block at 0xc3 in for 0x99
02-16 18:50:17.304 23555 23555 E ArmVmp : Match on catch block at 0xc3 in for 0x91
02-16 18:50:17.782 23555 23555 E ArmVmp : Match on catch block at 0xc3 in for 0x91
02-16 18:50:17.789 23555 23555 E ArmVmp : Match on catch block at 0xc3 in for 0x95
02-16 18:50:18.280 23555 23555 E ArmVmp : Match on catch block at 0xc3 in for 0x95
02-16 18:50:18.288 23555 23555 E ArmVmp : Match on catch block at 0xc3 in for 0x99
02-16 18:50:18.780 23555 23555 E ArmVmp : Match on catch block at 0xc3 in for 0x99
02-16 18:50:18.786 23555 23555 E ArmVmp : Match on catch block at 0xc3 in for 0x91
02-16 18:50:19.281 23555 23555 E ArmVmp : Match on catch block at 0xc3 in for 0x91
02-16 18:50:19.289 23555 23555 E ArmVmp : Match on catch block at 0xc3 in for 0x95
02-16 18:50:19.800 23555 23555 E ArmVmp : Match on catch block at 0xc3 in for 0x95
02-16 18:50:19.807 23555 23555 E ArmVmp : Match on catch block at 0xc3 in for 0x99
02-16 18:50:20.298 23555 23555 E ArmVmp : Match on catch block at 0xc3 in for 0x99
02-16 18:50:20.304 23555 23555 E ArmVmp : Match on catch block at 0xc3 in for 0x91
02-16 18:50:20.800 23555 23555 E ArmVmp : Match on catch block at 0xc3 in for 0x91
02-16 18:50:20.807 23555 23555 E ArmVmp : Match on catch block at 0xc3 in for 0x95
02-16 18:50:21.299 23555 23555 E ArmVmp : Match on catch block at 0xc3 in for 0x95
02-16 18:50:21.306 23555 23555 E ArmVmp : Match on catch block at 0xc3 in for 0x99
02-16 18:50:21.563 23555 23555 E ArmVmp : Match on catch block at 0xc3 in for 0x99
02-16 18:50:21.569 23555 23555 E ArmVmp : Match on catch block at 0xc3 in for 0x91
02-16 18:50:27.008 23555 23930 W LibraryVersion: Failed to get app version for
libraryName: firebase-iid
02-16 18:50:28.409 23555 23613 W RenderInspector: QueueBuffer time out on Toast,
count=1, avg=25 ms, max=25 ms.
02-16 18:50:28.520 23555 23555 E ArmVmp : Match on catch block at 0xc3 in for 0x91
02-16 18:50:28.538 23555 23555 E ArmVmp : Match on catch block at 0xc3 in for 0x95
02-16 18:50:28.604 23555 23624 W MediaPlayer: Use of stream types is deprecated for
operations other than volume control
02-16 18:50:28.604 23555 23624 W MediaPlayer: See the documentation of
setAudioStreamType() for what to use instead with android.media.AudioAttributes to
qualify your playback use case
02-16 18:50:28.635 23555 23555 E ArmVmp : Match on catch block at 0xc3 in for 0x95
02-16 18:50:28.661 23555 23555 E ArmVmp : Match on catch block at 0xc3 in for 0x99
02-16 18:50:28.717 23555 23555 E ArmVmp : Match on catch block at 0xc3 in for 0x91
02-16 18:50:28.727 23555 23555 E ArmVmp : Match on catch block at 0xc3 in for 0x95
02-16 18:50:28.820 23555 23555 E ArmVmp : Match on catch block at 0xc3 in for 0x91
02-16 18:50:28.832 23555 23555 E ArmVmp : Match on catch block at 0xc3 in for 0x95
02-16 18:50:28.972 23555 23555 E ArmVmp : Match on catch block at 0xc3 in for 0x91
02-16 18:50:28.995 23555 23555 E ArmVmp : Match on catch block at 0xc3 in for 0x95
02-16 18:50:30.172 23555 24423 W BpBinder: Slow Binder: BpBinder transact took 254
ms, interface=android.app.job.IJobScheduler, code=2 oneway=false
02-16 18:50:30.398 23555 23555 E ArmVmp : Match on catch block at 0xc3 in for 0x91
02-16 18:50:30.407 23555 23555 E ArmVmp : Match on catch block at 0xc3 in for 0x95
02-16 18:50:30.444 23555 23555 E ArmVmp : Match on catch block at 0xc3 in for 0x95
02-16 18:50:30.458 23555 23555 E ArmVmp : Match on catch block at 0xc3 in for 0x99
02-16 18:50:30.775 23555 23555 W BpBinder: Slow Binder: BpBinder transact took 312
ms, interface=android.app.job.IJobCallback, code=1 oneway=false
02-16 18:50:30.784 23555 23622 W BpBinder: Slow Binder: BpBinder transact took 318
ms, interface=android.app.job.IJobCallback, code=3 oneway=false
02-16 18:50:30.785 23555 23555 E ArmVmp : Match on catch block at 0xc3 in for 0x99
02-16 18:50:30.795 23555 23555 E ArmVmp : Match on catch block at 0xc3 in for 0x91
02-16 18:50:30.801 23555 23555 W Looper : Slow Looper main: doFrame is 329ms late
because of 2 msg, msg 2 took 313ms (seq=965 late=43ms
h=android.app.job.JobServiceEngine$JobHandler w=0)
02-16 18:50:30.814 23555 23555 E ArmVmp : Match on catch block at 0xc3 in for 0x91
02-16 18:50:30.834 23555 23555 E ArmVmp : Match on catch block at 0xc3 in for 0x95
02-16 18:50:32.487 23555 23555 E ArmVmp : Match on catch block at 0xc3 in for 0x91
02-16 18:50:32.504 23555 23555 E ArmVmp : Match on catch block at 0xc3 in for 0x95
02-16 18:50:32.583 23555 23555 E ArmVmp : Match on catch block at 0xc3 in for 0x99
02-16 18:50:32.593 23555 23555 E ArmVmp : Match on catch block at 0xc3 in for 0x91
02-16 18:50:32.731 23555 23555 E ArmVmp : Match on catch block at 0x0a in for 0xb1
02-16 18:50:32.779 23555 23555 E ArmVmp : Match on catch block at 0x0a in for 0xb9
02-16 18:50:32.834 23555 23555 W Activity: Slow Operation: Activity
com.mbwhatsapp/.Conversation onStart took 230ms
02-16 18:50:32.860 23555 23555 W Looper : Slow Looper main: Activity
com.mbwhatsapp/.Conversation is 399ms late (wall=0ms running=0ms ClientTransaction{
callbacks=[android.app.servertransaction.TopResumedActivityChangeItem] }) because
of 13 msg, msg 1 took 168ms (seq=1035 running=41ms runnable=49ms late=85ms
h=android.view.Choreographer$FrameHandler
c=android.view.Choreographer$FrameDisplayEventReceiver), msg 11 took 263ms
(seq=1045 running=58ms runnable=123ms late=168ms h=android.app.ActivityThread$H
w=137)
02-16 18:50:32.996 23555 23555 W Activity: Slow Operation: Activity
com.mbwhatsapp/.Conversation onResume took 126ms
02-16 18:50:33.011 23555 23555 W Looper : Slow Looper main: Activity
com.mbwhatsapp/.Conversation is 394ms late (wall=151ms running=22ms
ClientTransaction{ lifecycleRequest=android.app.servertransaction.ResumeActivityIte
m }) because of 14 msg, msg 1 took 168ms (seq=1035 running=41ms runnable=49ms
late=85ms h=android.view.Choreographer$FrameHandler
c=android.view.Choreographer$FrameDisplayEventReceiver), msg 11 took 263ms
(seq=1045 running=58ms runnable=123ms late=168ms h=android.app.ActivityThread$H
w=137)
02-16 18:50:33.160 23555 23555 W Looper : Slow Looper main: Activity
com.mbwhatsapp/.Conversation is 565ms late (wall=10ms running=1ms
ClientTransaction{ callbacks=[android.app.servertransaction.TopResumedActivityChang
eItem] }) because of 17 msg, msg 4 took 263ms (seq=1045 running=58ms runnable=123ms
late=168ms h=android.app.ActivityThread$H w=137), msg 8 took 151ms (seq=1049
running=22ms runnable=117ms late=394ms h=android.app.ActivityThread$H w=159), msg
13 took 85ms (seq=1054 running=3ms runnable=77ms late=482ms h=android.os.Handler
c=X.3g2)
02-16 18:50:33.186 23555 23555 W Looper : Slow Looper main: Activity
com.mbwhatsapp/.Conversation is 583ms late (wall=25ms running=7ms
ClientTransaction{ lifecycleRequest=android.app.servertransaction.PauseActivityItem
}) because of 18 msg, msg 4 took 263ms (seq=1045 running=58ms runnable=123ms
late=168ms h=android.app.ActivityThread$H w=137), msg 8 took 151ms (seq=1049
running=22ms runnable=117ms late=394ms h=android.app.ActivityThread$H w=159), msg
13 took 85ms (seq=1054 running=3ms runnable=77ms late=482ms h=android.os.Handler
c=X.3g2)
02-16 18:50:33.597 23555 23555 E ArmVmp : Match on catch block at 0xc3 in for 0x91
02-16 18:50:33.617 23555 23555 E ArmVmp : Match on catch block at 0xc3 in for 0x95
02-16 18:50:33.657 23555 23555 W Looper : Slow Looper main: doFrame is 572ms late
because of 17 msg, msg 1 took 263ms (seq=1045 running=58ms runnable=123ms
late=168ms h=android.app.ActivityThread$H w=137), msg 5 took 151ms (seq=1049
running=22ms runnable=117ms late=394ms h=android.app.ActivityThread$H w=159), msg
10 took 85ms (seq=1054 running=3ms runnable=77ms late=482ms h=android.os.Handler
c=X.3g2)
02-16 18:50:33.809 23555 23555 W Looper : Slow Looper main: Activity
com.mbwhatsapp/.Conversation is 622ms late (wall=91ms running=10ms
ClientTransaction{ lifecycleRequest=android.app.servertransaction.StopActivityItem
}) because of 26 msg, msg 1 took 85ms (seq=1054 running=3ms runnable=77ms
late=482ms h=android.os.Handler c=X.3g2), msg 9 took 471ms (seq=1062 running=88ms
runnable=276ms reclaim=5ms late=572ms h=android.view.Choreographer$FrameHandler
c=android.view.Choreographer$FrameDisplayEventReceiver)
02-16 18:50:34.875 23555 24139 W BpBinder: Slow Binder: BpBinder transact took 389
ms, interface=android.content.IContentProvider, code=1 oneway=false
02-16 18:50:36.720 23555 24139 W BpBinder: Slow Binder: BpBinder transact took 302
ms, interface=android.content.IContentProvider, code=1 oneway=false
02-16 18:50:39.366 23555 23555 E ArmVmp : Match on catch block at 0x0a in for 0xb5
02-16 18:50:39.389 23555 23555 E ArmVmp : Match on catch block at 0x0a in for 0xb1
02-16 18:50:39.406 23555 23555 W Activity: Slow Operation: Activity
com.mbwhatsapp/.Conversation onStart took 196ms
02-16 18:50:39.572 23555 23555 E ArmVmp : Match on catch block at 0xc3 in for 0x99
02-16 18:50:39.583 23555 23555 E ArmVmp : Match on catch block at 0xc3 in for 0x91
02-16 18:50:39.900 23555 23555 E ArmVmp : Match on catch block at 0xc3 in for 0x91
02-16 18:50:39.914 23555 23555 E ArmVmp : Match on catch block at 0xc3 in for 0x95
02-16 18:50:39.933 23555 23555 W Looper : Slow Looper main: doFrame is 340ms late
because of 12 msg, msg 1 took 234ms (seq=1190 running=66ms runnable=5ms io=8ms
reclaim=1ms late=251ms h=android.view.Choreographer$FrameHandler
c=android.view.Choreographer$FrameDisplayEventReceiver), msg 3 took 92ms (seq=1192
running=1ms io=1ms late=97ms h=android.os.Handler c=X.3ef)
02-16 18:50:39.957 23555 23555 E ArmVmp : Match on catch block at 0xc3 in for 0x95
02-16 18:50:39.972 23555 23555 E ArmVmp : Match on catch block at 0xc3 in for 0x99
02-16 18:50:40.000 23555 23555 E ArmVmp : Match on catch block at 0xc3 in for 0x99
02-16 18:50:40.022 23555 23555 E ArmVmp : Match on catch block at 0xc3 in for 0x91
02-16 18:50:40.453 23555 23555 E ArmVmp : Match on catch block at 0xc3 in for 0x95
02-16 18:50:40.459 23555 23555 E ArmVmp : Match on catch block at 0xc3 in for 0x99
02-16 18:50:40.528 23555 23555 E ArmVmp : Match on catch block at 0xc3 in for 0x99
02-16 18:50:40.534 23555 23555 E ArmVmp : Match on catch block at 0xc3 in for 0x91
02-16 18:50:40.544 23555 23555 E ArmVmp : Match on catch block at 0xc3 in for 0x91
02-16 18:50:40.558 23555 23555 E ArmVmp : Match on catch block at 0xc3 in for 0x95
02-16 18:50:40.579 23555 23555 E ArmVmp : Match on catch block at 0xc3 in for 0x95
02-16 18:50:40.585 23555 23555 E ArmVmp : Match on catch block at 0xc3 in for 0x99
02-16 18:50:40.611 23555 23555 E ArmVmp : Match on catch block at 0xc3 in for 0x99
02-16 18:50:40.619 23555 23555 E ArmVmp : Match on catch block at 0xc3 in for 0x91
02-16 18:50:40.628 23555 23555 E ArmVmp : Match on catch block at 0xc3 in for 0x91
02-16 18:50:40.633 23555 23555 E ArmVmp : Match on catch block at 0xc3 in for 0x95
