02-13 09:29:57.139 10022 10022 E ArmVmp : Match on catch block at 0xc3 in for 0x91
02-13 09:29:57.144 10022 10022 E ArmVmp : Match on catch block at 0xc3 in for 0x91
02-13 09:29:57.182 10022 10022 E ArmVmp : Match on catch block at 0xc3 in for 0x95
02-13 09:29:57.188 10022 10022 E ArmVmp : Match on catch block at 0xc3 in for 0x99
02-13 09:29:57.192 10022 10022 E ArmVmp : Match on catch block at 0xc3 in for 0x99
02-13 09:29:57.232 10022 10022 E ArmVmp : Match on catch block at 0xc3 in for 0x91
02-13 09:29:57.239 10022 10022 E ArmVmp : Match on catch block at 0xc3 in for 0x95
02-13 09:29:57.244 10022 10022 E ArmVmp : Match on catch block at 0xc3 in for 0x95
02-13 09:29:57.283 10022 10022 E ArmVmp : Match on catch block at 0xc3 in for 0x99
02-13 09:29:57.291 10022 10022 E ArmVmp : Match on catch block at 0xc3 in for 0x91
02-13 09:29:57.297 10022 10022 E ArmVmp : Match on catch block at 0xc3 in for 0x91
02-13 09:29:57.350 10022 10022 E ArmVmp : Match on catch block at 0xc3 in for 0x95
02-13 09:29:57.356 10022 10022 E ArmVmp : Match on catch block at 0xc3 in for 0x99
02-13 09:29:57.361 10022 10022 E ArmVmp : Match on catch block at 0xc3 in for 0x99
02-13 09:29:57.382 10022 10022 E ArmVmp : Match on catch block at 0xc3 in for 0x91
02-13 09:29:57.387 10022 10022 E ArmVmp : Match on catch block at 0xc3 in for 0x95
02-13 09:29:57.392 10022 10022 E ArmVmp : Match on catch block at 0xc3 in for 0x95
02-13 09:29:57.440 10022 10022 E ArmVmp : Match on catch block at 0xc3 in for 0x95
02-13 09:29:57.445 10022 10022 E ArmVmp : Match on catch block at 0xc3 in for 0x99
02-13 09:29:57.450 10022 10022 E ArmVmp : Match on catch block at 0xc3 in for 0x99
02-13 09:29:57.883 10022 10022 E ArmVmp : Match on catch block at 0xc3 in for 0x91
02-13 09:29:57.889 10022 10022 E ArmVmp : Match on catch block at 0xc3 in for 0x95
02-13 09:29:57.894 10022 10022 E ArmVmp : Match on catch block at 0xc3 in for 0x95
02-13 09:29:58.383 10022 10022 E ArmVmp : Match on catch block at 0xc3 in for 0x99
02-13 09:29:58.390 10022 10022 E ArmVmp : Match on catch block at 0xc3 in for 0x91
02-13 09:29:58.395 10022 10022 E ArmVmp : Match on catch block at 0xc3 in for 0x91
02-13 09:29:58.883 10022 10022 E ArmVmp : Match on catch block at 0xc3 in for 0x95
02-13 09:29:58.890 10022 10022 E ArmVmp : Match on catch block at 0xc3 in for 0x99
02-13 09:29:58.895 10022 10022 E ArmVmp : Match on catch block at 0xc3 in for 0x99
02-13 09:29:58.940 10022 10022 E ArmVmp : Match on catch block at 0xc3 in for 0x99
02-13 09:29:58.948 10022 10022 E ArmVmp : Match on catch block at 0xc3 in for 0x91
02-13 09:29:58.953 10022 10022 E ArmVmp : Match on catch block at 0xc3 in for 0x91
02-13 09:29:58.968 10022 10022 E ArmVmp : Match on catch block at 0xc3 in for 0x95
02-13 09:29:58.976 10022 10022 E ArmVmp : Match on catch block at 0xc3 in for 0x99
02-13 09:29:58.980 10022 10022 E ArmVmp : Match on catch block at 0xc3 in for 0x99
02-13 09:29:58.986 10022 10022 E ArmVmp : Match on catch block at 0xc3 in for 0x91
02-13 09:29:58.992 10022 10022 E ArmVmp : Match on catch block at 0xc3 in for 0x95
02-13 09:29:58.996 10022 10022 E ArmVmp : Match on catch block at 0xc3 in for 0x95
02-13 09:29:59.004 10022 10022 E ArmVmp : Match on catch block at 0xc3 in for 0x99
02-13 09:29:59.010 10022 10022 E ArmVmp : Match on catch block at 0xc3 in for 0x91
02-13 09:29:59.015 10022 10022 E ArmVmp : Match on catch block at 0xc3 in for 0x91
02-13 09:29:59.026 10022 10022 E ArmVmp : Match on catch block at 0xc3 in for 0x95
02-13 09:29:59.033 10022 10022 E ArmVmp : Match on catch block at 0xc3 in for 0x99
02-13 09:29:59.038 10022 10022 E ArmVmp : Match on catch block at 0xc3 in for 0x99
02-13 09:29:59.050 10022 10022 E ArmVmp : Match on catch block at 0xc3 in for 0x91
02-13 09:29:59.057 10022 10022 E ArmVmp : Match on catch block at 0xc3 in for 0x95
02-13 09:29:59.062 10022 10022 E ArmVmp : Match on catch block at 0xc3 in for 0x95
02-13 09:29:59.074 10022 10022 E ArmVmp : Match on catch block at 0xc3 in for 0x99
02-13 09:29:59.082 10022 10022 E ArmVmp : Match on catch block at 0xc3 in for 0x91
02-13 09:29:59.088 10022 10022 E ArmVmp : Match on catch block at 0xc3 in for 0x91
02-13 09:29:59.101 10022 10022 E ArmVmp : Match on catch block at 0xc3 in for 0x95
02-13 09:29:59.108 10022 10022 E ArmVmp : Match on catch block at 0xc3 in for 0x99
02-13 09:29:59.112 10022 10022 E ArmVmp : Match on catch block at 0xc3 in for 0x99
02-13 09:29:59.120 10022 10022 E ArmVmp : Match on catch block at 0xc3 in for 0x91
02-13 09:29:59.127 10022 10022 E ArmVmp : Match on catch block at 0xc3 in for 0x95
02-13 09:29:59.133 10022 10022 E ArmVmp : Match on catch block at 0xc3 in for 0x95
02-13 09:29:59.142 10022 10022 E ArmVmp : Match on catch block at 0xc3 in for 0x99
02-13 09:29:59.150 10022 10022 E ArmVmp : Match on catch block at 0xc3 in for 0x91
02-13 09:29:59.156 10022 10022 E ArmVmp : Match on catch block at 0xc3 in for 0x91
02-13 09:29:59.168 10022 10022 E ArmVmp : Match on catch block at 0xc3 in for 0x95
02-13 09:29:59.176 10022 10022 E ArmVmp : Match on catch block at 0xc3 in for 0x99
02-13 09:29:59.182 10022 10022 E ArmVmp : Match on catch block at 0xc3 in for 0x99
02-13 09:29:59.188 10022 10022 E ArmVmp : Match on catch block at 0xc3 in for 0x91
02-13 09:29:59.192 10022 10022 E ArmVmp : Match on catch block at 0xc3 in for 0x95
02-13 09:29:59.195 10022 10022 E ArmVmp : Match on catch block at 0xc3 in for 0x95
02-13 09:29:59.215 10022 10022 E ArmVmp : Match on catch block at 0xc3 in for 0x99
02-13 09:29:59.218 10022 10022 E ArmVmp : Match on catch block at 0xc3 in for 0x91
02-13 09:29:59.221 10022 10022 E ArmVmp : Match on catch block at 0xc3 in for 0x91
02-13 09:29:59.300 10022 10022 E ArmVmp : Match on catch block at 0xc3 in for 0x99
02-13 09:29:59.305 10022 10022 E ArmVmp : Match on catch block at 0xc3 in for 0x91
02-13 09:29:59.308 10022 10022 E ArmVmp : Match on catch block at 0xc3 in for 0x91
02-13 09:29:59.324 10022 10022 E ArmVmp : Match on catch block at 0xc3 in for 0x91
02-13 09:29:59.330 10022 10022 E ArmVmp : Match on catch block at 0xc3 in for 0x95
02-13 09:29:59.333 10022 10022 E ArmVmp : Match on catch block at 0xc3 in for 0x95
02-13 09:29:59.349 10022 10022 E ArmVmp : Match on catch block at 0xc3 in for 0x99
02-13 09:29:59.355 10022 10022 E ArmVmp : Match on catch block at 0xc3 in for 0x91
02-13 09:29:59.360 10022 10022 E ArmVmp : Match on catch block at 0xc3 in for 0x91
02-13 09:29:59.385 10022 10022 E ArmVmp : Match on catch block at 0xc3 in for 0x95
02-13 09:29:59.392 10022 10022 E ArmVmp : Match on catch block at 0xc3 in for 0x99
02-13 09:29:59.398 10022 10022 E ArmVmp : Match on catch block at 0xc3 in for 0x99
02-13 09:29:59.433 10022 10022 E ArmVmp : Match on catch block at 0xc3 in for 0x91
02-13 09:29:59.441 10022 10022 E ArmVmp : Match on catch block at 0xc3 in for 0x95
02-13 09:29:59.447 10022 10022 E ArmVmp : Match on catch block at 0xc3 in for 0x95
02-13 09:29:59.466 10022 10022 E ArmVmp : Match on catch block at 0xc3 in for 0x99
02-13 09:29:59.474 10022 10022 E ArmVmp : Match on catch block at 0xc3 in for 0x91
02-13 09:29:59.478 10022 10022 E ArmVmp : Match on catch block at 0xc3 in for 0x91
02-13 09:29:59.498 10022 10022 E ArmVmp : Match on catch block at 0xc3 in for 0x95
02-13 09:29:59.502 10022 10022 E ArmVmp : Match on catch block at 0xc3 in for 0x99
02-13 09:29:59.506 10022 10022 E ArmVmp : Match on catch block at 0xc3 in for 0x99
02-13 09:29:59.515 10022 10022 E ArmVmp : Match on catch block at 0xc3 in for 0x91
02-13 09:29:59.519 10022 10022 E ArmVmp : Match on catch block at 0xc3 in for 0x95
02-13 09:29:59.522 10022 10022 E ArmVmp : Match on catch block at 0xc3 in for 0x95
02-13 09:29:59.600 10022 10022 E ArmVmp : Match on catch block at 0xc3 in for 0x99
02-13 09:29:59.607 10022 10022 E ArmVmp : Match on catch block at 0xc3 in for 0x91
02-13 09:29:59.611 10022 10022 E ArmVmp : Match on catch block at 0xc3 in for 0x91
02-13 09:30:00.101 10022 10022 E ArmVmp : Match on catch block at 0xc3 in for 0x95
02-13 09:30:00.107 10022 10022 E ArmVmp : Match on catch block at 0xc3 in for 0x99
02-13 09:30:00.112 10022 10022 E ArmVmp : Match on catch block at 0xc3 in for 0x99
02-13 09:30:00.365 10022 10022 E ArmVmp : Match on catch block at 0xc3 in for 0x91
02-13 09:30:00.369 10022 10022 E ArmVmp : Match on catch block at 0xc3 in for 0x95
02-13 09:30:00.372 10022 10022 E ArmVmp : Match on catch block at 0xc3 in for 0x95
02-13 09:30:00.533 10022 10022 E ArmVmp : Match on catch block at 0xc3 in for 0x99
02-13 09:30:00.541 10022 10022 E ArmVmp : Match on catch block at 0xc3 in for 0x91
02-13 09:30:00.546 10022 10022 E ArmVmp : Match on catch block at 0xc3 in for 0x91
02-13 09:30:00.554 10022 10022 E ArmVmp : Match on catch block at 0xc3 in for 0x95
02-13 09:30:00.562 10022 10022 E ArmVmp : Match on catch block at 0xc3 in for 0x99
02-13 09:30:00.566 10022 10022 E ArmVmp : Match on catch block at 0xc3 in for 0x99
02-13 09:30:00.576 10022 10022 E ArmVmp : Match on catch block at 0xc3 in for 0x91
02-13 09:30:00.583 10022 10022 E ArmVmp : Match on catch block at 0xc3 in for 0x95
02-13 09:30:00.587 10022 10022 E ArmVmp : Match on catch block at 0xc3 in for 0x95
02-13 09:30:00.601 10022 10022 E ArmVmp : Match on catch block at 0xc3 in for 0x99
02-13 09:30:00.607 10022 10022 E ArmVmp : Match on catch block at 0xc3 in for 0x91
02-13 09:30:00.611 10022 10022 E ArmVmp : Match on catch block at 0xc3 in for 0x91
02-13 09:30:00.618 10022 10022 E ArmVmp : Match on catch block at 0xc3 in for 0x95
02-13 09:30:00.624 10022 10022 E ArmVmp : Match on catch block at 0xc3 in for 0x99
02-13 09:30:00.628 10022 10022 E ArmVmp : Match on catch block at 0xc3 in for 0x99
02-13 09:30:00.635 10022 10022 E ArmVmp : Match on catch block at 0xc3 in for 0x91
02-13 09:30:00.641 10022 10022 E ArmVmp : Match on catch block at 0xc3 in for 0x95
02-13 09:30:00.645 10022 10022 E ArmVmp : Match on catch block at 0xc3 in for 0x95
02-13 09:30:00.652 10022 10022 E ArmVmp : Match on catch block at 0xc3 in for 0x99
02-13 09:30:00.658 10022 10022 E ArmVmp : Match on catch block at 0xc3 in for 0x91
02-13 09:30:00.661 10022 10022 E ArmVmp : Match on catch block at 0xc3 in for 0x91
02-13 09:30:00.666 10022 10022 E ArmVmp : Match on catch block at 0xc3 in for 0x95
02-13 09:30:00.671 10022 10022 E ArmVmp : Match on catch block at 0xc3 in for 0x99
02-13 09:30:00.675 10022 10022 E ArmVmp : Match on catch block at 0xc3 in for 0x99
02-13 09:30:00.682 10022 10022 E ArmVmp : Match on catch block at 0xc3 in for 0x91
02-13 09:30:00.686 10022 10022 E ArmVmp : Match on catch block at 0xc3 in for 0x95
02-13 09:30:00.690 10022 10022 E ArmVmp : Match on catch block at 0xc3 in for 0x95
02-13 09:30:00.699 10022 10022 E ArmVmp : Match on catch block at 0xc3 in for 0x99
02-13 09:30:00.705 10022 10022 E ArmVmp : Match on catch block at 0xc3 in for 0x91
02-13 09:30:00.707 10022 10022 E ArmVmp : Match on catch block at 0xc3 in for 0x91
02-13 09:30:00.715 10022 10022 E ArmVmp : Match on catch block at 0xc3 in for 0x95
02-13 09:30:00.720 10022 10022 E ArmVmp : Match on catch block at 0xc3 in for 0x99
02-13 09:30:00.723 10022 10022 E ArmVmp : Match on catch block at 0xc3 in for 0x99
02-13 09:30:00.732 10022 10022 E ArmVmp : Match on catch block at 0xc3 in for 0x91
02-13 09:30:00.736 10022 10022 E ArmVmp : Match on catch block at 0xc3 in for 0x95
02-13 09:30:00.739 10022 10022 E ArmVmp : Match on catch block at 0xc3 in for 0x95
02-13 09:30:00.749 10022 10022 E ArmVmp : Match on catch block at 0xc3 in for 0x99
02-13 09:30:00.752 10022 10022 E ArmVmp : Match on catch block at 0xc3 in for 0x91
02-13 09:30:00.756 10022 10022 E ArmVmp : Match on catch block at 0xc3 in for 0x91
02-13 09:30:00.765 10022 10022 E ArmVmp : Match on catch block at 0xc3 in for 0x95
02-13 09:30:00.769 10022 10022 E ArmVmp : Match on catch block at 0xc3 in for 0x99
02-13 09:30:00.772 10022 10022 E ArmVmp : Match on catch block at 0xc3 in for 0x99
02-13 09:30:00.783 10022 10022 E ArmVmp : Match on catch block at 0xc3 in for 0x91
02-13 09:30:00.787 10022 10022 E ArmVmp : Match on catch block at 0xc3 in for 0x95
02-13 09:30:00.790 10022 10022 E ArmVmp : Match on catch block at 0xc3 in for 0x95
02-13 09:30:00.799 10022 10022 E ArmVmp : Match on catch block at 0xc3 in for 0x99
02-13 09:30:00.804 10022 10022 E ArmVmp : Match on catch block at 0xc3 in for 0x91
02-13 09:30:00.807 10022 10022 E ArmVmp : Match on catch block at 0xc3 in for 0x91
02-13 09:30:01.100 10022 10022 E ArmVmp : Match on catch block at 0xc3 in for 0x95
02-13 09:30:01.105 10022 10022 E ArmVmp : Match on catch block at 0xc3 in for 0x99
02-13 09:30:01.109 10022 10022 E ArmVmp : Match on catch block at 0xc3 in for 0x99
02-13 09:30:01.384 10022 10022 E ArmVmp : Match on catch block at 0xc3 in for 0x91
02-13 09:30:01.389 10022 10022 E ArmVmp : Match on catch block at 0xc3 in for 0x95
02-13 09:30:01.393 10022 10022 E ArmVmp : Match on catch block at 0xc3 in for 0x95
02-13 09:30:01.782 10022 10022 E ArmVmp : Match on catch block at 0xc3 in for 0x99
02-13 09:30:01.786 10022 10022 E ArmVmp : Match on catch block at 0xc3 in for 0x91
02-13 09:30:01.790 10022 10022 E ArmVmp : Match on catch block at 0xc3 in for 0x91
02-13 09:30:02.167 10022 10022 E ArmVmp : Match on catch block at 0xc3 in for 0x95
02-13 09:30:02.172 10022 10022 E ArmVmp : Match on catch block at 0xc3 in for 0x99
02-13 09:30:02.176 10022 10022 E ArmVmp : Match on catch block at 0xc3 in for 0x99
02-13 09:30:02.417 10022 10022 E ArmVmp : Match on catch block at 0xc3 in for 0x91
02-13 09:30:02.422 10022 10022 E ArmVmp : Match on catch block at 0xc3 in for 0x95
02-13 09:30:02.426 10022 10022 E ArmVmp : Match on catch block at 0xc3 in for 0x95
02-13 09:30:02.782 10022 10022 E ArmVmp : Match on catch block at 0xc3 in for 0x99
02-13 09:30:02.786 10022 10022 E ArmVmp : Match on catch block at 0xc3 in for 0x91
02-13 09:30:02.789 10022 10022 E ArmVmp : Match on catch block at 0xc3 in for 0x91
02-13 09:30:03.218 10022 10022 E ArmVmp : Match on catch block at 0xc3 in for 0x95
02-13 09:30:03.223 10022 10022 E ArmVmp : Match on catch block at 0xc3 in for 0x99
02-13 09:30:03.226 10022 10022 E ArmVmp : Match on catch block at 0xc3 in for 0x99
02-13 09:30:03.466 10022 10022 E ArmVmp : Match on catch block at 0xc3 in for 0x91
02-13 09:30:03.470 10022 10022 E ArmVmp : Match on catch block at 0xc3 in for 0x95
02-13 09:30:03.473 10022 10022 E ArmVmp : Match on catch block at 0xc3 in for 0x95
02-13 09:30:03.750 10022 10022 E ArmVmp : Match on catch block at 0xc3 in for 0x99
02-13 09:30:03.753 10022 10022 E ArmVmp : Match on catch block at 0xc3 in for 0x91
02-13 09:30:03.756 10022 10022 E ArmVmp : Match on catch block at 0xc3 in for 0x91
02-13 09:30:04.166 10022 10022 E ArmVmp : Match on catch block at 0xc3 in for 0x95
02-13 09:30:04.170 10022 10022 E ArmVmp : Match on catch block at 0xc3 in for 0x99
02-13 09:30:04.174 10022 10022 E ArmVmp : Match on catch block at 0xc3 in for 0x99
02-13 09:30:04.667 10022 10022 E ArmVmp : Match on catch block at 0xc3 in for 0x91
02-13 09:30:04.671 10022 10022 E ArmVmp : Match on catch block at 0xc3 in for 0x95
02-13 09:30:04.676 10022 10022 E ArmVmp : Match on catch block at 0xc3 in for 0x95
02-13 09:30:04.701 10022 10022 E ArmVmp : Match on catch block at 0xc3 in for 0x99
02-13 09:30:04.705 10022 10022 E ArmVmp : Match on catch block at 0xc3 in for 0x91
02-13 09:30:04.708 10022 10022 E ArmVmp : Match on catch block at 0xc3 in for 0x91
02-13 09:30:05.101 10022 10022 E ArmVmp : Match on catch block at 0xc3 in for 0x95
02-13 09:30:05.106 10022 10022 E ArmVmp : Match on catch block at 0xc3 in for 0x99
02-13 09:30:05.111 10022 10022 E ArmVmp : Match on catch block at 0xc3 in for 0x99
02-13 09:30:05.600 10022 10022 E ArmVmp : Match on catch block at 0xc3 in for 0x91
02-13 09:30:05.604 10022 10022 E ArmVmp : Match on catch block at 0xc3 in for 0x95
02-13 09:30:05.607 10022 10022 E ArmVmp : Match on catch block at 0xc3 in for 0x95
02-13 09:30:05.650 10022 10022 E ArmVmp : Match on catch block at 0xc3 in for 0x99
02-13 09:30:05.654 10022 10022 E ArmVmp : Match on catch block at 0xc3 in for 0x91
02-13 09:30:05.657 10022 10022 E ArmVmp : Match on catch block at 0xc3 in for 0x91
02-13 09:30:06.016 10022 10022 E ArmVmp : Match on catch block at 0xc3 in for 0x95
02-13 09:30:06.021 10022 10022 E ArmVmp : Match on catch block at 0xc3 in for 0x99
02-13 09:30:06.024 10022 10022 E ArmVmp : Match on catch block at 0xc3 in for 0x99
02-13 09:30:06.300 10022 10022 E ArmVmp : Match on catch block at 0xc3 in for 0x91
02-13 09:30:06.305 10022 10022 E ArmVmp : Match on catch block at 0xc3 in for 0x95
02-13 09:30:06.308 10022 10022 E ArmVmp : Match on catch block at 0xc3 in for 0x95
02-13 09:30:06.802 10022 10022 E ArmVmp : Match on catch block at 0xc3 in for 0x99
02-13 09:30:06.807 10022 10022 E ArmVmp : Match on catch block at 0xc3 in for 0x91
02-13 09:30:06.812 10022 10022 E ArmVmp : Match on catch block at 0xc3 in for 0x91
02-13 09:30:06.947 10022 10022 E ArmVmp : Match on catch block at 0xc3 in for 0x95
02-13 09:30:06.953 10022 10022 E ArmVmp : Match on catch block at 0xc3 in for 0x99
02-13 09:30:06.959 10022 10022 E ArmVmp : Match on catch block at 0xc3 in for 0x99
02-13 09:30:06.975 10022 10022 E ArmVmp : Match on catch block at 0xc3 in for 0x91
02-13 09:30:06.981 10022 10022 E ArmVmp : Match on catch block at 0xc3 in for 0x95
02-13 09:30:06.986 10022 10022 E ArmVmp : Match on catch block at 0xc3 in for 0x95
02-13 09:30:07.235 10022 10022 E ArmVmp : Match on catch block at 0xc3 in for 0x99
02-13 09:30:07.241 10022 10022 E ArmVmp : Match on catch block at 0xc3 in for 0x91
02-13 09:30:07.244 10022 10022 E ArmVmp : Match on catch block at 0xc3 in for 0x91
02-13 09:30:07.736 10022 10022 E ArmVmp : Match on catch block at 0xc3 in for 0x95
02-13 09:30:07.742 10022 10022 E ArmVmp : Match on catch block at 0xc3 in for 0x99
02-13 09:30:07.748 10022 10022 E ArmVmp : Match on catch block at 0xc3 in for 0x99
02-13 09:30:08.235 10022 10022 E ArmVmp : Match on catch block at 0xc3 in for 0x91
02-13 09:30:08.240 10022 10022 E ArmVmp : Match on catch block at 0xc3 in for 0x95
02-13 09:30:08.243 10022 10022 E ArmVmp : Match on catch block at 0xc3 in for 0x95
02-13 09:30:08.268 10022 10022 E ArmVmp : Match on catch block at 0xc3 in for 0x99
02-13 09:30:08.272 10022 10022 E ArmVmp : Match on catch block at 0xc3 in for 0x91
02-13 09:30:08.276 10022 10022 E ArmVmp : Match on catch block at 0xc3 in for 0x91
02-13 09:30:08.518 10022 10022 E ArmVmp : Match on catch block at 0xc3 in for 0x95
02-13 09:30:08.524 10022 10022 E ArmVmp : Match on catch block at 0xc3 in for 0x99
02-13 09:30:08.528 10022 10022 E ArmVmp : Match on catch block at 0xc3 in for 0x99
02-13 09:30:08.539 10022 10022 E ArmVmp : Match on catch block at 0xc3 in for 0x91
02-13 09:30:08.546 10022 10022 E ArmVmp : Match on catch block at 0xc3 in for 0x95
02-13 09:30:08.550 10022 10022 E ArmVmp : Match on catch block at 0xc3 in for 0x95
02-13 09:30:08.558 10022 10022 E ArmVmp : Match on catch block at 0xc3 in for 0x99
02-13 09:30:08.566 10022 10022 E ArmVmp : Match on catch block at 0xc3 in for 0x91
02-13 09:30:08.570 10022 10022 E ArmVmp : Match on catch block at 0xc3 in for 0x91
02-13 09:30:08.584 10022 10022 E ArmVmp : Match on catch block at 0xc3 in for 0x95
02-13 09:30:08.588 10022 10022 E ArmVmp : Match on catch block at 0xc3 in for 0x99
02-13 09:30:08.591 10022 10022 E ArmVmp : Match on catch block at 0xc3 in for 0x99
02-13 09:30:08.601 10022 10022 E ArmVmp : Match on catch block at 0xc3 in for 0x91
02-13 09:30:08.605 10022 10022 E ArmVmp : Match on catch block at 0xc3 in for 0x95
02-13 09:30:08.607 10022 10022 E ArmVmp : Match on catch block at 0xc3 in for 0x95
02-13 09:30:08.618 10022 10022 E ArmVmp : Match on catch block at 0xc3 in for 0x99
02-13 09:30:08.622 10022 10022 E ArmVmp : Match on catch block at 0xc3 in for 0x91
02-13 09:30:08.625 10022 10022 E ArmVmp : Match on catch block at 0xc3 in for 0x91
02-13 09:30:08.634 10022 10022 E ArmVmp : Match on catch block at 0xc3 in for 0x95
02-13 09:30:08.638 10022 10022 E ArmVmp : Match on catch block at 0xc3 in for 0x99
02-13 09:30:08.641 10022 10022 E ArmVmp : Match on catch block at 0xc3 in for 0x99
02-13 09:30:08.651 10022 10022 E ArmVmp : Match on catch block at 0xc3 in for 0x91
02-13 09:30:08.655 10022 10022 E ArmVmp : Match on catch block at 0xc3 in for 0x95
02-13 09:30:08.658 10022 10022 E ArmVmp : Match on catch block at 0xc3 in for 0x95
02-13 09:30:08.669 10022 10022 E ArmVmp : Match on catch block at 0xc3 in for 0x99
02-13 09:30:08.673 10022 10022 E ArmVmp : Match on catch block at 0xc3 in for 0x91
02-13 09:30:08.677 10022 10022 E ArmVmp : Match on catch block at 0xc3 in for 0x91
02-13 09:30:08.690 10022 10022 E ArmVmp : Match on catch block at 0xc3 in for 0x95
02-13 09:30:08.694 10022 10022 E ArmVmp : Match on catch block at 0xc3 in for 0x99
02-13 09:30:08.697 10022 10022 E ArmVmp : Match on catch block at 0xc3 in for 0x99
02-13 09:30:08.704 10022 10022 E ArmVmp : Match on catch block at 0xc3 in for 0x91
02-13 09:30:08.708 10022 10022 E ArmVmp : Match on catch block at 0xc3 in for 0x95
02-13 09:30:08.711 10022 10022 E ArmVmp : Match on catch block at 0xc3 in for 0x95
02-13 09:30:08.718 10022 10022 E ArmVmp : Match on catch block at 0xc3 in for 0x99
02-13 09:30:08.723 10022 10022 E ArmVmp : Match on catch block at 0xc3 in for 0x91
02-13 09:30:08.726 10022 10022 E ArmVmp : Match on catch block at 0xc3 in for 0x91
02-13 09:30:08.735 10022 10022 E ArmVmp : Match on catch block at 0xc3 in for 0x95
02-13 09:30:08.742 10022 10022 E ArmVmp : Match on catch block at 0xc3 in for 0x99
02-13 09:30:08.745 10022 10022 E ArmVmp : Match on catch block at 0xc3 in for 0x99
02-13 09:30:08.753 10022 10022 E ArmVmp : Match on catch block at 0xc3 in for 0x91
02-13 09:30:08.760 10022 10022 E ArmVmp : Match on catch block at 0xc3 in for 0x95
02-13 09:30:08.763 10022 10022 E ArmVmp : Match on catch block at 0xc3 in for 0x95
02-13 09:30:08.771 10022 10022 E ArmVmp : Match on catch block at 0xc3 in for 0x99
02-13 09:30:08.776 10022 10022 E ArmVmp : Match on catch block at 0xc3 in for 0x91
02-13 09:30:08.779 10022 10022 E ArmVmp : Match on catch block at 0xc3 in for 0x91
02-13 09:30:09.052 10022 10022 E ArmVmp : Match on catch block at 0xc3 in for 0x95
02-13 09:30:09.057 10022 10022 E ArmVmp : Match on catch block at 0xc3 in for 0x99
02-13 09:30:09.061 10022 10022 E ArmVmp : Match on catch block at 0xc3 in for 0x99
02-13 09:30:09.236 10022 10022 E ArmVmp : Match on catch block at 0xc3 in for 0x91
02-13 09:30:09.241 10022 10022 E ArmVmp : Match on catch block at 0xc3 in for 0x95
02-13 09:30:09.245 10022 10022 E ArmVmp : Match on catch block at 0xc3 in for 0x95
02-13 09:30:09.520 10022 10022 E ArmVmp : Match on catch block at 0xc3 in for 0x95
02-13 09:30:09.525 10022 10022 E ArmVmp : Match on catch block at 0xc3 in for 0x99
02-13 09:30:09.527 10022 10022 E ArmVmp : Match on catch block at 0xc3 in for 0x99
02-13 09:30:09.902 10022 10022 E ArmVmp : Match on catch block at 0xc3 in for 0x91
02-13 09:30:09.906 10022 10022 E ArmVmp : Match on catch block at 0xc3 in for 0x95
02-13 09:30:09.910 10022 10022 E ArmVmp : Match on catch block at 0xc3 in for 0x95
02-13 09:30:10.402 10022 10022 E ArmVmp : Match on catch block at 0xc3 in for 0x99
02-13 09:30:10.408 10022 10022 E ArmVmp : Match on catch block at 0xc3 in for 0x91
02-13 09:30:10.411 10022 10022 E ArmVmp : Match on catch block at 0xc3 in for 0x91
02-13 09:30:10.603 10022 10022 E ArmVmp : Match on catch block at 0xc3 in for 0x95
02-13 09:30:10.608 10022 10022 E ArmVmp : Match on catch block at 0xc3 in for 0x99
02-13 09:30:10.612 10022 10022 E ArmVmp : Match on catch block at 0xc3 in for 0x99
02-13 09:30:10.985 10022 10022 E ArmVmp : Match on catch block at 0xc3 in for 0x91
02-13 09:30:10.988 10022 10022 E ArmVmp : Match on catch block at 0xc3 in for 0x95
02-13 09:30:10.992 10022 10022 E ArmVmp : Match on catch block at 0xc3 in for 0x95
02-13 09:30:11.468 10022 10022 E ArmVmp : Match on catch block at 0xc3 in for 0x99
02-13 09:30:11.472 10022 10022 E ArmVmp : Match on catch block at 0xc3 in for 0x91
02-13 09:30:11.476 10022 10022 E ArmVmp : Match on catch block at 0xc3 in for 0x91
02-13 09:30:11.968 10022 10022 E ArmVmp : Match on catch block at 0xc3 in for 0x95
02-13 09:30:11.972 10022 10022 E ArmVmp : Match on catch block at 0xc3 in for 0x99
02-13 09:30:11.976 10022 10022 E ArmVmp : Match on catch block at 0xc3 in for 0x99
02-13 09:30:12.019 10022 10022 E ArmVmp : Match on catch block at 0xc3 in for 0x91
02-13 09:30:12.025 10022 10022 E ArmVmp : Match on catch block at 0xc3 in for 0x95
02-13 09:30:12.029 10022 10022 E ArmVmp : Match on catch block at 0xc3 in for 0x95
02-13 09:30:12.519 10022 10022 E ArmVmp : Match on catch block at 0xc3 in for 0x99
02-13 09:30:12.523 10022 10022 E ArmVmp : Match on catch block at 0xc3 in for 0x91
02-13 09:30:12.526 10022 10022 E ArmVmp : Match on catch block at 0xc3 in for 0x91
02-13 09:30:12.585 10022 10022 E ArmVmp : Match on catch block at 0xc3 in for 0x95
02-13 09:30:12.589 10022 10022 E ArmVmp : Match on catch block at 0xc3 in for 0x99
02-13 09:30:12.592 10022 10022 E ArmVmp : Match on catch block at 0xc3 in for 0x99
02-13 09:30:12.785 10022 10022 E ArmVmp : Match on catch block at 0xc3 in for 0x91
02-13 09:30:12.789 10022 10022 E ArmVmp : Match on catch block at 0xc3 in for 0x95
02-13 09:30:12.792 10022 10022 E ArmVmp : Match on catch block at 0xc3 in for 0x95
02-13 09:30:13.285 10022 10022 E ArmVmp : Match on catch block at 0xc3 in for 0x99
02-13 09:30:13.289 10022 10022 E ArmVmp : Match on catch block at 0xc3 in for 0x91
02-13 09:30:13.293 10022 10022 E ArmVmp : Match on catch block at 0xc3 in for 0x91
02-13 09:30:13.335 10022 10022 E ArmVmp : Match on catch block at 0xc3 in for 0x95
02-13 09:30:13.340 10022 10022 E ArmVmp : Match on catch block at 0xc3 in for 0x99
02-13 09:30:13.343 10022 10022 E ArmVmp : Match on catch block at 0xc3 in for 0x99
02-13 09:30:13.837 10022 10022 E ArmVmp : Match on catch block at 0xc3 in for 0x91
02-13 09:30:13.842 10022 10022 E ArmVmp : Match on catch block at 0xc3 in for 0x95
02-13 09:30:13.847 10022 10022 E ArmVmp : Match on catch block at 0xc3 in for 0x95
02-13 09:30:14.303 10022 10022 E ArmVmp : Match on catch block at 0xc3 in for 0x99
02-13 09:30:14.307 10022 10022 E ArmVmp : Match on catch block at 0xc3 in for 0x91
02-13 09:30:14.311 10022 10022 E ArmVmp : Match on catch block at 0xc3 in for 0x91
02-13 09:30:14.587 10022 10022 E ArmVmp : Match on catch block at 0xc3 in for 0x95
02-13 09:30:14.591 10022 10022 E ArmVmp : Match on catch block at 0xc3 in for 0x99
02-13 09:30:14.595 10022 10022 E ArmVmp : Match on catch block at 0xc3 in for 0x99
02-13 09:30:15.087 10022 10022 E ArmVmp : Match on catch block at 0xc3 in for 0x91
02-13 09:30:15.092 10022 10022 E ArmVmp : Match on catch block at 0xc3 in for 0x95
02-13 09:30:15.095 10022 10022 E ArmVmp : Match on catch block at 0xc3 in for 0x95
02-13 09:30:15.120 10022 10022 E ArmVmp : Match on catch block at 0xc3 in for 0x99
02-13 09:30:15.126 10022 10022 E ArmVmp : Match on catch block at 0xc3 in for 0x91
02-13 09:30:15.131 10022 10022 E ArmVmp : Match on catch block at 0xc3 in for 0x91
02-13 09:30:15.569 10022 10022 E ArmVmp : Match on catch block at 0xc3 in for 0x95
02-13 09:30:15.573 10022 10022 E ArmVmp : Match on catch block at 0xc3 in for 0x99
02-13 09:30:15.578 10022 10022 E ArmVmp : Match on catch block at 0xc3 in for 0x99
02-13 09:30:16.070 10022 10022 E ArmVmp : Match on catch block at 0xc3 in for 0x91
02-13 09:30:16.073 10022 10022 E ArmVmp : Match on catch block at 0xc3 in for 0x95
02-13 09:30:16.076 10022 10022 E ArmVmp : Match on catch block at 0xc3 in for 0x95
02-13 09:30:16.122 10022 10022 E ArmVmp : Match on catch block at 0xc3 in for 0x99
02-13 09:30:16.128 10022 10022 E ArmVmp : Match on catch block at 0xc3 in for 0x91
02-13 09:30:16.132 10022 10022 E ArmVmp : Match on catch block at 0xc3 in for 0x91
02-13 09:30:16.370 10022 10022 E ArmVmp : Match on catch block at 0xc3 in for 0x95
02-13 09:30:16.374 10022 10022 E ArmVmp : Match on catch block at 0xc3 in for 0x99
02-13 09:30:16.378 10022 10022 E ArmVmp : Match on catch block at 0xc3 in for 0x99
02-13 09:30:16.770 10022 10022 E ArmVmp : Match on catch block at 0xc3 in for 0x91
02-13 09:30:16.774 10022 10022 E ArmVmp : Match on catch block at 0xc3 in for 0x95
02-13 09:30:16.778 10022 10022 E ArmVmp : Match on catch block at 0xc3 in for 0x95
02-13 09:30:16.821 10022 10022 E ArmVmp : Match on catch block at 0xc3 in for 0x91
02-13 09:30:16.827 10022 10022 E ArmVmp : Match on catch block at 0xc3 in for 0x95
02-13 09:30:16.832 10022 10022 E ArmVmp : Match on catch block at 0xc3 in for 0x95
02-13 09:30:16.882 10022 10022 E ArmVmp : Match on catch block at 0xc3 in for 0x99
02-13 09:30:16.888 10022 10022 E ArmVmp : Match on catch block at 0xc3 in for 0x91
02-13 09:30:16.904 10022 10022 E ArmVmp : Match on catch block at 0xc3 in for 0x99
02-13 09:30:16.910 10022 10022 E ArmVmp : Match on catch block at 0xc3 in for 0x91
02-13 09:30:16.977 10022 10022 E ArmVmp : Match on catch block at 0xc3 in for 0x95
02-13 09:30:16.981 10022 10022 E ArmVmp : Match on catch block at 0xc3 in for 0x99
02-13 09:30:17.016 10022 10022 E ArmVmp : Match on catch block at 0xc3 in for 0x99
02-13 09:30:17.021 10022 10022 E ArmVmp : Match on catch block at 0xc3 in for 0x91
02-13 09:30:17.039 10022 10022 E ArmVmp : Match on catch block at 0xc3 in for 0x91
02-13 09:30:17.044 10022 10022 E ArmVmp : Match on catch block at 0xc3 in for 0x95
02-13 09:30:17.054 10022 10022 E ArmVmp : Match on catch block at 0xc3 in for 0x91
02-13 09:30:17.059 10022 10022 E ArmVmp : Match on catch block at 0xc3 in for 0x95
02-13 09:30:17.166 10022 10022 E ArmVmp : Match on catch block at 0xc3 in for 0x95
02-13 09:30:17.170 10022 10022 E ArmVmp : Match on catch block at 0xc3 in for 0x99
02-13 09:30:17.178 10022 10589 W MediaPlayer: Use of stream types is deprecated for
operations other than volume control
02-13 09:30:17.178 10022 10589 W MediaPlayer: See the documentation of
setAudioStreamType() for what to use instead with android.media.AudioAttributes to
qualify your playback use case
02-13 09:30:17.179 10022 10022 E ArmVmp : Match on catch block at 0xc3 in for 0x95
02-13 09:30:17.185 10022 10022 E ArmVmp : Match on catch block at 0xc3 in for 0x99
02-13 09:30:17.304 10022 10022 E ArmVmp : Match on catch block at 0xc3 in for 0x95
02-13 09:30:17.307 10022 10022 E ArmVmp : Match on catch block at 0xc3 in for 0x99
02-13 09:30:17.825 10022 10022 E ArmVmp : Match on catch block at 0xc3 in for 0x99
02-13 09:30:17.833 10022 10022 E ArmVmp : Match on catch block at 0xc3 in for 0x91
02-13 09:30:17.848 10022 10022 E ArmVmp : Match on catch block at 0xc3 in for 0x95
02-13 09:30:17.852 10022 10022 E ArmVmp : Match on catch block at 0xc3 in for 0x99
02-13 09:30:17.918 10022 10022 E ArmVmp : Match on catch block at 0xc3 in for 0x99
02-13 09:30:17.923 10022 10022 E ArmVmp : Match on catch block at 0xc3 in for 0x91
02-13 09:30:17.963 10022 10022 E ArmVmp : Match on catch block at 0xc3 in for 0x91
02-13 09:30:17.967 10022 10022 E ArmVmp : Match on catch block at 0xc3 in for 0x95
02-13 09:30:18.037 10022 10022 E ArmVmp : Match on catch block at 0xc3 in for 0x99
02-13 09:30:18.041 10022 10022 E ArmVmp : Match on catch block at 0xc3 in for 0x91
02-13 09:30:18.101 10022 10022 E ArmVmp : Match on catch block at 0xc3 in for 0x99
02-13 09:30:18.105 10022 10022 E ArmVmp : Match on catch block at 0xc3 in for 0x91
02-13 09:30:18.187 10022 10022 E ArmVmp : Match on catch block at 0xc3 in for 0x91
02-13 09:30:18.192 10022 10022 E ArmVmp : Match on catch block at 0xc3 in for 0x95
02-13 09:30:18.228 10022 10022 E ArmVmp : Match on catch block at 0xc3 in for 0x95
02-13 09:30:18.231 10022 10022 E ArmVmp : Match on catch block at 0xc3 in for 0x99
02-13 09:30:18.264 10022 10022 E ArmVmp : Match on catch block at 0xc3 in for 0x99
02-13 09:30:18.268 10022 10022 E ArmVmp : Match on catch block at 0xc3 in for 0x91
02-13 09:30:18.291 10022 10022 E ArmVmp : Match on catch block at 0xc3 in for 0x99
02-13 09:30:18.296 10022 10022 E ArmVmp : Match on catch block at 0xc3 in for 0x91
02-13 09:30:18.310 10022 10022 E ArmVmp : Match on catch block at 0xc3 in for 0x91
02-13 09:30:18.314 10022 10022 E ArmVmp : Match on catch block at 0xc3 in for 0x95
02-13 09:30:18.334 10022 10022 E ArmVmp : Match on catch block at 0xc3 in for 0x95
02-13 09:30:18.339 10022 10022 E ArmVmp : Match on catch block at 0xc3 in for 0x99
02-13 09:30:18.359 10022 10022 E ArmVmp : Match on catch block at 0xc3 in for 0x95
02-13 09:30:18.363 10022 10022 E ArmVmp : Match on catch block at 0xc3 in for 0x99
02-13 09:30:23.933 10022 10081 W RenderInspector: DequeueBuffer time out on
com.mbwhatsapp/com.mbwhatsapp.HomeActivity, count=1, avg=22 ms, max=22 ms.
--------- beginning of system
02-13 10:19:49.391 10022 10565 W BpBinder: Slow Binder: BpBinder transact took 659
ms, interface=android.app.IActivityManager, code=20 oneway=false
02-13 10:22:35.035 10022 17576 W BpBinder: Slow Binder: BpBinder transact took 658
ms, interface=android.app.IActivityManager, code=20 oneway=false
02-13 10:22:36.293 10022 10022 W Activity: Slow Operation: Activity
com.mbwhatsapp/com.whatsapp.voipcalling.VoipActivityV2 onStart took 120ms
02-13 10:22:36.360 10022 10022 W Looper : Slow Looper main: Activity
com.mbwhatsapp/com.whatsapp.voipcalling.VoipActivityV2 is 480ms late (wall=0ms
running=0ms
ClientTransaction{ callbacks=[android.app.servertransaction.TopResumedActivityChang
eItem] }) because of 1 msg, msg 1 took 480ms (seq=6655 running=346ms runnable=30ms
io=65ms late=1ms h=android.app.ActivityThread$H w=159)
02-13 10:22:36.361 10022 10022 W Looper : Slow Looper main: Activity
com.mbwhatsapp/com.whatsapp.voipcalling.VoipActivityV2 is 477ms late (wall=1ms
running=0ms
ClientTransaction{ callbacks=[android.app.servertransaction.TopResumedActivityChang
eItem] }) because of 2 msg, msg 1 took 480ms (seq=6655 running=346ms runnable=30ms
io=65ms late=1ms h=android.app.ActivityThread$H w=159)
02-13 10:22:36.368 10022 10022 W Looper : Slow Looper main: Activity
com.mbwhatsapp/com.whatsapp.voipcalling.VoipActivityV2 is 478ms late (wall=6ms
running=2ms
ClientTransaction{ lifecycleRequest=android.app.servertransaction.PauseActivityItem
}) because of 3 msg, msg 1 took 480ms (seq=6655 running=346ms runnable=30ms io=65ms
late=1ms h=android.app.ActivityThread$H w=159)
02-13 10:22:52.191 10022 10022 W InputEventReceiver: App Input: Dispatching
InputEvent took 121ms in main thread! (MotionEvent: event_seq=813, seq=1069422,
action=ACTION_UP)
02-13 10:23:18.166 10022 10022 W Looper : Slow Looper main: Activity
com.mbwhatsapp/.Conversation is 377ms late (wall=0ms running=0ms ClientTransaction{
callbacks=[android.app.servertransaction.TopResumedActivityChangeItem] }) because
of 4 msg, msg 4 took 372ms (seq=9084 running=306ms runnable=1ms io=32ms late=6ms
h=android.app.ActivityThread$H w=159)
02-13 10:23:18.541 10022 10022 W Looper : Slow Looper main: doFrame is 361ms late
because of 5 msg, msg 1 took 372ms (seq=9084 running=306ms runnable=1ms io=32ms
late=6ms h=android.app.ActivityThread$H w=159)
02-13 10:23:18.623 10022 10022 W Looper : Slow Looper main: doFrame is 399ms late
because of 50 msg, msg 1 took 371ms (seq=9089 running=271ms runnable=2ms io=19ms
late=361ms h=android.view.Choreographer$FrameHandler
c=android.view.Choreographer$FrameDisplayEventReceiver)
02-13 10:23:42.325 10022 10022 W Activity: Slow Operation: Activity
com.mbwhatsapp/com.whatsapp.voipcalling.VoipActivityV2 onStart took 126ms
02-13 10:23:42.371 10022 10022 W Looper : Slow Looper main: Activity
com.mbwhatsapp/com.whatsapp.voipcalling.VoipActivityV2 is 384ms late (wall=0ms
running=0ms
ClientTransaction{ callbacks=[android.app.servertransaction.TopResumedActivityChang
eItem] }) because of 3 msg, msg 3 took 374ms (seq=10356 running=293ms runnable=1ms
late=10ms h=android.app.ActivityThread$H w=159)
02-13 10:23:42.862 10022 10022 W BpBinder: Slow Binder: BpBinder transact took 239
ms, interface=android.media.IAudioService, code=34 oneway=false
02-13 10:23:42.914 10022 10022 W Looper : Slow Looper main: doFrame is 486ms late
because of 16 msg, msg 1 took 121ms (seq=10374 running=52ms runnable=1ms late=164ms
h=android.view.Choreographer$FrameHandler
c=android.view.Choreographer$FrameDisplayEventReceiver), msg 8 took 58ms (seq=10381
running=44ms late=236ms h=android.app.Dialog$ListenersHandler w=69), msg 11 took
297ms (seq=10384 running=20ms runnable=1ms late=241ms h=X.10C w=4)
02-13 10:24:53.861 10022 17593 W BpBinder: Slow Binder: BpBinder transact took 402
ms, interface=android.media.IAudioService, code=34 oneway=false
02-13 10:25:00.490 10022 10022 W Looper : Slow Looper main: doFrame is 303ms late
because of 1 msg, msg 1 took 306ms (seq=11449 running=21ms runnable=1ms late=12ms
h=android.view.ViewRootImpl$ViewRootHandler c=android.view.View$PerformClick)
02-13 10:26:17.615 10022 10022 W Looper : Slow Looper main: Activity
com.mbwhatsapp/.HomeActivity is 489ms late (wall=0ms running=0ms ClientTransaction{
callbacks=[android.app.servertransaction.TopResumedActivityChangeItem] }) because
of 3 msg, msg 3 took 469ms (seq=13277 running=353ms runnable=2ms io=24ms late=21ms
h=android.app.ActivityThread$H w=159)
02-13 10:26:18.049 10022 10022 W Looper : Slow Looper main: Activity
com.mbwhatsapp/mbmodsd.mbmodsw.mbsettings.yo.PauseActivity is 392ms late (wall=19ms
running=9ms
ClientTransaction{ callbacks=[android.app.servertransaction.LaunchActivityItem]
lifecycleRequest=android.app.servertransaction.ResumeActivityItem }) because of 16
msg, msg 14 took 382ms (seq=13302 running=309ms runnable=4ms io=12ms late=26ms
h=android.view.Choreographer$FrameHandler
c=android.view.Choreographer$FrameDisplayEventReceiver)
02-13 10:26:18.096 10022 10022 W Looper : Slow Looper main: doFrame is 394ms late
because of 6 msg, msg 1 took 382ms (seq=13302 running=309ms runnable=4ms io=12ms
late=26ms h=android.view.Choreographer$FrameHandler
c=android.view.Choreographer$FrameDisplayEventReceiver)
02-13 10:28:03.271 10022 10081 W BpBinder: Slow Binder: BpBinder transact took 238
ms, interface=android.gui.IGraphicBufferProducer, code=2 oneway=false
02-13 10:28:36.542 10022 10022 W Looper : Slow Looper main: Activity
com.mbwhatsapp/.Conversation is 423ms late (wall=0ms running=0ms ClientTransaction{
callbacks=[android.app.servertransaction.TopResumedActivityChangeItem] }) because
of 1 msg, msg 1 took 423ms (seq=14828 running=357ms runnable=9ms io=8ms
h=android.app.ActivityThread$H w=159)
02-13 10:28:37.007 10022 10022 W Looper : Slow Looper main: doFrame is 404ms late
because of 10 msg, msg 1 took 404ms (seq=14867 running=323ms late=1ms
h=android.view.Choreographer$FrameHandler
c=android.view.Choreographer$FrameDisplayEventReceiver)
02-13 10:28:52.539 10022 10022 W InputEventReceiver: App Input: Dispatching
InputEvent took 138ms in main thread! (MotionEvent: event_seq=1939, seq=1073671,
action=ACTION_DOWN)
02-13 10:29:24.160 10022 10022 W Looper : Slow Looper main: Activity
com.mbwhatsapp/.Conversation is 358ms late (wall=0ms running=0ms ClientTransaction{
callbacks=[android.app.servertransaction.TopResumedActivityChangeItem] }) because
of 5 msg, msg 5 took 348ms (seq=17754 running=307ms runnable=2ms late=10ms
h=android.app.ActivityThread$H w=159)
02-13 10:29:24.474 10022 10022 W Looper : Slow Looper main: doFrame is 350ms late
because of 5 msg, msg 4 took 348ms (seq=17754 running=307ms runnable=2ms late=10ms
h=android.app.ActivityThread$H w=159)
02-13 10:29:24.516 10022 10022 W Looper : Slow Looper main: doFrame is 310ms late
because of 44 msg, msg 1 took 314ms (seq=17756 running=250ms runnable=1ms
late=350ms h=android.view.Choreographer$FrameHandler
c=android.view.Choreographer$FrameDisplayEventReceiver)
02-13 10:30:10.145 10022 10022 W BpBinder: Slow Binder: BpBinder transact took 665
ms, interface=android.hardware.display.IDisplayManager, code=1 oneway=false
02-13 10:30:10.242 10022 10022 W Looper : Slow Looper main: doFrame is 736ms late
because of 2 msg, msg 2 took 719ms (seq=19828 running=8ms runnable=40ms late=24ms
h=android.widget.Toast$TN$1 w=0)
02-13 10:30:10.822 10022 10081 W BpBinder: Slow Binder: BpBinder transact took 239
ms, interface=android.gui.IGraphicBufferProducer, code=2 oneway=false
02-13 10:31:39.406 10022 10022 W Looper : Slow Looper main: Activity
com.mbwhatsapp/.Conversation is 408ms late (wall=0ms running=0ms ClientTransaction{
callbacks=[android.app.servertransaction.TopResumedActivityChangeItem] }) because
of 1 msg, msg 1 took 408ms (seq=22114 running=348ms runnable=4ms
h=android.app.ActivityThread$H w=159)
02-13 10:31:39.848 10022 10022 W Looper : Slow Looper main: doFrame is 396ms late
because of 10 msg, msg 1 took 388ms (seq=22153 running=323ms runnable=1ms late=10ms
h=android.view.Choreographer$FrameHandler
c=android.view.Choreographer$FrameDisplayEventReceiver)
02-13 10:34:49.159 10022 10022 W Looper : Slow Looper main: Activity
com.mbwhatsapp/.Conversation is 419ms late (wall=0ms running=0ms ClientTransaction{
callbacks=[android.app.servertransaction.TopResumedActivityChangeItem] }) because
of 4 msg, msg 1 took 64ms (seq=23643 running=24ms runnable=4ms
h=android.app.ActivityThread$H w=159), msg 4 took 400ms (seq=23646 running=359ms
runnable=2ms late=18ms h=android.app.ActivityThread$H w=159)
02-13 10:34:49.563 10022 10022 W Looper : Slow Looper main: doFrame is 356ms late
because of 10 msg, msg 1 took 354ms (seq=23685 running=274ms runnable=1ms late=1ms
h=android.view.Choreographer$FrameHandler
c=android.view.Choreographer$FrameDisplayEventReceiver)
02-13 10:35:04.262 10022 17576 W BpBinder: Slow Binder: BpBinder transact took 473
ms, interface=android.app.IActivityManager, code=20 oneway=false
02-13 10:35:07.554 10022 10022 W Activity: Slow Operation: Activity
com.mbwhatsapp/com.whatsapp.voipcalling.VoipActivityV2 onStart took 106ms
02-13 10:35:07.602 10022 10022 W Looper : Slow Looper main: Activity
com.mbwhatsapp/com.whatsapp.voipcalling.VoipActivityV2 is 378ms late (wall=0ms
running=0ms
ClientTransaction{ callbacks=[android.app.servertransaction.TopResumedActivityChang
eItem] }) because of 4 msg, msg 4 took 371ms (seq=24959 running=313ms runnable=1ms
io=10ms late=7ms h=android.app.ActivityThread$H w=159)
02-13 10:35:07.704 10022 10022 W Looper : Slow Looper main: doFrame is 371ms late
because of 3 msg, msg 1 took 371ms (seq=24959 running=313ms runnable=1ms io=10ms
late=7ms h=android.app.ActivityThread$H w=159)
02-13 10:35:09.453 10022 10022 W BpBinder: Slow Binder: BpBinder transact took 231
ms, interface=android.media.IAudioService, code=34 oneway=false
02-13 10:35:09.453 10022 10022 W InputEventReceiver: App Input: Dispatching
InputEvent took 285ms in main thread! (MotionEvent: event_seq=3045, seq=1079208,
action=ACTION_UP)
02-13 10:36:29.888 10022 19989 W BpBinder: Slow Binder: BpBinder transact took 266
ms, interface=android.media.IMediaMetadataRetriever, code=5 oneway=false
02-13 10:36:30.300 10022 19989 W BpBinder: Slow Binder: BpBinder transact took 270
ms, interface=android.media.IMediaMetadataRetriever, code=5 oneway=false
02-13 10:36:30.771 10022 19989 W BpBinder: Slow Binder: BpBinder transact took 239
ms, interface=android.media.IMediaMetadataRetriever, code=5 oneway=false
02-13 10:36:37.521 10022 19984 W BpBinder: Slow Binder: BpBinder transact took 245
ms, interface=android.hardware.camera2.ICameraDeviceUser, code=1 oneway=false
02-13 10:36:38.011 10022 10022 W Looper : Slow Looper main: doFrame is 330ms late
because of 5 msg, msg 1 took 339ms (seq=31530 running=142ms io=5ms late=14ms
h=android.os.Handler c=X.0jz)
02-13 10:36:56.577 10022 19957 W BpBinder: Slow Binder: BpBinder transact took 267
ms, interface=android.media.IMediaMetadataRetriever, code=5 oneway=false
02-13 10:37:18.565 10022 10022 W BpBinder: Slow Binder: BpBinder transact took 670
ms, interface=android.view.accessibility.IAccessibilityManager, code=5 oneway=false
02-13 10:37:18.608 10022 10022 W Looper : Slow Looper main: doFrame is 732ms late
because of 3 msg, msg 1 took 729ms (seq=34718 running=42ms runnable=1ms late=16ms
h=android.view.Choreographer$FrameHandler
c=android.view.Choreographer$FrameDisplayEventReceiver)
02-13 10:41:44.490 10022 10022 W Looper : Slow Looper main: Activity
com.mbwhatsapp/.Conversation is 507ms late (wall=0ms running=0ms ClientTransaction{
callbacks=[android.app.servertransaction.TopResumedActivityChangeItem] }) because
of 4 msg, msg 4 took 499ms (seq=46495 running=385ms runnable=8ms io=70ms late=8ms
h=android.app.ActivityThread$H w=159)
02-13 10:41:44.787 10022 10022 W Looper : Slow Looper main: doFrame is 497ms late
because of 4 msg, msg 1 took 499ms (seq=46495 running=385ms runnable=8ms io=70ms
late=8ms h=android.app.ActivityThread$H w=159)
02-13 10:41:44.862 10022 10022 W Looper : Slow Looper main: doFrame is 316ms late
because of 50 msg, msg 1 took 294ms (seq=46499 running=220ms runnable=1ms io=19ms
late=497ms h=android.view.Choreographer$FrameHandler
c=android.view.Choreographer$FrameDisplayEventReceiver)
02-13 10:46:23.377 10022 10022 W Looper : Slow Looper main: doFrame is 669ms late
02-13 10:48:44.548 10022 10022 W Activity: Slow Operation: Activity
com.mbwhatsapp/com.whatsapp.voipcalling.VoipActivityV2 onStart took 111ms
02-13 10:48:44.581 10022 10022 W Looper : Slow Looper main: Activity
com.mbwhatsapp/com.whatsapp.voipcalling.VoipActivityV2 is 393ms late (wall=0ms
running=0ms
ClientTransaction{ callbacks=[android.app.servertransaction.TopResumedActivityChang
eItem] }) because of 1 msg, msg 1 took 393ms (seq=62481 running=303ms runnable=26ms
io=17ms h=android.app.ActivityThread$H w=159)
02-13 10:48:44.582 10022 10022 W Looper : Slow Looper main: Activity
com.mbwhatsapp/com.whatsapp.voipcalling.VoipActivityV2 is 390ms late (wall=0ms
running=0ms
ClientTransaction{ callbacks=[android.app.servertransaction.TopResumedActivityChang
eItem] }) because of 2 msg, msg 1 took 393ms (seq=62481 running=303ms runnable=26ms
io=17ms h=android.app.ActivityThread$H w=159)
02-13 10:48:44.586 10022 10022 W Looper : Slow Looper main: Activity
com.mbwhatsapp/com.whatsapp.voipcalling.VoipActivityV2 is 389ms late (wall=5ms
running=1ms
ClientTransaction{ lifecycleRequest=android.app.servertransaction.PauseActivityItem
}) because of 3 msg, msg 1 took 393ms (seq=62481 running=303ms runnable=26ms
io=17ms h=android.app.ActivityThread$H w=159)
02-13 10:48:44.650 10022 10022 W Looper : Slow Looper main: doFrame is 389ms late
because of 4 msg, msg 1 took 393ms (seq=62481 running=303ms runnable=26ms io=17ms
h=android.app.ActivityThread$H w=159)
02-13 10:49:15.363 10022 10022 W Activity: Slow Operation: Activity
com.mbwhatsapp/.HomeActivity onCreate took 534ms
02-13 10:49:15.393 10022 10022 W Looper : Slow Looper main: Activity
com.mbwhatsapp/.HomeActivity is 609ms late (wall=0ms running=0ms ClientTransaction{
callbacks=[android.app.servertransaction.TopResumedActivityChangeItem] }) because
of 1 msg, msg 1 took 609ms (seq=64282 running=450ms runnable=3ms io=21ms late=1ms
h=android.app.ActivityThread$H w=159)
02-13 10:49:15.775 10022 10022 W Looper : Slow Looper main: doFrame is 605ms late
because of 2 msg, msg 1 took 609ms (seq=64282 running=450ms runnable=3ms io=21ms
late=1ms h=android.app.ActivityThread$H w=159)
02-13 10:49:15.787 10022 10022 W Looper : Slow Looper main: Activity
com.mbwhatsapp/.HomeActivity is 557ms late (wall=7ms running=0ms ClientTransaction{
callbacks=[android.app.servertransaction.TopResumedActivityChangeItem] }) because
of 12 msg, msg 1 took 609ms (seq=64282 running=450ms runnable=3ms io=21ms late=1ms
h=android.app.ActivityThread$H w=159), msg 3 took 382ms (seq=64284 running=291ms
runnable=2ms io=18ms late=605ms h=android.view.Choreographer$FrameHandler
c=android.view.Choreographer$FrameDisplayEventReceiver)
02-13 10:49:15.807 10022 10022 W Looper : Slow Looper main: Activity
com.mbwhatsapp/.HomeActivity is 564ms late (wall=20ms running=16ms
ClientTransaction{ lifecycleRequest=android.app.servertransaction.PauseActivityItem
}) because of 13 msg, msg 1 took 609ms (seq=64282 running=450ms runnable=3ms
io=21ms late=1ms h=android.app.ActivityThread$H w=159), msg 3 took 382ms (seq=64284
running=291ms runnable=2ms io=18ms late=605ms
h=android.view.Choreographer$FrameHandler
c=android.view.Choreographer$FrameDisplayEventReceiver)
02-13 10:49:15.874 10022 10022 W Looper : Slow Looper main: doFrame is 405ms late
because of 27 msg, msg 1 took 382ms (seq=64284 running=291ms runnable=2ms io=18ms
late=605ms h=android.view.Choreographer$FrameHandler
c=android.view.Choreographer$FrameDisplayEventReceiver)
02-13 10:49:16.437 10022 21770 W BpBinder: Slow Binder: BpBinder transact took 471
ms, interface=android.app.IActivityManager, code=20 oneway=false
02-13 10:49:45.565 10022 10022 W Activity: Slow Operation: Activity
com.mbwhatsapp/.HomeActivity onPause took 58ms
02-13 10:51:37.214 10022 10022 W Looper : Slow Looper main: doFrame is 673ms late
02-13 10:58:44.035 10022 10022 W Looper : Slow Looper main: doFrame is 666ms late
02-13 10:59:01.031 10022 10022 W Looper : Slow Looper main: doFrame is 672ms late
02-13 10:59:40.214 10022 10022 W Looper : Slow Looper main: doFrame is 672ms late
02-13 10:59:49.714 10022 10022 W Looper : Slow Looper main: doFrame is 669ms late
--------- beginning of main
02-13 11:30:34.163 28364 28364 E com.mbwhatsapp: Not starting debugger since
process cannot load the jdwp agent.
02-13 11:30:34.413 28364 28364 W ResourceType: CREATING STRING CACHE OF 96 bytes
02-13 11:30:34.483 28364 28364 W System.err: java.lang.ClassNotFoundException:
mbmodsd.mbmodsw.ui.views.btn.BtnBK
02-13 11:30:34.487 28364 28364 W System.err: at
java.lang.Runtime.nativeLoad(Native Method)
02-13 11:30:34.487 28364 28364 W System.err: at
java.lang.Runtime.nativeLoad(Runtime.java:1115)
02-13 11:30:34.487 28364 28364 W System.err: at
java.lang.Runtime.loadLibrary0(Runtime.java:1069)
02-13 11:30:34.487 28364 28364 W System.err: at
java.lang.Runtime.loadLibrary0(Runtime.java:1007)
02-13 11:30:34.488 28364 28364 W System.err: at
java.lang.System.loadLibrary(System.java:1667)
